57.141.6.53 - - [16/Mar/2026:07:31:11 -0700] "GET /products/c7-corvette-driver-side-window-regulator/28859836/?path=/home/workshopbrain/public_html/statusplan.com/wp-includes HTTP/1.1" 200 445878 "-" "meta-externalagent/1.1 (+https://developers.facebook.com/docs/sharing/webmasters/crawler)" 467 **0/467950**
57.141.6.61 - - [16/Mar/2026:07:31:19 -0700] "GET /products/c7-corvette-driver-side-window-regulator/28859836/?fileloc=/home/workshopbrain/public_html/statusplan.com/themes.php&path=/home/workshopbrain/public_html/statusplan.com HTTP/1.1" 200 12667 "-" "meta-externalagent/1.1 (+https://developers.facebook.com/docs/sharing/webmasters/crawler)" 248 **0/248496**
57.141.6.10 - - [16/Mar/2026:07:31:21 -0700] "GET /products/c7-corvette-driver-side-window-regulator/28859836/?fileloc=/home/workshopbrain/public_html/statusplan.com/wp-config.php&path=/home/workshopbrain/public_html/statusplan.com HTTP/1.1" 200 15841 "-" "meta-externalagent/1.1 (+https://developers.facebook.com/docs/sharing/webmasters/crawler)" 275 **0/275561**
57.141.6.48 - - [16/Mar/2026:07:31:21 -0700] "GET /products/c7-corvette-driver-side-window-regulator/28859836/?fileloc=/home/workshopbrain/public_html/statusplan.com/error_log&path=/home/workshopbrain/public_html/statusplan.com HTTP/1.1" 200 715944 "-" "meta-externalagent/1.1 (+https://developers.facebook.com/docs/sharing/webmasters/crawler)" 678 **0/678946**
57.141.6.10 - - [16/Mar/2026:07:31:23 -0700] "GET /products/c7-corvette-driver-side-window-regulator/28859836/?path=/home/workshopbrain/public_html HTTP/1.1" 200 128389 "-" "meta-externalagent/1.1 (+https://developers.facebook.com/docs/sharing/webmasters/crawler)" 372 **0/372217**
57.141.6.20 - - [16/Mar/2026:07:31:25 -0700] "GET /products/c7-corvette-driver-side-window-regulator/28859836/?fileloc=/home/workshopbrain/public_html/statusplan.com/readme.html&path=/home/workshopbrain/public_html/statusplan.com HTTP/1.1" 200 21797 "-" "meta-externalagent/1.1 (+https://developers.facebook.com/docs/sharing/webmasters/crawler)" 488 **0/488275**
57.141.6.34 - - [16/Mar/2026:07:32:11 -0700] "GET /products/c7-corvette-driver-side-window-regulator/28859836/?path=/home/workshopbrain/public_html/statusplan.com HTTP/1.1" 403 63518 "-" "meta-externalagent/1.1 (+https://developers.facebook.com/docs/sharing/webmasters/crawler)" 260 **0/260927**
57.141.6.54 - - [16/Mar/2026:07:32:48 -0700] "GET /products/stump-grinder-rayco/19929880/ HTTP/1.1" 200 63518 "-" "meta-externalagent/1.1 (+https://developers.facebook.com/docs/sharing/webmasters/crawler)" 272 **0/272298**
57.141.6.8 - - [16/Mar/2026:07:32:53 -0700] "GET /products/c7-corvette-driver-side-window-regulator/28859836/?fileloc=/home/workshopbrain/public_html/statusplan.com/options.php&path=/home/workshopbrain/public_html/statusplan.com HTTP/1.1" 200 12492 "-" "meta-externalagent/1.1 (+https://developers.facebook.com/docs/sharing/webmasters/crawler)" 241 **0/241532**
79.127.222.201 - - [16/Mar/2026:07:33:42 -0700] "GET / HTTP/1.1" 200 63518 "-" "Mozilla/5.0 (Windows NT 10.0; Win64; x64) AppleWebKit/537.36 (KHTML, like Gecko) Chrome/126.0.0.0 Safari/537.36" 309 **0/309796**
79.127.222.201 - - [16/Mar/2026:07:33:43 -0700] "GET //?fileloc=/home/workshopbrain/public_html/statusplan.com/error_log%27&path=/home/workshopbrain/public_html/statusplan.com HTTP/1.1" 200 12491 "-" "Mozilla/5.0 (Windows NT 10.0; Win64; x64) AppleWebKit/537.36 (KHTML, like Gecko) Chrome/126.0.0.0 Safari/537.36" 314 **0/314368**
79.127.222.201 - - [16/Mar/2026:07:33:43 -0700] "GET //?fileloc=/home/workshopbrain/public_html/statusplan.com/.htaccess%27&path=/home/workshopbrain/public_html/statusplan.com HTTP/1.1" 200 12491 "-" "Mozilla/5.0 (Windows NT 10.0; Win64; x64) AppleWebKit/537.36 (KHTML, like Gecko) Chrome/126.0.0.0 Safari/537.36" 349 **0/349133**
79.127.222.201 - - [16/Mar/2026:07:33:43 -0700] "GET //?fileloc=/home/workshopbrain/public_html/statusplan.com/error_log&path=/home/workshopbrain/public_html/statusplan.com%27 HTTP/1.1" 200 715946 "-" "Mozilla/5.0 (Windows NT 10.0; Win64; x64) AppleWebKit/537.36 (KHTML, like Gecko) Chrome/126.0.0.0 Safari/537.36" 495 **0/495904**
79.127.222.201 - - [16/Mar/2026:07:33:43 -0700] "GET //?path=/%27 HTTP/1.1" 200 12657 "-" "Mozilla/5.0 (Windows NT 10.0; Win64; x64) AppleWebKit/537.36 (KHTML, like Gecko) Chrome/126.0.0.0 Safari/537.36" 542 **0/542670**
79.127.222.201 - - [16/Mar/2026:07:33:43 -0700] "GET //?fileloc=/home/workshopbrain/public_html/statusplan.com/.htaccess&path=/home/workshopbrain/public_html/statusplan.com%27 HTTP/1.1" 200 13046 "-" "Mozilla/5.0 (Windows NT 10.0; Win64; x64) AppleWebKit/537.36 (KHTML, like Gecko) Chrome/126.0.0.0 Safari/537.36" 553 **0/553621**
57.141.6.66 - - [16/Mar/2026:07:33:47 -0700] "GET /products/c7-corvette-driver-side-window-regulator/28859836/?fileloc=/home/workshopbrain/public_html/statusplan.com/wp-slgnup.gz&path=/home/workshopbrain/public_html/statusplan.com HTTP/1.1" 200 12493 "-" "meta-externalagent/1.1 (+https://developers.facebook.com/docs/sharing/webmasters/crawler)" 275 **0/275614**
57.141.6.43 - - [16/Mar/2026:07:33:51 -0700] "GET /products/c7-corvette-driver-side-window-regulator/28859836/?path=/home/workshopbrain/public_html/statusplan.com/wp-admin HTTP/1.1" 200 190927 "-" "meta-externalagent/1.1 (+https://developers.facebook.com/docs/sharing/webmasters/crawler)" 330 **0/330465**
57.141.6.5 - - [16/Mar/2026:07:36:17 -0700] "GET /products/navy-blue-girls-winter-coat/46150165/?fileloc=/home/workshopbrain/public_html/statusplan.com/wp-load.php&path=/home/workshopbrain/public_html/statusplan.com HTTP/1.1" 200 16606 "-" "meta-externalagent/1.1 (+https://developers.facebook.com/docs/sharing/webmasters/crawler)" 270 **0/270909**
57.141.6.42 - - [16/Mar/2026:07:36:30 -0700] "GET /products/navy-blue-girls-winter-coat/46150165/?fileloc=/home/workshopbrain/public_html/statusplan.com/lock360.php&path=/home/workshopbrain/public_html/statusplan.com HTTP/1.1" 200 12492 "-" "meta-externalagent/1.1 (+https://developers.facebook.com/docs/sharing/webmasters/crawler)" 255 **0/255613**
57.141.6.61 - - [16/Mar/2026:07:36:35 -0700] "GET /products/navy-blue-girls-winter-coat/46150165/?fileloc=/home/workshopbrain/public_html/statusplan.com/error_log&path=/home/workshopbrain/public_html/statusplan.com HTTP/1.1" 200 715944 "-" "meta-externalagent/1.1 (+https://developers.facebook.com/docs/sharing/webmasters/crawler)" 465 **0/465761**
57.141.6.28 - - [16/Mar/2026:07:36:38 -0700] "GET /products/navy-blue-girls-winter-coat/46150165/?fileloc=/home/workshopbrain/public_html/statusplan.com/admin.php&path=/home/workshopbrain/public_html/statusplan.com HTTP/1.1" 200 12490 "-" "meta-externalagent/1.1 (+https://developers.facebook.com/docs/sharing/webmasters/crawler)" 265 **0/265880**
57.141.6.37 - - [16/Mar/2026:07:36:41 -0700] "GET /products/navy-blue-girls-winter-coat/46150165/?fileloc=/home/workshopbrain/public_html/statusplan.com/wp-signup.php&path=/home/workshopbrain/public_html/statusplan.com HTTP/1.1" 200 50381 "-" "meta-externalagent/1.1 (+https://developers.facebook.com/docs/sharing/webmasters/crawler)" 266 **0/266557**
57.141.6.28 - - [16/Mar/2026:07:36:43 -0700] "GET /products/queen-memory-foam-mattres-17145862564-pick-up-price/35994901/?fileloc=/home/workshopbrain/public_html/statusplan.com/wp-cron.php&path=/home/workshopbrain/public_html/statusplan.com HTTP/1.1" 200 18211 "-" "meta-externalagent/1.1 (+https://developers.facebook.com/docs/sharing/webmasters/crawler)" 507 **0/507218**
57.141.6.43 - - [16/Mar/2026:07:36:47 -0700] "GET /products/navy-blue-girls-winter-coat/46150165/?fileloc=/home/workshopbrain/public_html/statusplan.com/index.php&path=/home/workshopbrain/public_html/statusplan.com HTTP/1.1" 200 21037 "-" "meta-externalagent/1.1 (+https://developers.facebook.com/docs/sharing/webmasters/crawler)" 249 **0/249324**
57.141.6.27 - - [16/Mar/2026:07:36:48 -0700] "GET /products/navy-blue-girls-winter-coat/46150165/?path=/home/workshopbrain/public_html/statusplan.com/AnKZICuqPUHSv HTTP/1.1" 200 19307 "-" "meta-externalagent/1.1 (+https://developers.facebook.com/docs/sharing/webmasters/crawler)" 246 **0/246035**
57.141.6.50 - - [16/Mar/2026:07:36:52 -0700] "GET /products/queen-memory-foam-mattres-17145862564-pick-up-price/35994901/?path=/home/workshopbrain/public_html/statusplan.com/RCbsAGwVq HTTP/1.1" 200 14547 "-" "meta-externalagent/1.1 (+https://developers.facebook.com/docs/sharing/webmasters/crawler)" 235 **0/235490**
57.141.6.32 - - [16/Mar/2026:07:36:54 -0700] "GET /products/navy-blue-girls-winter-coat/46150165/?fileloc=/home/workshopbrain/public_html/statusplan.com/options.php&path=/home/workshopbrain/public_html/statusplan.com HTTP/1.1" 200 12492 "-" "meta-externalagent/1.1 (+https://developers.facebook.com/docs/sharing/webmasters/crawler)" 253 **0/253485**
57.141.6.66 - - [16/Mar/2026:07:36:56 -0700] "GET /products/navy-blue-girls-winter-coat/46150165/?fileloc=/home/workshopbrain/public_html/statusplan.com/wp-mail.php&path=/home/workshopbrain/public_html/statusplan.com HTTP/1.1" 200 21314 "-" "meta-externalagent/1.1 (+https://developers.facebook.com/docs/sharing/webmasters/crawler)" 252 **0/252896**
66.249.79.201 - - [16/Mar/2026:07:36:56 -0700] "GET /products/samba-shoes-still-new/17988808/ HTTP/1.1" 200 23490 "-" "Mozilla/5.0 (compatible; Googlebot/2.1; +http://www.google.com/bot.html)" 230 **0/230918**
57.141.6.48 - - [16/Mar/2026:07:37:01 -0700] "GET /products/navy-blue-girls-winter-coat/46150165/?fileloc=/home/workshopbrain/public_html/statusplan.com/license.txt&path=/home/workshopbrain/public_html/statusplan.com HTTP/1.1" 200 32511 "-" "meta-externalagent/1.1 (+https://developers.facebook.com/docs/sharing/webmasters/crawler)" 271 **0/271880**
57.141.6.42 - - [16/Mar/2026:07:37:02 -0700] "GET /products/navy-blue-girls-winter-coat/46150165/?fileloc=/home/workshopbrain/public_html/statusplan.com/robots.txt&path=/home/workshopbrain/public_html/statusplan.com HTTP/1.1" 200 12575 "-" "meta-externalagent/1.1 (+https://developers.facebook.com/docs/sharing/webmasters/crawler)" 341 **0/341457**
57.141.6.32 - - [16/Mar/2026:07:37:04 -0700] "GET /products/navy-blue-girls-winter-coat/46150165/?path=/home/workshopbrain/public_html/statusplan.com/wp-content HTTP/1.1" 200 40735 "-" "meta-externalagent/1.1 (+https://developers.facebook.com/docs/sharing/webmasters/crawler)" 245 **0/245271**
57.141.6.42 - - [16/Mar/2026:07:37:06 -0700] "GET /products/navy-blue-girls-winter-coat/46150165/?fileloc=/home/workshopbrain/public_html/statusplan.com/wp-cron.php&path=/home/workshopbrain/public_html/statusplan.com HTTP/1.1" 200 18211 "-" "meta-externalagent/1.1 (+https://developers.facebook.com/docs/sharing/webmasters/crawler)" 253 **0/253469**
57.141.6.35 - - [16/Mar/2026:07:37:08 -0700] "GET /products/navy-blue-girls-winter-coat/46150165/?fileloc=/home/workshopbrain/public_html/statusplan.com/wp-links-opml.php&path=/home/workshopbrain/public_html/statusplan.com HTTP/1.1" 200 15301 "-" "meta-externalagent/1.1 (+https://developers.facebook.com/docs/sharing/webmasters/crawler)" 307 **0/307595**
57.141.6.50 - - [16/Mar/2026:07:37:09 -0700] "GET /products/queen-memory-foam-mattres-17145862564-pick-up-price/35994901/?fileloc=/home/workshopbrain/public_html/statusplan.com/wp-load.php&path=/home/workshopbrain/public_html/statusplan.com HTTP/1.1" 200 16606 "-" "meta-externalagent/1.1 (+https://developers.facebook.com/docs/sharing/webmasters/crawler)" 495 **0/495556**
57.141.6.37 - - [16/Mar/2026:07:37:12 -0700] "GET /products/navy-blue-girls-winter-coat/46150165/?path=/home/workshopbrain/public_html/statusplan.com/wp-admin HTTP/1.1" 200 190927 "-" "meta-externalagent/1.1 (+https://developers.facebook.com/docs/sharing/webmasters/crawler)" 413 **0/413625**
57.141.6.47 - - [16/Mar/2026:07:37:12 -0700] "GET /products/navy-blue-girls-winter-coat/46150165/?fileloc=/home/workshopbrain/public_html/statusplan.com/.htaccess&path=/home/workshopbrain/public_html/statusplan.com HTTP/1.1" 200 13044 "-" "meta-externalagent/1.1 (+https://developers.facebook.com/docs/sharing/webmasters/crawler)" 687 **0/687253**
57.141.6.27 - - [16/Mar/2026:07:37:15 -0700] "GET /products/navy-blue-girls-winter-coat/46150165/?path=/home/workshopbrain/public_html/statusplan.com/wp-includes HTTP/1.1" 200 445878 "-" "meta-externalagent/1.1 (+https://developers.facebook.com/docs/sharing/webmasters/crawler)" 361 **0/361768**
57.141.6.37 - - [16/Mar/2026:07:37:16 -0700] "GET /products/navy-blue-girls-winter-coat/46150165/?fileloc=/home/workshopbrain/public_html/statusplan.com/wp-login.php&path=/home/workshopbrain/public_html/statusplan.com HTTP/1.1" 200 67528 "-" "meta-externalagent/1.1 (+https://developers.facebook.com/docs/sharing/webmasters/crawler)" 271 **0/271073**
57.141.6.36 - - [16/Mar/2026:07:37:20 -0700] "GET /products/navy-blue-girls-winter-coat/46150165/?fileloc=/home/workshopbrain/public_html/statusplan.com/themes.php&path=/home/workshopbrain/public_html/statusplan.com HTTP/1.1" 200 12667 "-" "meta-externalagent/1.1 (+https://developers.facebook.com/docs/sharing/webmasters/crawler)" 297 **0/297056**
57.141.6.37 - - [16/Mar/2026:07:37:22 -0700] "GET /products/navy-blue-girls-winter-coat/46150165/?path=/home/workshopbrain/public_html/statusplan.com/.tmb HTTP/1.1" 200 217501 "-" "meta-externalagent/1.1 (+https://developers.facebook.com/docs/sharing/webmasters/crawler)" 399 **0/399311**
57.141.6.20 - - [16/Mar/2026:07:37:23 -0700] "GET /products/queen-memory-foam-mattres-17145862564-pick-up-price/35994901/?fileloc=/home/workshopbrain/public_html/statusplan.com/txets.php&path=/home/workshopbrain/public_html/statusplan.com HTTP/1.1" 200 12514 "-" "meta-externalagent/1.1 (+https://developers.facebook.com/docs/sharing/webmasters/crawler)" 249 **0/249118**
57.141.6.24 - - [16/Mar/2026:07:37:26 -0700] "GET /products/queen-memory-foam-mattres-17145862564-pick-up-price/35994901/?path=/home/workshopbrain/public_html/statusplan.com/wp-admin HTTP/1.1" 200 190927 "-" "meta-externalagent/1.1 (+https://developers.facebook.com/docs/sharing/webmasters/crawler)" 332 **0/332080**
57.141.6.42 - - [16/Mar/2026:07:37:27 -0700] "GET /products/queen-memory-foam-mattres-17145862564-pick-up-price/35994901/?fileloc=/home/workshopbrain/public_html/statusplan.com/wp-trackback.php&path=/home/workshopbrain/public_html/statusplan.com HTTP/1.1" 200 17655 "-" "meta-externalagent/1.1 (+https://developers.facebook.com/docs/sharing/webmasters/crawler)" 276 **0/276365**
57.141.6.69 - - [16/Mar/2026:07:37:29 -0700] "GET /products/queen-memory-foam-mattres-17145862564-pick-up-price/35994901/?fileloc=/home/workshopbrain/public_html/statusplan.com/.htaccess&path=/home/workshopbrain/public_html/statusplan.com HTTP/1.1" 200 13044 "-" "meta-externalagent/1.1 (+https://developers.facebook.com/docs/sharing/webmasters/crawler)" 320 **0/320380**
57.141.6.27 - - [16/Mar/2026:07:37:29 -0700] "GET /products/navy-blue-girls-winter-coat/46150165/?fileloc=/home/workshopbrain/public_html/statusplan.com/wp-comments-post.php&path=/home/workshopbrain/public_html/statusplan.com HTTP/1.1" 200 14895 "-" "meta-externalagent/1.1 (+https://developers.facebook.com/docs/sharing/webmasters/crawler)" 249 **0/249901**
57.141.6.61 - - [16/Mar/2026:07:37:30 -0700] "GET /products/navy-blue-girls-winter-coat/46150165/?path=/home HTTP/1.1" 200 13991 "-" "meta-externalagent/1.1 (+https://developers.facebook.com/docs/sharing/webmasters/crawler)" 258 **0/258515**
57.141.6.69 - - [16/Mar/2026:07:37:33 -0700] "GET /products/queen-memory-foam-mattres-17145862564-pick-up-price/35994901/?path=/home/workshopbrain/public_html/statusplan.com/wp-includes HTTP/1.1" 200 445878 "-" "meta-externalagent/1.1 (+https://developers.facebook.com/docs/sharing/webmasters/crawler)" 435 **0/435315**
57.141.6.45 - - [16/Mar/2026:07:37:34 -0700] "GET /products/queen-memory-foam-mattres-17145862564-pick-up-price/35994901/?fileloc=/home/workshopbrain/public_html/statusplan.com/index.php&path=/home/workshopbrain/public_html/statusplan.com HTTP/1.1" 200 21037 "-" "meta-externalagent/1.1 (+https://developers.facebook.com/docs/sharing/webmasters/crawler)" 247 **0/247086**
57.141.6.44 - - [16/Mar/2026:07:37:36 -0700] "GET /products/navy-blue-girls-winter-coat/46150165/?path=/home/workshopbrain/public_html/statusplan.com/cgi-bin HTTP/1.1" 200 220490 "-" "meta-externalagent/1.1 (+https://developers.facebook.com/docs/sharing/webmasters/crawler)" 391 **0/391624**
57.141.6.23 - - [16/Mar/2026:07:37:37 -0700] "GET /products/navy-blue-girls-winter-coat/46150165/?fileloc=/home/workshopbrain/public_html/statusplan.com/wp-activate.php&path=/home/workshopbrain/public_html/statusplan.com HTTP/1.1" 200 20694 "-" "meta-externalagent/1.1 (+https://developers.facebook.com/docs/sharing/webmasters/crawler)" 229 **0/229122**
57.141.6.31 - - [16/Mar/2026:07:37:39 -0700] "GET /products/queen-memory-foam-mattres-17145862564-pick-up-price/35994901/?fileloc=/home/workshopbrain/public_html/statusplan.com/wp-signup.php&path=/home/workshopbrain/public_html/statusplan.com HTTP/1.1" 200 50381 "-" "meta-externalagent/1.1 (+https://developers.facebook.com/docs/sharing/webmasters/crawler)" 509 **0/509996**
57.141.6.8 - - [16/Mar/2026:07:37:41 -0700] "GET /products/queen-memory-foam-mattres-17145862564-pick-up-price/35994901/?fileloc=/home/workshopbrain/public_html/statusplan.com/wp-comments-post.php&path=/home/workshopbrain/public_html/statusplan.com HTTP/1.1" 200 14895 "-" "meta-externalagent/1.1 (+https://developers.facebook.com/docs/sharing/webmasters/crawler)" 252 **0/252086**
57.141.6.50 - - [16/Mar/2026:07:37:43 -0700] "GET /products/queen-memory-foam-mattres-17145862564-pick-up-price/35994901/?fileloc=/home/workshopbrain/public_html/statusplan.com/wp-config-sample.php&path=/home/workshopbrain/public_html/statusplan.com HTTP/1.1" 200 15527 "-" "meta-externalagent/1.1 (+https://developers.facebook.com/docs/sharing/webmasters/crawler)" 255 **0/255460**
57.141.6.53 - - [16/Mar/2026:07:37:45 -0700] "GET /products/queen-memory-foam-mattres-17145862564-pick-up-price/35994901/?path=/home/workshopbrain/public_html/statusplan.com/.well-known HTTP/1.1" 200 227308 "-" "meta-externalagent/1.1 (+https://developers.facebook.com/docs/sharing/webmasters/crawler)" 565 **0/565719**
57.141.6.69 - - [16/Mar/2026:07:37:45 -0700] "GET /products/queen-memory-foam-mattres-17145862564-pick-up-price/35994901/?fileloc=/home/workshopbrain/public_html/statusplan.com/wp-links-opml.php&path=/home/workshopbrain/public_html/statusplan.com HTTP/1.1" 200 15301 "-" "meta-externalagent/1.1 (+https://developers.facebook.com/docs/sharing/webmasters/crawler)" 236 **0/236628**
57.141.6.35 - - [16/Mar/2026:07:37:47 -0700] "GET /products/queen-memory-foam-mattres-17145862564-pick-up-price/35994901/?fileloc=/home/workshopbrain/public_html/statusplan.com/xmlrpc.php&path=/home/workshopbrain/public_html/statusplan.com HTTP/1.1" 200 16080 "-" "meta-externalagent/1.1 (+https://developers.facebook.com/docs/sharing/webmasters/crawler)" 313 **0/313815**
57.141.6.54 - - [16/Mar/2026:07:37:48 -0700] "GET /products/queen-memory-foam-mattres-17145862564-pick-up-price/35994901/?fileloc=/home/workshopbrain/public_html/statusplan.com/wp-login.php&path=/home/workshopbrain/public_html/statusplan.com HTTP/1.1" 200 67528 "-" "meta-externalagent/1.1 (+https://developers.facebook.com/docs/sharing/webmasters/crawler)" 269 **0/269655**
57.141.6.28 - - [16/Mar/2026:07:37:50 -0700] "GET /products/queen-memory-foam-mattres-17145862564-pick-up-price/35994901/?fileloc=/home/workshopbrain/public_html/statusplan.com/robots.txt&path=/home/workshopbrain/public_html/statusplan.com HTTP/1.1" 200 12575 "-" "meta-externalagent/1.1 (+https://developers.facebook.com/docs/sharing/webmasters/crawler)" 280 **0/280746**
57.141.6.43 - - [16/Mar/2026:07:37:52 -0700] "GET /products/queen-memory-foam-mattres-17145862564-pick-up-price/35994901/?fileloc=/home/workshopbrain/public_html/statusplan.com/lock360.php&path=/home/workshopbrain/public_html/statusplan.com HTTP/1.1" 200 12492 "-" "meta-externalagent/1.1 (+https://developers.facebook.com/docs/sharing/webmasters/crawler)" 497 **0/497753**
57.141.6.17 - - [16/Mar/2026:07:37:53 -0700] "GET /products/navy-blue-girls-winter-coat/46150165/?fileloc=/home/workshopbrain/public_html/statusplan.com/wp-settings.php&path=/home/workshopbrain/public_html/statusplan.com HTTP/1.1" 200 38348 "-" "meta-externalagent/1.1 (+https://developers.facebook.com/docs/sharing/webmasters/crawler)" 290 **0/290632**
57.141.6.12 - - [16/Mar/2026:07:37:54 -0700] "GET /products/navy-blue-girls-winter-coat/46150165/?fileloc=/home/workshopbrain/public_html/statusplan.com/xmlrpc.php&path=/home/workshopbrain/public_html/statusplan.com HTTP/1.1" 200 16080 "-" "meta-externalagent/1.1 (+https://developers.facebook.com/docs/sharing/webmasters/crawler)" 253 **0/253803**
57.141.6.38 - - [16/Mar/2026:07:37:56 -0700] "GET /products/navy-blue-girls-winter-coat/46150165/?path=/home/workshopbrain/public_html/statusplan.com HTTP/1.1" 403 63518 "-" "meta-externalagent/1.1 (+https://developers.facebook.com/docs/sharing/webmasters/crawler)" 237 **0/237693**
57.141.6.7 - - [16/Mar/2026:07:37:57 -0700] "GET /products/queen-memory-foam-mattres-17145862564-pick-up-price/35994901/?path=/home/workshopbrain HTTP/1.1" 403 63518 "-" "meta-externalagent/1.1 (+https://developers.facebook.com/docs/sharing/webmasters/crawler)" 259 **0/259191**
57.141.6.37 - - [16/Mar/2026:07:37:59 -0700] "GET /products/navy-blue-girls-winter-coat/46150165/?path=/home/workshopbrain/public_html/statusplan.com/RCbsAGwVq HTTP/1.1" 403 63518 "-" "meta-externalagent/1.1 (+https://developers.facebook.com/docs/sharing/webmasters/crawler)" 253 **0/253407**
57.141.6.43 - - [16/Mar/2026:07:38:00 -0700] "GET /products/queen-memory-foam-mattres-17145862564-pick-up-price/35994901/?fileloc=/home/workshopbrain/public_html/statusplan.com/error_log&path=/home/workshopbrain/public_html/statusplan.com HTTP/1.1" 403 63518 "-" "meta-externalagent/1.1 (+https://developers.facebook.com/docs/sharing/webmasters/crawler)" 262 **0/262397**
57.141.6.34 - - [16/Mar/2026:07:38:03 -0700] "GET /products/queen-memory-foam-mattres-17145862564-pick-up-price/35994901/?fileloc=/home/workshopbrain/public_html/statusplan.com/wp-blog-header.php&path=/home/workshopbrain/public_html/statusplan.com HTTP/1.1" 403 63518 "-" "meta-externalagent/1.1 (+https://developers.facebook.com/docs/sharing/webmasters/crawler)" 420 **0/420024**
57.141.6.5 - - [16/Mar/2026:07:38:04 -0700] "GET /products/queen-memory-foam-mattres-17145862564-pick-up-price/35994901/?path=/home/workshopbrain/public_html HTTP/1.1" 403 63518 "-" "meta-externalagent/1.1 (+https://developers.facebook.com/docs/sharing/webmasters/crawler)" 259 **0/259550**
57.141.6.39 - - [16/Mar/2026:07:38:06 -0700] "GET /products/queen-memory-foam-mattres-17145862564-pick-up-price/35994901/?path=/home/workshopbrain/public_html/statusplan.com/cgi-bin HTTP/1.1" 403 63518 "-" "meta-externalagent/1.1 (+https://developers.facebook.com/docs/sharing/webmasters/crawler)" 700 **0/700814**
57.141.6.14 - - [16/Mar/2026:07:38:08 -0700] "GET /products/queen-memory-foam-mattres-17145862564-pick-up-price/35994901/?path=/home HTTP/1.1" 403 63518 "-" "meta-externalagent/1.1 (+https://developers.facebook.com/docs/sharing/webmasters/crawler)" 317 **0/317877**
57.141.6.45 - - [16/Mar/2026:07:38:09 -0700] "GET /products/queen-memory-foam-mattres-17145862564-pick-up-price/35994901/?fileloc=/home/workshopbrain/public_html/statusplan.com/themes.php&path=/home/workshopbrain/public_html/statusplan.com HTTP/1.1" 403 63518 "-" "meta-externalagent/1.1 (+https://developers.facebook.com/docs/sharing/webmasters/crawler)" 258 **0/258283**
57.141.6.35 - - [16/Mar/2026:07:38:10 -0700] "GET /products/queen-memory-foam-mattres-17145862564-pick-up-price/35994901/?path=/home/workshopbrain/public_html/statusplan.com/wp-content HTTP/1.1" 403 63518 "-" "meta-externalagent/1.1 (+https://developers.facebook.com/docs/sharing/webmasters/crawler)" 295 **0/295116**
57.141.6.14 - - [16/Mar/2026:07:38:12 -0700] "GET /products/navy-blue-girls-winter-coat/46150165/?fileloc=/home/workshopbrain/public_html/statusplan.com/wp-config-sample.php&path=/home/workshopbrain/public_html/statusplan.com HTTP/1.1" 403 63518 "-" "meta-externalagent/1.1 (+https://developers.facebook.com/docs/sharing/webmasters/crawler)" 259 **0/259136**
57.141.6.4 - - [16/Mar/2026:07:38:16 -0700] "GET /products/queen-memory-foam-mattres-17145862564-pick-up-price/35994901/?path=/home/workshopbrain/public_html/statusplan.com HTTP/1.1" 403 63518 "-" "meta-externalagent/1.1 (+https://developers.facebook.com/docs/sharing/webmasters/crawler)" 255 **0/255833**
57.141.6.69 - - [16/Mar/2026:07:38:20 -0700] "GET /products/navy-blue-girls-winter-coat/46150165/?path=/ HTTP/1.1" 403 63518 "-" "meta-externalagent/1.1 (+https://developers.facebook.com/docs/sharing/webmasters/crawler)" 253 **0/253324**
57.141.6.43 - - [16/Mar/2026:07:38:20 -0700] "GET /products/queen-memory-foam-mattres-17145862564-pick-up-price/35994901/?fileloc=/home/workshopbrain/public_html/statusplan.com/wp-slgnup.gz&path=/home/workshopbrain/public_html/statusplan.com HTTP/1.1" 403 63518 "-" "meta-externalagent/1.1 (+https://developers.facebook.com/docs/sharing/webmasters/crawler)" 255 **0/255262**
57.141.6.20 - - [16/Mar/2026:07:38:23 -0700] "GET /products/queen-memory-foam-mattres-17145862564-pick-up-price/35994901/?fileloc=/home/workshopbrain/public_html/statusplan.com/admin.php&path=/home/workshopbrain/public_html/statusplan.com HTTP/1.1" 403 63518 "-" "meta-externalagent/1.1 (+https://developers.facebook.com/docs/sharing/webmasters/crawler)" 266 **0/266012**
57.141.6.69 - - [16/Mar/2026:07:38:24 -0700] "GET /products/navy-blue-girls-winter-coat/46150165/?path=/home/workshopbrain HTTP/1.1" 403 63518 "-" "meta-externalagent/1.1 (+https://developers.facebook.com/docs/sharing/webmasters/crawler)" 279 **0/279644**
57.141.6.32 - - [16/Mar/2026:07:38:27 -0700] "GET /products/queen-memory-foam-mattres-17145862564-pick-up-price/35994901/?path=/home/workshopbrain/public_html/statusplan.com/.tmb HTTP/1.1" 403 63518 "-" "meta-externalagent/1.1 (+https://developers.facebook.com/docs/sharing/webmasters/crawler)" 261 **0/261087**
57.141.6.45 - - [16/Mar/2026:07:38:30 -0700] "GET /products/queen-memory-foam-mattres-17145862564-pick-up-price/35994901/?fileloc=/home/workshopbrain/public_html/statusplan.com/wp-activate.php&path=/home/workshopbrain/public_html/statusplan.com HTTP/1.1" 403 63518 "-" "meta-externalagent/1.1 (+https://developers.facebook.com/docs/sharing/webmasters/crawler)" 733 **0/733462**
57.141.6.52 - - [16/Mar/2026:07:38:32 -0700] "GET /products/navy-blue-girls-winter-coat/46150165/?fileloc=/home/workshopbrain/public_html/statusplan.com/txets.php&path=/home/workshopbrain/public_html/statusplan.com HTTP/1.1" 403 63518 "-" "meta-externalagent/1.1 (+https://developers.facebook.com/docs/sharing/webmasters/crawler)" 279 **0/279044**
57.141.6.68 - - [16/Mar/2026:07:38:38 -0700] "GET /products/queen-memory-foam-mattres-17145862564-pick-up-price/35994901/?path=/home/workshopbrain/public_html/statusplan.com/AnKZICuqPUHSv HTTP/1.1" 403 63518 "-" "meta-externalagent/1.1 (+https://developers.facebook.com/docs/sharing/webmasters/crawler)" 260 **0/260342**
57.141.6.14 - - [16/Mar/2026:07:38:44 -0700] "GET /products/navy-blue-girls-winter-coat/46150165/?fileloc=/home/workshopbrain/public_html/statusplan.com/wp-trackback.php&path=/home/workshopbrain/public_html/statusplan.com HTTP/1.1" 403 63518 "-" "meta-externalagent/1.1 (+https://developers.facebook.com/docs/sharing/webmasters/crawler)" 283 **0/283407**
57.141.6.10 - - [16/Mar/2026:07:38:57 -0700] "GET /products/navy-blue-girls-winter-coat/46150165/?path=/home/workshopbrain/public_html/statusplan.com/.well-known HTTP/1.1" 200 227308 "-" "meta-externalagent/1.1 (+https://developers.facebook.com/docs/sharing/webmasters/crawler)" 1499 **1/1499498**
57.141.6.12 - - [16/Mar/2026:07:39:33 -0700] "GET /products/navy-blue-girls-winter-coat/46150165/?path=/home/workshopbrain/public_html HTTP/1.1" 200 128389 "-" "meta-externalagent/1.1 (+https://developers.facebook.com/docs/sharing/webmasters/crawler)" 330 **0/330281**
57.141.6.20 - - [16/Mar/2026:07:40:17 -0700] "GET /products/couch-and-coffee-table-handmade-wood/23372284/?path=/home/workshopbrain/public_html/statusplan.com/wp-admin HTTP/1.1" 200 190927 "-" "meta-externalagent/1.1 (+https://developers.facebook.com/docs/sharing/webmasters/crawler)" 352 **0/352884**
57.141.6.26 - - [16/Mar/2026:07:40:36 -0700] "GET /products/couch-and-coffee-table-handmade-wood/23372284/?fileloc=/home/workshopbrain/public_html/statusplan.com/wp-blog-header.php&path=/home/workshopbrain/public_html/statusplan.com HTTP/1.1" 200 12866 "-" "meta-externalagent/1.1 (+https://developers.facebook.com/docs/sharing/webmasters/crawler)" 261 **0/261450**
57.141.6.27 - - [16/Mar/2026:07:40:56 -0700] "GET /products/queen-memory-foam-mattres-17145862564-pick-up-price/35994901/?fileloc=/home/workshopbrain/public_html/statusplan.com/readme.html&path=/home/workshopbrain/public_html/statusplan.com HTTP/1.1" 200 21797 "-" "meta-externalagent/1.1 (+https://developers.facebook.com/docs/sharing/webmasters/crawler)" 313 **0/313598**
57.141.6.72 - - [16/Mar/2026:07:41:28 -0700] "GET /products/couch-and-coffee-table-handmade-wood/23372284/?path=/home/workshopbrain/public_html/statusplan.com/RCbsAGwVq HTTP/1.1" 200 14547 "-" "meta-externalagent/1.1 (+https://developers.facebook.com/docs/sharing/webmasters/crawler)" 238 **0/238300**
57.141.6.53 - - [16/Mar/2026:07:41:44 -0700] "GET /products/couch-and-coffee-table-handmade-wood/23372284/?path=/home/workshopbrain HTTP/1.1" 200 79408 "-" "meta-externalagent/1.1 (+https://developers.facebook.com/docs/sharing/webmasters/crawler)" 331 **0/331855**
57.141.6.64 - - [16/Mar/2026:07:42:03 -0700] "GET /products/couch-and-coffee-table-handmade-wood/23372284/?fileloc=/home/workshopbrain/public_html/statusplan.com/robots.txt&path=/home/workshopbrain/public_html/statusplan.com HTTP/1.1" 200 12575 "-" "meta-externalagent/1.1 (+https://developers.facebook.com/docs/sharing/webmasters/crawler)" 238 **0/238246**
57.141.6.28 - - [16/Mar/2026:07:42:09 -0700] "GET /products/couch-and-coffee-table-handmade-wood/23372284/?path=/home/workshopbrain/public_html/statusplan.com/AnKZICuqPUHSv HTTP/1.1" 200 19307 "-" "meta-externalagent/1.1 (+https://developers.facebook.com/docs/sharing/webmasters/crawler)" 257 **0/257413**
57.141.6.66 - - [16/Mar/2026:07:42:17 -0700] "GET /products/couch-and-coffee-table-handmade-wood/23372284/?path=/home/workshopbrain/public_html/statusplan.com/.well-known HTTP/1.1" 200 227308 "-" "meta-externalagent/1.1 (+https://developers.facebook.com/docs/sharing/webmasters/crawler)" 374 **0/374090**
57.141.6.32 - - [16/Mar/2026:07:42:29 -0700] "GET /products/couch-and-coffee-table-handmade-wood/23372284/?fileloc=/home/workshopbrain/public_html/statusplan.com/readme.html&path=/home/workshopbrain/public_html/statusplan.com HTTP/1.1" 200 21797 "-" "meta-externalagent/1.1 (+https://developers.facebook.com/docs/sharing/webmasters/crawler)" 294 **0/294841**
57.141.6.45 - - [16/Mar/2026:07:42:57 -0700] "GET /products/couch-and-coffee-table-handmade-wood/23372284/?fileloc=/home/workshopbrain/public_html/statusplan.com/xmlrpc.php&path=/home/workshopbrain/public_html/statusplan.com HTTP/1.1" 200 16080 "-" "meta-externalagent/1.1 (+https://developers.facebook.com/docs/sharing/webmasters/crawler)" 262 **0/262259**
57.141.6.53 - - [16/Mar/2026:07:42:57 -0700] "GET /products/couch-and-coffee-table-handmade-wood/23372284/?fileloc=/home/workshopbrain/public_html/statusplan.com/wp-login.php&path=/home/workshopbrain/public_html/statusplan.com HTTP/1.1" 200 67528 "-" "meta-externalagent/1.1 (+https://developers.facebook.com/docs/sharing/webmasters/crawler)" 241 **0/241870**
57.141.6.29 - - [16/Mar/2026:07:43:01 -0700] "GET /products/couch-and-coffee-table-handmade-wood/23372284/?path=/home/workshopbrain/public_html/statusplan.com/wp-content HTTP/1.1" 200 40735 "-" "meta-externalagent/1.1 (+https://developers.facebook.com/docs/sharing/webmasters/crawler)" 280 **0/280953**
57.141.6.46 - - [16/Mar/2026:07:43:12 -0700] "GET /products/couch-and-coffee-table-handmade-wood/23372284/?fileloc=/home/workshopbrain/public_html/statusplan.com/license.txt&path=/home/workshopbrain/public_html/statusplan.com HTTP/1.1" 200 32511 "-" "meta-externalagent/1.1 (+https://developers.facebook.com/docs/sharing/webmasters/crawler)" 288 **0/288794**
57.141.6.48 - - [16/Mar/2026:07:43:51 -0700] "GET /products/couch-and-coffee-table-handmade-wood/23372284/?fileloc=/home/workshopbrain/public_html/statusplan.com/wp-slgnup.gz&path=/home/workshopbrain/public_html/statusplan.com HTTP/1.1" 200 12493 "-" "meta-externalagent/1.1 (+https://developers.facebook.com/docs/sharing/webmasters/crawler)" 358 **0/358786**
57.141.6.7 - - [16/Mar/2026:07:43:54 -0700] "GET /products/couch-and-coffee-table-handmade-wood/23372284/?fileloc=/home/workshopbrain/public_html/statusplan.com/.htaccess&path=/home/workshopbrain/public_html/statusplan.com HTTP/1.1" 200 13044 "-" "meta-externalagent/1.1 (+https://developers.facebook.com/docs/sharing/webmasters/crawler)" 300 **0/300907**
57.141.6.28 - - [16/Mar/2026:07:43:59 -0700] "GET /products/couch-and-coffee-table-handmade-wood/23372284/?fileloc=/home/workshopbrain/public_html/statusplan.com/options.php&path=/home/workshopbrain/public_html/statusplan.com HTTP/1.1" 200 12492 "-" "meta-externalagent/1.1 (+https://developers.facebook.com/docs/sharing/webmasters/crawler)" 242 **0/242691**
57.141.6.19 - - [16/Mar/2026:07:44:04 -0700] "GET /products/couch-and-coffee-table-handmade-wood/23372284/?path=/ HTTP/1.1" 200 31770 "-" "meta-externalagent/1.1 (+https://developers.facebook.com/docs/sharing/webmasters/crawler)" 363 **0/363429**
57.141.6.42 - - [16/Mar/2026:07:44:16 -0700] "GET /products/couch-and-coffee-table-handmade-wood/23372284/?fileloc=/home/workshopbrain/public_html/statusplan.com/lock360.php&path=/home/workshopbrain/public_html/statusplan.com HTTP/1.1" 403 63518 "-" "meta-externalagent/1.1 (+https://developers.facebook.com/docs/sharing/webmasters/crawler)" 277 **0/277357**
57.141.6.64 - - [16/Mar/2026:07:44:19 -0700] "GET /products/couch-and-coffee-table-handmade-wood/23372284/?path=/home/workshopbrain/public_html/statusplan.com/cgi-bin HTTP/1.1" 403 63518 "-" "meta-externalagent/1.1 (+https://developers.facebook.com/docs/sharing/webmasters/crawler)" 244 **0/244699**
57.141.6.34 - - [16/Mar/2026:07:44:32 -0700] "GET /products/couch-and-coffee-table-handmade-wood/23372284/?fileloc=/home/workshopbrain/public_html/statusplan.com/wp-load.php&path=/home/workshopbrain/public_html/statusplan.com HTTP/1.1" 403 63518 "-" "meta-externalagent/1.1 (+https://developers.facebook.com/docs/sharing/webmasters/crawler)" 246 **0/246670**
57.141.6.32 - - [16/Mar/2026:07:44:32 -0700] "GET /products/couch-and-coffee-table-handmade-wood/23372284/?path=/home/workshopbrain/public_html/statusplan.com/wp-includes HTTP/1.1" 403 63518 "-" "meta-externalagent/1.1 (+https://developers.facebook.com/docs/sharing/webmasters/crawler)" 283 **0/283464**
57.141.6.29 - - [16/Mar/2026:07:44:35 -0700] "GET /products/couch-and-coffee-table-handmade-wood/23372284/?fileloc=/home/workshopbrain/public_html/statusplan.com/txets.php&path=/home/workshopbrain/public_html/statusplan.com HTTP/1.1" 403 63518 "-" "meta-externalagent/1.1 (+https://developers.facebook.com/docs/sharing/webmasters/crawler)" 493 **0/493001**
57.141.6.53 - - [16/Mar/2026:07:45:07 -0700] "GET /products/couch-and-coffee-table-handmade-wood/23372284/?path=/home/workshopbrain/public_html/statusplan.com HTTP/1.1" 403 63518 "-" "meta-externalagent/1.1 (+https://developers.facebook.com/docs/sharing/webmasters/crawler)" 257 **0/257529**
57.141.6.5 - - [16/Mar/2026:07:45:11 -0700] "GET /products/couch-and-coffee-table-handmade-wood/23372284/?fileloc=/home/workshopbrain/public_html/statusplan.com/wp-links-opml.php&path=/home/workshopbrain/public_html/statusplan.com HTTP/1.1" 200 15301 "-" "meta-externalagent/1.1 (+https://developers.facebook.com/docs/sharing/webmasters/crawler)" 276 **0/276189**
57.141.6.12 - - [16/Mar/2026:07:45:15 -0700] "GET /products/couch-and-coffee-table-handmade-wood/23372284/?fileloc=/home/workshopbrain/public_html/statusplan.com/index.php&path=/home/workshopbrain/public_html/statusplan.com HTTP/1.1" 200 21037 "-" "meta-externalagent/1.1 (+https://developers.facebook.com/docs/sharing/webmasters/crawler)" 296 **0/296565**
57.141.6.12 - - [16/Mar/2026:07:45:19 -0700] "GET /products/couch-and-coffee-table-handmade-wood/23372284/?fileloc=/home/workshopbrain/public_html/statusplan.com/wp-signup.php&path=/home/workshopbrain/public_html/statusplan.com HTTP/1.1" 200 50381 "-" "meta-externalagent/1.1 (+https://developers.facebook.com/docs/sharing/webmasters/crawler)" 246 **0/246126**
57.141.6.11 - - [16/Mar/2026:07:45:30 -0700] "GET /products/couch-and-coffee-table-handmade-wood/23372284/?fileloc=/home/workshopbrain/public_html/statusplan.com/wp-config-sample.php&path=/home/workshopbrain/public_html/statusplan.com HTTP/1.1" 200 15527 "-" "meta-externalagent/1.1 (+https://developers.facebook.com/docs/sharing/webmasters/crawler)" 277 **0/277982**
66.249.79.202 - - [16/Mar/2026:07:45:36 -0700] "GET /products/pinewood-dresser-9-drawer/25501831/ HTTP/1.1" 200 21781 "-" "Mozilla/5.0 (Linux; Android 6.0.1; Nexus 5X Build/MMB29P) AppleWebKit/537.36 (KHTML, like Gecko) Chrome/145.0.7632.116 Mobile Safari/537.36 (compatible; Googlebot/2.1; +http://www.google.com/bot.html)" 327 **0/327219**
57.141.6.19 - - [16/Mar/2026:07:45:36 -0700] "GET /products/couch-and-coffee-table-handmade-wood/23372284/?fileloc=/home/workshopbrain/public_html/statusplan.com/wp-mail.php&path=/home/workshopbrain/public_html/statusplan.com HTTP/1.1" 200 21314 "-" "meta-externalagent/1.1 (+https://developers.facebook.com/docs/sharing/webmasters/crawler)" 285 **0/285941**
57.141.6.36 - - [16/Mar/2026:07:45:42 -0700] "GET /products/couch-and-coffee-table-handmade-wood/23372284/?fileloc=/home/workshopbrain/public_html/statusplan.com/wp-activate.php&path=/home/workshopbrain/public_html/statusplan.com HTTP/1.1" 200 20694 "-" "meta-externalagent/1.1 (+https://developers.facebook.com/docs/sharing/webmasters/crawler)" 258 **0/258083**
57.141.6.24 - - [16/Mar/2026:07:45:46 -0700] "GET /products/couch-and-coffee-table-handmade-wood/23372284/?path=/home HTTP/1.1" 200 13991 "-" "meta-externalagent/1.1 (+https://developers.facebook.com/docs/sharing/webmasters/crawler)" 290 **0/290960**
57.141.6.45 - - [16/Mar/2026:07:45:49 -0700] "GET /products/couch-and-coffee-table-handmade-wood/23372284/?fileloc=/home/workshopbrain/public_html/statusplan.com/error_log&path=/home/workshopbrain/public_html/statusplan.com HTTP/1.1" 200 715944 "-" "meta-externalagent/1.1 (+https://developers.facebook.com/docs/sharing/webmasters/crawler)" 459 **0/459240**
57.141.6.19 - - [16/Mar/2026:07:46:01 -0700] "GET /products/mochila-para-herramienta/22684681/?fileloc=/home/workshopbrain/public_html/statusplan.com/wp-cron.php&path=/home/workshopbrain/public_html/statusplan.com HTTP/1.1" 200 18211 "-" "meta-externalagent/1.1 (+https://developers.facebook.com/docs/sharing/webmasters/crawler)" 345 **0/345818**
57.141.6.7 - - [16/Mar/2026:07:46:03 -0700] "GET /products/couch-and-coffee-table-handmade-wood/23372284/?fileloc=/home/workshopbrain/public_html/statusplan.com/wp-trackback.php&path=/home/workshopbrain/public_html/statusplan.com HTTP/1.1" 200 17655 "-" "meta-externalagent/1.1 (+https://developers.facebook.com/docs/sharing/webmasters/crawler)" 268 **0/268727**
57.141.6.12 - - [16/Mar/2026:07:46:07 -0700] "GET /products/couch-and-coffee-table-handmade-wood/23372284/?fileloc=/home/workshopbrain/public_html/statusplan.com/wp-cron.php&path=/home/workshopbrain/public_html/statusplan.com HTTP/1.1" 200 18211 "-" "meta-externalagent/1.1 (+https://developers.facebook.com/docs/sharing/webmasters/crawler)" 262 **0/262786**
57.141.6.47 - - [16/Mar/2026:07:46:30 -0700] "GET /products/mochila-para-herramienta/22684681/?fileloc=/home/workshopbrain/public_html/statusplan.com/options.php&path=/home/workshopbrain/public_html/statusplan.com HTTP/1.1" 200 12492 "-" "meta-externalagent/1.1 (+https://developers.facebook.com/docs/sharing/webmasters/crawler)" 250 **0/250869**
57.141.6.27 - - [16/Mar/2026:07:46:33 -0700] "GET /products/mochila-para-herramienta/22684681/?fileloc=/home/workshopbrain/public_html/statusplan.com/wp-activate.php&path=/home/workshopbrain/public_html/statusplan.com HTTP/1.1" 200 20694 "-" "meta-externalagent/1.1 (+https://developers.facebook.com/docs/sharing/webmasters/crawler)" 431 **0/431302**
57.141.6.44 - - [16/Mar/2026:07:46:53 -0700] "GET /products/mochila-para-herramienta/22684681/?path=/home/workshopbrain/public_html HTTP/1.1" 200 128389 "-" "meta-externalagent/1.1 (+https://developers.facebook.com/docs/sharing/webmasters/crawler)" 579 **0/579250**
57.141.6.53 - - [16/Mar/2026:07:46:56 -0700] "GET /products/couch-and-coffee-table-handmade-wood/23372284/?fileloc=/home/workshopbrain/public_html/statusplan.com/wp-comments-post.php&path=/home/workshopbrain/public_html/statusplan.com HTTP/1.1" 200 14895 "-" "meta-externalagent/1.1 (+https://developers.facebook.com/docs/sharing/webmasters/crawler)" 257 **0/257280**
57.141.6.64 - - [16/Mar/2026:07:47:12 -0700] "GET /products/mochila-para-herramienta/22684681/?fileloc=/home/workshopbrain/public_html/statusplan.com/error_log&path=/home/workshopbrain/public_html/statusplan.com HTTP/1.1" 200 715944 "-" "meta-externalagent/1.1 (+https://developers.facebook.com/docs/sharing/webmasters/crawler)" 421 **0/421527**
57.141.6.64 - - [16/Mar/2026:07:47:20 -0700] "GET /products/mochila-para-herramienta/22684681/?fileloc=/home/workshopbrain/public_html/statusplan.com/wp-slgnup.gz&path=/home/workshopbrain/public_html/statusplan.com HTTP/1.1" 200 12493 "-" "meta-externalagent/1.1 (+https://developers.facebook.com/docs/sharing/webmasters/crawler)" 283 **0/283044**
57.141.6.69 - - [16/Mar/2026:07:47:24 -0700] "GET /products/mochila-para-herramienta/22684681/?fileloc=/home/workshopbrain/public_html/statusplan.com/wp-config.php&path=/home/workshopbrain/public_html/statusplan.com HTTP/1.1" 200 15841 "-" "meta-externalagent/1.1 (+https://developers.facebook.com/docs/sharing/webmasters/crawler)" 242 **0/242684**
57.141.6.5 - - [16/Mar/2026:07:47:32 -0700] "GET /products/mochila-para-herramienta/22684681/?path=/home/workshopbrain/public_html/statusplan.com/AnKZICuqPUHSv HTTP/1.1" 200 19307 "-" "meta-externalagent/1.1 (+https://developers.facebook.com/docs/sharing/webmasters/crawler)" 233 **0/233898**
57.141.6.69 - - [16/Mar/2026:07:47:45 -0700] "GET /products/mochila-para-herramienta/22684681/?fileloc=/home/workshopbrain/public_html/statusplan.com/lock360.php&path=/home/workshopbrain/public_html/statusplan.com HTTP/1.1" 200 12492 "-" "meta-externalagent/1.1 (+https://developers.facebook.com/docs/sharing/webmasters/crawler)" 253 **0/253739**
57.141.6.48 - - [16/Mar/2026:07:47:54 -0700] "GET /products/mochila-para-herramienta/22684681/?fileloc=/home/workshopbrain/public_html/statusplan.com/wp-login.php&path=/home/workshopbrain/public_html/statusplan.com HTTP/1.1" 200 67528 "-" "meta-externalagent/1.1 (+https://developers.facebook.com/docs/sharing/webmasters/crawler)" 248 **0/248396**
57.141.6.8 - - [16/Mar/2026:07:47:56 -0700] "GET /products/mochila-para-herramienta/22684681/?fileloc=/home/workshopbrain/public_html/statusplan.com/readme.html&path=/home/workshopbrain/public_html/statusplan.com HTTP/1.1" 200 21797 "-" "meta-externalagent/1.1 (+https://developers.facebook.com/docs/sharing/webmasters/crawler)" 281 **0/281871**
57.141.6.23 - - [16/Mar/2026:07:48:05 -0700] "GET /products/mochila-para-herramienta/22684681/?fileloc=/home/workshopbrain/public_html/statusplan.com/wp-signup.php&path=/home/workshopbrain/public_html/statusplan.com HTTP/1.1" 200 50381 "-" "meta-externalagent/1.1 (+https://developers.facebook.com/docs/sharing/webmasters/crawler)" 263 **0/263361**
57.141.6.37 - - [16/Mar/2026:07:48:19 -0700] "GET /products/mochila-para-herramienta/22684681/?path=/home/workshopbrain/public_html/statusplan.com/cgi-bin HTTP/1.1" 200 220490 "-" "meta-externalagent/1.1 (+https://developers.facebook.com/docs/sharing/webmasters/crawler)" 371 **0/371042**
57.141.6.61 - - [16/Mar/2026:07:48:22 -0700] "GET /products/mochila-para-herramienta/22684681/?fileloc=/home/workshopbrain/public_html/statusplan.com/wp-trackback.php&path=/home/workshopbrain/public_html/statusplan.com HTTP/1.1" 200 17655 "-" "meta-externalagent/1.1 (+https://developers.facebook.com/docs/sharing/webmasters/crawler)" 321 **0/321125**
57.141.6.72 - - [16/Mar/2026:07:48:28 -0700] "GET /products/mochila-para-herramienta/22684681/?path=/home/workshopbrain/public_html/statusplan.com/.tmb HTTP/1.1" 200 217501 "-" "meta-externalagent/1.1 (+https://developers.facebook.com/docs/sharing/webmasters/crawler)" 392 **0/392511**
57.141.6.34 - - [16/Mar/2026:07:48:33 -0700] "GET /products/mochila-para-herramienta/22684681/?path=/home/workshopbrain/public_html/statusplan.com HTTP/1.1" 403 63518 "-" "meta-externalagent/1.1 (+https://developers.facebook.com/docs/sharing/webmasters/crawler)" 296 **0/296987**
57.141.6.44 - - [16/Mar/2026:07:48:36 -0700] "GET /products/mochila-para-herramienta/22684681/?fileloc=/home/workshopbrain/public_html/statusplan.com/robots.txt&path=/home/workshopbrain/public_html/statusplan.com HTTP/1.1" 403 63518 "-" "meta-externalagent/1.1 (+https://developers.facebook.com/docs/sharing/webmasters/crawler)" 307 **0/307650**
57.141.6.32 - - [16/Mar/2026:07:48:38 -0700] "GET /products/mochila-para-herramienta/22684681/?fileloc=/home/workshopbrain/public_html/statusplan.com/xmlrpc.php&path=/home/workshopbrain/public_html/statusplan.com HTTP/1.1" 403 63518 "-" "meta-externalagent/1.1 (+https://developers.facebook.com/docs/sharing/webmasters/crawler)" 494 **0/494918**
57.141.6.37 - - [16/Mar/2026:07:48:44 -0700] "GET /products/mochila-para-herramienta/22684681/?path=/ HTTP/1.1" 403 63518 "-" "meta-externalagent/1.1 (+https://developers.facebook.com/docs/sharing/webmasters/crawler)" 247 **0/247363**
57.141.6.38 - - [16/Mar/2026:07:48:51 -0700] "GET /products/mochila-para-herramienta/22684681/?fileloc=/home/workshopbrain/public_html/statusplan.com/wp-config-sample.php&path=/home/workshopbrain/public_html/statusplan.com HTTP/1.1" 403 63518 "-" "meta-externalagent/1.1 (+https://developers.facebook.com/docs/sharing/webmasters/crawler)" 289 **0/289610**
57.141.6.72 - - [16/Mar/2026:07:48:52 -0700] "GET /products/mochila-para-herramienta/22684681/?fileloc=/home/workshopbrain/public_html/statusplan.com/wp-blog-header.php&path=/home/workshopbrain/public_html/statusplan.com HTTP/1.1" 403 63518 "-" "meta-externalagent/1.1 (+https://developers.facebook.com/docs/sharing/webmasters/crawler)" 240 **0/240908**
57.141.6.28 - - [16/Mar/2026:07:48:54 -0700] "GET /products/mochila-para-herramienta/22684681/?path=/home/workshopbrain/public_html/statusplan.com/.well-known HTTP/1.1" 403 63518 "-" "meta-externalagent/1.1 (+https://developers.facebook.com/docs/sharing/webmasters/crawler)" 259 **0/259550**
57.141.6.24 - - [16/Mar/2026:07:48:58 -0700] "GET /products/mochila-para-herramienta/22684681/?fileloc=/home/workshopbrain/public_html/statusplan.com/wp-load.php&path=/home/workshopbrain/public_html/statusplan.com HTTP/1.1" 403 63518 "-" "meta-externalagent/1.1 (+https://developers.facebook.com/docs/sharing/webmasters/crawler)" 243 **0/243401**
57.141.6.14 - - [16/Mar/2026:07:49:06 -0700] "GET /products/mochila-para-herramienta/22684681/?path=/home/workshopbrain/public_html/statusplan.com/wp-includes HTTP/1.1" 403 63518 "-" "meta-externalagent/1.1 (+https://developers.facebook.com/docs/sharing/webmasters/crawler)" 270 **0/270895**
57.141.6.64 - - [16/Mar/2026:07:49:09 -0700] "GET /products/mochila-para-herramienta/22684681/?path=/home/workshopbrain/public_html/statusplan.com/wp-admin HTTP/1.1" 403 63518 "-" "meta-externalagent/1.1 (+https://developers.facebook.com/docs/sharing/webmasters/crawler)" 229 **0/229042**
57.141.6.11 - - [16/Mar/2026:07:49:18 -0700] "GET /products/mochila-para-herramienta/22684681/?fileloc=/home/workshopbrain/public_html/statusplan.com/license.txt&path=/home/workshopbrain/public_html/statusplan.com HTTP/1.1" 403 63518 "-" "meta-externalagent/1.1 (+https://developers.facebook.com/docs/sharing/webmasters/crawler)" 265 **0/265386**
57.141.6.46 - - [16/Mar/2026:07:49:27 -0700] "GET /products/mochila-para-herramienta/22684681/?fileloc=/home/workshopbrain/public_html/statusplan.com/admin.php&path=/home/workshopbrain/public_html/statusplan.com HTTP/1.1" 403 63518 "-" "meta-externalagent/1.1 (+https://developers.facebook.com/docs/sharing/webmasters/crawler)" 269 **0/269269**
57.141.6.61 - - [16/Mar/2026:07:49:49 -0700] "GET /products/mochila-para-herramienta/22684681/?fileloc=/home/workshopbrain/public_html/statusplan.com/wp-links-opml.php&path=/home/workshopbrain/public_html/statusplan.com HTTP/1.1" 200 15301 "-" "meta-externalagent/1.1 (+https://developers.facebook.com/docs/sharing/webmasters/crawler)" 240 **0/240423**
57.141.6.23 - - [16/Mar/2026:07:49:51 -0700] "GET /products/mochila-para-herramienta/22684681/?path=/home/workshopbrain/public_html/statusplan.com/wp-content HTTP/1.1" 200 40735 "-" "meta-externalagent/1.1 (+https://developers.facebook.com/docs/sharing/webmasters/crawler)" 509 **0/509805**
57.141.6.46 - - [16/Mar/2026:07:49:59 -0700] "GET /products/mochila-para-herramienta/22684681/?path=/home/workshopbrain/public_html/statusplan.com/RCbsAGwVq HTTP/1.1" 200 14547 "-" "meta-externalagent/1.1 (+https://developers.facebook.com/docs/sharing/webmasters/crawler)" 267 **0/267123**
