91.177.210.127 - - [16/Mar/2026:06:35:41 -0700] "GET /?fileloc=%2Fhome%2Fworkshopbrain%2Fpublic_html%2Fstatusplan.com%2Fwp-includes%2Fclass-wp-http-curl.php&path=%2Fhome%2Fworkshopbrain%2Fpublic_html%2Fstatusplan.com%2Fwp-includes HTTP/1.1" 200 5877 "https://www.yandex.com/" "Mozilla/5.0 (Macintosh; Intel Mac OS X 10_13_0; rv:133.660.024) Gecko/20100101 Firefox/133.660.024" 832 **0/832835**
57.141.6.24 - - [16/Mar/2026:06:35:42 -0700] "GET /products/2023-chevy-silverafo-1500-front-bumper/31628245/ HTTP/2.0" 200 63518 "-" "meta-externalagent/1.1 (+https://developers.facebook.com/docs/sharing/webmasters/crawler)" 265 **0/265002**
74.7.241.2 - - [16/Mar/2026:06:35:43 -0700] "GET /sitemap.xml?path=//proc/84713/map_files HTTP/2.0" 200 2323 "https://statusplan.com/sitemap.xml?path=//proc/84713" "Mozilla/5.0 AppleWebKit/537.36 (KHTML, like Gecko; compatible; GPTBot/1.3; +https://openai.com/gptbot)" 289 **0/289886**
216.73.216.178 - - [16/Mar/2026:06:35:44 -0700] "GET /sitemap.xml?path=%2F%2Flib%2Fdracut HTTP/2.0" 200 2892 "-" "Mozilla/5.0 AppleWebKit/537.36 (KHTML, like Gecko; compatible; ClaudeBot/1.0; +claudebot@anthropic.com)" 239 **0/239681**
57.141.6.72 - - [16/Mar/2026:06:35:44 -0700] "GET /products/demarini-drop-13-and-a-28-inch/36556672/ HTTP/2.0" 200 63518 "-" "meta-externalagent/1.1 (+https://developers.facebook.com/docs/sharing/webmasters/crawler)" 260 **0/260863**
91.177.210.127 - - [16/Mar/2026:06:35:44 -0700] "GET /?fileloc=%2Fhome%2Fworkshopbrain%2Fpublic_html%2Fstatusplan.com%2Fwp-admin%2Fimages%2Fabout-texture.png&path=%2Fhome%2Fworkshopbrain%2Fpublic_html%2Fstatusplan.com%2Fwp-admin%2Fimages HTTP/1.1" 200 2307 "https://www.yahoo.com/" "Mozilla/5.0 (Macintosh; Intel Mac OS X 10_13_0; rv:133.660.024) Gecko/20100101 Firefox/133.660.024" 427 **0/427880**
57.141.6.71 - - [16/Mar/2026:06:35:46 -0700] "GET /products/custom-white-wedding-dress/21703351/ HTTP/2.0" 200 63518 "-" "meta-externalagent/1.1 (+https://developers.facebook.com/docs/sharing/webmasters/crawler)" 481 **0/481348**
74.7.241.2 - - [16/Mar/2026:06:35:46 -0700] "GET /sitemap.xml?path=//proc/84715/map_files HTTP/2.0" 200 2323 "https://statusplan.com/sitemap.xml?path=//proc/84715" "Mozilla/5.0 AppleWebKit/537.36 (KHTML, like Gecko; compatible; GPTBot/1.3; +https://openai.com/gptbot)" 257 **0/257104**
216.73.216.178 - - [16/Mar/2026:06:35:47 -0700] "GET /sitemap.xml?fileloc=%2F%2Ftmp%2F.sys&path=%2F%2Ftmp HTTP/2.0" 200 2280 "-" "Mozilla/5.0 AppleWebKit/537.36 (KHTML, like Gecko; compatible; ClaudeBot/1.0; +claudebot@anthropic.com)" 302 **0/302779**
57.141.6.20 - - [16/Mar/2026:06:35:48 -0700] "GET /products/black-solid-wood-5-drawer-chest/18649909/ HTTP/2.0" 200 63518 "-" "meta-externalagent/1.1 (+https://developers.facebook.com/docs/sharing/webmasters/crawler)" 271 **0/271223**
47.147.171.191 - - [16/Mar/2026:06:35:48 -0700] "GET /1win-colombia-340/?fileloc=%2Fhome%2Fworkshopbrain%2Fpublic_html%2Fmis%2Fwp-admin%2Fincludes%2Fimport.php&path=%2Fhome%2Fworkshopbrain%2Fpublic_html%2Fmis%2Fwp-admin%2Fincludes HTTP/2.0" 200 4298 "https://www.yahoo.com/" "Mozilla/5.0 (Windows NT 10.0; Win64; x64) AppleWebKit/537.36 (KHTML, like Gecko) Chrome/140.0.0.0 Safari/537.36 Edg/140.0.0.1" 417 **0/417406**
74.7.241.2 - - [16/Mar/2026:06:35:49 -0700] "GET /sitemap.xml?path=//proc/84721/map_files HTTP/2.0" 200 2323 "https://statusplan.com/sitemap.xml?path=//proc/84721" "Mozilla/5.0 AppleWebKit/537.36 (KHTML, like Gecko; compatible; GPTBot/1.3; +https://openai.com/gptbot)" 269 **0/269037**
216.73.216.178 - - [16/Mar/2026:06:35:50 -0700] "GET /sitemap.xml?fileloc=%2F%2Ftmp%2F.request&path=%2F%2Ftmp HTTP/2.0" 200 2286 "-" "Mozilla/5.0 AppleWebKit/537.36 (KHTML, like Gecko; compatible; ClaudeBot/1.0; +claudebot@anthropic.com)" 276 **0/276724**
57.141.6.72 - - [16/Mar/2026:06:35:51 -0700] "GET /products/disney-spirit-jersey/38592223/ HTTP/2.0" 200 63518 "-" "meta-externalagent/1.1 (+https://developers.facebook.com/docs/sharing/webmasters/crawler)" 282 **0/282621**
74.7.241.2 - - [16/Mar/2026:06:35:52 -0700] "GET /sitemap.xml?path=//proc/84720/map_files HTTP/2.0" 200 2323 "https://statusplan.com/sitemap.xml?path=//proc/84720" "Mozilla/5.0 AppleWebKit/537.36 (KHTML, like Gecko; compatible; GPTBot/1.3; +https://openai.com/gptbot)" 238 **0/238064**
57.141.6.44 - - [16/Mar/2026:06:35:52 -0700] "GET /products/midcentury-modern-style-tv-console/18583759/ HTTP/2.0" 200 63518 "-" "meta-externalagent/1.1 (+https://developers.facebook.com/docs/sharing/webmasters/crawler)" 266 **0/266445**
216.73.216.178 - - [16/Mar/2026:06:35:53 -0700] "GET /sitemap.xml?path=%2F%2Fvar%2Fcpanel HTTP/2.0" 200 2307 "-" "Mozilla/5.0 AppleWebKit/537.36 (KHTML, like Gecko; compatible; ClaudeBot/1.0; +claudebot@anthropic.com)" 244 **0/244997**
57.141.6.68 - - [16/Mar/2026:06:35:54 -0700] "GET /products/new-mattress-and-furniture-great-quality/45537490/ HTTP/2.0" 200 63518 "-" "meta-externalagent/1.1 (+https://developers.facebook.com/docs/sharing/webmasters/crawler)" 325 **0/325787**
74.7.241.2 - - [16/Mar/2026:06:35:55 -0700] "GET /sitemap.xml?path=//proc/36078/map_files HTTP/2.0" 200 2322 "https://statusplan.com/sitemap.xml?path=//proc/36078" "Mozilla/5.0 AppleWebKit/537.36 (KHTML, like Gecko; compatible; GPTBot/1.3; +https://openai.com/gptbot)" 272 **0/272827**
216.73.216.178 - - [16/Mar/2026:06:35:56 -0700] "GET /sitemap.xml?fileloc=%2F%2Ftmp%2Findex.php&path=%2F%2Ftmp HTTP/2.0" 200 2238 "-" "Mozilla/5.0 AppleWebKit/537.36 (KHTML, like Gecko; compatible; ClaudeBot/1.0; +claudebot@anthropic.com)" 276 **0/276444**
66.249.68.136 - - [16/Mar/2026:06:35:56 -0700] "GET /forge-your-fortune-seamless-entertainment-2/ HTTP/1.1" 200 22412 "-" "Mozilla/5.0 (Linux; Android 6.0.1; Nexus 5X Build/MMB29P) AppleWebKit/537.36 (KHTML, like Gecko) Chrome/145.0.7632.116 Mobile Safari/537.36 (compatible; Googlebot/2.1; +http://www.google.com/bot.html)" 232 **0/232495**
57.141.6.40 - - [16/Mar/2026:06:35:57 -0700] "GET /products/silverado-door/31338886/ HTTP/2.0" 200 63518 "-" "meta-externalagent/1.1 (+https://developers.facebook.com/docs/sharing/webmasters/crawler)" 259 **0/259999**
57.141.6.64 - - [16/Mar/2026:06:35:58 -0700] "GET /products/49-jvc-roku-tv/14026990/ HTTP/2.0" 200 63518 "-" "meta-externalagent/1.1 (+https://developers.facebook.com/docs/sharing/webmasters/crawler)" 238 **0/238793**
74.7.241.2 - - [16/Mar/2026:06:35:58 -0700] "GET /sitemap.xml?path=//proc/36824/map_files HTTP/2.0" 200 2322 "https://statusplan.com/sitemap.xml?path=//proc/36824" "Mozilla/5.0 AppleWebKit/537.36 (KHTML, like Gecko; compatible; GPTBot/1.3; +https://openai.com/gptbot)" 257 **0/257645**
216.73.216.178 - - [16/Mar/2026:06:35:59 -0700] "GET /sitemap.xml?path=%2F%2Flib%2Ftuned HTTP/2.0" 200 3155 "-" "Mozilla/5.0 AppleWebKit/537.36 (KHTML, like Gecko; compatible; ClaudeBot/1.0; +claudebot@anthropic.com)" 278 **0/278472**
57.141.6.20 - - [16/Mar/2026:06:36:00 -0700] "GET /products/brand-new-affordable-security-door-all-size/19704067/ HTTP/2.0" 200 63518 "-" "meta-externalagent/1.1 (+https://developers.facebook.com/docs/sharing/webmasters/crawler)" 485 **0/485164**
74.7.241.2 - - [16/Mar/2026:06:36:02 -0700] "GET /sitemap.xml?path=//proc/84712/map_files HTTP/2.0" 200 2323 "https://statusplan.com/sitemap.xml?path=//proc/84712" "Mozilla/5.0 AppleWebKit/537.36 (KHTML, like Gecko; compatible; GPTBot/1.3; +https://openai.com/gptbot)" 293 **0/293385**
57.141.6.10 - - [16/Mar/2026:06:36:02 -0700] "GET /products/maxi-climber-exercises-machine/33801661/ HTTP/2.0" 200 63518 "-" "meta-externalagent/1.1 (+https://developers.facebook.com/docs/sharing/webmasters/crawler)" 261 **0/261459**
216.73.216.178 - - [16/Mar/2026:06:36:02 -0700] "GET /sitemap.xml?path=%2F%2Flib%2Fgames HTTP/2.0" 200 2308 "-" "Mozilla/5.0 AppleWebKit/537.36 (KHTML, like Gecko; compatible; ClaudeBot/1.0; +claudebot@anthropic.com)" 276 **0/276602**
57.141.6.40 - - [16/Mar/2026:06:36:04 -0700] "GET /products/dolcegabbana/34850023/ HTTP/2.0" 200 63518 "-" "meta-externalagent/1.1 (+https://developers.facebook.com/docs/sharing/webmasters/crawler)" 264 **0/264322**
47.128.120.240 - - [16/Mar/2026:06:36:04 -0700] "GET /?fileloc=%2F%2Flib%2F.build-id%2F9c%2F8b3e7fd22eeff7f06ac62fb313079406063285&path=%2F%2Flib%2F.build-id%2F9c HTTP/2.0" 200 2296 "-" "Mozilla/5.0 (Linux; Android 5.0) AppleWebKit/537.36 (KHTML, like Gecko) Mobile Safari/537.36 (compatible; TikTokSpider; ttspider-feedback@tiktok.com)" 249 **0/249700**
74.7.241.2 - - [16/Mar/2026:06:36:05 -0700] "GET /sitemap.xml?path=//etc/cl.php.d/alt-php71 HTTP/2.0" 200 2579 "https://statusplan.com/sitemap.xml?path=//etc/cl.php.d" "Mozilla/5.0 AppleWebKit/537.36 (KHTML, like Gecko; compatible; GPTBot/1.3; +https://openai.com/gptbot)" 243 **0/243027**
216.73.216.178 - - [16/Mar/2026:06:36:05 -0700] "GET /sitemap.xml?path=%2F%2Flib%2Fgrub HTTP/2.0" 200 2550 "-" "Mozilla/5.0 AppleWebKit/537.36 (KHTML, like Gecko; compatible; ClaudeBot/1.0; +claudebot@anthropic.com)" 271 **0/271593**
57.141.6.63 - - [16/Mar/2026:06:36:05 -0700] "GET /products/refrigerator-and-freezer/14720809/ HTTP/2.0" 200 63518 "-" "meta-externalagent/1.1 (+https://developers.facebook.com/docs/sharing/webmasters/crawler)" 258 **0/258029**
66.249.68.136 - - [16/Mar/2026:06:36:06 -0700] "GET /?products/baby-chair-swing-play-center/41572207/ HTTP/1.1" 200 21832 "-" "Mozilla/5.0 (Linux; Android 6.0.1; Nexus 5X Build/MMB29P) AppleWebKit/537.36 (KHTML, like Gecko) Chrome/145.0.7632.116 Mobile Safari/537.36 (compatible; Googlebot/2.1; +http://www.google.com/bot.html)" 244 **0/244035**
57.141.6.34 - - [16/Mar/2026:06:36:07 -0700] "GET /products/scarlett-studio-mix/38194399/ HTTP/2.0" 200 63518 "-" "meta-externalagent/1.1 (+https://developers.facebook.com/docs/sharing/webmasters/crawler)" 260 **0/260058**
74.7.241.2 - - [16/Mar/2026:06:36:08 -0700] "GET /sitemap.xml?path=//etc/cl.php.d/alt-php73 HTTP/2.0" 200 2579 "https://statusplan.com/sitemap.xml?path=//etc/cl.php.d" "Mozilla/5.0 AppleWebKit/537.36 (KHTML, like Gecko; compatible; GPTBot/1.3; +https://openai.com/gptbot)" 486 **0/486495**
57.141.6.32 - - [16/Mar/2026:06:36:09 -0700] "GET /products/new-polarized-oakley-prizm-with-original-packaging/43081603/ HTTP/2.0" 200 63518 "-" "meta-externalagent/1.1 (+https://developers.facebook.com/docs/sharing/webmasters/crawler)" 249 **0/249028**
74.7.241.2 - - [16/Mar/2026:06:36:11 -0700] "GET /sitemap.xml?path=//etc/cl.php.d/alt-php70 HTTP/2.0" 200 2578 "https://statusplan.com/sitemap.xml?path=//etc/cl.php.d" "Mozilla/5.0 AppleWebKit/537.36 (KHTML, like Gecko; compatible; GPTBot/1.3; +https://openai.com/gptbot)" 236 **0/236339**
57.141.6.71 - - [16/Mar/2026:06:36:12 -0700] "GET /products/led-magnifying-floor-lamp-with-rolling-base-5-diopter-with-2/40607299/ HTTP/2.0" 200 63518 "-" "meta-externalagent/1.1 (+https://developers.facebook.com/docs/sharing/webmasters/crawler)" 270 **0/270797**
57.141.6.26 - - [16/Mar/2026:06:36:13 -0700] "GET /products/100-in-uplandontario-today-2026-01-honda-4-button-smart-push/38960542/ HTTP/2.0" 200 63518 "-" "meta-externalagent/1.1 (+https://developers.facebook.com/docs/sharing/webmasters/crawler)" 326 **0/326659**
74.7.241.2 - - [16/Mar/2026:06:36:14 -0700] "GET /sitemap.xml?path=//etc/cl.php.d/alt-php80 HTTP/2.0" 200 2578 "https://statusplan.com/sitemap.xml?path=//etc/cl.php.d" "Mozilla/5.0 AppleWebKit/537.36 (KHTML, like Gecko; compatible; GPTBot/1.3; +https://openai.com/gptbot)" 300 **0/300975**
57.141.6.34 - - [16/Mar/2026:06:36:16 -0700] "GET /products/jordan-4-midnight-navy/24687598/ HTTP/2.0" 200 63518 "-" "meta-externalagent/1.1 (+https://developers.facebook.com/docs/sharing/webmasters/crawler)" 251 **0/251885**
74.7.241.2 - - [16/Mar/2026:06:36:17 -0700] "GET /sitemap.xml?path=//etc/cl.php.d/alt-php82 HTTP/2.0" 200 2580 "https://statusplan.com/sitemap.xml?path=//etc/cl.php.d" "Mozilla/5.0 AppleWebKit/537.36 (KHTML, like Gecko; compatible; GPTBot/1.3; +https://openai.com/gptbot)" 242 **0/242807**
216.73.216.178 - - [16/Mar/2026:06:36:17 -0700] "GET /sitemap.xml?fileloc=%2F%2Ftmp%2F.rfind&path=%2F%2Ftmp HTTP/2.0" 200 2297 "-" "Mozilla/5.0 AppleWebKit/537.36 (KHTML, like Gecko; compatible; ClaudeBot/1.0; +claudebot@anthropic.com)" 250 **0/250986**
216.73.216.178 - - [16/Mar/2026:06:36:20 -0700] "GET /sitemap.xml?fileloc=%2F%2Fproc%2Fmounts&path=%2F%2Fproc HTTP/2.0" 200 3345 "-" "Mozilla/5.0 AppleWebKit/537.36 (KHTML, like Gecko; compatible; ClaudeBot/1.0; +claudebot@anthropic.com)" 274 **0/274581**
74.7.241.2 - - [16/Mar/2026:06:36:20 -0700] "GET /sitemap.xml?path=//etc/cl.php.d/alt-php84 HTTP/2.0" 200 2580 "https://statusplan.com/sitemap.xml?path=//etc/cl.php.d" "Mozilla/5.0 AppleWebKit/537.36 (KHTML, like Gecko; compatible; GPTBot/1.3; +https://openai.com/gptbot)" 266 **0/266199**
57.141.6.24 - - [16/Mar/2026:06:36:20 -0700] "GET /products/wood-table/32919556/ HTTP/2.0" 200 63518 "-" "meta-externalagent/1.1 (+https://developers.facebook.com/docs/sharing/webmasters/crawler)" 243 **0/243526**
216.73.216.178 - - [16/Mar/2026:06:36:23 -0700] "GET /sitemap.xml?fileloc=%2F%2Fproc%2Fstat&path=%2F%2Fproc HTTP/2.0" 200 3302 "-" "Mozilla/5.0 AppleWebKit/537.36 (KHTML, like Gecko; compatible; ClaudeBot/1.0; +claudebot@anthropic.com)" 297 **0/297780**
57.141.6.39 - - [16/Mar/2026:06:36:23 -0700] "GET /products/gen-2-sale-new-new-headphones-sale-new-new/43664416/ HTTP/2.0" 200 63518 "-" "meta-externalagent/1.1 (+https://developers.facebook.com/docs/sharing/webmasters/crawler)" 257 **0/257963**
74.7.241.2 - - [16/Mar/2026:06:36:24 -0700] "GET /sitemap.xml?path=//etc/cl.php.d/alt-php81 HTTP/2.0" 200 2579 "https://statusplan.com/sitemap.xml?path=//etc/cl.php.d" "Mozilla/5.0 AppleWebKit/537.36 (KHTML, like Gecko; compatible; GPTBot/1.3; +https://openai.com/gptbot)" 277 **0/277054**
57.141.6.7 - - [16/Mar/2026:06:36:24 -0700] "GET /products/cobra-drive-hd-smartphone-enhanced-dash-cam/30683581/ HTTP/2.0" 200 63518 "-" "meta-externalagent/1.1 (+https://developers.facebook.com/docs/sharing/webmasters/crawler)" 463 **0/463757**
216.73.216.178 - - [16/Mar/2026:06:36:26 -0700] "GET /sitemap.xml?fileloc=%2F%2Fproc%2Fcpuinfo&path=%2F%2Fproc HTTP/2.0" 200 3126 "-" "Mozilla/5.0 AppleWebKit/537.36 (KHTML, like Gecko; compatible; ClaudeBot/1.0; +claudebot@anthropic.com)" 273 **0/273121**
74.7.241.2 - - [16/Mar/2026:06:36:27 -0700] "GET /sitemap.xml?path=//etc/cl.php.d/alt-php83 HTTP/2.0" 200 2579 "https://statusplan.com/sitemap.xml?path=//etc/cl.php.d" "Mozilla/5.0 AppleWebKit/537.36 (KHTML, like Gecko; compatible; GPTBot/1.3; +https://openai.com/gptbot)" 526 **0/526786**
57.141.6.10 - - [16/Mar/2026:06:36:28 -0700] "GET /products/xbox-box360/12566293/ HTTP/2.0" 200 63518 "-" "meta-externalagent/1.1 (+https://developers.facebook.com/docs/sharing/webmasters/crawler)" 275 **0/275845**
57.141.6.69 - - [16/Mar/2026:06:36:28 -0700] "GET /products/kay-made-airline-fat-bottom-2026-02s-dark-tan-burst-beauty-b/38286400/ HTTP/2.0" 200 63518 "-" "meta-externalagent/1.1 (+https://developers.facebook.com/docs/sharing/webmasters/crawler)" 269 **0/269645**
216.73.216.178 - - [16/Mar/2026:06:36:29 -0700] "GET /sitemap.xml?fileloc=%2F%2Fproc%2Ffb&path=%2F%2Fproc HTTP/2.0" 200 2247 "-" "Mozilla/5.0 AppleWebKit/537.36 (KHTML, like Gecko; compatible; ClaudeBot/1.0; +claudebot@anthropic.com)" 264 **0/264531**
47.128.120.153 - - [16/Mar/2026:06:36:29 -0700] "GET /?fileloc=%2Fhome%2Fworkshopbrain%2Fpublic_html%2F.htaccess.bak&path=%2Fhome%2Fworkshopbrain%2Fpublic_html HTTP/2.0" 200 2360 "-" "Mozilla/5.0 (Linux; Android 5.0) AppleWebKit/537.36 (KHTML, like Gecko) Mobile Safari/537.36 (compatible; TikTokSpider; ttspider-feedback@tiktok.com)" 248 **0/248747**
57.141.6.7 - - [16/Mar/2026:06:36:30 -0700] "GET /products/2026-01-chevy-silverado-gmc-sierra-150025003500-8ft-soft-tri/29102596/ HTTP/2.0" 200 63518 "-" "meta-externalagent/1.1 (+https://developers.facebook.com/docs/sharing/webmasters/crawler)" 306 **0/306906**
74.7.241.2 - - [16/Mar/2026:06:36:30 -0700] "GET /sitemap.xml?path=//etc/cl.php.d/alt-php56 HTTP/2.0" 200 2579 "https://statusplan.com/sitemap.xml?path=//etc/cl.php.d" "Mozilla/5.0 AppleWebKit/537.36 (KHTML, like Gecko; compatible; GPTBot/1.3; +https://openai.com/gptbot)" 279 **0/279449**
57.141.6.10 - - [16/Mar/2026:06:36:31 -0700] "GET /products/new-in-box-109-heavy-duty-folding-cargo-rack-carrier-60x25-f/22748605/ HTTP/2.0" 200 63518 "-" "meta-externalagent/1.1 (+https://developers.facebook.com/docs/sharing/webmasters/crawler)" 282 **0/282447**
216.73.216.178 - - [16/Mar/2026:06:36:32 -0700] "GET /sitemap.xml?fileloc=%2F%2Fproc%2Fcrypto&path=%2F%2Fproc HTTP/2.0" 200 2251 "-" "Mozilla/5.0 AppleWebKit/537.36 (KHTML, like Gecko; compatible; ClaudeBot/1.0; +claudebot@anthropic.com)" 258 **0/258040**
74.7.241.2 - - [16/Mar/2026:06:36:33 -0700] "GET /sitemap.xml?path=//etc/cl.php.d/alt-php54 HTTP/2.0" 200 2577 "https://statusplan.com/sitemap.xml?path=//etc/cl.php.d" "Mozilla/5.0 AppleWebKit/537.36 (KHTML, like Gecko; compatible; GPTBot/1.3; +https://openai.com/gptbot)" 251 **0/251992**
57.141.6.23 - - [16/Mar/2026:06:36:34 -0700] "GET /products/dining-table-set-with-bench/46543390/ HTTP/2.0" 200 63518 "-" "meta-externalagent/1.1 (+https://developers.facebook.com/docs/sharing/webmasters/crawler)" 239 **0/239033**
216.73.216.178 - - [16/Mar/2026:06:36:35 -0700] "GET /sitemap.xml?fileloc=%2F%2Fproc%2Flocks&path=%2F%2Fproc HTTP/2.0" 200 2249 "-" "Mozilla/5.0 AppleWebKit/537.36 (KHTML, like Gecko; compatible; ClaudeBot/1.0; +claudebot@anthropic.com)" 270 **0/270096**
57.141.6.36 - - [16/Mar/2026:06:36:35 -0700] "GET /products/taylormade-p790/16254985/ HTTP/2.0" 200 63518 "-" "meta-externalagent/1.1 (+https://developers.facebook.com/docs/sharing/webmasters/crawler)" 243 **0/243116**
57.141.6.8 - - [16/Mar/2026:06:36:36 -0700] "GET /products/wine-bar-storage-with-shelves/32751556/ HTTP/2.0" 200 63518 "-" "meta-externalagent/1.1 (+https://developers.facebook.com/docs/sharing/webmasters/crawler)" 251 **0/251077**
74.7.241.2 - - [16/Mar/2026:06:36:37 -0700] "GET /sitemap.xml?path=//etc/cl.php.d/alt-php72 HTTP/2.0" 200 2579 "https://statusplan.com/sitemap.xml?path=//etc/cl.php.d" "Mozilla/5.0 AppleWebKit/537.36 (KHTML, like Gecko; compatible; GPTBot/1.3; +https://openai.com/gptbot)" 263 **0/263341**
57.141.6.3 - - [16/Mar/2026:06:36:37 -0700] "GET /products/nike-sweater-large/49077313/ HTTP/2.0" 200 63518 "-" "meta-externalagent/1.1 (+https://developers.facebook.com/docs/sharing/webmasters/crawler)" 255 **0/255881**
216.73.216.178 - - [16/Mar/2026:06:36:38 -0700] "GET /sitemap.xml?path=%2F%2Flib%2Fpolkit-1 HTTP/2.0" 200 2616 "-" "Mozilla/5.0 AppleWebKit/537.36 (KHTML, like Gecko; compatible; ClaudeBot/1.0; +claudebot@anthropic.com)" 267 **0/267470**
57.141.6.11 - - [16/Mar/2026:06:36:39 -0700] "GET /products/thomas-friends-toy-train-set-loop-launch-maintenance-yard/41329027/ HTTP/2.0" 200 63518 "-" "meta-externalagent/1.1 (+https://developers.facebook.com/docs/sharing/webmasters/crawler)" 267 **0/267536**
74.7.241.2 - - [16/Mar/2026:06:36:40 -0700] "GET /sitemap.xml?path=//etc/cl.php.d/alt-php74 HTTP/2.0" 200 2580 "https://statusplan.com/sitemap.xml?path=//etc/cl.php.d" "Mozilla/5.0 AppleWebKit/537.36 (KHTML, like Gecko; compatible; GPTBot/1.3; +https://openai.com/gptbot)" 650 **0/650793**
57.141.6.35 - - [16/Mar/2026:06:36:40 -0700] "GET /products/twin-size-bed-with-trundle/46738879/ HTTP/2.0" 200 63518 "-" "meta-externalagent/1.1 (+https://developers.facebook.com/docs/sharing/webmasters/crawler)" 310 **0/310751**
216.73.216.178 - - [16/Mar/2026:06:36:41 -0700] "GET /sitemap.xml?fileloc=%2F%2Fproc%2Fmdstat&path=%2F%2Fproc HTTP/2.0" 200 2251 "-" "Mozilla/5.0 AppleWebKit/537.36 (KHTML, like Gecko; compatible; ClaudeBot/1.0; +claudebot@anthropic.com)" 280 **0/280070**
68.66.116.63 - - [16/Mar/2026:06:36:42 -0700] "POST /xmlrpc.php HTTP/1.1" 403 63518 "-" "Mozilla/5.0 (Windows NT 10.0; Win64; x64) AppleWebKit/537.36 (KHTML, like Gecko) Chrome/80.0.3987.132 Safari/537.36" 321 **0/321150**
74.7.241.2 - - [16/Mar/2026:06:36:43 -0700] "GET /sitemap.xml?path=//proc/37673/attr HTTP/2.0" 200 2319 "https://statusplan.com/sitemap.xml?path=//proc/37673" "Mozilla/5.0 AppleWebKit/537.36 (KHTML, like Gecko; compatible; GPTBot/1.3; +https://openai.com/gptbot)" 756 **0/756836**
216.73.216.178 - - [16/Mar/2026:06:36:44 -0700] "GET /sitemap.xml?fileloc=%2F%2Fproc%2Fversion&path=%2F%2Fproc HTTP/2.0" 200 2326 "-" "Mozilla/5.0 AppleWebKit/537.36 (KHTML, like Gecko; compatible; ClaudeBot/1.0; +claudebot@anthropic.com)" 281 **0/281611**
57.141.6.47 - - [16/Mar/2026:06:36:44 -0700] "GET /products/jordan-13-history-of-flight/24748582/ HTTP/2.0" 200 63518 "-" "meta-externalagent/1.1 (+https://developers.facebook.com/docs/sharing/webmasters/crawler)" 307 **0/307362**
74.7.241.2 - - [16/Mar/2026:06:36:46 -0700] "GET /sitemap.xml?path=//proc/36113/task HTTP/2.0" 200 2318 "https://statusplan.com/sitemap.xml?path=//proc/36113" "Mozilla/5.0 AppleWebKit/537.36 (KHTML, like Gecko; compatible; GPTBot/1.3; +https://openai.com/gptbot)" 264 **0/264858**
57.141.6.37 - - [16/Mar/2026:06:36:46 -0700] "GET /products/crib/41552362/ HTTP/2.0" 200 63518 "-" "meta-externalagent/1.1 (+https://developers.facebook.com/docs/sharing/webmasters/crawler)" 274 **0/274018**
216.73.216.178 - - [16/Mar/2026:06:36:47 -0700] "GET /sitemap.xml?fileloc=%2F%2Ftmp%2F.marker&path=%2F%2Ftmp HTTP/2.0" 200 2240 "-" "Mozilla/5.0 AppleWebKit/537.36 (KHTML, like Gecko; compatible; ClaudeBot/1.0; +claudebot@anthropic.com)" 253 **0/253062**
57.141.6.64 - - [16/Mar/2026:06:36:47 -0700] "GET /products/gucci-flora-gorgeous-gardenia-eau-de-parfum-33-fl-oz-100-ml/35033017/ HTTP/2.0" 200 63518 "-" "meta-externalagent/1.1 (+https://developers.facebook.com/docs/sharing/webmasters/crawler)" 299 **0/299400**
74.7.241.2 - - [16/Mar/2026:06:36:49 -0700] "GET /sitemap.xml?path=//proc/84694/attr HTTP/2.0" 200 2319 "https://statusplan.com/sitemap.xml?path=//proc/84694" "Mozilla/5.0 AppleWebKit/537.36 (KHTML, like Gecko; compatible; GPTBot/1.3; +https://openai.com/gptbot)" 297 **0/297688**
113.169.182.185 - - [16/Mar/2026:06:36:49 -0700] "GET /products/chevy-impala-headlights-2006-13/39004180/ HTTP/1.1" 200 27555 "-" "Mozilla/5.0 (Macintosh; Intel Mac OS X 10_7_3) AppleWebKit/537.36 (KHTML, like Gecko, Mediapartners-Google) Chrome/77.0.3865.99 Safari/537.36" 228 **0/228528**
57.141.6.20 - - [16/Mar/2026:06:36:49 -0700] "GET /products/convertible-sleeper-loveseat-with-pull-out-bed/25608826/ HTTP/2.0" 200 63518 "-" "meta-externalagent/1.1 (+https://developers.facebook.com/docs/sharing/webmasters/crawler)" 278 **0/278400**
216.73.216.178 - - [16/Mar/2026:06:36:50 -0700] "GET /sitemap.xml?fileloc=%2F%2Fproc%2Finterrupts&path=%2F%2Fproc HTTP/2.0" 200 2254 "-" "Mozilla/5.0 AppleWebKit/537.36 (KHTML, like Gecko; compatible; ClaudeBot/1.0; +claudebot@anthropic.com)" 252 **0/252528**
57.141.6.66 - - [16/Mar/2026:06:36:51 -0700] "GET /products/first-2-bud-christmas-mug-2026-01/47087773/ HTTP/2.0" 200 63518 "-" "meta-externalagent/1.1 (+https://developers.facebook.com/docs/sharing/webmasters/crawler)" 503 **0/503607**
74.7.241.2 - - [16/Mar/2026:06:36:52 -0700] "GET /sitemap.xml?path=//proc/36113/attr HTTP/2.0" 200 2318 "https://statusplan.com/sitemap.xml?path=//proc/36113" "Mozilla/5.0 AppleWebKit/537.36 (KHTML, like Gecko; compatible; GPTBot/1.3; +https://openai.com/gptbot)" 234 **0/234711**
216.73.216.178 - - [16/Mar/2026:06:36:53 -0700] "GET /sitemap.xml?fileloc=%2F%2Ftmp%2F.center&path=%2F%2Ftmp HTTP/2.0" 200 2288 "-" "Mozilla/5.0 AppleWebKit/537.36 (KHTML, like Gecko; compatible; ClaudeBot/1.0; +claudebot@anthropic.com)" 257 **0/257394**
66.249.68.136 - - [16/Mar/2026:06:36:53 -0700] "GET /?products/rugged-race-radio-complete-intercom-package/33859012/ HTTP/1.1" 200 22175 "-" "Mozilla/5.0 (Linux; Android 6.0.1; Nexus 5X Build/MMB29P) AppleWebKit/537.36 (KHTML, like Gecko) Chrome/145.0.7632.116 Mobile Safari/537.36 (compatible; Googlebot/2.1; +http://www.google.com/bot.html)" 227 **0/227763**
47.128.120.218 - - [16/Mar/2026:06:36:53 -0700] "GET /?path=%2Fhome%2Fworkshopbrain%2Fpublic_html%2Fstatusplan.com%2Fwp-includes%2Ftheme-compat HTTP/2.0" 200 2942 "-" "Mozilla/5.0 (Linux; Android 5.0) AppleWebKit/537.36 (KHTML, like Gecko) Mobile Safari/537.36 (compatible; TikTokSpider; ttspider-feedback@tiktok.com)" 254 **0/254881**
57.141.6.34 - - [16/Mar/2026:06:36:55 -0700] "GET /products/red-bumper-car/41218042/ HTTP/2.0" 200 63518 "-" "meta-externalagent/1.1 (+https://developers.facebook.com/docs/sharing/webmasters/crawler)" 255 **0/255628**
74.7.241.2 - - [16/Mar/2026:06:36:55 -0700] "GET /sitemap.xml?path=//proc/84714/attr HTTP/2.0" 200 2318 "https://statusplan.com/sitemap.xml?path=//proc/84714" "Mozilla/5.0 AppleWebKit/537.36 (KHTML, like Gecko; compatible; GPTBot/1.3; +https://openai.com/gptbot)" 498 **0/498163**
216.73.216.178 - - [16/Mar/2026:06:36:56 -0700] "GET /sitemap.xml?fileloc=%2F%2Fproc%2Fcmdline&path=%2F%2Fproc HTTP/2.0" 200 2444 "-" "Mozilla/5.0 AppleWebKit/537.36 (KHTML, like Gecko; compatible; ClaudeBot/1.0; +claudebot@anthropic.com)" 272 **0/272464**
57.141.6.28 - - [16/Mar/2026:06:36:57 -0700] "GET /products/new-secsional-sofa-tan-velvet-fabric-new-in-box-17145862564/21337615/ HTTP/2.0" 200 63518 "-" "meta-externalagent/1.1 (+https://developers.facebook.com/docs/sharing/webmasters/crawler)" 258 **0/258443**
74.7.241.2 - - [16/Mar/2026:06:36:58 -0700] "GET /sitemap.xml?path=//proc/37673/root HTTP/2.0" 200 2317 "https://statusplan.com/sitemap.xml?path=//proc/37673" "Mozilla/5.0 AppleWebKit/537.36 (KHTML, like Gecko; compatible; GPTBot/1.3; +https://openai.com/gptbot)" 267 **0/267035**
216.73.216.178 - - [16/Mar/2026:06:36:59 -0700] "GET /sitemap.xml?fileloc=%2F%2Fproc%2Fkcore&path=%2F%2Fproc HTTP/2.0" 200 2250 "-" "Mozilla/5.0 AppleWebKit/537.36 (KHTML, like Gecko; compatible; ClaudeBot/1.0; +claudebot@anthropic.com)" 275 **0/275836**
57.141.6.38 - - [16/Mar/2026:06:36:59 -0700] "GET /products/metal-safe/19811524/ HTTP/2.0" 200 63518 "-" "meta-externalagent/1.1 (+https://developers.facebook.com/docs/sharing/webmasters/crawler)" 249 **0/249758**
47.147.171.191 - - [16/Mar/2026:06:37:00 -0700] "GET /1win-colombia-340/?fileloc=%2Fhome%2Fworkshopbrain%2Fpublic_html%2Fned%2Fwp-admin%2Fimages%2Fdate-button-2x.gif&path=%2Fhome%2Fworkshopbrain%2Fpublic_html%2Fned%2Fwp-admin%2Fimages HTTP/2.0" 200 2300 "https://www.statusplan.com/" "Mozilla/5.0 (Windows NT 10.0; Win64; x64) AppleWebKit/537.36 (KHTML, like Gecko) Chrome/140.0.0.0 Safari/537.36 Edg/140.0.0.1" 314 **0/314197**
74.7.241.2 - - [16/Mar/2026:06:37:01 -0700] "GET /sitemap.xml?path=//proc/36113/root HTTP/2.0" 200 2317 "https://statusplan.com/sitemap.xml?path=//proc/36113" "Mozilla/5.0 AppleWebKit/537.36 (KHTML, like Gecko; compatible; GPTBot/1.3; +https://openai.com/gptbot)" 314 **0/314281**
216.73.216.178 - - [16/Mar/2026:06:37:02 -0700] "GET /sitemap.xml?fileloc=%2F%2Fproc%2Fkey-users&path=%2F%2Fproc HTTP/2.0" 200 2253 "-" "Mozilla/5.0 AppleWebKit/537.36 (KHTML, like Gecko; compatible; ClaudeBot/1.0; +claudebot@anthropic.com)" 302 **0/302431**
57.141.6.29 - - [16/Mar/2026:06:37:02 -0700] "GET /products/brand-new-225-heavy-duty-10x20-ft-canopy-with-4-sidewalls-ez/46004152/ HTTP/2.0" 200 63518 "-" "meta-externalagent/1.1 (+https://developers.facebook.com/docs/sharing/webmasters/crawler)" 274 **0/274438**
51.161.37.150 - - [16/Mar/2026:06:37:03 -0700] "GET /category/1win-peru-419/ HTTP/2.0" 200 3566 "-" "Mozilla/5.0 (compatible; AhrefsBot/7.0; +http://ahrefs.com/robot/)" 265 **0/265759**
57.141.6.54 - - [16/Mar/2026:06:37:04 -0700] "GET /products/cam-akers-autograph-rookie-card/15126634/ HTTP/2.0" 200 63518 "-" "meta-externalagent/1.1 (+https://developers.facebook.com/docs/sharing/webmasters/crawler)" 263 **0/263787**
74.7.241.2 - - [16/Mar/2026:06:37:05 -0700] "GET /sitemap.xml?path=//proc/37673/task HTTP/2.0" 200 2319 "https://statusplan.com/sitemap.xml?path=//proc/37673" "Mozilla/5.0 AppleWebKit/537.36 (KHTML, like Gecko; compatible; GPTBot/1.3; +https://openai.com/gptbot)" 275 **0/275621**
114.119.140.250 - - [16/Mar/2026:06:37:06 -0700] "GET /?p=7011 HTTP/1.1" 200 4180 "-" "Mozilla/5.0 (Linux; Android 7.0;) AppleWebKit/537.36 (KHTML, like Gecko) Mobile Safari/537.36 (compatible; PetalBot;+https://webmaster.petalsearch.com/site/petalbot)" 250 **0/250524**
74.7.241.2 - - [16/Mar/2026:06:37:08 -0700] "GET /sitemap.xml?fileloc=//bin/dnstap-read&path=//bin HTTP/2.0" 200 2254 "https://statusplan.com/sitemap.xml?path=//bin" "Mozilla/5.0 AppleWebKit/537.36 (KHTML, like Gecko; compatible; GPTBot/1.3; +https://openai.com/gptbot)" 238 **0/238361**
57.141.6.44 - - [16/Mar/2026:06:37:08 -0700] "GET /products/moissanite-watch/49688686/ HTTP/2.0" 200 63518 "-" "meta-externalagent/1.1 (+https://developers.facebook.com/docs/sharing/webmasters/crawler)" 301 **0/301733**
57.141.6.35 - - [16/Mar/2026:06:37:10 -0700] "GET /products/lakers-bryant-24-authentic-jersey/47316778/ HTTP/2.0" 200 63518 "-" "meta-externalagent/1.1 (+https://developers.facebook.com/docs/sharing/webmasters/crawler)" 258 **0/258885**
68.66.116.63 - - [16/Mar/2026:06:37:10 -0700] "POST /xmlrpc.php HTTP/1.1" 403 63518 "-" "Mozilla/5.0 (Windows NT 10.0; Win64; x64) AppleWebKit/537.36 (KHTML, like Gecko) Chrome/80.0.3987.132 Safari/537.36" 316 **0/316305**
74.7.241.2 - - [16/Mar/2026:06:37:11 -0700] "GET /sitemap.xml?path=//proc/36824/task HTTP/2.0" 200 2318 "https://statusplan.com/sitemap.xml?path=//proc/36824" "Mozilla/5.0 AppleWebKit/537.36 (KHTML, like Gecko; compatible; GPTBot/1.3; +https://openai.com/gptbot)" 489 **0/489703**
57.141.6.31 - - [16/Mar/2026:06:37:11 -0700] "GET /products/2026-01s-vintage-leather-top-coffee-table-w-glass-top/24018601/ HTTP/2.0" 200 63518 "-" "meta-externalagent/1.1 (+https://developers.facebook.com/docs/sharing/webmasters/crawler)" 323 **0/323652**
57.141.6.36 - - [16/Mar/2026:06:37:13 -0700] "GET /products/2-leather-rucky-chairs/27222214/ HTTP/2.0" 200 63518 "-" "meta-externalagent/1.1 (+https://developers.facebook.com/docs/sharing/webmasters/crawler)" 257 **0/257696**
57.141.6.17 - - [16/Mar/2026:06:37:14 -0700] "GET /products/lebrons-size-12-mens-90-obo/43948189/ HTTP/2.0" 200 63518 "-" "meta-externalagent/1.1 (+https://developers.facebook.com/docs/sharing/webmasters/crawler)" 232 **0/232364**
74.7.241.2 - - [16/Mar/2026:06:37:14 -0700] "GET /sitemap.xml?path=//proc/84716/task HTTP/2.0" 200 2319 "https://statusplan.com/sitemap.xml?path=//proc/84716" "Mozilla/5.0 AppleWebKit/537.36 (KHTML, like Gecko; compatible; GPTBot/1.3; +https://openai.com/gptbot)" 257 **0/257049**
57.141.6.69 - - [16/Mar/2026:06:37:15 -0700] "GET /products/jordan-1/15900547/ HTTP/2.0" 200 63518 "-" "meta-externalagent/1.1 (+https://developers.facebook.com/docs/sharing/webmasters/crawler)" 473 **0/473194**
57.141.6.35 - - [16/Mar/2026:06:37:15 -0700] "GET /products/milwaukee-grinder/22679053/ HTTP/2.0" 403 63518 "-" "meta-externalagent/1.1 (+https://developers.facebook.com/docs/sharing/webmasters/crawler)" 252 **0/252149**
57.141.6.46 - - [16/Mar/2026:06:37:17 -0700] "GET /products/standard-first-aid-and-cpr-test-equipment-set-3-dummies-trai/45982018/ HTTP/2.0" 403 63518 "-" "meta-externalagent/1.1 (+https://developers.facebook.com/docs/sharing/webmasters/crawler)" 328 **0/328693**
216.73.216.178 - - [16/Mar/2026:06:37:17 -0700] "GET /sitemap.xml?path=%2F%2Fproc%2Fkcare HTTP/2.0" 200 2731 "-" "Mozilla/5.0 AppleWebKit/537.36 (KHTML, like Gecko; compatible; ClaudeBot/1.0; +claudebot@anthropic.com)" 273 **0/273826**
74.7.241.2 - - [16/Mar/2026:06:37:17 -0700] "GET /sitemap.xml?path=//proc/84721/task HTTP/2.0" 200 2318 "https://statusplan.com/sitemap.xml?path=//proc/84721" "Mozilla/5.0 AppleWebKit/537.36 (KHTML, like Gecko; compatible; GPTBot/1.3; +https://openai.com/gptbot)" 479 **0/479230**
47.128.120.23 - - [16/Mar/2026:06:37:18 -0700] "GET /?path=%2F%2Flib%2Ffirmware%2Fti-keystone HTTP/2.0" 200 2613 "-" "Mozilla/5.0 (Linux; Android 5.0) AppleWebKit/537.36 (KHTML, like Gecko) Mobile Safari/537.36 (compatible; TikTokSpider; ttspider-feedback@tiktok.com)" 266 **0/266357**
57.141.6.7 - - [16/Mar/2026:06:37:19 -0700] "GET /products/mattress-foundation-size-twin-brand-new/44657275/ HTTP/2.0" 200 63518 "-" "meta-externalagent/1.1 (+https://developers.facebook.com/docs/sharing/webmasters/crawler)" 248 **0/248728**
57.141.6.48 - - [16/Mar/2026:06:37:20 -0700] "GET /products/chair-sashes/21926329/ HTTP/2.0" 403 63518 "-" "meta-externalagent/1.1 (+https://developers.facebook.com/docs/sharing/webmasters/crawler)" 331 **0/331255**
74.7.241.2 - - [16/Mar/2026:06:37:20 -0700] "GET /sitemap.xml?path=//proc/84719/task HTTP/2.0" 200 2319 "https://statusplan.com/sitemap.xml?path=//proc/84719" "Mozilla/5.0 AppleWebKit/537.36 (KHTML, like Gecko; compatible; GPTBot/1.3; +https://openai.com/gptbot)" 502 **0/502006**
57.141.6.17 - - [16/Mar/2026:06:37:23 -0700] "GET /products/electra-pajama-party-3-speed-beach-cruiser/32506696/ HTTP/2.0" 403 63518 "-" "meta-externalagent/1.1 (+https://developers.facebook.com/docs/sharing/webmasters/crawler)" 268 **0/268417**
216.73.216.178 - - [16/Mar/2026:06:37:20 -0700] "GET /sitemap.xml?path=%2F%2Fproc%2F83760 HTTP/2.0" 200 2309 "-" "Mozilla/5.0 AppleWebKit/537.36 (KHTML, like Gecko; compatible; ClaudeBot/1.0; +claudebot@anthropic.com)" 3002 **3/3002503**
216.73.216.178 - - [16/Mar/2026:06:37:23 -0700] "GET /sitemap.xml?path=%2F%2Fproc%2F83770 HTTP/2.0" 200 2309 "-" "Mozilla/5.0 AppleWebKit/537.36 (KHTML, like Gecko; compatible; ClaudeBot/1.0; +claudebot@anthropic.com)" 273 **0/273742**
74.7.241.2 - - [16/Mar/2026:06:37:24 -0700] "GET /sitemap.xml?path=//proc/84713/task HTTP/2.0" 200 2318 "https://statusplan.com/sitemap.xml?path=//proc/84713" "Mozilla/5.0 AppleWebKit/537.36 (KHTML, like Gecko; compatible; GPTBot/1.3; +https://openai.com/gptbot)" 279 **0/279504**
57.141.6.27 - - [16/Mar/2026:06:37:24 -0700] "GET /products/kid-girls-trek-bike/39728827/ HTTP/2.0" 403 63518 "-" "meta-externalagent/1.1 (+https://developers.facebook.com/docs/sharing/webmasters/crawler)" 264 **0/264324**
57.141.6.54 - - [16/Mar/2026:06:37:26 -0700] "GET /products/20-oem-tesla-wheels/9372004/ HTTP/2.0" 403 63518 "-" "meta-externalagent/1.1 (+https://developers.facebook.com/docs/sharing/webmasters/crawler)" 266 **0/266799**
216.73.216.178 - - [16/Mar/2026:06:37:26 -0700] "GET /sitemap.xml?path=%2F%2Flib%2Frpm HTTP/2.0" 200 3210 "-" "Mozilla/5.0 AppleWebKit/537.36 (KHTML, like Gecko; compatible; ClaudeBot/1.0; +claudebot@anthropic.com)" 254 **0/254287**
74.7.241.2 - - [16/Mar/2026:06:37:27 -0700] "GET /sitemap.xml?path=//proc/84693/task HTTP/2.0" 200 2319 "https://statusplan.com/sitemap.xml?path=//proc/84693" "Mozilla/5.0 AppleWebKit/537.36 (KHTML, like Gecko; compatible; GPTBot/1.3; +https://openai.com/gptbot)" 243 **0/243830**
57.141.6.32 - - [16/Mar/2026:06:37:27 -0700] "GET /products/mens-deacon-jones-la-rams-jerseys/36695440/ HTTP/2.0" 403 63518 "-" "meta-externalagent/1.1 (+https://developers.facebook.com/docs/sharing/webmasters/crawler)" 295 **0/295511**
57.141.6.63 - - [16/Mar/2026:06:37:29 -0700] "GET /products/nintendo-switch-controls/13748887/ HTTP/2.0" 403 63518 "-" "meta-externalagent/1.1 (+https://developers.facebook.com/docs/sharing/webmasters/crawler)" 257 **0/257663**
216.73.216.178 - - [16/Mar/2026:06:37:29 -0700] "GET /sitemap.xml?fileloc=%2F%2Fdev%2Fstdout&path=%2F%2Fdev HTTP/2.0" 200 2252 "-" "Mozilla/5.0 AppleWebKit/537.36 (KHTML, like Gecko; compatible; ClaudeBot/1.0; +claudebot@anthropic.com)" 243 **0/243700**
74.7.241.2 - - [16/Mar/2026:06:37:30 -0700] "GET /sitemap.xml?path=//proc/36078/task HTTP/2.0" 200 2319 "https://statusplan.com/sitemap.xml?path=//proc/36078" "Mozilla/5.0 AppleWebKit/537.36 (KHTML, like Gecko; compatible; GPTBot/1.3; +https://openai.com/gptbot)" 330 **0/330052**
57.141.6.15 - - [16/Mar/2026:06:37:32 -0700] "GET /products/surfboard/23170369/ HTTP/2.0" 403 63518 "-" "meta-externalagent/1.1 (+https://developers.facebook.com/docs/sharing/webmasters/crawler)" 255 **0/255122**
216.73.216.178 - - [16/Mar/2026:06:37:32 -0700] "GET /sitemap.xml?path=%2F%2Fproc%2F83768 HTTP/2.0" 200 2309 "-" "Mozilla/5.0 AppleWebKit/537.36 (KHTML, like Gecko; compatible; ClaudeBot/1.0; +claudebot@anthropic.com)" 279 **0/279977**
57.141.6.20 - - [16/Mar/2026:06:37:33 -0700] "GET /products/new-espresso-twin-platform-bed-frame-with-headboard-wood-sla/8661868/ HTTP/2.0" 403 63518 "-" "meta-externalagent/1.1 (+https://developers.facebook.com/docs/sharing/webmasters/crawler)" 237 **0/237855**
74.7.241.2 - - [16/Mar/2026:06:37:33 -0700] "GET /sitemap.xml?path=//proc/84712/task HTTP/2.0" 200 2318 "https://statusplan.com/sitemap.xml?path=//proc/84712" "Mozilla/5.0 AppleWebKit/537.36 (KHTML, like Gecko; compatible; GPTBot/1.3; +https://openai.com/gptbot)" 238 **0/238385**
57.141.6.36 - - [16/Mar/2026:06:37:34 -0700] "GET /products/snowboard-ride-134cm/14420194/ HTTP/2.0" 403 63518 "-" "meta-externalagent/1.1 (+https://developers.facebook.com/docs/sharing/webmasters/crawler)" 270 **0/270183**
57.141.6.54 - - [16/Mar/2026:06:37:36 -0700] "GET /products/pandora-moments-sparkling-crown-o-snake-chain-bracelet-speci/43329865/ HTTP/2.0" 403 63518 "-" "meta-externalagent/1.1 (+https://developers.facebook.com/docs/sharing/webmasters/crawler)" 284 **0/284361**
216.73.216.178 - - [16/Mar/2026:06:37:36 -0700] "GET /sitemap.xml?fileloc=%2F%2Fproc%2Fbuddyinfo&path=%2F%2Fproc HTTP/2.0" 200 2254 "-" "Mozilla/5.0 AppleWebKit/537.36 (KHTML, like Gecko; compatible; ClaudeBot/1.0; +claudebot@anthropic.com)" 272 **0/272878**
57.141.6.24 - - [16/Mar/2026:06:37:37 -0700] "GET /products/apple-love-eau-de-parfum/34777489/ HTTP/2.0" 403 63518 "-" "meta-externalagent/1.1 (+https://developers.facebook.com/docs/sharing/webmasters/crawler)" 272 **0/272983**
57.141.6.48 - - [16/Mar/2026:06:37:39 -0700] "GET /products/gold-chain/49525201/ HTTP/2.0" 403 63518 "-" "meta-externalagent/1.1 (+https://developers.facebook.com/docs/sharing/webmasters/crawler)" 270 **0/270580**
57.141.6.71 - - [16/Mar/2026:06:37:39 -0700] "GET /products/air-jordan-10/37958590/ HTTP/2.0" 403 63518 "-" "meta-externalagent/1.1 (+https://developers.facebook.com/docs/sharing/webmasters/crawler)" 236 **0/236829**
74.7.241.2 - - [16/Mar/2026:06:37:36 -0700] "GET /sitemap.xml?path=//proc/35426/task HTTP/2.0" 200 2319 "https://statusplan.com/sitemap.xml?path=//proc/35426" "Mozilla/5.0 AppleWebKit/537.36 (KHTML, like Gecko; compatible; GPTBot/1.3; +https://openai.com/gptbot)" 3176 **3/3176879**
216.73.216.178 - - [16/Mar/2026:06:37:39 -0700] "GET /sitemap.xml?fileloc=%2F%2Ftmp%2F.ob_iconv_handle&path=%2F%2Ftmp HTTP/2.0" 200 2243 "-" "Mozilla/5.0 AppleWebKit/537.36 (KHTML, like Gecko; compatible; ClaudeBot/1.0; +claudebot@anthropic.com)" 265 **0/265169**
74.7.241.2 - - [16/Mar/2026:06:37:39 -0700] "GET /sitemap.xml?path=//proc/84715/task HTTP/2.0" 200 2318 "https://statusplan.com/sitemap.xml?path=//proc/84715" "Mozilla/5.0 AppleWebKit/537.36 (KHTML, like Gecko; compatible; GPTBot/1.3; +https://openai.com/gptbot)" 236 **0/236201**
66.249.68.136 - - [16/Mar/2026:06:37:40 -0700] "GET /?products/size-7-sixsixone-flight-mx-boots-new/39735169/ HTTP/1.1" 200 23677 "-" "Mozilla/5.0 (Linux; Android 6.0.1; Nexus 5X Build/MMB29P) AppleWebKit/537.36 (KHTML, like Gecko) Chrome/145.0.7632.116 Mobile Safari/537.36 (compatible; Googlebot/2.1; +http://www.google.com/bot.html)" 243 **0/243715**
57.141.6.40 - - [16/Mar/2026:06:37:41 -0700] "GET /products/2006-jeep-wrangler-wheels/11396803/ HTTP/2.0" 403 63518 "-" "meta-externalagent/1.1 (+https://developers.facebook.com/docs/sharing/webmasters/crawler)" 288 **0/288222**
216.73.216.178 - - [16/Mar/2026:06:37:42 -0700] "GET /sitemap.xml?fileloc=%2F%2Fproc%2Fkpageflags&path=%2F%2Fproc HTTP/2.0" 200 2254 "-" "Mozilla/5.0 AppleWebKit/537.36 (KHTML, like Gecko; compatible; ClaudeBot/1.0; +claudebot@anthropic.com)" 282 **0/282187**
47.128.120.169 - - [16/Mar/2026:06:37:43 -0700] "GET /1win-colombia-340/?path=%2F%2Flib%2Fdracut%2Fmodules.d%2F99base HTTP/2.0" 200 2802 "-" "Mozilla/5.0 (Linux; Android 5.0) AppleWebKit/537.36 (KHTML, like Gecko) Mobile Safari/537.36 (compatible; TikTokSpider; ttspider-feedback@tiktok.com)" 288 **0/288302**
74.7.241.2 - - [16/Mar/2026:06:37:43 -0700] "GET /sitemap.xml?path=//proc/84720/task HTTP/2.0" 200 2318 "https://statusplan.com/sitemap.xml?path=//proc/84720" "Mozilla/5.0 AppleWebKit/537.36 (KHTML, like Gecko; compatible; GPTBot/1.3; +https://openai.com/gptbot)" 308 **0/308338**
57.141.6.28 - - [16/Mar/2026:06:37:43 -0700] "GET /products/prada-bag-re-edition-2000/26811013/ HTTP/2.0" 200 63518 "-" "meta-externalagent/1.1 (+https://developers.facebook.com/docs/sharing/webmasters/crawler)" 323 **0/323787**
74.7.241.2 - - [16/Mar/2026:06:37:46 -0700] "GET /sitemap.xml?path=//proc/84716/attr HTTP/2.0" 200 2318 "https://statusplan.com/sitemap.xml?path=//proc/84716" "Mozilla/5.0 AppleWebKit/537.36 (KHTML, like Gecko; compatible; GPTBot/1.3; +https://openai.com/gptbot)" 250 **0/250151**
57.141.6.39 - - [16/Mar/2026:06:37:47 -0700] "GET /products/hugo-boss-size-9/18029254/ HTTP/2.0" 200 63518 "-" "meta-externalagent/1.1 (+https://developers.facebook.com/docs/sharing/webmasters/crawler)" 252 **0/252279**
57.141.6.4 - - [16/Mar/2026:06:37:48 -0700] "GET /products/adidas/18146266/ HTTP/2.0" 403 63518 "-" "meta-externalagent/1.1 (+https://developers.facebook.com/docs/sharing/webmasters/crawler)" 282 **0/282934**
74.7.241.2 - - [16/Mar/2026:06:37:49 -0700] "GET /sitemap.xml?path=//proc/36078/attr HTTP/2.0" 200 2318 "https://statusplan.com/sitemap.xml?path=//proc/36078" "Mozilla/5.0 AppleWebKit/537.36 (KHTML, like Gecko; compatible; GPTBot/1.3; +https://openai.com/gptbot)" 270 **0/270978**
57.141.6.40 - - [16/Mar/2026:06:37:50 -0700] "GET /products/above-ground-pool/23274319/ HTTP/2.0" 403 63518 "-" "meta-externalagent/1.1 (+https://developers.facebook.com/docs/sharing/webmasters/crawler)" 248 **0/248356**
57.141.6.53 - - [16/Mar/2026:06:37:51 -0700] "GET /products/bayer-munich-2026-01-home-jersey/14205889/ HTTP/2.0" 200 63518 "-" "meta-externalagent/1.1 (+https://developers.facebook.com/docs/sharing/webmasters/crawler)" 245 **0/245400**
57.141.6.19 - - [16/Mar/2026:06:37:52 -0700] "GET /products/brand-new-in-box-intex-seahawk-2-person-people-boat-oars-pum/38882191/ HTTP/2.0" 403 63518 "-" "meta-externalagent/1.1 (+https://developers.facebook.com/docs/sharing/webmasters/crawler)" 248 **0/248103**
74.7.241.2 - - [16/Mar/2026:06:37:52 -0700] "GET /sitemap.xml?path=//proc/35426/root HTTP/2.0" 200 2317 "https://statusplan.com/sitemap.xml?path=//proc/35426" "Mozilla/5.0 AppleWebKit/537.36 (KHTML, like Gecko; compatible; GPTBot/1.3; +https://openai.com/gptbot)" 277 **0/277653**
57.141.6.35 - - [16/Mar/2026:06:37:54 -0700] "GET /products/picture/37220356/ HTTP/2.0" 403 63518 "-" "meta-externalagent/1.1 (+https://developers.facebook.com/docs/sharing/webmasters/crawler)" 240 **0/240441**
74.7.241.2 - - [16/Mar/2026:06:37:55 -0700] "GET /sitemap.xml?path=//proc/84720/attr HTTP/2.0" 200 2318 "https://statusplan.com/sitemap.xml?path=//proc/84720" "Mozilla/5.0 AppleWebKit/537.36 (KHTML, like Gecko; compatible; GPTBot/1.3; +https://openai.com/gptbot)" 235 **0/235644**
57.141.6.5 - - [16/Mar/2026:06:37:56 -0700] "GET /products/atx-mid-tower/30844336/ HTTP/2.0" 403 63518 "-" "meta-externalagent/1.1 (+https://developers.facebook.com/docs/sharing/webmasters/crawler)" 247 **0/247287**
57.141.6.47 - - [16/Mar/2026:06:37:56 -0700] "GET /products/calstar-870-15-40-salt-water-fishermans-landing-fishing-rod/31105555/ HTTP/2.0" 403 63518 "-" "meta-externalagent/1.1 (+https://developers.facebook.com/docs/sharing/webmasters/crawler)" 400 **0/400505**
57.141.6.31 - - [16/Mar/2026:06:37:57 -0700] "GET /products/casino-slot-machine/35234071/ HTTP/2.0" 403 63518 "-" "meta-externalagent/1.1 (+https://developers.facebook.com/docs/sharing/webmasters/crawler)" 263 **0/263100**
74.7.241.2 - - [16/Mar/2026:06:37:58 -0700] "GET /sitemap.xml?path=//proc/84694/task HTTP/2.0" 200 2319 "https://statusplan.com/sitemap.xml?path=//proc/84694" "Mozilla/5.0 AppleWebKit/537.36 (KHTML, like Gecko; compatible; GPTBot/1.3; +https://openai.com/gptbot)" 262 **0/262115**
57.141.6.54 - - [16/Mar/2026:06:38:00 -0700] "GET /products/kate-spade-red-leather-purse/17134969/ HTTP/2.0" 200 63518 "-" "meta-externalagent/1.1 (+https://developers.facebook.com/docs/sharing/webmasters/crawler)" 840 **0/840597**
57.141.6.27 - - [16/Mar/2026:06:38:01 -0700] "GET /products/electric-wall-oven/44446351/ HTTP/2.0" 200 63518 "-" "meta-externalagent/1.1 (+https://developers.facebook.com/docs/sharing/webmasters/crawler)" 362 **0/362867**
67.245.150.215 - - [16/Mar/2026:06:38:01 -0700] "GET /1win-colombia-340/?path=%2Fhome%2Fworkshopbrain%2Fpublic_html%2Fcolumbia%2Fwp-admin%2Fnetwork HTTP/2.0" 200 3459 "https://www.statusplan.com/" "Mozilla/5.0 (Windows NT 10.0; Win64; x64) AppleWebKit/537.36 (KHTML, like Gecko) Chrome/114.0.0.0 Safari/537.36" 370 **0/370883**
74.7.241.2 - - [16/Mar/2026:06:38:01 -0700] "GET /sitemap.xml?path=//proc/84721/attr HTTP/2.0" 200 2318 "https://statusplan.com/sitemap.xml?path=//proc/84721" "Mozilla/5.0 AppleWebKit/537.36 (KHTML, like Gecko; compatible; GPTBot/1.3; +https://openai.com/gptbot)" 276 **0/276102**
57.141.6.42 - - [16/Mar/2026:06:38:03 -0700] "GET /products/bunk-bed-full-size-and-twin-not-including-mattress/46591753/ HTTP/2.0" 403 63518 "-" "meta-externalagent/1.1 (+https://developers.facebook.com/docs/sharing/webmasters/crawler)" 325 **0/325581**
57.141.6.64 - - [16/Mar/2026:06:38:04 -0700] "GET /products/face-forward-or-backward-reversible-stroller/28179058/ HTTP/2.0" 403 63518 "-" "meta-externalagent/1.1 (+https://developers.facebook.com/docs/sharing/webmasters/crawler)" 248 **0/248586**
74.7.241.2 - - [16/Mar/2026:06:38:05 -0700] "GET /sitemap.xml?path=//proc/84715/attr HTTP/2.0" 200 2318 "https://statusplan.com/sitemap.xml?path=//proc/84715" "Mozilla/5.0 AppleWebKit/537.36 (KHTML, like Gecko; compatible; GPTBot/1.3; +https://openai.com/gptbot)" 243 **0/243286**
47.147.171.191 - - [16/Mar/2026:06:38:05 -0700] "GET /?fileloc=%2Fhome%2Fworkshopbrain%2Fpublic_html%2Fstatusplan.com%2Fwp-includes%2Fwidgets%2Fclass-wp-widget-media-video.php&path=%2Fhome%2Fworkshopbrain%2Fpublic_html%2Fstatusplan.com%2Fwp-includes%2Fwidgets HTTP/2.0" 200 4921 "https://www.bing.com/" "Mozilla/5.0 (Windows NT 10.0; Win64; x64) AppleWebKit/537.36 (KHTML, like Gecko) Chrome/140.0.0.0 Safari/537.36 Edg/140.0.0.1" 456 **0/456804**
47.128.120.152 - - [16/Mar/2026:06:38:07 -0700] "GET /?fileloc=%2F%2Fproc%2F1028325%2Froot%2Ftmp%2F.center&path=%2F%2Fproc%2F1028325%2Froot%2Ftmp HTTP/2.0" 200 2280 "-" "Mozilla/5.0 (Linux; Android 5.0) AppleWebKit/537.36 (KHTML, like Gecko) Mobile Safari/537.36 (compatible; TikTokSpider; ttspider-feedback@tiktok.com)" 369 **0/369882**
74.7.241.2 - - [16/Mar/2026:06:38:08 -0700] "GET /sitemap.xml?path=//proc/84693/attr HTTP/2.0" 200 2319 "https://statusplan.com/sitemap.xml?path=//proc/84693" "Mozilla/5.0 AppleWebKit/537.36 (KHTML, like Gecko; compatible; GPTBot/1.3; +https://openai.com/gptbot)" 297 **0/297777**
57.141.6.11 - - [16/Mar/2026:06:38:10 -0700] "GET /products/2026-01-panini-prizm-victor-wembanyama-rc-136-psa-9-san-anto/29737489/ HTTP/2.0" 200 63518 "-" "meta-externalagent/1.1 (+https://developers.facebook.com/docs/sharing/webmasters/crawler)" 284 **0/284470**
67.245.150.215 - - [16/Mar/2026:06:38:10 -0700] "GET /1win-colombia-340/?fileloc=%2Fhome%2Fworkshopbrain%2Fpublic_html%2Fcolumbia%2Fwp-includes%2Fjs%2Fwp-backbone.js&path=%2Fhome%2Fworkshopbrain%2Fpublic_html%2Fcolumbia%2Fwp-includes%2Fjs HTTP/2.0" 200 5791 "https://www.statusplan.com/" "Mozilla/5.0 (Windows NT 10.0; Win64; x64) AppleWebKit/537.36 (KHTML, like Gecko) Chrome/114.0.0.0 Safari/537.36" 321 **0/321395**
74.7.241.2 - - [16/Mar/2026:06:38:11 -0700] "GET /sitemap.xml?path=//proc/36824/attr HTTP/2.0" 200 2318 "https://statusplan.com/sitemap.xml?path=//proc/36824" "Mozilla/5.0 AppleWebKit/537.36 (KHTML, like Gecko; compatible; GPTBot/1.3; +https://openai.com/gptbot)" 279 **0/279306**
57.141.6.46 - - [16/Mar/2026:06:38:12 -0700] "GET /products/steelers-pro-layer-jacket/47339920/ HTTP/2.0" 403 63518 "-" "meta-externalagent/1.1 (+https://developers.facebook.com/docs/sharing/webmasters/crawler)" 276 **0/276657**
57.141.6.14 - - [16/Mar/2026:06:38:14 -0700] "GET /products/brand-new-rolling-mattress-bed-for-180/42595264/ HTTP/2.0" 200 63518 "-" "meta-externalagent/1.1 (+https://developers.facebook.com/docs/sharing/webmasters/crawler)" 253 **0/253774**
216.73.216.178 - - [16/Mar/2026:06:38:14 -0700] "GET /sitemap.xml?fileloc=%2F%2Flib64%2FlibXext.so.6&path=%2F%2Flib64 HTTP/2.0" 200 2252 "-" "Mozilla/5.0 AppleWebKit/537.36 (KHTML, like Gecko; compatible; ClaudeBot/1.0; +claudebot@anthropic.com)" 259 **0/259067**
74.7.241.2 - - [16/Mar/2026:06:38:14 -0700] "GET /sitemap.xml?path=//proc/84713/attr HTTP/2.0" 200 2318 "https://statusplan.com/sitemap.xml?path=//proc/84713" "Mozilla/5.0 AppleWebKit/537.36 (KHTML, like Gecko; compatible; GPTBot/1.3; +https://openai.com/gptbot)" 251 **0/251316**
47.147.171.191 - - [16/Mar/2026:06:38:15 -0700] "GET /?fileloc=%2F%2Fusr%2Fshare%2Flocale%2Frw%2FLC_MESSAGES%2Fgprof.mo&path=%2F%2Fusr%2Fshare%2Flocale%2Frw%2FLC_MESSAGES HTTP/2.0" 200 2301 "https://www.bing.com/" "Mozilla/5.0 (Windows NT 10.0; Win64; x64) AppleWebKit/537.36 (KHTML, like Gecko) Chrome/140.0.0.0 Safari/537.36 Edg/140.0.0.1" 414 **0/414967**
57.141.6.23 - - [16/Mar/2026:06:38:16 -0700] "GET /products/swiss-wenger-watch/43110625/ HTTP/2.0" 200 63518 "-" "meta-externalagent/1.1 (+https://developers.facebook.com/docs/sharing/webmasters/crawler)" 250 **0/250035**
216.73.216.178 - - [16/Mar/2026:06:38:17 -0700] "GET /sitemap.xml?fileloc=%2F%2Flib64%2Flibutil.so.1&path=%2F%2Flib64 HTTP/2.0" 200 2255 "-" "Mozilla/5.0 AppleWebKit/537.36 (KHTML, like Gecko; compatible; ClaudeBot/1.0; +claudebot@anthropic.com)" 277 **0/277031**
