72.223.71.146 - - [16/Mar/2026:06:17:22 -0700] "GET /?fileloc=%2Fhome%2Fworkshopbrain%2Fpublic_html%2Fstatusplan.com%2F.well-known%2Fwp-login.php&path=%2Fhome%2Fworkshopbrain%2Fpublic_html%2Fstatusplan.com%2F.well-known HTTP/2.0" 200 2297 "https://www.google.com/" "Mozilla/5.0 (X11; Linux x86_64) AppleWebKit/537.36 (KHTML, like Gecko) Chrome/141.0.0.0 Safari/537.36" 427 **0/427682**
57.141.6.64 - - [16/Mar/2026:06:17:23 -0700] "GET /products/brand-new-set-of-tires-21555r17-2155517/25176667/ HTTP/2.0" 200 63518 "-" "meta-externalagent/1.1 (+https://developers.facebook.com/docs/sharing/webmasters/crawler)" 272 **0/272760**
74.7.241.2 - - [16/Mar/2026:06:17:25 -0700] "GET /sitemap.xml?fileloc=//proc/84712/net/igmp&path=//proc/84712/net HTTP/2.0" 200 2271 "https://statusplan.com/sitemap.xml?path=//proc/84712/net" "Mozilla/5.0 AppleWebKit/537.36 (KHTML, like Gecko; compatible; GPTBot/1.3; +https://openai.com/gptbot)" 292 **0/292879**
57.141.6.38 - - [16/Mar/2026:06:17:26 -0700] "GET /products/cocinita-para-nia-en-buenas-condiciones-est-nueva/45722059/ HTTP/2.0" 200 63518 "-" "meta-externalagent/1.1 (+https://developers.facebook.com/docs/sharing/webmasters/crawler)" 259 **0/259925**
196.77.191.105 - - [16/Mar/2026:06:17:27 -0700] "GET /?path=%2F%2Fusr%2Flib%2Flocale%2Fen_ZA.utf8 HTTP/2.0" 200 3003 "https://www.statusplan.com/" "Mozilla/5.0 (Windows NT 10.0; Win64; x64) AppleWebKit/537.36 (KHTML, like Gecko) Chrome/121.0.0.0 Safari/537.36 OPR/107.0.0.0" 342 **0/342675**
74.7.241.2 - - [16/Mar/2026:06:17:28 -0700] "GET /sitemap.xml?fileloc=//proc/84721/net/snmp&path=//proc/84721/net HTTP/2.0" 200 2271 "https://statusplan.com/sitemap.xml?path=//proc/84721/net" "Mozilla/5.0 AppleWebKit/537.36 (KHTML, like Gecko; compatible; GPTBot/1.3; +https://openai.com/gptbot)" 264 **0/264994**
57.141.6.50 - - [16/Mar/2026:06:17:28 -0700] "GET /products/electric-oven/14542330/ HTTP/2.0" 200 63518 "-" "meta-externalagent/1.1 (+https://developers.facebook.com/docs/sharing/webmasters/crawler)" 239 **0/239797**
57.141.6.26 - - [16/Mar/2026:06:17:29 -0700] "GET /products/dresser-made-with-solid-pinewood-heavy-duty-8-drawer-white-w/35932069/ HTTP/2.0" 200 63518 "-" "meta-externalagent/1.1 (+https://developers.facebook.com/docs/sharing/webmasters/crawler)" 266 **0/266439**
47.13.83.117 - - [16/Mar/2026:06:17:30 -0700] "GET /?fileloc=%2F%2Fusr%2Flib%2Ffirmware%2Fintel%2Fibt-00a0-01a1-usb.ddc&path=%2F%2Fusr%2Flib%2Ffirmware%2Fintel HTTP/2.0" 200 2303 "https://www.bing.com/" "Mozilla/5.0 (X11; Linux x86_64; rv:124.0) Gecko/20100101 Firefox/124.0" 408 **0/408300**
74.7.241.2 - - [16/Mar/2026:06:17:31 -0700] "GET /sitemap.xml?fileloc=//proc/84694/net/unix&path=//proc/84694/net HTTP/2.0" 200 7611 "https://statusplan.com/sitemap.xml?path=//proc/84694/net" "Mozilla/5.0 AppleWebKit/537.36 (KHTML, like Gecko; compatible; GPTBot/1.3; +https://openai.com/gptbot)" 236 **0/236871**
47.128.120.173 - - [16/Mar/2026:06:17:31 -0700] "GET /?path=%2Fhome%2Fworkshopbrain%2Fpublic_html%2Foxford%2Fwp-includes%2FText HTTP/2.0" 200 2716 "-" "Mozilla/5.0 (Linux; Android 5.0) AppleWebKit/537.36 (KHTML, like Gecko) Mobile Safari/537.36 (compatible; TikTokSpider; ttspider-feedback@tiktok.com)" 249 **0/249305**
114.119.137.180 - - [16/Mar/2026:06:17:32 -0700] "GET /vyhry-na-automatoch/ HTTP/1.1" 200 4180 "https://www.statusplan.com/?feed=xmlsitemap562" "Mozilla/5.0 (Linux; Android 7.0;) AppleWebKit/537.36 (KHTML, like Gecko) Mobile Safari/537.36 (compatible; PetalBot;+https://webmaster.petalsearch.com/site/petalbot)" 489 **0/489465**
57.141.6.31 - - [16/Mar/2026:06:17:32 -0700] "GET /products/outlaw-golfdarkened-skye-two-for-one-nintendo-gamecube-compl/9618061/ HTTP/2.0" 200 63518 "-" "meta-externalagent/1.1 (+https://developers.facebook.com/docs/sharing/webmasters/crawler)" 230 **0/230574**
47.13.83.117 - - [16/Mar/2026:06:17:34 -0700] "GET /?fileloc=%2Fhome%2Fworkshopbrain%2Fpublic_html%2Fbatteryatl%2Fwp-includes%2Fclass-wp-roles.php&path=%2Fhome%2Fworkshopbrain%2Fpublic_html%2Fbatteryatl%2Fwp-includes HTTP/2.0" 200 4469 "https://www.bing.com/" "Mozilla/5.0 (X11; Linux x86_64; rv:124.0) Gecko/20100101 Firefox/124.0" 383 **0/383704**
74.7.241.2 - - [16/Mar/2026:06:17:34 -0700] "GET /sitemap.xml?fileloc=//proc/84721/net/igmp&path=//proc/84721/net HTTP/2.0" 200 2271 "https://statusplan.com/sitemap.xml?path=//proc/84721/net" "Mozilla/5.0 AppleWebKit/537.36 (KHTML, like Gecko; compatible; GPTBot/1.3; +https://openai.com/gptbot)" 248 **0/248075**
74.7.241.2 - - [16/Mar/2026:06:17:37 -0700] "GET /sitemap.xml?fileloc=//proc/84714/net/unix&path=//proc/84714/net HTTP/2.0" 200 7568 "https://statusplan.com/sitemap.xml?path=//proc/84714/net" "Mozilla/5.0 AppleWebKit/537.36 (KHTML, like Gecko; compatible; GPTBot/1.3; +https://openai.com/gptbot)" 260 **0/260775**
196.77.191.105 - - [16/Mar/2026:06:17:38 -0700] "GET /1win-colombia-340/?fileloc=%2Fhome%2Fworkshopbrain%2Fpublic_html%2Fmis%2Fwp-content%2Fplugins%2F.htaccess&path=%2Fhome%2Fworkshopbrain%2Fpublic_html%2Fmis%2Fwp-content%2Fplugins HTTP/2.0" 200 2295 "https://www.statusplan.com/" "Mozilla/5.0 (Windows NT 10.0; Win64; x64) AppleWebKit/537.36 (KHTML, like Gecko) Chrome/121.0.0.0 Safari/537.36 OPR/107.0.0.0" 332 **0/332755**
74.7.241.2 - - [16/Mar/2026:06:17:40 -0700] "GET /sitemap.xml?fileloc=//proc/84715/net/snmp&path=//proc/84715/net HTTP/2.0" 200 2271 "https://statusplan.com/sitemap.xml?path=//proc/84715/net" "Mozilla/5.0 AppleWebKit/537.36 (KHTML, like Gecko; compatible; GPTBot/1.3; +https://openai.com/gptbot)" 233 **0/233768**
57.141.6.15 - - [16/Mar/2026:06:17:41 -0700] "GET /products/toyota-4x4-pickup-4runner-84-89-doors/28829806/ HTTP/2.0" 200 63518 "-" "meta-externalagent/1.1 (+https://developers.facebook.com/docs/sharing/webmasters/crawler)" 263 **0/263506**
196.77.191.105 - - [16/Mar/2026:06:17:41 -0700] "GET /1win-colombia-340/?fileloc=%2Fhome%2Fworkshopbrain%2Fpublic_html%2Fmis%2Fwp-admin%2Fincludes%2Fclass-wp-filesystem-ftpext.php&path=%2Fhome%2Fworkshopbrain%2Fpublic_html%2Fmis%2Fwp-admin%2Fincludes HTTP/2.0" 200 5758 "https://www.statusplan.com/" "Mozilla/5.0 (Windows NT 10.0; Win64; x64) AppleWebKit/537.36 (KHTML, like Gecko) Chrome/121.0.0.0 Safari/537.36 OPR/107.0.0.0" 326 **0/326732**
102.205.237.243 - - [16/Mar/2026:06:17:43 -0700] "GET /products/fat-tire-scooters/33967519/ HTTP/1.1" 200 4180 "-" "Mozilla/5.0 (Macintosh; Intel Mac OS X 11_0_1) AppleWebKit/537.36 (KHTML, like Gecko) Brave Chrome/87.0.4280.67 Safari/537.36" 322 **0/322396**
57.141.6.10 - - [16/Mar/2026:06:17:43 -0700] "GET /products/health-craft-gourmet-skillets/40156408/ HTTP/2.0" 200 63518 "-" "meta-externalagent/1.1 (+https://developers.facebook.com/docs/sharing/webmasters/crawler)" 263 **0/263161**
74.7.241.2 - - [16/Mar/2026:06:17:43 -0700] "GET /sitemap.xml?fileloc=//proc/84716/net/unix&path=//proc/84716/net HTTP/2.0" 200 7599 "https://statusplan.com/sitemap.xml?path=//proc/84716/net" "Mozilla/5.0 AppleWebKit/537.36 (KHTML, like Gecko; compatible; GPTBot/1.3; +https://openai.com/gptbot)" 255 **0/255857**
57.141.6.29 - - [16/Mar/2026:06:17:45 -0700] "GET /products/mattress-pillow-top-all-sizes-12-inches-tall-all-sizes-queen/8780224/ HTTP/2.0" 200 63518 "-" "meta-externalagent/1.1 (+https://developers.facebook.com/docs/sharing/webmasters/crawler)" 294 **0/294959**
74.7.241.2 - - [16/Mar/2026:06:17:46 -0700] "GET /sitemap.xml?fileloc=//proc/84712/net/unix&path=//proc/84712/net HTTP/2.0" 200 7670 "https://statusplan.com/sitemap.xml?path=//proc/84712/net" "Mozilla/5.0 AppleWebKit/537.36 (KHTML, like Gecko; compatible; GPTBot/1.3; +https://openai.com/gptbot)" 268 **0/268305**
72.223.71.146 - - [16/Mar/2026:06:17:46 -0700] "GET /?fileloc=%2Fhome%2Fworkshopbrain%2Fpublic_html%2Foxford%2Fwp-includes%2Fcss%2Fjquery-ui-dialog-rtl.css&path=%2Fhome%2Fworkshopbrain%2Fpublic_html%2Foxford%2Fwp-includes%2Fcss HTTP/2.0" 200 3795 "http://www.baidu.com/" "Mozilla/5.0 (X11; Linux x86_64) AppleWebKit/537.36 (KHTML, like Gecko) Chrome/141.0.0.0 Safari/537.36" 583 **0/583928**
57.141.6.40 - - [16/Mar/2026:06:17:47 -0700] "GET /products/raybans-case-50/17034001/ HTTP/2.0" 200 63518 "-" "meta-externalagent/1.1 (+https://developers.facebook.com/docs/sharing/webmasters/crawler)" 464 **0/464326**
57.141.6.69 - - [16/Mar/2026:06:17:48 -0700] "GET /products/ttartisan-50mm-f14-tilt-shifting-lens-for-canon-rf/37274074/ HTTP/2.0" 200 63518 "-" "meta-externalagent/1.1 (+https://developers.facebook.com/docs/sharing/webmasters/crawler)" 243 **0/243371**
57.141.6.4 - - [16/Mar/2026:06:17:49 -0700] "GET /products/2004-05-topps-finest-red-refractor-149-wilt-chamberlain-146/29708824/ HTTP/2.0" 200 63518 "-" "meta-externalagent/1.1 (+https://developers.facebook.com/docs/sharing/webmasters/crawler)" 287 **0/287148**
74.7.241.2 - - [16/Mar/2026:06:17:49 -0700] "GET /sitemap.xml?fileloc=//proc/84721/net/unix&path=//proc/84721/net HTTP/2.0" 200 7694 "https://statusplan.com/sitemap.xml?path=//proc/84721/net" "Mozilla/5.0 AppleWebKit/537.36 (KHTML, like Gecko; compatible; GPTBot/1.3; +https://openai.com/gptbot)" 274 **0/274190**
57.141.6.15 - - [16/Mar/2026:06:17:51 -0700] "GET /products/rob-roskopp-santa-cruz-red-eye-skateboard/31253479/ HTTP/2.0" 200 63518 "-" "meta-externalagent/1.1 (+https://developers.facebook.com/docs/sharing/webmasters/crawler)" 248 **0/248294**
196.77.191.105 - - [16/Mar/2026:06:17:51 -0700] "GET /1win-colombia-340/?fileloc=%2Fhome%2Fworkshopbrain%2Fpublic_html%2Fned%2Fwp-admin%2Fjs%2Fpostbox.js&path=%2Fhome%2Fworkshopbrain%2Fpublic_html%2Fned%2Fwp-admin%2Fjs HTTP/2.0" 200 7049 "https://www.statusplan.com/" "Mozilla/5.0 (Windows NT 10.0; Win64; x64) AppleWebKit/537.36 (KHTML, like Gecko) Chrome/121.0.0.0 Safari/537.36 OPR/107.0.0.0" 310 **0/310073**
74.7.241.2 - - [16/Mar/2026:06:17:53 -0700] "GET /sitemap.xml?fileloc=//proc/84715/net/unix&path=//proc/84715/net HTTP/2.0" 200 7673 "https://statusplan.com/sitemap.xml?path=//proc/84715/net" "Mozilla/5.0 AppleWebKit/537.36 (KHTML, like Gecko; compatible; GPTBot/1.3; +https://openai.com/gptbot)" 281 **0/281587**
57.141.6.32 - - [16/Mar/2026:06:17:53 -0700] "GET /products/jordan-1-black-toe/47992936/ HTTP/2.0" 200 63518 "-" "meta-externalagent/1.1 (+https://developers.facebook.com/docs/sharing/webmasters/crawler)" 269 **0/269249**
172.58.252.135 - - [16/Mar/2026:06:17:54 -0700] "GET /?fileloc=%2Fhome%2Fworkshopbrain%2Fpublic_html%2Fshea%2Fwp-admin%2Fimages%2Fcomment-grey-bubble-2x.png&path=%2Fhome%2Fworkshopbrain%2Fpublic_html%2Fshea%2Fwp-admin%2Fimages HTTP/2.0" 200 2309 "https://www.google.com/" "Mozilla/5.0 (X11; Linux x86_64) AppleWebKit/537.36 (KHTML, like Gecko) Chrome/117.0.0.0 Safari/537.36 OPR/89.0.0.0" 421 **0/421746**
57.141.6.15 - - [16/Mar/2026:06:17:55 -0700] "GET /products/dell-monitor-e2420hs/30471565/ HTTP/2.0" 200 63518 "-" "meta-externalagent/1.1 (+https://developers.facebook.com/docs/sharing/webmasters/crawler)" 455 **0/455748**
74.7.241.2 - - [16/Mar/2026:06:17:56 -0700] "GET /sitemap.xml?fileloc=//proc/84694/net/snmp&path=//proc/84694/net HTTP/2.0" 200 2271 "https://statusplan.com/sitemap.xml?path=//proc/84694/net" "Mozilla/5.0 AppleWebKit/537.36 (KHTML, like Gecko; compatible; GPTBot/1.3; +https://openai.com/gptbot)" 252 **0/252182**
47.128.120.23 - - [16/Mar/2026:06:17:56 -0700] "GET /?path=%2Fhome%2Fworkshopbrain%2Fpublic_html%2Fcolumbia%2Fwp-content%2Fuploads%2Fbws_captcha_images%2Froman_bw HTTP/2.0" 200 2804 "-" "Mozilla/5.0 (Linux; Android 5.0) AppleWebKit/537.36 (KHTML, like Gecko) Mobile Safari/537.36 (compatible; TikTokSpider; ttspider-feedback@tiktok.com)" 284 **0/284258**
72.223.71.146 - - [16/Mar/2026:06:17:57 -0700] "GET /?fileloc=%2Fhome%2Fworkshopbrain%2Fpublic_html%2Flocalleasing%2Fwp-admin%2Fimages%2Fpost-formats32-vs.png&path=%2Fhome%2Fworkshopbrain%2Fpublic_html%2Flocalleasing%2Fwp-admin%2Fimages HTTP/2.0" 200 2307 "http://www.baidu.com/" "Mozilla/5.0 (X11; Linux x86_64) AppleWebKit/537.36 (KHTML, like Gecko) Chrome/141.0.0.0 Safari/537.36" 580 **0/580427**
57.141.6.54 - - [16/Mar/2026:06:17:57 -0700] "GET /products/caterpillar-steel-toe-waterproof-boots-size-7-and-75/44035045/ HTTP/2.0" 200 63518 "-" "meta-externalagent/1.1 (+https://developers.facebook.com/docs/sharing/webmasters/crawler)" 468 **0/468106**
74.7.241.2 - - [16/Mar/2026:06:17:59 -0700] "GET /sitemap.xml?fileloc=//proc/84714/net/snmp&path=//proc/84714/net HTTP/2.0" 200 2271 "https://statusplan.com/sitemap.xml?path=//proc/84714/net" "Mozilla/5.0 AppleWebKit/537.36 (KHTML, like Gecko; compatible; GPTBot/1.3; +https://openai.com/gptbot)" 484 **0/484816**
57.141.6.46 - - [16/Mar/2026:06:17:59 -0700] "GET /products/cuadros-hermosos/30929533/ HTTP/2.0" 200 63518 "-" "meta-externalagent/1.1 (+https://developers.facebook.com/docs/sharing/webmasters/crawler)" 248 **0/248956**
57.141.6.64 - - [16/Mar/2026:06:18:01 -0700] "GET /products/retro-jordan-3-se-united-size-85/47976703/ HTTP/2.0" 200 63518 "-" "meta-externalagent/1.1 (+https://developers.facebook.com/docs/sharing/webmasters/crawler)" 289 **0/289521**
47.13.83.117 - - [16/Mar/2026:06:18:02 -0700] "GET /1win-colombia-340/?fileloc=%2F%2Fproc%2F1008896%2Fcwd%2Fusr%2Flib64%2Flibpkgconf.so.3&path=%2F%2Fproc%2F1008896%2Fcwd%2Fusr%2Flib64 HTTP/2.0" 200 2298 "https://www.statusplan.com/" "Mozilla/5.0 (X11; Linux x86_64; rv:124.0) Gecko/20100101 Firefox/124.0" 320 **0/320733**
74.7.241.2 - - [16/Mar/2026:06:18:02 -0700] "GET /sitemap.xml?fileloc=//proc/84716/net/arp&path=//proc/84716/net HTTP/2.0" 200 2270 "https://statusplan.com/sitemap.xml?path=//proc/84716/net" "Mozilla/5.0 AppleWebKit/537.36 (KHTML, like Gecko; compatible; GPTBot/1.3; +https://openai.com/gptbot)" 515 **0/515328**
172.58.252.135 - - [16/Mar/2026:06:18:03 -0700] "GET /1win-colombia-340/?fileloc=%2Fhome%2Fworkshopbrain%2Fpublic_html%2Fstatusplan.com%2F.well-known%2Fpki-validation%2Fvxgbfmdo.php&path=%2Fhome%2Fworkshopbrain%2Fpublic_html%2Fstatusplan.com%2F.well-known%2Fpki-validation HTTP/2.0" 200 2316 "https://www.statusplan.com/" "Mozilla/5.0 (X11; Linux x86_64) AppleWebKit/537.36 (KHTML, like Gecko) Chrome/117.0.0.0 Safari/537.36 OPR/89.0.0.0" 292 **0/292764**
142.44.233.156 - - [16/Mar/2026:06:18:05 -0700] "GET /category/1win-register-953/ HTTP/2.0" 200 3566 "-" "Mozilla/5.0 (compatible; AhrefsBot/7.0; +http://ahrefs.com/robot/)" 261 **0/261181**
74.7.241.2 - - [16/Mar/2026:06:18:05 -0700] "GET /sitemap.xml?fileloc=//proc/84721/net/arp&path=//proc/84721/net HTTP/2.0" 200 2270 "https://statusplan.com/sitemap.xml?path=//proc/84721/net" "Mozilla/5.0 AppleWebKit/537.36 (KHTML, like Gecko; compatible; GPTBot/1.3; +https://openai.com/gptbot)" 264 **0/264854**
57.141.6.36 - - [16/Mar/2026:06:18:06 -0700] "GET /products/classic-gearbox-pedal-car/36961951/ HTTP/2.0" 200 63518 "-" "meta-externalagent/1.1 (+https://developers.facebook.com/docs/sharing/webmasters/crawler)" 268 **0/268272**
57.141.6.72 - - [16/Mar/2026:06:18:08 -0700] "GET /products/customz-af1/15901156/ HTTP/2.0" 200 63518 "-" "meta-externalagent/1.1 (+https://developers.facebook.com/docs/sharing/webmasters/crawler)" 244 **0/244301**
74.7.241.2 - - [16/Mar/2026:06:18:08 -0700] "GET /sitemap.xml?fileloc=//proc/84714/net/raw&path=//proc/84714/net HTTP/2.0" 200 2379 "https://statusplan.com/sitemap.xml?path=//proc/84714/net" "Mozilla/5.0 AppleWebKit/537.36 (KHTML, like Gecko; compatible; GPTBot/1.3; +https://openai.com/gptbot)" 256 **0/256395**
172.58.252.135 - - [16/Mar/2026:06:18:09 -0700] "GET /1win-colombia-340/?path=%2Fhome%2Fworkshopbrain%2Fpublic_html%2Fddcm%2Fwp-content%2Fplugins%2Fambrosite-nextprevious-page-link-plus HTTP/2.0" 200 2721 "https://www.statusplan.com/" "Mozilla/5.0 (X11; Linux x86_64) AppleWebKit/537.36 (KHTML, like Gecko) Chrome/117.0.0.0 Safari/537.36 OPR/89.0.0.0" 360 **0/360941**
74.7.241.2 - - [16/Mar/2026:06:18:11 -0700] "GET /sitemap.xml?fileloc=//proc/84712/net/arp&path=//proc/84712/net HTTP/2.0" 200 2270 "https://statusplan.com/sitemap.xml?path=//proc/84712/net" "Mozilla/5.0 AppleWebKit/537.36 (KHTML, like Gecko; compatible; GPTBot/1.3; +https://openai.com/gptbot)" 258 **0/258824**
47.13.83.117 - - [16/Mar/2026:06:18:12 -0700] "GET /?fileloc=%2Fhome%2Fworkshopbrain%2F.mysql_backup%2Fwhitman.sql.gz&path=%2Fhome%2Fworkshopbrain%2F.mysql_backup HTTP/2.0" 200 2282 "https://www.google.com/" "Mozilla/5.0 (X11; Linux x86_64; rv:124.0) Gecko/20100101 Firefox/124.0" 408 **0/408067**
74.7.241.2 - - [16/Mar/2026:06:18:14 -0700] "GET /sitemap.xml?fileloc=//proc/84716/net/tcp&path=//proc/84716/net HTTP/2.0" 200 8127 "https://statusplan.com/sitemap.xml?path=//proc/84716/net" "Mozilla/5.0 AppleWebKit/537.36 (KHTML, like Gecko; compatible; GPTBot/1.3; +https://openai.com/gptbot)" 268 **0/268875**
57.141.6.10 - - [16/Mar/2026:06:18:15 -0700] "GET /products/procedures-in-the-justice-system-11th-edition/48490090/ HTTP/2.0" 200 63518 "-" "meta-externalagent/1.1 (+https://developers.facebook.com/docs/sharing/webmasters/crawler)" 268 **0/268280**
57.141.6.34 - - [16/Mar/2026:06:18:15 -0700] "GET /products/thomas-track/41121064/ HTTP/2.0" 200 63518 "-" "meta-externalagent/1.1 (+https://developers.facebook.com/docs/sharing/webmasters/crawler)" 276 **0/276759**
72.223.71.146 - - [16/Mar/2026:06:18:15 -0700] "GET /1win-colombia-340/?path=%2Fhome%2Fworkshopbrain%2Fpublic_html%2Fstatusplan.com%2Fwp-content%2Fuploads%2F2021 HTTP/2.0" 200 5127 "http://www.baidu.com/" "Mozilla/5.0 (X11; Linux x86_64) AppleWebKit/537.36 (KHTML, like Gecko) Chrome/141.0.0.0 Safari/537.36" 575 **0/575158**
57.141.6.12 - - [16/Mar/2026:06:18:17 -0700] "GET /products/women-nike-dunk/24742555/ HTTP/2.0" 200 63518 "-" "meta-externalagent/1.1 (+https://developers.facebook.com/docs/sharing/webmasters/crawler)" 480 **0/480090**
74.7.241.2 - - [16/Mar/2026:06:18:17 -0700] "GET /sitemap.xml?fileloc=//proc/84715/net/tcp&path=//proc/84715/net HTTP/2.0" 200 7896 "https://statusplan.com/sitemap.xml?path=//proc/84715/net" "Mozilla/5.0 AppleWebKit/537.36 (KHTML, like Gecko; compatible; GPTBot/1.3; +https://openai.com/gptbot)" 259 **0/259456**
57.141.6.36 - - [16/Mar/2026:06:18:19 -0700] "GET /products/tengo-un-set-de-llantas-en-muy-buenas-condiciones-marca-mich/49975315/ HTTP/2.0" 200 63518 "-" "meta-externalagent/1.1 (+https://developers.facebook.com/docs/sharing/webmasters/crawler)" 269 **0/269680**
72.223.71.146 - - [16/Mar/2026:06:18:20 -0700] "GET /1win-colombia-340/?fileloc=%2Fhome%2Fworkshopbrain%2Fpublic_html%2Fcolumbia%2Fwp-links-opml.php&path=%2Fhome%2Fworkshopbrain%2Fpublic_html%2Fcolumbia HTTP/2.0" 200 3352 "http://www.baidu.com/" "Mozilla/5.0 (X11; Linux x86_64) AppleWebKit/537.36 (KHTML, like Gecko) Chrome/141.0.0.0 Safari/537.36" 324 **0/324397**
57.141.6.52 - - [16/Mar/2026:06:18:20 -0700] "GET /products/80-86-ford-trucks-gas-tank-rear/20851486/ HTTP/2.0" 200 63518 "-" "meta-externalagent/1.1 (+https://developers.facebook.com/docs/sharing/webmasters/crawler)" 255 **0/255599**
74.7.241.2 - - [16/Mar/2026:06:18:20 -0700] "GET /sitemap.xml?fileloc=//proc/84693/net/arp&path=//proc/84693/net HTTP/2.0" 200 2270 "https://statusplan.com/sitemap.xml?path=//proc/84693/net" "Mozilla/5.0 AppleWebKit/537.36 (KHTML, like Gecko; compatible; GPTBot/1.3; +https://openai.com/gptbot)" 235 **0/235885**
47.128.120.167 - - [16/Mar/2026:06:18:21 -0700] "GET /?path=%2Fhome%2Fworkshopbrain%2Fpublic_html%2Foxford%2Fwp-admin%2Fcss%2Fcolors%2Fsunrise HTTP/2.0" 200 2779 "-" "Mozilla/5.0 (Linux; Android 5.0) AppleWebKit/537.36 (KHTML, like Gecko) Mobile Safari/537.36 (compatible; TikTokSpider; ttspider-feedback@tiktok.com)" 541 **0/541770**
57.141.6.46 - - [16/Mar/2026:06:18:22 -0700] "GET /products/red-tonies-box/47219737/ HTTP/2.0" 200 63518 "-" "meta-externalagent/1.1 (+https://developers.facebook.com/docs/sharing/webmasters/crawler)" 288 **0/288098**
57.141.6.66 - - [16/Mar/2026:06:18:23 -0700] "GET /products/super-73-zx/10163893/ HTTP/2.0" 200 63518 "-" "meta-externalagent/1.1 (+https://developers.facebook.com/docs/sharing/webmasters/crawler)" 279 **0/279274**
47.13.83.117 - - [16/Mar/2026:06:18:23 -0700] "GET /?fileloc=%2F%2Fusr%2Fshare%2Flocale%2Fda%2FLC_MESSAGES%2Fbash.mo&path=%2F%2Fusr%2Fshare%2Flocale%2Fda%2FLC_MESSAGES HTTP/2.0" 200 2299 "https://www.yahoo.com/" "Mozilla/5.0 (X11; Linux x86_64; rv:124.0) Gecko/20100101 Firefox/124.0" 415 **0/415301**
74.7.241.2 - - [16/Mar/2026:06:18:24 -0700] "GET /sitemap.xml?fileloc=//proc/84694/net/raw&path=//proc/84694/net HTTP/2.0" 200 2379 "https://statusplan.com/sitemap.xml?path=//proc/84694/net" "Mozilla/5.0 AppleWebKit/537.36 (KHTML, like Gecko; compatible; GPTBot/1.3; +https://openai.com/gptbot)" 261 **0/261343**
74.7.241.2 - - [16/Mar/2026:06:18:27 -0700] "GET /sitemap.xml?fileloc=//proc/84721/net/tcp&path=//proc/84721/net HTTP/2.0" 200 8148 "https://statusplan.com/sitemap.xml?path=//proc/84721/net" "Mozilla/5.0 AppleWebKit/537.36 (KHTML, like Gecko; compatible; GPTBot/1.3; +https://openai.com/gptbot)" 266 **0/266341**
57.141.6.45 - - [16/Mar/2026:06:18:27 -0700] "GET /products/6-white-barstools/32748259/ HTTP/2.0" 200 63518 "-" "meta-externalagent/1.1 (+https://developers.facebook.com/docs/sharing/webmasters/crawler)" 486 **0/486180**
72.223.71.146 - - [16/Mar/2026:06:18:27 -0700] "GET /?fileloc=%2F%2Fusr%2Fshare%2Flocale%2Fda%2FLC_MESSAGES%2Fpasswd.mo&path=%2F%2Fusr%2Fshare%2Flocale%2Fda%2FLC_MESSAGES HTTP/2.0" 200 2301 "http://www.baidu.com/" "Mozilla/5.0 (X11; Linux x86_64) AppleWebKit/537.36 (KHTML, like Gecko) Chrome/141.0.0.0 Safari/537.36" 314 **0/314754**
57.141.6.17 - - [16/Mar/2026:06:18:29 -0700] "GET /products/peloton-bike/33613333/ HTTP/2.0" 200 63518 "-" "meta-externalagent/1.1 (+https://developers.facebook.com/docs/sharing/webmasters/crawler)" 229 **0/229913**
74.7.241.2 - - [16/Mar/2026:06:18:30 -0700] "GET /sitemap.xml?fileloc=//proc/84715/net/arp&path=//proc/84715/net HTTP/2.0" 200 2270 "https://statusplan.com/sitemap.xml?path=//proc/84715/net" "Mozilla/5.0 AppleWebKit/537.36 (KHTML, like Gecko; compatible; GPTBot/1.3; +https://openai.com/gptbot)" 286 **0/286893**
57.141.6.63 - - [16/Mar/2026:06:18:30 -0700] "GET /products/playstation-headset-and-virtual-reality/12424522/ HTTP/2.0" 200 63518 "-" "meta-externalagent/1.1 (+https://developers.facebook.com/docs/sharing/webmasters/crawler)" 266 **0/266951**
172.58.252.135 - - [16/Mar/2026:06:18:31 -0700] "GET /1win-colombia-340/?fileloc=%2Fhome%2Fworkshopbrain%2Fpublic_html%2Fddcm%2Fwp-includes%2Fclass-wp-paused-extensions-storage.php&path=%2Fhome%2Fworkshopbrain%2Fpublic_html%2Fddcm%2Fwp-includes HTTP/2.0" 200 3457 "https://www.statusplan.com/" "Mozilla/5.0 (X11; Linux x86_64) AppleWebKit/537.36 (KHTML, like Gecko) Chrome/117.0.0.0 Safari/537.36 OPR/89.0.0.0" 342 **0/342449**
57.141.6.48 - - [16/Mar/2026:06:18:33 -0700] "GET /products/nike-golf-air-zoom-infinity-tour-2-special-edition/22941742/ HTTP/2.0" 200 63518 "-" "meta-externalagent/1.1 (+https://developers.facebook.com/docs/sharing/webmasters/crawler)" 261 **0/261649**
74.7.241.2 - - [16/Mar/2026:06:18:33 -0700] "GET /sitemap.xml?fileloc=//proc/84712/net/tcp&path=//proc/84712/net HTTP/2.0" 200 7908 "https://statusplan.com/sitemap.xml?path=//proc/84712/net" "Mozilla/5.0 AppleWebKit/537.36 (KHTML, like Gecko; compatible; GPTBot/1.3; +https://openai.com/gptbot)" 245 **0/245828**
57.141.6.54 - - [16/Mar/2026:06:18:34 -0700] "GET /products/power-fit-elite/33504889/ HTTP/2.0" 200 63518 "-" "meta-externalagent/1.1 (+https://developers.facebook.com/docs/sharing/webmasters/crawler)" 257 **0/257469**
57.141.6.69 - - [16/Mar/2026:06:18:35 -0700] "GET /products/air-jordan-1-mid-se-craft-size-8-adult/10736332/ HTTP/2.0" 200 63518 "-" "meta-externalagent/1.1 (+https://developers.facebook.com/docs/sharing/webmasters/crawler)" 241 **0/241615**
57.141.6.54 - - [16/Mar/2026:06:18:37 -0700] "GET /products/raiders-jacket/47310058/ HTTP/2.0" 200 63518 "-" "meta-externalagent/1.1 (+https://developers.facebook.com/docs/sharing/webmasters/crawler)" 269 **0/269045**
74.7.241.2 - - [16/Mar/2026:06:18:37 -0700] "GET /sitemap.xml?fileloc=//proc/84693/net/tcp&path=//proc/84693/net HTTP/2.0" 200 8118 "https://statusplan.com/sitemap.xml?path=//proc/84693/net" "Mozilla/5.0 AppleWebKit/537.36 (KHTML, like Gecko; compatible; GPTBot/1.3; +https://openai.com/gptbot)" 259 **0/259556**
66.249.68.128 - - [16/Mar/2026:06:18:37 -0700] "GET /?products/stanley-furniture-oak-dresser/8760547/ HTTP/1.1" 200 21986 "-" "Mozilla/5.0 (Linux; Android 6.0.1; Nexus 5X Build/MMB29P) AppleWebKit/537.36 (KHTML, like Gecko) Chrome/145.0.7632.116 Mobile Safari/537.36 (compatible; Googlebot/2.1; +http://www.google.com/bot.html)" 255 **0/255425**
72.223.71.146 - - [16/Mar/2026:06:18:37 -0700] "GET /1win-colombia-340/?fileloc=%2Fhome%2Fworkshopbrain%2Fpublic_html%2Fned%2Fwp-admin%2Fincludes%2Fclass-wp-internal-pointers.php&path=%2Fhome%2Fworkshopbrain%2Fpublic_html%2Fned%2Fwp-admin%2Fincludes HTTP/2.0" 200 3768 "https://www.yandex.com/" "Mozilla/5.0 (X11; Linux x86_64) AppleWebKit/537.36 (KHTML, like Gecko) Chrome/141.0.0.0 Safari/537.36" 330 **0/330127**
66.249.68.128 - - [16/Mar/2026:06:18:37 -0700] "GET /?products/kent-chaos-freestyle-20-bike/39605137/ HTTP/1.1" 200 22233 "-" "Mozilla/5.0 (Linux; Android 6.0.1; Nexus 5X Build/MMB29P) AppleWebKit/537.36 (KHTML, like Gecko) Chrome/145.0.7632.116 Mobile Safari/537.36 (compatible; Googlebot/2.1; +http://www.google.com/bot.html)" 263 **0/263081**
57.141.6.29 - - [16/Mar/2026:06:18:38 -0700] "GET /products/grey-white-5-piece-counterheight-dining-set-with-storage/25920004/ HTTP/2.0" 200 63518 "-" "meta-externalagent/1.1 (+https://developers.facebook.com/docs/sharing/webmasters/crawler)" 270 **0/270074**
47.13.83.117 - - [16/Mar/2026:06:18:39 -0700] "GET /?fileloc=%2F%2Fusr%2Fshare%2Flocale%2Far%2FLC_MESSAGES%2Finitscripts.mo&path=%2F%2Fusr%2Fshare%2Flocale%2Far%2FLC_MESSAGES HTTP/2.0" 200 2303 "https://www.yahoo.com/" "Mozilla/5.0 (X11; Linux x86_64; rv:124.0) Gecko/20100101 Firefox/124.0" 740 **0/740671**
74.7.241.2 - - [16/Mar/2026:06:18:40 -0700] "GET /sitemap.xml?fileloc=//proc/84721/net/connector&path=//proc/84721/net HTTP/2.0" 200 2272 "https://statusplan.com/sitemap.xml?path=//proc/84721/net" "Mozilla/5.0 AppleWebKit/537.36 (KHTML, like Gecko; compatible; GPTBot/1.3; +https://openai.com/gptbot)" 250 **0/250723**
57.141.6.12 - - [16/Mar/2026:06:18:40 -0700] "GET /products/recycled-road-base-fill-sand/8599393/ HTTP/2.0" 200 63518 "-" "meta-externalagent/1.1 (+https://developers.facebook.com/docs/sharing/webmasters/crawler)" 989 **0/989376**
72.223.71.146 - - [16/Mar/2026:06:18:42 -0700] "GET /1win-colombia-340/?path=%2F%2Flib%2Fdracut%2Fmodules.d%2F80lvmmerge HTTP/2.0" 200 2679 "https://www.statusplan.com/" "Mozilla/5.0 (X11; Linux x86_64) AppleWebKit/537.36 (KHTML, like Gecko) Chrome/141.0.0.0 Safari/537.36" 320 **0/320850**
74.7.241.2 - - [16/Mar/2026:06:18:43 -0700] "GET /sitemap.xml?fileloc=//proc/84712/net/connector&path=//proc/84712/net HTTP/2.0" 200 2272 "https://statusplan.com/sitemap.xml?path=//proc/84712/net" "Mozilla/5.0 AppleWebKit/537.36 (KHTML, like Gecko; compatible; GPTBot/1.3; +https://openai.com/gptbot)" 466 **0/466039**
57.141.6.10 - - [16/Mar/2026:06:18:44 -0700] "GET /products/major-fitness-f22-pro-or-b52-pro-squat-rack-power-cage-funct/40089460/ HTTP/2.0" 200 63518 "-" "meta-externalagent/1.1 (+https://developers.facebook.com/docs/sharing/webmasters/crawler)" 244 **0/244225**
47.128.120.169 - - [16/Mar/2026:06:18:46 -0700] "GET /?path=%2F%2Fusr%2Fshare%2Flocale%2Flv HTTP/2.0" 200 2578 "-" "Mozilla/5.0 (Linux; Android 5.0) AppleWebKit/537.36 (KHTML, like Gecko) Mobile Safari/537.36 (compatible; TikTokSpider; ttspider-feedback@tiktok.com)" 236 **0/236859**
74.7.241.2 - - [16/Mar/2026:06:18:46 -0700] "GET /sitemap.xml?fileloc=//proc/84694/net/netlink&path=//proc/84694/net HTTP/2.0" 200 2271 "https://statusplan.com/sitemap.xml?path=//proc/84694/net" "Mozilla/5.0 AppleWebKit/537.36 (KHTML, like Gecko; compatible; GPTBot/1.3; +https://openai.com/gptbot)" 265 **0/265652**
172.58.252.135 - - [16/Mar/2026:06:18:47 -0700] "GET /?fileloc=%2Fhome%2Fworkshopbrain%2Fpublic_html%2Fstatusplan.com%2Fwp-admin%2Fnetwork%2Fusers.php&path=%2Fhome%2Fworkshopbrain%2Fpublic_html%2Fstatusplan.com%2Fwp-admin%2Fnetwork HTTP/2.0" 200 5117 "http://www.baidu.com/" "Mozilla/5.0 (X11; Linux x86_64) AppleWebKit/537.36 (KHTML, like Gecko) Chrome/117.0.0.0 Safari/537.36 OPR/89.0.0.0" 317 **0/317437**
57.141.6.27 - - [16/Mar/2026:06:18:48 -0700] "GET /products/brand-new-grey-6-pcs-modular-sofa-set/35933812/ HTTP/2.0" 200 63518 "-" "meta-externalagent/1.1 (+https://developers.facebook.com/docs/sharing/webmasters/crawler)" 283 **0/283656**
74.7.241.2 - - [16/Mar/2026:06:18:49 -0700] "GET /sitemap.xml?fileloc=//proc/84714/net/psched&path=//proc/84714/net HTTP/2.0" 200 2272 "https://statusplan.com/sitemap.xml?path=//proc/84714/net" "Mozilla/5.0 AppleWebKit/537.36 (KHTML, like Gecko; compatible; GPTBot/1.3; +https://openai.com/gptbot)" 285 **0/285839**
57.141.6.52 - - [16/Mar/2026:06:18:49 -0700] "GET /products/chinera/12875644/ HTTP/2.0" 200 63518 "-" "meta-externalagent/1.1 (+https://developers.facebook.com/docs/sharing/webmasters/crawler)" 337 **0/337162**
172.58.252.135 - - [16/Mar/2026:06:18:51 -0700] "GET /1win-colombia-340/?fileloc=%2Fhome%2Fworkshopbrain%2Fpublic_html%2Fwhitmanfamilydevelopment%2Fwp-load.php&path=%2Fhome%2Fworkshopbrain%2Fpublic_html%2Fwhitmanfamilydevelopment HTTP/2.0" 200 3853 "http://www.baidu.com/" "Mozilla/5.0 (X11; Linux x86_64) AppleWebKit/537.36 (KHTML, like Gecko) Chrome/117.0.0.0 Safari/537.36 OPR/89.0.0.0" 322 **0/322886**
57.141.6.52 - - [16/Mar/2026:06:18:51 -0700] "GET /products/ryobi-one-18v-13-in-cordless-battery-string-trimmeredger-20/45719581/ HTTP/2.0" 200 63518 "-" "meta-externalagent/1.1 (+https://developers.facebook.com/docs/sharing/webmasters/crawler)" 256 **0/256274**
74.7.241.2 - - [16/Mar/2026:06:18:52 -0700] "GET /sitemap.xml?fileloc=//proc/84715/net/connector&path=//proc/84715/net HTTP/2.0" 200 2272 "https://statusplan.com/sitemap.xml?path=//proc/84715/net" "Mozilla/5.0 AppleWebKit/537.36 (KHTML, like Gecko; compatible; GPTBot/1.3; +https://openai.com/gptbot)" 256 **0/256068**
57.141.6.36 - - [16/Mar/2026:06:18:53 -0700] "GET /products/2026-01-buick-skylark-passanger-side-fender/33087052/ HTTP/2.0" 200 63518 "-" "meta-externalagent/1.1 (+https://developers.facebook.com/docs/sharing/webmasters/crawler)" 239 **0/239090**
47.13.83.117 - - [16/Mar/2026:06:18:55 -0700] "GET /1win-colombia-340/?fileloc=%2Fhome%2Fworkshopbrain%2Fpublic_html%2Fmis%2Fwp-admin%2Fimages%2Fmenu-vs.png&path=%2Fhome%2Fworkshopbrain%2Fpublic_html%2Fmis%2Fwp-admin%2Fimages HTTP/2.0" 200 2297 "https://www.statusplan.com/" "Mozilla/5.0 (X11; Linux x86_64; rv:124.0) Gecko/20100101 Firefox/124.0" 298 **0/298544**
57.141.6.71 - - [16/Mar/2026:06:18:55 -0700] "GET /products/weld-rims-15x10-ecj-stuff/29307388/ HTTP/2.0" 200 63518 "-" "meta-externalagent/1.1 (+https://developers.facebook.com/docs/sharing/webmasters/crawler)" 244 **0/244014**
74.7.241.2 - - [16/Mar/2026:06:18:56 -0700] "GET /sitemap.xml?fileloc=//proc/84714/net/netlink&path=//proc/84714/net HTTP/2.0" 200 2271 "https://statusplan.com/sitemap.xml?path=//proc/84714/net" "Mozilla/5.0 AppleWebKit/537.36 (KHTML, like Gecko; compatible; GPTBot/1.3; +https://openai.com/gptbot)" 246 **0/246678**
47.13.83.117 - - [16/Mar/2026:06:18:58 -0700] "GET /?fileloc=%2Fhome%2Fworkshopbrain%2Fpublic_html%2Fbatteryatl%2Fhold%2Ffavicon.png&path=%2Fhome%2Fworkshopbrain%2Fpublic_html%2Fbatteryatl%2Fhold HTTP/2.0" 200 2285 "https://www.statusplan.com/" "Mozilla/5.0 (X11; Linux x86_64; rv:124.0) Gecko/20100101 Firefox/124.0" 338 **0/338886**
74.7.241.2 - - [16/Mar/2026:06:18:59 -0700] "GET /sitemap.xml?fileloc=//proc/84714/net/sockstat&path=//proc/84714/net HTTP/2.0" 200 2275 "https://statusplan.com/sitemap.xml?path=//proc/84714/net" "Mozilla/5.0 AppleWebKit/537.36 (KHTML, like Gecko; compatible; GPTBot/1.3; +https://openai.com/gptbot)" 238 **0/238415**
57.141.6.38 - - [16/Mar/2026:06:18:59 -0700] "GET /products/nordictrack-bike/10236280/ HTTP/2.0" 200 63518 "-" "meta-externalagent/1.1 (+https://developers.facebook.com/docs/sharing/webmasters/crawler)" 268 **0/268318**
66.249.68.137 - - [16/Mar/2026:06:19:00 -0700] "GET /?products/oem-d16z6-intake-manifold/38938303/ HTTP/1.1" 200 22054 "-" "Mozilla/5.0 (Linux; Android 6.0.1; Nexus 5X Build/MMB29P) AppleWebKit/537.36 (KHTML, like Gecko) Chrome/145.0.7632.116 Mobile Safari/537.36 (compatible; Googlebot/2.1; +http://www.google.com/bot.html)" 241 **0/241711**
57.141.6.28 - - [16/Mar/2026:06:19:02 -0700] "GET /products/stroller/28119250/ HTTP/2.0" 200 63518 "-" "meta-externalagent/1.1 (+https://developers.facebook.com/docs/sharing/webmasters/crawler)" 343 **0/343509**
172.58.252.135 - - [16/Mar/2026:06:19:02 -0700] "GET /1win-colombia-340/?fileloc=%2F%2Flib%2Fnode_modules%2Fnpm%2Fman%2Fman8%2Flibnss_myhostname.so.2.8.gz&path=%2F%2Flib%2Fnode_modules%2Fnpm%2Fman%2Fman8 HTTP/2.0" 200 2308 "https://www.yahoo.com/" "Mozilla/5.0 (X11; Linux x86_64) AppleWebKit/537.36 (KHTML, like Gecko) Chrome/117.0.0.0 Safari/537.36 OPR/89.0.0.0" 656 **0/656479**
74.7.241.2 - - [16/Mar/2026:06:19:02 -0700] "GET /sitemap.xml?fileloc=//proc/84694/net/psched&path=//proc/84694/net HTTP/2.0" 200 2272 "https://statusplan.com/sitemap.xml?path=//proc/84694/net" "Mozilla/5.0 AppleWebKit/537.36 (KHTML, like Gecko; compatible; GPTBot/1.3; +https://openai.com/gptbot)" 543 **0/543873**
104.28.251.80 - - [16/Mar/2026:06:19:05 -0700] "GET /1win-colombia-340/?fileloc=%2Fhome%2Fworkshopbrain%2Fpublic_html%2Fstatusplan.com%2Fwp-includes%2Fdeprecated.php&path=%2Fhome%2Fworkshopbrain%2Fpublic_html%2Fstatusplan.com%2Fwp-includes HTTP/2.0" 200 35560 "https://www.google.com/" "Mozilla/5.0 (Macintosh; Intel Mac OS X 10_15_7) AppleWebKit/605.1.15 (KHTML, like Gecko) Version/17.0 Safari/605.1.15" 413 **0/413711**
57.141.6.68 - - [16/Mar/2026:06:19:05 -0700] "GET /products/champagne-light-gold-glitter-bridesmaid-dress-size-22/21714145/ HTTP/2.0" 200 63518 "-" "meta-externalagent/1.1 (+https://developers.facebook.com/docs/sharing/webmasters/crawler)" 266 **0/266192**
74.7.241.2 - - [16/Mar/2026:06:19:05 -0700] "GET /sitemap.xml?fileloc=//proc/84715/net/protocols&path=//proc/84715/net HTTP/2.0" 200 2274 "https://statusplan.com/sitemap.xml?path=//proc/84715/net" "Mozilla/5.0 AppleWebKit/537.36 (KHTML, like Gecko; compatible; GPTBot/1.3; +https://openai.com/gptbot)" 258 **0/258814**
57.141.6.28 - - [16/Mar/2026:06:19:05 -0700] "GET /products/mattress-all-sizespillow-topqueen-sizes-190full-sizes-170-tw/45201763/ HTTP/2.0" 200 63518 "-" "meta-externalagent/1.1 (+https://developers.facebook.com/docs/sharing/webmasters/crawler)" 278 **0/278322**
57.141.6.68 - - [16/Mar/2026:06:19:08 -0700] "GET /products/schaffhausen-international-watch/49463356/ HTTP/2.0" 200 63518 "-" "meta-externalagent/1.1 (+https://developers.facebook.com/docs/sharing/webmasters/crawler)" 260 **0/260995**
57.141.6.11 - - [16/Mar/2026:06:19:08 -0700] "GET /products/air-frier/20099203/ HTTP/2.0" 200 63518 "-" "meta-externalagent/1.1 (+https://developers.facebook.com/docs/sharing/webmasters/crawler)" 255 **0/255799**
74.7.241.2 - - [16/Mar/2026:06:19:08 -0700] "GET /sitemap.xml?fileloc=//proc/84716/net/netstat&path=//proc/84716/net HTTP/2.0" 200 2272 "https://statusplan.com/sitemap.xml?path=//proc/84716/net" "Mozilla/5.0 AppleWebKit/537.36 (KHTML, like Gecko; compatible; GPTBot/1.3; +https://openai.com/gptbot)" 298 **0/298732**
47.13.83.117 - - [16/Mar/2026:06:19:09 -0700] "GET /1win-colombia-340/?fileloc=%2Fhome%2Fworkshopbrain%2Fpublic_html%2Fcolumbia%2Fwp-includes%2Fcustomize%2Fclass-wp-customize-upload-control.php&path=%2Fhome%2Fworkshopbrain%2Fpublic_html%2Fcolumbia%2Fwp-includes%2Fcustomize HTTP/2.0" 200 2741 "https://www.statusplan.com/" "Mozilla/5.0 (X11; Linux x86_64; rv:124.0) Gecko/20100101 Firefox/124.0" 342 **0/342949**
57.141.6.68 - - [16/Mar/2026:06:19:10 -0700] "GET /products/jacket/48820315/ HTTP/2.0" 200 63518 "-" "meta-externalagent/1.1 (+https://developers.facebook.com/docs/sharing/webmasters/crawler)" 279 **0/279314**
47.128.120.18 - - [16/Mar/2026:06:19:11 -0700] "GET /?fileloc=%2F%2Fproc%2F1028325%2Fnet%2Frt6_stats&path=%2F%2Fproc%2F1028325%2Fnet HTTP/2.0" 200 2273 "-" "Mozilla/5.0 (Linux; Android 5.0) AppleWebKit/537.36 (KHTML, like Gecko) Mobile Safari/537.36 (compatible; TikTokSpider; ttspider-feedback@tiktok.com)" 486 **0/486444**
74.7.241.2 - - [16/Mar/2026:06:19:11 -0700] "GET /sitemap.xml?fileloc=//proc/84693/net/netstat&path=//proc/84693/net HTTP/2.0" 200 2272 "https://statusplan.com/sitemap.xml?path=//proc/84693/net" "Mozilla/5.0 AppleWebKit/537.36 (KHTML, like Gecko; compatible; GPTBot/1.3; +https://openai.com/gptbot)" 278 **0/278439**
57.141.6.15 - - [16/Mar/2026:06:19:12 -0700] "GET /products/chains-new-never-used/15478321/ HTTP/2.0" 200 63518 "-" "meta-externalagent/1.1 (+https://developers.facebook.com/docs/sharing/webmasters/crawler)" 281 **0/281314**
104.28.251.80 - - [16/Mar/2026:06:19:13 -0700] "GET /1win-colombia-340/?fileloc=%2Fhome%2Fworkshopbrain%2Fpublic_html%2Fwhitmanfamilydevelopment%2Fwp-admin%2Fnetwork%2Fprivacy.php&path=%2Fhome%2Fworkshopbrain%2Fpublic_html%2Fwhitmanfamilydevelopment%2Fwp-admin%2Fnetwork HTTP/2.0" 200 2443 "https://www.bing.com/" "Mozilla/5.0 (Macintosh; Intel Mac OS X 10_15_7) AppleWebKit/605.1.15 (KHTML, like Gecko) Version/17.0 Safari/605.1.15" 662 **0/662963**
74.7.241.2 - - [16/Mar/2026:06:19:14 -0700] "GET /sitemap.xml?fileloc=//proc/84693/net/protocols&path=//proc/84693/net HTTP/2.0" 200 2275 "https://statusplan.com/sitemap.xml?path=//proc/84693/net" "Mozilla/5.0 AppleWebKit/537.36 (KHTML, like Gecko; compatible; GPTBot/1.3; +https://openai.com/gptbot)" 277 **0/277243**
57.141.6.66 - - [16/Mar/2026:06:19:14 -0700] "GET /products/chair/27392944/ HTTP/2.0" 200 63518 "-" "meta-externalagent/1.1 (+https://developers.facebook.com/docs/sharing/webmasters/crawler)" 267 **0/267019**
57.141.6.39 - - [16/Mar/2026:06:19:17 -0700] "GET /products/couch-and-bench/27655234/ HTTP/2.0" 200 63518 "-" "meta-externalagent/1.1 (+https://developers.facebook.com/docs/sharing/webmasters/crawler)" 298 **0/298493**
74.7.241.2 - - [16/Mar/2026:06:19:17 -0700] "GET /sitemap.xml?fileloc=//proc/84712/net/netstat&path=//proc/84712/net HTTP/2.0" 200 2272 "https://statusplan.com/sitemap.xml?path=//proc/84712/net" "Mozilla/5.0 AppleWebKit/537.36 (KHTML, like Gecko; compatible; GPTBot/1.3; +https://openai.com/gptbot)" 235 **0/235619**
47.13.83.117 - - [16/Mar/2026:06:19:17 -0700] "GET /?fileloc=%2F%2Fetc%2Fmailhelo&path=%2F%2Fetc HTTP/2.0" 200 2253 "https://www.statusplan.com/" "Mozilla/5.0 (X11; Linux x86_64; rv:124.0) Gecko/20100101 Firefox/124.0" 354 **0/354780**
57.141.6.4 - - [16/Mar/2026:06:19:19 -0700] "GET /products/cajas-para-herramientas/22503829/ HTTP/2.0" 200 63518 "-" "meta-externalagent/1.1 (+https://developers.facebook.com/docs/sharing/webmasters/crawler)" 541 **0/541055**
206.170.212.8 - - [16/Mar/2026:06:19:20 -0700] "GET / HTTP/2.0" 200 3566 "https://www.statusplan.com/" "Mozilla/5.0 (Ubuntu; Linux i686) AppleWebKit/537.36 (KHTML, like Gecko) Chrome/138.0.0.0 Safari/537.36" 328 **0/328872**
74.7.241.2 - - [16/Mar/2026:06:19:21 -0700] "GET /sitemap.xml?fileloc=//proc/84693/net/connector&path=//proc/84693/net HTTP/2.0" 200 2273 "https://statusplan.com/sitemap.xml?path=//proc/84693/net" "Mozilla/5.0 AppleWebKit/537.36 (KHTML, like Gecko; compatible; GPTBot/1.3; +https://openai.com/gptbot)" 757 **0/757336**
206.170.212.8 - - [16/Mar/2026:06:19:22 -0700] "GET /?fileloc=%2F%2Fproc%2F1028325%2Froot%2Ftmp%2F.content&path=%2F%2Fproc%2F1028325%2Froot%2Ftmp HTTP/2.0" 200 2280 "https://www.statusplan.com/" "Mozilla/5.0 (Ubuntu; Linux i686) AppleWebKit/537.36 (KHTML, like Gecko) Chrome/138.0.0.0 Safari/537.36" 314 **0/314359**
57.141.6.68 - - [16/Mar/2026:06:19:24 -0700] "GET /products/oakley-b-1b-grips-mike-buff/32248606/ HTTP/2.0" 200 63518 "-" "meta-externalagent/1.1 (+https://developers.facebook.com/docs/sharing/webmasters/crawler)" 263 **0/263098**
74.7.241.2 - - [16/Mar/2026:06:19:24 -0700] "GET /sitemap.xml?fileloc=//proc/84721/net/netstat&path=//proc/84721/net HTTP/2.0" 200 2272 "https://statusplan.com/sitemap.xml?path=//proc/84721/net" "Mozilla/5.0 AppleWebKit/537.36 (KHTML, like Gecko; compatible; GPTBot/1.3; +https://openai.com/gptbot)" 257 **0/257665**
206.170.212.8 - - [16/Mar/2026:06:19:26 -0700] "GET /1win-colombia-340/?fileloc=%2Fhome%2Fworkshopbrain%2Fpublic_html%2Fletters2trump%2Fwp-includes%2FRequests%2FIDNAEncoder.php&path=%2Fhome%2Fworkshopbrain%2Fpublic_html%2Fletters2trump%2Fwp-includes%2FRequests HTTP/2.0" 200 5665 "https://www.statusplan.com/" "Mozilla/5.0 (Ubuntu; Linux i686) AppleWebKit/537.36 (KHTML, like Gecko) Chrome/138.0.0.0 Safari/537.36" 287 **0/287750**
57.141.6.27 - - [16/Mar/2026:06:19:26 -0700] "GET /products/casio-watch-x2/20611456/ HTTP/2.0" 200 63518 "-" "meta-externalagent/1.1 (+https://developers.facebook.com/docs/sharing/webmasters/crawler)" 498 **0/498150**
74.7.241.2 - - [16/Mar/2026:06:19:27 -0700] "GET /sitemap.xml?fileloc=//proc/84694/net/sockstat&path=//proc/84694/net HTTP/2.0" 200 2276 "https://statusplan.com/sitemap.xml?path=//proc/84694/net" "Mozilla/5.0 AppleWebKit/537.36 (KHTML, like Gecko; compatible; GPTBot/1.3; +https://openai.com/gptbot)" 272 **0/272640**
57.141.6.45 - - [16/Mar/2026:06:19:28 -0700] "GET /products/international-lt-door-mirror-2018/17553415/ HTTP/2.0" 200 63518 "-" "meta-externalagent/1.1 (+https://developers.facebook.com/docs/sharing/webmasters/crawler)" 242 **0/242693**
206.170.212.8 - - [16/Mar/2026:06:19:29 -0700] "GET /?fileloc=%2Fhome%2Fworkshopbrain%2Fpublic_html%2Flocalleasing%2Fwp-includes%2FText%2FDiff.php&path=%2Fhome%2Fworkshopbrain%2Fpublic_html%2Flocalleasing%2Fwp-includes%2FText HTTP/2.0" 200 5257 "https://www.statusplan.com/" "Mozilla/5.0 (Ubuntu; Linux i686) AppleWebKit/537.36 (KHTML, like Gecko) Chrome/138.0.0.0 Safari/537.36" 327 **0/327457**
74.7.241.2 - - [16/Mar/2026:06:19:30 -0700] "GET /sitemap.xml?fileloc=//proc/84716/net/connector&path=//proc/84716/net HTTP/2.0" 200 2272 "https://statusplan.com/sitemap.xml?path=//proc/84716/net" "Mozilla/5.0 AppleWebKit/537.36 (KHTML, like Gecko; compatible; GPTBot/1.3; +https://openai.com/gptbot)" 246 **0/246039**
57.141.6.37 - - [16/Mar/2026:06:19:30 -0700] "GET /products/bike-wheels-700-fixie/39313909/ HTTP/2.0" 200 63518 "-" "meta-externalagent/1.1 (+https://developers.facebook.com/docs/sharing/webmasters/crawler)" 246 **0/246771**
206.170.212.8 - - [16/Mar/2026:06:19:32 -0700] "GET /?fileloc=%2F%2Fusr%2Flib%2Ffirmware%2Fi915%2Fbxt_huc_ver01_8_2893.bin&path=%2F%2Fusr%2Flib%2Ffirmware%2Fi915 HTTP/2.0" 200 2298 "https://www.statusplan.com/" "Mozilla/5.0 (Ubuntu; Linux i686) AppleWebKit/537.36 (KHTML, like Gecko) Chrome/138.0.0.0 Safari/537.36" 339 **0/339460**
160.250.186.93 - - [16/Mar/2026:06:19:32 -0700] "GET /32646-2/ HTTP/1.1" 200 3566 "https://www.statusplan.com/" "Mozilla/5.0 (Windows NT 10.0) AppleWebKit/537.36 (KHTML, like Gecko) Chrome/114.0.0.0 Safari/537.36" 326 **0/326938**
57.141.6.50 - - [16/Mar/2026:06:19:33 -0700] "GET /products/cincinnati-reds-mitchell-and-ness-jacket/47307391/ HTTP/2.0" 200 63518 "-" "meta-externalagent/1.1 (+https://developers.facebook.com/docs/sharing/webmasters/crawler)" 276 **0/276360**
74.7.241.2 - - [16/Mar/2026:06:19:33 -0700] "GET /sitemap.xml?fileloc=//proc/84716/net/protocols&path=//proc/84716/net HTTP/2.0" 200 2275 "https://statusplan.com/sitemap.xml?path=//proc/84716/net" "Mozilla/5.0 AppleWebKit/537.36 (KHTML, like Gecko; compatible; GPTBot/1.3; +https://openai.com/gptbot)" 305 **0/305684**
160.250.186.93 - - [16/Mar/2026:06:19:34 -0700] "GET /32646-2/?fileloc=/home/workshopbrain/public_html/statusplan.com/wp-config-sample.php&path=/home/workshopbrain/public_html/statusplan.com HTTP/1.1" 200 3471 "https://www.statusplan.com/32646-2/" "Mozilla/5.0 (Windows NT 10.0) AppleWebKit/537.36 (KHTML, like Gecko) Chrome/114.0.0.0 Safari/537.36" 311 **0/311492**
57.141.6.40 - - [16/Mar/2026:06:19:35 -0700] "GET /products/marquee-numbers-baseball-birthday-decorations/21825886/ HTTP/2.0" 200 63518 "-" "meta-externalagent/1.1 (+https://developers.facebook.com/docs/sharing/webmasters/crawler)" 250 **0/250446**
47.128.120.20 - - [16/Mar/2026:06:19:35 -0700] "GET /?fileloc=%2F%2Fusr%2Fshare%2Ffonts%2Furw-base35%2FC059-BdIta.t1&path=%2F%2Fusr%2Fshare%2Ffonts%2Furw-base35 HTTP/2.0" 200 2291 "-" "Mozilla/5.0 (Linux; Android 5.0) AppleWebKit/537.36 (KHTML, like Gecko) Mobile Safari/537.36 (compatible; TikTokSpider; ttspider-feedback@tiktok.com)" 480 **0/480402**
74.7.241.2 - - [16/Mar/2026:06:19:36 -0700] "GET /sitemap.xml?fileloc=//proc/84712/net/protocols&path=//proc/84712/net HTTP/2.0" 200 2274 "https://statusplan.com/sitemap.xml?path=//proc/84712/net" "Mozilla/5.0 AppleWebKit/537.36 (KHTML, like Gecko; compatible; GPTBot/1.3; +https://openai.com/gptbot)" 279 **0/279889**
206.170.212.8 - - [16/Mar/2026:06:19:37 -0700] "GET /?fileloc=%2Fhome%2Fworkshopbrain%2Fpublic_html%2Fstatusplan.com%2F.well-known%2Fqbhdebvc.php&path=%2Fhome%2Fworkshopbrain%2Fpublic_html%2Fstatusplan.com%2F.well-known HTTP/2.0" 200 2298 "https://www.statusplan.com/" "Mozilla/5.0 (Ubuntu; Linux i686) AppleWebKit/537.36 (KHTML, like Gecko) Chrome/138.0.0.0 Safari/537.36" 344 **0/344129**
57.141.6.71 - - [16/Mar/2026:06:19:37 -0700] "GET /products/48-ins-flashing-writing-sign-board-m31/34549849/ HTTP/2.0" 200 63518 "-" "meta-externalagent/1.1 (+https://developers.facebook.com/docs/sharing/webmasters/crawler)" 256 **0/256328**
74.7.241.2 - - [16/Mar/2026:06:19:39 -0700] "GET /sitemap.xml?fileloc=//proc/84715/net/netstat&path=//proc/84715/net HTTP/2.0" 200 2272 "https://statusplan.com/sitemap.xml?path=//proc/84715/net" "Mozilla/5.0 AppleWebKit/537.36 (KHTML, like Gecko; compatible; GPTBot/1.3; +https://openai.com/gptbot)" 265 **0/265236**
206.170.212.8 - - [16/Mar/2026:06:19:39 -0700] "GET /1win-colombia-340/?path=%2Fhome%2Fworkshopbrain%2Fpublic_html%2Fcolumbia%2Fwp-content%2Fthemes%2Ftwentytwentyone%2Fclasses HTTP/2.0" 200 2860 "https://www.statusplan.com/" "Mozilla/5.0 (Ubuntu; Linux i686) AppleWebKit/537.36 (KHTML, like Gecko) Chrome/138.0.0.0 Safari/537.36" 318 **0/318420**
57.141.6.48 - - [16/Mar/2026:06:19:40 -0700] "GET /products/brand-new-in-the-box/48417262/ HTTP/2.0" 200 63518 "-" "meta-externalagent/1.1 (+https://developers.facebook.com/docs/sharing/webmasters/crawler)" 261 **0/261596**
57.141.6.26 - - [16/Mar/2026:06:19:42 -0700] "GET /products/ceramic-narco-west-germany-wind-up-mantel-clock-antique-vint/35410387/ HTTP/2.0" 200 63518 "-" "meta-externalagent/1.1 (+https://developers.facebook.com/docs/sharing/webmasters/crawler)" 249 **0/249826**
66.249.68.136 - - [16/Mar/2026:06:19:42 -0700] "GET /?products/clone-commander-cody-75350/41320900/ HTTP/1.1" 200 22062 "-" "Mozilla/5.0 (Linux; Android 6.0.1; Nexus 5X Build/MMB29P) AppleWebKit/537.36 (KHTML, like Gecko) Chrome/145.0.7632.116 Mobile Safari/537.36 (compatible; Googlebot/2.1; +http://www.google.com/bot.html)" 239 **0/239444**
74.7.241.2 - - [16/Mar/2026:06:19:43 -0700] "GET /sitemap.xml?fileloc=//proc/84721/net/protocols&path=//proc/84721/net HTTP/2.0" 200 2274 "https://statusplan.com/sitemap.xml?path=//proc/84721/net" "Mozilla/5.0 AppleWebKit/537.36 (KHTML, like Gecko; compatible; GPTBot/1.3; +https://openai.com/gptbot)" 258 **0/258409**
57.141.6.40 - - [16/Mar/2026:06:19:44 -0700] "GET /products/cal-king/27321544/ HTTP/2.0" 200 63518 "-" "meta-externalagent/1.1 (+https://developers.facebook.com/docs/sharing/webmasters/crawler)" 258 **0/258980**
206.170.212.8 - - [16/Mar/2026:06:19:44 -0700] "GET /1win-colombia-340/?path=%2F%2Flib%2Fnode_modules%2Fnpm%2Fnode_modules%2Fgenfun HTTP/2.0" 200 2779 "https://www.statusplan.com/" "Mozilla/5.0 (Ubuntu; Linux i686) AppleWebKit/537.36 (KHTML, like Gecko) Chrome/138.0.0.0 Safari/537.36" 317 **0/317626**
74.7.241.2 - - [16/Mar/2026:06:19:46 -0700] "GET /sitemap.xml?fileloc=//proc/84714/net/udp&path=//proc/84714/net HTTP/2.0" 200 2748 "https://statusplan.com/sitemap.xml?path=//proc/84714/net" "Mozilla/5.0 AppleWebKit/537.36 (KHTML, like Gecko; compatible; GPTBot/1.3; +https://openai.com/gptbot)" 246 **0/246717**
57.141.6.27 - - [16/Mar/2026:06:19:46 -0700] "GET /products/18-rims-set-of-4/11377882/ HTTP/2.0" 200 63518 "-" "meta-externalagent/1.1 (+https://developers.facebook.com/docs/sharing/webmasters/crawler)" 265 **0/265597**
206.170.212.8 - - [16/Mar/2026:06:19:47 -0700] "GET /?fileloc=%2Fhome%2Fworkshopbrain%2Fpublic_html%2Fstatusplan.co%2Fwp-includes%2Fclass-wp-block-type.php&path=%2Fhome%2Fworkshopbrain%2Fpublic_html%2Fstatusplan.co%2Fwp-includes HTTP/2.0" 200 3661 "https://www.statusplan.com/" "Mozilla/5.0 (Ubuntu; Linux i686) AppleWebKit/537.36 (KHTML, like Gecko) Chrome/138.0.0.0 Safari/537.36" 346 **0/346550**
57.141.6.7 - - [16/Mar/2026:06:19:48 -0700] "GET /products/pair-of-alo-gravel-sneakers/32080438/ HTTP/2.0" 200 63518 "-" "meta-externalagent/1.1 (+https://developers.facebook.com/docs/sharing/webmasters/crawler)" 486 **0/486479**
74.7.241.2 - - [16/Mar/2026:06:19:49 -0700] "GET /sitemap.xml?fileloc=//proc/84694/net/udp&path=//proc/84694/net HTTP/2.0" 200 2771 "https://statusplan.com/sitemap.xml?path=//proc/84694/net" "Mozilla/5.0 AppleWebKit/537.36 (KHTML, like Gecko; compatible; GPTBot/1.3; +https://openai.com/gptbot)" 265 **0/265166**
57.141.6.50 - - [16/Mar/2026:06:19:50 -0700] "GET /products/marilyn-monroe-on-canvas/15332161/ HTTP/2.0" 200 63518 "-" "meta-externalagent/1.1 (+https://developers.facebook.com/docs/sharing/webmasters/crawler)" 236 **0/236554**
206.170.212.8 - - [16/Mar/2026:06:19:50 -0700] "GET /?fileloc=%2F%2Fproc%2F1028325%2Froot%2Ftmp%2F.post&path=%2F%2Fproc%2F1028325%2Froot%2Ftmp HTTP/2.0" 200 2280 "https://www.yahoo.com/" "Mozilla/5.0 (Ubuntu; Linux i686) AppleWebKit/537.36 (KHTML, like Gecko) Chrome/138.0.0.0 Safari/537.36" 395 **0/395064**
