196.77.191.105 - - [16/Mar/2026:06:14:45 -0700] "GET /1win-colombia-340/?fileloc=%2F%2Flib%2Fnode_modules%2Fnpm%2Fman%2Fman8%2Fdracut-pre-trigger.service.8.gz&path=%2F%2Flib%2Fnode_modules%2Fnpm%2Fman%2Fman8 HTTP/2.0" 200 2308 "https://www.statusplan.com/" "Mozilla/5.0 (Windows NT 10.0; Win64; x64) AppleWebKit/537.36 (KHTML, like Gecko) Chrome/121.0.0.0 Safari/537.36 OPR/107.0.0.0" 508 **0/508805**
57.141.6.11 - - [16/Mar/2026:06:14:46 -0700] "GET /products/lt28570r17-bf-goodrich-ko2/49850218/ HTTP/2.0" 200 63518 "-" "meta-externalagent/1.1 (+https://developers.facebook.com/docs/sharing/webmasters/crawler)" 257 **0/257780**
74.7.241.2 - - [16/Mar/2026:06:14:47 -0700] "GET /sitemap.xml?fileloc=//proc/84721/numa_maps&path=//proc/84721 HTTP/2.0" 200 3884 "https://statusplan.com/sitemap.xml?path=//proc/84721" "Mozilla/5.0 AppleWebKit/537.36 (KHTML, like Gecko; compatible; GPTBot/1.3; +https://openai.com/gptbot)" 486 **0/486605**
104.0.135.24 - - [16/Mar/2026:06:14:47 -0700] "GET /?fileloc=%2Fhome%2Fworkshopbrain%2Fpublic_html%2Fshea%2Fwp-includes%2Fclass-wp-taxonomy.php&path=%2Fhome%2Fworkshopbrain%2Fpublic_html%2Fshea%2Fwp-includes HTTP/2.0" 200 6550 "https://www.bing.com/" "Mozilla/5.0 (Macintosh; Intel Mac OS X 10_15_7) AppleWebKit/537.36 (KHTML, like Gecko) Chrome/126.0.0.0 Safari/537.36 Edg/126.0.0.0" 434 **0/434722**
57.141.6.72 - - [16/Mar/2026:06:14:48 -0700] "GET /products/mercedes-clk320350500-front-bumper-with-fog-lights-and-fille/31455898/ HTTP/2.0" 200 63518 "-" "meta-externalagent/1.1 (+https://developers.facebook.com/docs/sharing/webmasters/crawler)" 230 **0/230956**
74.7.241.2 - - [16/Mar/2026:06:14:50 -0700] "GET /sitemap.xml?path=//proc/84693/fd HTTP/2.0" 200 2567 "https://statusplan.com/sitemap.xml?path=//proc/84693" "Mozilla/5.0 AppleWebKit/537.36 (KHTML, like Gecko; compatible; GPTBot/1.3; +https://openai.com/gptbot)" 263 **0/263115**
57.141.6.48 - - [16/Mar/2026:06:14:51 -0700] "GET /products/vetements-antwerpen/48292879/ HTTP/2.0" 403 63518 "-" "meta-externalagent/1.1 (+https://developers.facebook.com/docs/sharing/webmasters/crawler)" 237 **0/237490**
155.212.108.215 - - [16/Mar/2026:06:14:50 -0700] "POST /xmlrpc.php HTTP/2.0" 403 63518 "-" "WordPress/XMLRPC Client" 705 **0/705589**
172.58.252.135 - - [16/Mar/2026:06:14:52 -0700] "GET /1win-colombia-340/?path=%2Fhome%2Fworkshopbrain%2Fpublic_html%2Fstatusplan.com%2Fwp-content%2Fplugins%2Fvnyqm%2Flanguages HTTP/2.0" 200 2810 "https://www.yahoo.com/" "Mozilla/5.0 (X11; Linux x86_64) AppleWebKit/537.36 (KHTML, like Gecko) Chrome/117.0.0.0 Safari/537.36 OPR/89.0.0.0" 590 **0/590325**
57.141.6.71 - - [16/Mar/2026:06:14:53 -0700] "GET /products/colognes/34757413/ HTTP/2.0" 403 63518 "-" "meta-externalagent/1.1 (+https://developers.facebook.com/docs/sharing/webmasters/crawler)" 276 **0/276847**
74.7.241.2 - - [16/Mar/2026:06:14:53 -0700] "GET /sitemap.xml?path=//proc/84716/fd HTTP/2.0" 200 2627 "https://statusplan.com/sitemap.xml?path=//proc/84716" "Mozilla/5.0 AppleWebKit/537.36 (KHTML, like Gecko; compatible; GPTBot/1.3; +https://openai.com/gptbot)" 250 **0/250416**
57.141.6.35 - - [16/Mar/2026:06:14:54 -0700] "GET /products/audi-wheels-5x112/9197347/ HTTP/2.0" 403 63518 "-" "meta-externalagent/1.1 (+https://developers.facebook.com/docs/sharing/webmasters/crawler)" 453 **0/453170**
74.7.241.2 - - [16/Mar/2026:06:14:56 -0700] "GET /sitemap.xml?path=//proc/84712/fdinfo HTTP/2.0" 200 2687 "https://statusplan.com/sitemap.xml?path=//proc/84712" "Mozilla/5.0 AppleWebKit/537.36 (KHTML, like Gecko; compatible; GPTBot/1.3; +https://openai.com/gptbot)" 260 **0/260008**
57.141.6.43 - - [16/Mar/2026:06:14:57 -0700] "GET /products/edc-las-vegas-ga-wristband/49598974/ HTTP/2.0" 200 63518 "-" "meta-externalagent/1.1 (+https://developers.facebook.com/docs/sharing/webmasters/crawler)" 268 **0/268278**
74.7.241.2 - - [16/Mar/2026:06:15:00 -0700] "GET /sitemap.xml?fileloc=//proc/84712/setgroups&path=//proc/84712 HTTP/2.0" 200 2267 "https://statusplan.com/sitemap.xml?path=//proc/84712" "Mozilla/5.0 AppleWebKit/537.36 (KHTML, like Gecko; compatible; GPTBot/1.3; +https://openai.com/gptbot)" 263 **0/263604**
104.0.135.24 - - [16/Mar/2026:06:15:00 -0700] "GET /?path=%2F%2Fusr%2Fshare%2Flocale%2Ftum HTTP/2.0" 200 2580 "https://www.yahoo.com/" "Mozilla/5.0 (Macintosh; Intel Mac OS X 10_15_7) AppleWebKit/537.36 (KHTML, like Gecko) Chrome/126.0.0.0 Safari/537.36 Edg/126.0.0.0" 402 **0/402606**
104.0.135.24 - - [16/Mar/2026:06:14:56 -0700] "GET /?fileloc=%2Fhome%2Fworkshopbrain%2Fpublic_html%2Fstatusplan.com%2Fwp-includes%2Fhtml-api%2Fclass-wp-html-tag-processor.php&path=%2Fhome%2Fworkshopbrain%2Fpublic_html%2Fstatusplan.com%2Fwp-includes%2Fhtml-api HTTP/2.0" 200 22390 "https://www.bing.com/" "Mozilla/5.0 (Macintosh; Intel Mac OS X 10_15_7) AppleWebKit/537.36 (KHTML, like Gecko) Chrome/126.0.0.0 Safari/537.36 Edg/126.0.0.0" 5721 **5/5721381**
57.141.6.17 - - [16/Mar/2026:06:15:02 -0700] "GET /products/new-makita-14-hex-impact-tool-only/22592575/ HTTP/2.0" 200 63518 "-" "meta-externalagent/1.1 (+https://developers.facebook.com/docs/sharing/webmasters/crawler)" 393 **0/393077**
47.128.120.177 - - [16/Mar/2026:06:15:02 -0700] "GET /?path=%2Fhome%2Fworkshopbrain%2Fpublic_html%2Fopeningcalc%2Fcgi-bin HTTP/2.0" 200 2597 "-" "Mozilla/5.0 (Linux; Android 5.0) AppleWebKit/537.36 (KHTML, like Gecko) Mobile Safari/537.36 (compatible; TikTokSpider; ttspider-feedback@tiktok.com)" 331 **0/331228**
74.7.241.2 - - [16/Mar/2026:06:15:03 -0700] "GET /sitemap.xml?path=//proc/84712/fd HTTP/2.0" 200 2627 "https://statusplan.com/sitemap.xml?path=//proc/84712" "Mozilla/5.0 AppleWebKit/537.36 (KHTML, like Gecko; compatible; GPTBot/1.3; +https://openai.com/gptbot)" 322 **0/322239**
104.0.135.24 - - [16/Mar/2026:06:15:03 -0700] "GET /?fileloc=%2Fhome%2Fworkshopbrain%2Fpublic_html%2Fstatusplan.co%2Fwp-includes%2Fcomment-template.php&path=%2Fhome%2Fworkshopbrain%2Fpublic_html%2Fstatusplan.co%2Fwp-includes HTTP/2.0" 200 20110 "https://www.yahoo.com/" "Mozilla/5.0 (Macintosh; Intel Mac OS X 10_15_7) AppleWebKit/537.36 (KHTML, like Gecko) Chrome/126.0.0.0 Safari/537.36 Edg/126.0.0.0" 717 **0/717310**
57.141.6.39 - - [16/Mar/2026:06:15:05 -0700] "GET /products/kid-size-equipal/27993313/ HTTP/2.0" 403 63518 "-" "meta-externalagent/1.1 (+https://developers.facebook.com/docs/sharing/webmasters/crawler)" 267 **0/267756**
57.141.6.15 - - [16/Mar/2026:06:15:08 -0700] "GET /products/calvin-klein-mens-everyday-essential-wool-jacket-mens-size-x/49130884/ HTTP/2.0" 200 63518 "-" "meta-externalagent/1.1 (+https://developers.facebook.com/docs/sharing/webmasters/crawler)" 496 **0/496047**
74.7.241.2 - - [16/Mar/2026:06:15:06 -0700] "GET /sitemap.xml?path=//proc/84715/fd HTTP/2.0" 200 2627 "https://statusplan.com/sitemap.xml?path=//proc/84715" "Mozilla/5.0 AppleWebKit/537.36 (KHTML, like Gecko; compatible; GPTBot/1.3; +https://openai.com/gptbot)" 3224 **3/3224518**
74.7.241.2 - - [16/Mar/2026:06:15:09 -0700] "GET /sitemap.xml?path=//proc/84721/fd HTTP/2.0" 200 2627 "https://statusplan.com/sitemap.xml?path=//proc/84721" "Mozilla/5.0 AppleWebKit/537.36 (KHTML, like Gecko; compatible; GPTBot/1.3; +https://openai.com/gptbot)" 481 **0/481346**
57.141.6.12 - - [16/Mar/2026:06:15:11 -0700] "GET /products/caspace-tokyo-magsafe-dejavu-blue-iphone-16pro/16768372/ HTTP/2.0" 200 63518 "-" "meta-externalagent/1.1 (+https://developers.facebook.com/docs/sharing/webmasters/crawler)" 285 **0/285088**
104.0.135.24 - - [16/Mar/2026:06:15:11 -0700] "GET /1win-colombia-340/?fileloc=%2Fhome%2Fworkshopbrain%2Fpublic_html%2Fstatusplan.com%2Fwp-content%2Fplugins%2Fstarter-1771920294.php&path=%2Fhome%2Fworkshopbrain%2Fpublic_html%2Fstatusplan.com%2Fwp-content%2Fplugins HTTP/2.0" 200 2313 "https://www.statusplan.com/" "Mozilla/5.0 (Macintosh; Intel Mac OS X 10_15_7) AppleWebKit/537.36 (KHTML, like Gecko) Chrome/126.0.0.0 Safari/537.36 Edg/126.0.0.0" 556 **0/556972**
74.7.241.2 - - [16/Mar/2026:06:15:12 -0700] "GET /sitemap.xml?path=//proc/84714/net HTTP/2.0" 200 3696 "https://statusplan.com/sitemap.xml?path=//proc/84714" "Mozilla/5.0 AppleWebKit/537.36 (KHTML, like Gecko; compatible; GPTBot/1.3; +https://openai.com/gptbot)" 497 **0/497760**
104.0.135.24 - - [16/Mar/2026:06:15:08 -0700] "GET /1win-colombia-340/?fileloc=%2Fhome%2Fworkshopbrain%2Fpublic_html%2Fcolumbia%2Fwp-includes%2Fclass-wp-walker.php&path=%2Fhome%2Fworkshopbrain%2Fpublic_html%2Fcolumbia%2Fwp-includes HTTP/2.0" 200 5227 "https://www.bing.com/" "Mozilla/5.0 (Macintosh; Intel Mac OS X 10_15_7) AppleWebKit/537.36 (KHTML, like Gecko) Chrome/126.0.0.0 Safari/537.36 Edg/126.0.0.0" 5900 **5/5900412**
57.141.6.61 - - [16/Mar/2026:06:15:13 -0700] "GET /products/jordans/24745054/ HTTP/2.0" 403 63518 "-" "meta-externalagent/1.1 (+https://developers.facebook.com/docs/sharing/webmasters/crawler)" 266 **0/266412**
74.7.241.2 - - [16/Mar/2026:06:15:15 -0700] "GET /sitemap.xml?path=//proc/84715/net HTTP/2.0" 200 3696 "https://statusplan.com/sitemap.xml?path=//proc/84715" "Mozilla/5.0 AppleWebKit/537.36 (KHTML, like Gecko; compatible; GPTBot/1.3; +https://openai.com/gptbot)" 270 **0/270557**
104.0.135.24 - - [16/Mar/2026:06:15:16 -0700] "GET /?fileloc=%2Fhome%2Fworkshopbrain%2Fpublic_html%2Fshea%2Fwp-admin%2Fimages%2Fresize-rtl-2x.gif&path=%2Fhome%2Fworkshopbrain%2Fpublic_html%2Fshea%2Fwp-admin%2Fimages HTTP/2.0" 200 2302 "https://www.yandex.com/" "Mozilla/5.0 (Macintosh; Intel Mac OS X 10_15_7) AppleWebKit/537.36 (KHTML, like Gecko) Chrome/126.0.0.0 Safari/537.36 Edg/126.0.0.0" 329 **0/329643**
57.141.6.52 - - [16/Mar/2026:06:15:16 -0700] "GET /products/work-boots/43989412/ HTTP/2.0" 403 63518 "-" "meta-externalagent/1.1 (+https://developers.facebook.com/docs/sharing/webmasters/crawler)" 281 **0/281740**
114.119.133.98 - - [16/Mar/2026:06:15:17 -0700] "GET /?p=6880 HTTP/1.1" 200 4180 "-" "Mozilla/5.0 (Linux; Android 7.0;) AppleWebKit/537.36 (KHTML, like Gecko) Mobile Safari/537.36 (compatible; PetalBot;+https://webmaster.petalsearch.com/site/petalbot)" 244 **0/244312**
74.7.241.2 - - [16/Mar/2026:06:15:18 -0700] "GET /sitemap.xml?path=//proc/84694/net HTTP/2.0" 200 3696 "https://statusplan.com/sitemap.xml?path=//proc/84694" "Mozilla/5.0 AppleWebKit/537.36 (KHTML, like Gecko; compatible; GPTBot/1.3; +https://openai.com/gptbot)" 310 **0/310234**
57.141.6.34 - - [16/Mar/2026:06:15:19 -0700] "GET /products/yeezy-350-v2-mono-ice/47976787/ HTTP/2.0" 403 63518 "-" "meta-externalagent/1.1 (+https://developers.facebook.com/docs/sharing/webmasters/crawler)" 286 **0/286288**
104.0.135.24 - - [16/Mar/2026:06:15:19 -0700] "GET /?fileloc=%2Fhome%2Fworkshopbrain%2Fpublic_html%2Foxford%2Fwp-includes%2Fcustomize%2Fclass-wp-customize-date-time-control.php&path=%2Fhome%2Fworkshopbrain%2Fpublic_html%2Foxford%2Fwp-includes%2Fcustomize HTTP/2.0" 200 4743 "https://www.yandex.com/" "Mozilla/5.0 (Macintosh; Intel Mac OS X 10_15_7) AppleWebKit/537.36 (KHTML, like Gecko) Chrome/126.0.0.0 Safari/537.36 Edg/126.0.0.0" 333 **0/333860**
74.7.241.2 - - [16/Mar/2026:06:15:22 -0700] "GET /sitemap.xml?path=//proc/84693/net HTTP/2.0" 200 3696 "https://statusplan.com/sitemap.xml?path=//proc/84693" "Mozilla/5.0 AppleWebKit/537.36 (KHTML, like Gecko; compatible; GPTBot/1.3; +https://openai.com/gptbot)" 307 **0/307168**
104.0.135.24 - - [16/Mar/2026:06:15:24 -0700] "GET /1win-colombia-340/?fileloc=%2Fhome%2Fworkshopbrain%2Fpublic_html%2Fbradford%2Fwp-includes%2Fms-deprecated.php&path=%2Fhome%2Fworkshopbrain%2Fpublic_html%2Fbradford%2Fwp-includes HTTP/2.0" 200 8313 "http://www.baidu.com/" "Mozilla/5.0 (Macintosh; Intel Mac OS X 10_15_7) AppleWebKit/537.36 (KHTML, like Gecko) Chrome/126.0.0.0 Safari/537.36 Edg/126.0.0.0" 311 **0/311527**
57.141.6.39 - - [16/Mar/2026:06:15:25 -0700] "GET /products/suede-couch/10456318/ HTTP/2.0" 200 63518 "-" "meta-externalagent/1.1 (+https://developers.facebook.com/docs/sharing/webmasters/crawler)" 275 **0/275029**
74.7.241.2 - - [16/Mar/2026:06:15:25 -0700] "GET /sitemap.xml?path=//proc/84721/net HTTP/2.0" 200 3696 "https://statusplan.com/sitemap.xml?path=//proc/84721" "Mozilla/5.0 AppleWebKit/537.36 (KHTML, like Gecko; compatible; GPTBot/1.3; +https://openai.com/gptbot)" 266 **0/266735**
66.249.68.136 - - [16/Mar/2026:06:15:25 -0700] "GET /?products/brand-new-patio-outdoor-bighorn-pellet-pizza-oven/22174549/ HTTP/1.1" 200 21514 "-" "Mozilla/5.0 (Linux; Android 6.0.1; Nexus 5X Build/MMB29P) AppleWebKit/537.36 (KHTML, like Gecko) Chrome/145.0.7632.116 Mobile Safari/537.36 (compatible; Googlebot/2.1; +http://www.google.com/bot.html)" 280 **0/280366**
66.249.68.128 - - [16/Mar/2026:06:15:26 -0700] "GET /?products/couch-set/25951315/ HTTP/1.1" 200 21398 "-" "Mozilla/5.0 (Linux; Android 6.0.1; Nexus 5X Build/MMB29P) AppleWebKit/537.36 (KHTML, like Gecko) Chrome/145.0.7632.116 Mobile Safari/537.36 (compatible; Googlebot/2.1; +http://www.google.com/bot.html)" 246 **0/246301**
47.128.120.171 - - [16/Mar/2026:06:15:27 -0700] "GET /?fileloc=%2F%2Flib%2F.build-id%2F13%2F43036b22d3e063e30bd67c7ad4f3f4eddf6f6c&path=%2F%2Flib%2F.build-id%2F13 HTTP/2.0" 200 2295 "-" "Mozilla/5.0 (Linux; Android 5.0) AppleWebKit/537.36 (KHTML, like Gecko) Mobile Safari/537.36 (compatible; TikTokSpider; ttspider-feedback@tiktok.com)" 472 **0/472132**
104.0.135.24 - - [16/Mar/2026:06:15:27 -0700] "GET /?fileloc=%2F%2Fusr%2Flib%2Ffirmware%2Fqcom%2Fqdu100%2Fqdsp6sw_dtbs.elf&path=%2F%2Fusr%2Flib%2Ffirmware%2Fqcom%2Fqdu100 HTTP/2.0" 200 2305 "https://www.statusplan.com/" "Mozilla/5.0 (Macintosh; Intel Mac OS X 10_15_7) AppleWebKit/537.36 (KHTML, like Gecko) Chrome/126.0.0.0 Safari/537.36 Edg/126.0.0.0" 304 **0/304376**
57.141.6.40 - - [16/Mar/2026:06:15:28 -0700] "GET /products/brand-new-light-brown-sofa-and-love-seat/21336313/ HTTP/2.0" 200 63518 "-" "meta-externalagent/1.1 (+https://developers.facebook.com/docs/sharing/webmasters/crawler)" 301 **0/301923**
74.7.241.2 - - [16/Mar/2026:06:15:28 -0700] "GET /sitemap.xml?path=//proc/84712/net HTTP/2.0" 200 3696 "https://statusplan.com/sitemap.xml?path=//proc/84712" "Mozilla/5.0 AppleWebKit/537.36 (KHTML, like Gecko; compatible; GPTBot/1.3; +https://openai.com/gptbot)" 255 **0/255570**
57.141.6.47 - - [16/Mar/2026:06:15:30 -0700] "GET /products/caso/19573993/ HTTP/2.0" 200 63518 "-" "meta-externalagent/1.1 (+https://developers.facebook.com/docs/sharing/webmasters/crawler)" 246 **0/246155**
104.0.135.24 - - [16/Mar/2026:06:15:31 -0700] "GET /?fileloc=%2F%2Fproc%2F1028325%2Froot%2Fusr%2Fbin%2Fneqn&path=%2F%2Fproc%2F1028325%2Froot%2Fusr%2Fbin HTTP/2.0" 200 2294 "https://www.statusplan.com/" "Mozilla/5.0 (Macintosh; Intel Mac OS X 10_15_7) AppleWebKit/537.36 (KHTML, like Gecko) Chrome/126.0.0.0 Safari/537.36 Edg/126.0.0.0" 331 **0/331124**
74.7.241.2 - - [16/Mar/2026:06:15:31 -0700] "GET /sitemap.xml?path=//proc/84716/net HTTP/2.0" 200 3696 "https://statusplan.com/sitemap.xml?path=//proc/84716" "Mozilla/5.0 AppleWebKit/537.36 (KHTML, like Gecko; compatible; GPTBot/1.3; +https://openai.com/gptbot)" 444 **0/444047**
57.141.6.45 - - [16/Mar/2026:06:15:33 -0700] "GET /products/goddess-of-beauty-barbie/36906406/ HTTP/2.0" 200 63518 "-" "meta-externalagent/1.1 (+https://developers.facebook.com/docs/sharing/webmasters/crawler)" 269 **0/269608**
57.141.6.63 - - [16/Mar/2026:06:15:33 -0700] "GET /products/original-1984-ratchet-transformers-g1/36911320/ HTTP/2.0" 200 63518 "-" "meta-externalagent/1.1 (+https://developers.facebook.com/docs/sharing/webmasters/crawler)" 248 **0/248274**
74.7.241.2 - - [16/Mar/2026:06:15:34 -0700] "GET /sitemap.xml?fileloc=//proc/84721/coredump_filter&path=//proc/84721 HTTP/2.0" 200 2272 "https://statusplan.com/sitemap.xml?path=//proc/84721" "Mozilla/5.0 AppleWebKit/537.36 (KHTML, like Gecko; compatible; GPTBot/1.3; +https://openai.com/gptbot)" 260 **0/260603**
12.153.202.221 - - [16/Mar/2026:06:15:35 -0700] "GET /?fileloc=%2Fhome%2Fworkshopbrain%2Fpublic_html%2Fbatteryatl%2Fwp-includes%2Fclass-walker-comment.php&path=%2Fhome%2Fworkshopbrain%2Fpublic_html%2Fbatteryatl%2Fwp-includes HTTP/2.0" 200 5266 "https://www.statusplan.com/" "Mozilla/5.0 (Macintosh; Intel Mac OS X 10.15) Gecko/20100101 Firefox/108.0" 386 **0/386645**
57.141.6.54 - - [16/Mar/2026:06:15:36 -0700] "GET /products/2-used-tires-245-50-20-yokohama/49905385/ HTTP/2.0" 200 63518 "-" "meta-externalagent/1.1 (+https://developers.facebook.com/docs/sharing/webmasters/crawler)" 521 **0/521855**
74.7.241.2 - - [16/Mar/2026:06:15:38 -0700] "GET /sitemap.xml?path=//proc/84714/fdinfo HTTP/2.0" 200 2734 "https://statusplan.com/sitemap.xml?path=//proc/84714" "Mozilla/5.0 AppleWebKit/537.36 (KHTML, like Gecko; compatible; GPTBot/1.3; +https://openai.com/gptbot)" 278 **0/278492**
54.39.136.160 - - [16/Mar/2026:06:15:39 -0700] "GET /category/pin-up-online-casino-814/ HTTP/2.0" 200 3566 "-" "Mozilla/5.0 (compatible; AhrefsBot/7.0; +http://ahrefs.com/robot/)" 276 **0/276796**
12.153.202.221 - - [16/Mar/2026:06:15:40 -0700] "GET /?fileloc=%2Fhome%2Fworkshopbrain%2Fpublic_html%2Foxford%2Fwp-includes%2Fclass-wp-admin-bar.php&path=%2Fhome%2Fworkshopbrain%2Fpublic_html%2Foxford%2Fwp-includes HTTP/2.0" 200 6769 "https://www.yahoo.com/" "Mozilla/5.0 (Macintosh; Intel Mac OS X 10.15) Gecko/20100101 Firefox/108.0" 419 **0/419759**
57.141.6.44 - - [16/Mar/2026:06:15:40 -0700] "GET /products/three-watches-for-sale/15414523/ HTTP/2.0" 200 63518 "-" "meta-externalagent/1.1 (+https://developers.facebook.com/docs/sharing/webmasters/crawler)" 308 **0/308211**
74.7.241.2 - - [16/Mar/2026:06:15:41 -0700] "GET /sitemap.xml?path=//proc/84694/fdinfo HTTP/2.0" 200 2879 "https://statusplan.com/sitemap.xml?path=//proc/84694" "Mozilla/5.0 AppleWebKit/537.36 (KHTML, like Gecko; compatible; GPTBot/1.3; +https://openai.com/gptbot)" 255 **0/255365**
57.141.6.45 - - [16/Mar/2026:06:15:43 -0700] "GET /products/pandas/44207728/ HTTP/2.0" 200 63518 "-" "meta-externalagent/1.1 (+https://developers.facebook.com/docs/sharing/webmasters/crawler)" 281 **0/281701**
172.58.252.135 - - [16/Mar/2026:06:15:44 -0700] "GET /1win-colombia-340/?fileloc=%2F%2Flib%2Fnode_modules%2Fnpm%2Fman%2Fman8%2Ftcsd.8.gz&path=%2F%2Flib%2Fnode_modules%2Fnpm%2Fman%2Fman8 HTTP/2.0" 200 2296 "https://www.statusplan.com/" "Mozilla/5.0 (X11; Linux x86_64) AppleWebKit/537.36 (KHTML, like Gecko) Chrome/117.0.0.0 Safari/537.36 OPR/89.0.0.0" 352 **0/352008**
74.7.241.2 - - [16/Mar/2026:06:15:44 -0700] "GET /sitemap.xml?path=//proc/84714/ns HTTP/2.0" 200 2782 "https://statusplan.com/sitemap.xml?path=//proc/84714" "Mozilla/5.0 AppleWebKit/537.36 (KHTML, like Gecko; compatible; GPTBot/1.3; +https://openai.com/gptbot)" 260 **0/260248**
12.153.202.221 - - [16/Mar/2026:06:15:46 -0700] "GET /?fileloc=%2F%2Fusr%2Flib%2Fudev%2Fhwdb.d%2F20-usb-classes.hwdb&path=%2F%2Fusr%2Flib%2Fudev%2Fhwdb.d HTTP/2.0" 200 3759 "https://www.bing.com/" "Mozilla/5.0 (Macintosh; Intel Mac OS X 10.15) Gecko/20100101 Firefox/108.0" 386 **0/386245**
57.141.6.23 - - [16/Mar/2026:06:15:46 -0700] "GET /products/pillow/11600608/ HTTP/2.0" 200 63518 "-" "meta-externalagent/1.1 (+https://developers.facebook.com/docs/sharing/webmasters/crawler)" 267 **0/267905**
74.7.241.2 - - [16/Mar/2026:06:15:47 -0700] "GET /sitemap.xml?path=//proc/84714/net/rpc HTTP/2.0" 200 2328 "https://statusplan.com/sitemap.xml?path=//proc/84714/net" "Mozilla/5.0 AppleWebKit/537.36 (KHTML, like Gecko; compatible; GPTBot/1.3; +https://openai.com/gptbot)" 292 **0/292976**
66.249.68.136 - - [16/Mar/2026:06:15:48 -0700] "GET /?products/pac-man-arcade-game-300/36810646/ HTTP/1.1" 200 22109 "-" "Mozilla/5.0 (Linux; Android 6.0.1; Nexus 5X Build/MMB29P) AppleWebKit/537.36 (KHTML, like Gecko) Chrome/145.0.7632.116 Mobile Safari/537.36 (compatible; Googlebot/2.1; +http://www.google.com/bot.html)" 244 **0/244748**
57.141.6.28 - - [16/Mar/2026:06:15:49 -0700] "GET /products/brand-new-stroller-cariola-nueva/28177483/ HTTP/2.0" 200 63518 "-" "meta-externalagent/1.1 (+https://developers.facebook.com/docs/sharing/webmasters/crawler)" 269 **0/269472**
57.141.6.45 - - [16/Mar/2026:06:15:49 -0700] "GET /products/invicta-10937-model/20409730/ HTTP/2.0" 200 63518 "-" "meta-externalagent/1.1 (+https://developers.facebook.com/docs/sharing/webmasters/crawler)" 401 **0/401338**
74.7.241.2 - - [16/Mar/2026:06:15:50 -0700] "GET /sitemap.xml?fileloc=//proc/84715/net/fib_trie&path=//proc/84715/net HTTP/2.0" 200 2272 "https://statusplan.com/sitemap.xml?path=//proc/84715/net" "Mozilla/5.0 AppleWebKit/537.36 (KHTML, like Gecko; compatible; GPTBot/1.3; +https://openai.com/gptbot)" 302 **0/302796**
57.141.6.63 - - [16/Mar/2026:06:15:52 -0700] "GET /products/adidas-nmdr1-v2/43949701/ HTTP/2.0" 200 63518 "-" "meta-externalagent/1.1 (+https://developers.facebook.com/docs/sharing/webmasters/crawler)" 458 **0/458989**
12.153.202.221 - - [16/Mar/2026:06:15:52 -0700] "GET /?fileloc=%2F%2Fusr%2Flib%2Ftuned%2Ffunctions&path=%2F%2Fusr%2Flib%2Ftuned HTTP/2.0" 200 7070 "https://www.bing.com/" "Mozilla/5.0 (Macintosh; Intel Mac OS X 10.15) Gecko/20100101 Firefox/108.0" 509 **0/509779**
47.128.120.204 - - [16/Mar/2026:06:15:52 -0700] "GET /?path=%2F%2Flib%2Fpython3.8%2Fsite-packages%2Fpip%2F_vendor%2Fpkg_resources HTTP/2.0" 200 2734 "-" "Mozilla/5.0 (Linux; Android 5.0) AppleWebKit/537.36 (KHTML, like Gecko) Mobile Safari/537.36 (compatible; TikTokSpider; ttspider-feedback@tiktok.com)" 465 **0/465311**
74.7.241.2 - - [16/Mar/2026:06:15:54 -0700] "GET /sitemap.xml?fileloc=//proc/84694/net/icmp6&path=//proc/84694/net HTTP/2.0" 200 2271 "https://statusplan.com/sitemap.xml?path=//proc/84694/net" "Mozilla/5.0 AppleWebKit/537.36 (KHTML, like Gecko; compatible; GPTBot/1.3; +https://openai.com/gptbot)" 271 **0/271228**
12.153.202.221 - - [16/Mar/2026:06:15:54 -0700] "GET /?fileloc=%2F%2Fusr%2Flib%2Fgcc%2Fx86_64-redhat-linux%2F8%2Flibstdc++fs.a&path=%2F%2Fusr%2Flib%2Fgcc%2Fx86_64-redhat-linux%2F8 HTTP/2.0" 200 2298 "https://www.bing.com/" "Mozilla/5.0 (Macintosh; Intel Mac OS X 10.15) Gecko/20100101 Firefox/108.0" 437 **0/437329**
57.141.6.12 - - [16/Mar/2026:06:15:54 -0700] "GET /products/wrangler-2018-2019-2020-2021-2022-2023-2024-hood-oem/33061495/ HTTP/2.0" 200 63518 "-" "meta-externalagent/1.1 (+https://developers.facebook.com/docs/sharing/webmasters/crawler)" 263 **0/263002**
74.7.241.2 - - [16/Mar/2026:06:15:57 -0700] "GET /sitemap.xml?fileloc=//proc/84693/net/unix&path=//proc/84693/net HTTP/2.0" 200 7760 "https://statusplan.com/sitemap.xml?path=//proc/84693/net" "Mozilla/5.0 AppleWebKit/537.36 (KHTML, like Gecko; compatible; GPTBot/1.3; +https://openai.com/gptbot)" 290 **0/290554**
57.141.6.37 - - [16/Mar/2026:06:15:57 -0700] "GET /products/new-rayban/8247118/ HTTP/2.0" 200 63518 "-" "meta-externalagent/1.1 (+https://developers.facebook.com/docs/sharing/webmasters/crawler)" 523 **0/523139**
12.153.202.221 - - [16/Mar/2026:06:15:58 -0700] "GET /?path=%2Fhome%2Fworkshopbrain%2Fpublic_html%2Fcolumbia%2Fwp-includes HTTP/2.0" 200 9447 "https://www.google.com/" "Mozilla/5.0 (Macintosh; Intel Mac OS X 10.15) Gecko/20100101 Firefox/108.0" 412 **0/412669**
57.141.6.47 - - [16/Mar/2026:06:15:59 -0700] "GET /products/riding-times-gt73/36856279/ HTTP/2.0" 200 63518 "-" "meta-externalagent/1.1 (+https://developers.facebook.com/docs/sharing/webmasters/crawler)" 257 **0/257009**
74.7.241.2 - - [16/Mar/2026:06:16:00 -0700] "GET /sitemap.xml?fileloc=//proc/84714/net/icmp&path=//proc/84714/net HTTP/2.0" 200 2271 "https://statusplan.com/sitemap.xml?path=//proc/84714/net" "Mozilla/5.0 AppleWebKit/537.36 (KHTML, like Gecko; compatible; GPTBot/1.3; +https://openai.com/gptbot)" 268 **0/268749**
57.141.6.43 - - [16/Mar/2026:06:16:02 -0700] "GET /products/carrito-de-control-remoto-en-buenas-condiciones-est-nuevo/45719686/ HTTP/2.0" 200 63518 "-" "meta-externalagent/1.1 (+https://developers.facebook.com/docs/sharing/webmasters/crawler)" 303 **0/303992**
12.153.202.221 - - [16/Mar/2026:06:16:02 -0700] "GET /?path=%2F%2Fproc%2F1028731%2Froot%2Fusr%2Fshare%2Flocale%2Fmai HTTP/2.0" 200 2359 "https://www.statusplan.com/" "Mozilla/5.0 (Macintosh; Intel Mac OS X 10.15) Gecko/20100101 Firefox/108.0" 394 **0/394776**
74.7.241.2 - - [16/Mar/2026:06:16:03 -0700] "GET /sitemap.xml?fileloc=//proc/84712/net/fib_trie&path=//proc/84712/net HTTP/2.0" 200 2272 "https://statusplan.com/sitemap.xml?path=//proc/84712/net" "Mozilla/5.0 AppleWebKit/537.36 (KHTML, like Gecko; compatible; GPTBot/1.3; +https://openai.com/gptbot)" 268 **0/268134**
57.141.6.47 - - [16/Mar/2026:06:16:04 -0700] "GET /products/tv-stand-new-120/27277738/ HTTP/2.0" 200 63518 "-" "meta-externalagent/1.1 (+https://developers.facebook.com/docs/sharing/webmasters/crawler)" 275 **0/275621**
74.7.241.2 - - [16/Mar/2026:06:16:06 -0700] "GET /sitemap.xml?fileloc=//proc/84694/net/icmp&path=//proc/84694/net HTTP/2.0" 200 2271 "https://statusplan.com/sitemap.xml?path=//proc/84694/net" "Mozilla/5.0 AppleWebKit/537.36 (KHTML, like Gecko; compatible; GPTBot/1.3; +https://openai.com/gptbot)" 244 **0/244870**
196.77.191.105 - - [16/Mar/2026:06:16:06 -0700] "GET /1win-colombia-340/?fileloc=%2F%2Flib%2Fnode_modules%2Fnpm%2Fman%2Fman8%2Fsginfo.8.gz&path=%2F%2Flib%2Fnode_modules%2Fnpm%2Fman%2Fman8 HTTP/2.0" 200 2294 "https://www.statusplan.com/" "Mozilla/5.0 (Windows NT 10.0; Win64; x64) AppleWebKit/537.36 (KHTML, like Gecko) Chrome/121.0.0.0 Safari/537.36 OPR/107.0.0.0" 313 **0/313674**
57.141.6.3 - - [16/Mar/2026:06:16:06 -0700] "GET /products/japanese-boxwood-topiary-bonsai/22073245/ HTTP/2.0" 200 63518 "-" "meta-externalagent/1.1 (+https://developers.facebook.com/docs/sharing/webmasters/crawler)" 514 **0/514734**
57.141.6.69 - - [16/Mar/2026:06:16:09 -0700] "GET /products/wedding-dress/21641842/ HTTP/2.0" 200 63518 "-" "meta-externalagent/1.1 (+https://developers.facebook.com/docs/sharing/webmasters/crawler)" 264 **0/264109**
74.7.241.2 - - [16/Mar/2026:06:16:09 -0700] "GET /sitemap.xml?fileloc=//proc/84693/net/udp&path=//proc/84693/net HTTP/2.0" 200 2780 "https://statusplan.com/sitemap.xml?path=//proc/84693/net" "Mozilla/5.0 AppleWebKit/537.36 (KHTML, like Gecko; compatible; GPTBot/1.3; +https://openai.com/gptbot)" 264 **0/264772**
12.153.202.221 - - [16/Mar/2026:06:16:09 -0700] "GET /?fileloc=%2F%2Fusr%2Flib%2Ffirmware%2Fintel%2Fiwlwifi%2Fiwlwifi-ty-a0-gf-a0-78.ucode&path=%2F%2Fusr%2Flib%2Ffirmware%2Fintel%2Fiwlwifi HTTP/2.0" 200 2308 "https://www.statusplan.com/" "Mozilla/5.0 (Macintosh; Intel Mac OS X 10.15) Gecko/20100101 Firefox/108.0" 539 **0/539267**
57.141.6.3 - - [16/Mar/2026:06:16:11 -0700] "GET /products/oven-hood/34585339/ HTTP/2.0" 200 63518 "-" "meta-externalagent/1.1 (+https://developers.facebook.com/docs/sharing/webmasters/crawler)" 242 **0/242312**
196.77.191.105 - - [16/Mar/2026:06:16:12 -0700] "GET /1win-colombia-340/?fileloc=%2F%2Flib%2Fnode_modules%2Fnpm%2Fman%2Fman8%2Fpam_env.8.gz&path=%2F%2Flib%2Fnode_modules%2Fnpm%2Fman%2Fman8 HTTP/2.0" 200 2297 "https://www.google.com/" "Mozilla/5.0 (Windows NT 10.0; Win64; x64) AppleWebKit/537.36 (KHTML, like Gecko) Chrome/121.0.0.0 Safari/537.36 OPR/107.0.0.0" 450 **0/450489**
74.7.241.2 - - [16/Mar/2026:06:16:12 -0700] "GET /sitemap.xml?fileloc=//proc/84694/net/tcp&path=//proc/84694/net HTTP/2.0" 200 6863 "https://statusplan.com/sitemap.xml?path=//proc/84694/net" "Mozilla/5.0 AppleWebKit/537.36 (KHTML, like Gecko; compatible; GPTBot/1.3; +https://openai.com/gptbot)" 270 **0/270740**
57.141.6.23 - - [16/Mar/2026:06:16:12 -0700] "GET /products/anillo-14-k/26756413/ HTTP/2.0" 200 63518 "-" "meta-externalagent/1.1 (+https://developers.facebook.com/docs/sharing/webmasters/crawler)" 497 **0/497310**
74.7.241.2 - - [16/Mar/2026:06:16:16 -0700] "GET /sitemap.xml?fileloc=//proc/84694/net/arp&path=//proc/84694/net HTTP/2.0" 200 2270 "https://statusplan.com/sitemap.xml?path=//proc/84694/net" "Mozilla/5.0 AppleWebKit/537.36 (KHTML, like Gecko; compatible; GPTBot/1.3; +https://openai.com/gptbot)" 467 **0/467094**
57.141.6.40 - - [16/Mar/2026:06:16:17 -0700] "GET /products/49ers-fitted-side-7/47509873/ HTTP/2.0" 200 63518 "-" "meta-externalagent/1.1 (+https://developers.facebook.com/docs/sharing/webmasters/crawler)" 516 **0/516017**
12.153.202.221 - - [16/Mar/2026:06:16:17 -0700] "GET /1win-colombia-340/?fileloc=%2Fhome%2Fworkshopbrain%2Fpublic_html%2Fbradford%2Fwp-includes%2Fclass-wp-http-cookie.php&path=%2Fhome%2Fworkshopbrain%2Fpublic_html%2Fbradford%2Fwp-includes HTTP/2.0" 200 4671 "https://www.google.com/" "Mozilla/5.0 (Macintosh; Intel Mac OS X 10.15) Gecko/20100101 Firefox/108.0" 431 **0/431928**
47.128.120.187 - - [16/Mar/2026:06:16:17 -0700] "GET /?fileloc=%2F%2Flib%2Ffirmware%2Fintel%2Fdsp_fw_cnl_v1191.bin&path=%2F%2Flib%2Ffirmware%2Fintel HTTP/2.0" 200 2287 "-" "Mozilla/5.0 (Linux; Android 5.0) AppleWebKit/537.36 (KHTML, like Gecko) Mobile Safari/537.36 (compatible; TikTokSpider; ttspider-feedback@tiktok.com)" 254 **0/254626**
74.7.241.2 - - [16/Mar/2026:06:16:19 -0700] "GET /sitemap.xml?fileloc=//proc/84714/net/arp&path=//proc/84714/net HTTP/2.0" 200 2270 "https://statusplan.com/sitemap.xml?path=//proc/84714/net" "Mozilla/5.0 AppleWebKit/537.36 (KHTML, like Gecko; compatible; GPTBot/1.3; +https://openai.com/gptbot)" 234 **0/234078**
57.141.6.53 - - [16/Mar/2026:06:16:19 -0700] "GET /products/trek-bike-size-26-good-condition/39754006/ HTTP/2.0" 200 63518 "-" "meta-externalagent/1.1 (+https://developers.facebook.com/docs/sharing/webmasters/crawler)" 301 **0/301861**
196.77.191.105 - - [16/Mar/2026:06:16:20 -0700] "GET /1win-colombia-340/?fileloc=%2Fhome%2Fworkshopbrain%2Fpublic_html%2Fbradford%2Fapple-touch-icon-114.png&path=%2Fhome%2Fworkshopbrain%2Fpublic_html%2Fbradford HTTP/2.0" 200 2289 "https://www.google.com/" "Mozilla/5.0 (Windows NT 10.0; Win64; x64) AppleWebKit/537.36 (KHTML, like Gecko) Chrome/121.0.0.0 Safari/537.36 OPR/107.0.0.0" 411 **0/411931**
57.141.6.42 - - [16/Mar/2026:06:16:21 -0700] "GET /products/aicook-professional-blender/20260840/ HTTP/2.0" 200 63518 "-" "meta-externalagent/1.1 (+https://developers.facebook.com/docs/sharing/webmasters/crawler)" 297 **0/297441**
74.7.241.2 - - [16/Mar/2026:06:16:22 -0700] "GET /sitemap.xml?fileloc=//proc/84714/net/tcp&path=//proc/84714/net HTTP/2.0" 200 6667 "https://statusplan.com/sitemap.xml?path=//proc/84714/net" "Mozilla/5.0 AppleWebKit/537.36 (KHTML, like Gecko; compatible; GPTBot/1.3; +https://openai.com/gptbot)" 262 **0/262515**
57.141.6.38 - - [16/Mar/2026:06:16:22 -0700] "GET /products/theres-3-of-these-for-sale/48491938/ HTTP/2.0" 200 63518 "-" "meta-externalagent/1.1 (+https://developers.facebook.com/docs/sharing/webmasters/crawler)" 277 **0/277792**
196.77.191.105 - - [16/Mar/2026:06:16:23 -0700] "GET /1win-colombia-340/?fileloc=%2F%2Fproc%2F1008896%2Fcwd%2Fusr%2Flib64%2Flibgfortran.so.5&path=%2F%2Fproc%2F1008896%2Fcwd%2Fusr%2Flib64 HTTP/2.0" 200 2298 "https://www.yahoo.com/" "Mozilla/5.0 (Windows NT 10.0; Win64; x64) AppleWebKit/537.36 (KHTML, like Gecko) Chrome/121.0.0.0 Safari/537.36 OPR/107.0.0.0" 374 **0/374905**
74.7.241.2 - - [16/Mar/2026:06:16:25 -0700] "GET /sitemap.xml?fileloc=//proc/84694/net/netstat&path=//proc/84694/net HTTP/2.0" 200 2272 "https://statusplan.com/sitemap.xml?path=//proc/84694/net" "Mozilla/5.0 AppleWebKit/537.36 (KHTML, like Gecko; compatible; GPTBot/1.3; +https://openai.com/gptbot)" 244 **0/244723**
57.141.6.35 - - [16/Mar/2026:06:16:25 -0700] "GET /products/vendo-im-seth-de-llantas-18565r14-marca-forceland/49890538/ HTTP/2.0" 200 63518 "-" "meta-externalagent/1.1 (+https://developers.facebook.com/docs/sharing/webmasters/crawler)" 236 **0/236479**
57.141.6.8 - - [16/Mar/2026:06:16:27 -0700] "GET /products/vintage-solid-wood-tv-cabinet/24001654/ HTTP/2.0" 200 63518 "-" "meta-externalagent/1.1 (+https://developers.facebook.com/docs/sharing/webmasters/crawler)" 246 **0/246268**
74.7.241.2 - - [16/Mar/2026:06:16:28 -0700] "GET /sitemap.xml?fileloc=//proc/84714/net/protocols&path=//proc/84714/net HTTP/2.0" 200 2274 "https://statusplan.com/sitemap.xml?path=//proc/84714/net" "Mozilla/5.0 AppleWebKit/537.36 (KHTML, like Gecko; compatible; GPTBot/1.3; +https://openai.com/gptbot)" 283 **0/283445**
12.153.202.221 - - [16/Mar/2026:06:16:28 -0700] "GET /?fileloc=%2Fhome%2Fworkshopbrain%2Fpublic_html%2Foxford%2Fwp-admin%2Fupgrade-functions.php&path=%2Fhome%2Fworkshopbrain%2Fpublic_html%2Foxford%2Fwp-admin HTTP/2.0" 200 2457 "https://www.yahoo.com/" "Mozilla/5.0 (Macintosh; Intel Mac OS X 10.15) Gecko/20100101 Firefox/108.0" 448 **0/448324**
57.141.6.64 - - [16/Mar/2026:06:16:29 -0700] "GET /products/samsung-bluetooth-sound-bar-hdmi/45014863/ HTTP/2.0" 200 63518 "-" "meta-externalagent/1.1 (+https://developers.facebook.com/docs/sharing/webmasters/crawler)" 243 **0/243834**
74.7.241.2 - - [16/Mar/2026:06:16:31 -0700] "GET /sitemap.xml?fileloc=//proc/84714/net/netstat&path=//proc/84714/net HTTP/2.0" 200 2272 "https://statusplan.com/sitemap.xml?path=//proc/84714/net" "Mozilla/5.0 AppleWebKit/537.36 (KHTML, like Gecko; compatible; GPTBot/1.3; +https://openai.com/gptbot)" 261 **0/261672**
57.141.6.10 - - [16/Mar/2026:06:16:31 -0700] "GET /products/60/11029807/ HTTP/2.0" 200 63518 "-" "meta-externalagent/1.1 (+https://developers.facebook.com/docs/sharing/webmasters/crawler)" 521 **0/521465**
12.153.202.221 - - [16/Mar/2026:06:16:31 -0700] "GET /1win-colombia-340/?fileloc=%2Fhome%2Fworkshopbrain%2Fpublic_html%2Fstatusplan.com%2Fwp-admin%2Fincludes%2Fclass-wp-links-list-table.php&path=%2Fhome%2Fworkshopbrain%2Fpublic_html%2Fstatusplan.com%2Fwp-admin%2Fincludes HTTP/2.0" 200 4839 "https://www.bing.com/" "Mozilla/5.0 (Macintosh; Intel Mac OS X 10.15) Gecko/20100101 Firefox/108.0" 452 **0/452161**
57.141.6.53 - - [16/Mar/2026:06:16:33 -0700] "GET /products/iphone-se-2020-64gb-white-unlocked-model-a2275-99-battery-li/16894519/ HTTP/2.0" 200 63518 "-" "meta-externalagent/1.1 (+https://developers.facebook.com/docs/sharing/webmasters/crawler)" 280 **0/280167**
74.7.241.2 - - [16/Mar/2026:06:16:34 -0700] "GET /sitemap.xml?fileloc=//proc/84714/net/connector&path=//proc/84714/net HTTP/2.0" 200 2271 "https://statusplan.com/sitemap.xml?path=//proc/84714/net" "Mozilla/5.0 AppleWebKit/537.36 (KHTML, like Gecko; compatible; GPTBot/1.3; +https://openai.com/gptbot)" 270 **0/270676**
66.249.68.136 - - [16/Mar/2026:06:16:34 -0700] "GET /?products/adidas-forum-low/44317873/ HTTP/1.1" 200 22765 "-" "Mozilla/5.0 (Linux; Android 6.0.1; Nexus 5X Build/MMB29P) AppleWebKit/537.36 (KHTML, like Gecko) Chrome/145.0.7632.116 Mobile Safari/537.36 (compatible; Googlebot/2.1; +http://www.google.com/bot.html)" 280 **0/280237**
57.141.6.43 - - [16/Mar/2026:06:16:35 -0700] "GET /products/po-up-thats-a-awful-lot-of-cough-syrup-t-shirt/48941989/ HTTP/2.0" 200 63518 "-" "meta-externalagent/1.1 (+https://developers.facebook.com/docs/sharing/webmasters/crawler)" 258 **0/258841**
57.141.6.28 - - [16/Mar/2026:06:16:35 -0700] "GET /products/pakete-de-moldes-para-muecos-en-fomy/15139108/ HTTP/2.0" 200 63518 "-" "meta-externalagent/1.1 (+https://developers.facebook.com/docs/sharing/webmasters/crawler)" 241 **0/241382**
172.58.252.135 - - [16/Mar/2026:06:16:35 -0700] "GET /1win-colombia-340/?fileloc=%2F%2Fproc%2F1008896%2Fcwd%2Fusr%2Flib64%2Flibpcap.so.1.9.1&path=%2F%2Fproc%2F1008896%2Fcwd%2Fusr%2Flib64 HTTP/2.0" 200 2297 "https://www.statusplan.com/" "Mozilla/5.0 (X11; Linux x86_64) AppleWebKit/537.36 (KHTML, like Gecko) Chrome/117.0.0.0 Safari/537.36 OPR/89.0.0.0" 318 **0/318497**
74.7.241.2 - - [16/Mar/2026:06:16:37 -0700] "GET /sitemap.xml?fileloc=//proc/84694/net/protocols&path=//proc/84694/net HTTP/2.0" 200 2275 "https://statusplan.com/sitemap.xml?path=//proc/84694/net" "Mozilla/5.0 AppleWebKit/537.36 (KHTML, like Gecko; compatible; GPTBot/1.3; +https://openai.com/gptbot)" 256 **0/256067**
57.141.6.11 - - [16/Mar/2026:06:16:39 -0700] "GET /products/eeyore-12-backpack-1-available/13028986/ HTTP/2.0" 200 63518 "-" "meta-externalagent/1.1 (+https://developers.facebook.com/docs/sharing/webmasters/crawler)" 260 **0/260752**
74.7.241.2 - - [16/Mar/2026:06:16:41 -0700] "GET /sitemap.xml?fileloc=//proc/84694/net/connector&path=//proc/84694/net HTTP/2.0" 200 2273 "https://statusplan.com/sitemap.xml?path=//proc/84694/net" "Mozilla/5.0 AppleWebKit/537.36 (KHTML, like Gecko; compatible; GPTBot/1.3; +https://openai.com/gptbot)" 273 **0/273894**
57.141.6.8 - - [16/Mar/2026:06:16:42 -0700] "GET /products/2456517-toyo-tires/29391955/ HTTP/2.0" 200 63518 "-" "meta-externalagent/1.1 (+https://developers.facebook.com/docs/sharing/webmasters/crawler)" 235 **0/235970**
47.128.120.191 - - [16/Mar/2026:06:16:42 -0700] "GET /?path=%2F%2Fusr%2Fshare%2Flocale%2Fny%2FLC_MESSAGES HTTP/2.0" 200 2348 "-" "Mozilla/5.0 (Linux; Android 5.0) AppleWebKit/537.36 (KHTML, like Gecko) Mobile Safari/537.36 (compatible; TikTokSpider; ttspider-feedback@tiktok.com)" 476 **0/476513**
74.7.241.2 - - [16/Mar/2026:06:16:44 -0700] "GET /sitemap.xml?fileloc=//proc/84714/net/igmp&path=//proc/84714/net HTTP/2.0" 200 2271 "https://statusplan.com/sitemap.xml?path=//proc/84714/net" "Mozilla/5.0 AppleWebKit/537.36 (KHTML, like Gecko; compatible; GPTBot/1.3; +https://openai.com/gptbot)" 278 **0/278075**
57.141.6.28 - - [16/Mar/2026:06:16:45 -0700] "GET /products/2026-01-bmw-325i-e36-steering-wheel/31331095/ HTTP/2.0" 200 63518 "-" "meta-externalagent/1.1 (+https://developers.facebook.com/docs/sharing/webmasters/crawler)" 281 **0/281103**
196.77.191.105 - - [16/Mar/2026:06:16:45 -0700] "GET /1win-colombia-340/?fileloc=%2Fhome%2Fworkshopbrain%2Fpublic_html%2Fcolumbia%2Fwp-admin%2Fimages%2Falign-right-2x.png&path=%2Fhome%2Fworkshopbrain%2Fpublic_html%2Fcolumbia%2Fwp-admin%2Fimages HTTP/2.0" 200 2301 "https://www.bing.com/" "Mozilla/5.0 (Windows NT 10.0; Win64; x64) AppleWebKit/537.36 (KHTML, like Gecko) Chrome/121.0.0.0 Safari/537.36 OPR/107.0.0.0" 460 **0/460874**
57.141.6.54 - - [16/Mar/2026:06:16:47 -0700] "GET /products/palm-angels-tee/38611501/ HTTP/2.0" 200 63518 "-" "meta-externalagent/1.1 (+https://developers.facebook.com/docs/sharing/webmasters/crawler)" 277 **0/277408**
74.7.241.2 - - [16/Mar/2026:06:16:47 -0700] "GET /sitemap.xml?fileloc=//proc/84715/net/icmp&path=//proc/84715/net HTTP/2.0" 200 2271 "https://statusplan.com/sitemap.xml?path=//proc/84715/net" "Mozilla/5.0 AppleWebKit/537.36 (KHTML, like Gecko; compatible; GPTBot/1.3; +https://openai.com/gptbot)" 260 **0/260129**
47.13.83.117 - - [16/Mar/2026:06:16:48 -0700] "GET /1win-colombia-340/?fileloc=%2F%2Flib%2Fnode_modules%2Fnpm%2Fman%2Fman8%2Fsystemd-user-sessions.service.8.gz&path=%2F%2Flib%2Fnode_modules%2Fnpm%2Fman%2Fman8 HTTP/2.0" 200 2310 "-" "Mozilla/5.0 (X11; Linux x86_64; rv:124.0) Gecko/20100101 Firefox/124.0" 335 **0/335477**
74.7.241.2 - - [16/Mar/2026:06:16:50 -0700] "GET /sitemap.xml?fileloc=//proc/84712/net/icmp&path=//proc/84712/net HTTP/2.0" 200 2271 "https://statusplan.com/sitemap.xml?path=//proc/84712/net" "Mozilla/5.0 AppleWebKit/537.36 (KHTML, like Gecko; compatible; GPTBot/1.3; +https://openai.com/gptbot)" 254 **0/254544**
172.58.252.135 - - [16/Mar/2026:06:16:51 -0700] "GET /1win-colombia-340/?path=%2F%2Fopt%2Fcpanel%2Fea-ruby27%2Froot%2Fbin HTTP/2.0" 200 2960 "https://www.statusplan.com/" "Mozilla/5.0 (X11; Linux x86_64) AppleWebKit/537.36 (KHTML, like Gecko) Chrome/117.0.0.0 Safari/537.36 OPR/89.0.0.0" 340 **0/340916**
57.141.6.61 - - [16/Mar/2026:06:16:52 -0700] "GET /products/pipa-lite-lx/30355183/ HTTP/2.0" 200 63518 "-" "meta-externalagent/1.1 (+https://developers.facebook.com/docs/sharing/webmasters/crawler)" 250 **0/250711**
74.7.241.2 - - [16/Mar/2026:06:16:53 -0700] "GET /sitemap.xml?fileloc=//proc/84721/net/icmp&path=//proc/84721/net HTTP/2.0" 200 2271 "https://statusplan.com/sitemap.xml?path=//proc/84721/net" "Mozilla/5.0 AppleWebKit/537.36 (KHTML, like Gecko; compatible; GPTBot/1.3; +https://openai.com/gptbot)" 268 **0/268359**
57.141.6.71 - - [16/Mar/2026:06:16:54 -0700] "GET /products/buenas-condiciones/31027414/ HTTP/2.0" 200 63518 "-" "meta-externalagent/1.1 (+https://developers.facebook.com/docs/sharing/webmasters/crawler)" 257 **0/257647**
47.13.83.117 - - [16/Mar/2026:06:16:54 -0700] "GET /?fileloc=%2Fhome%2Fworkshopbrain%2Fpublic_html%2Fstatusplan.com%2Fwp-includes%2Fblocks%2Fquery-pagination-previous.php&path=%2Fhome%2Fworkshopbrain%2Fpublic_html%2Fstatusplan.com%2Fwp-includes%2Fblocks HTTP/2.0" 200 3121 "http://www.baidu.com/" "Mozilla/5.0 (X11; Linux x86_64; rv:124.0) Gecko/20100101 Firefox/124.0" 325 **0/325175**
57.141.6.31 - - [16/Mar/2026:06:16:56 -0700] "GET /products/04-08-ford-f150-06-08-lincoln-mark-lt-fender-flares-flametas/21121987/ HTTP/2.0" 200 63518 "-" "meta-externalagent/1.1 (+https://developers.facebook.com/docs/sharing/webmasters/crawler)" 297 **0/297346**
74.7.241.2 - - [16/Mar/2026:06:16:56 -0700] "GET /sitemap.xml?fileloc=//proc/84694/net/igmp&path=//proc/84694/net HTTP/2.0" 200 2271 "https://statusplan.com/sitemap.xml?path=//proc/84694/net" "Mozilla/5.0 AppleWebKit/537.36 (KHTML, like Gecko; compatible; GPTBot/1.3; +https://openai.com/gptbot)" 250 **0/250209**
74.7.241.2 - - [16/Mar/2026:06:16:59 -0700] "GET /sitemap.xml?fileloc=//proc/84693/net/icmp&path=//proc/84693/net HTTP/2.0" 200 2271 "https://statusplan.com/sitemap.xml?path=//proc/84693/net" "Mozilla/5.0 AppleWebKit/537.36 (KHTML, like Gecko; compatible; GPTBot/1.3; +https://openai.com/gptbot)" 259 **0/259905**
196.77.191.105 - - [16/Mar/2026:06:17:00 -0700] "GET /?fileloc=%2Fhome%2Fworkshopbrain%2Fpublic_html%2Fstatusplan.co%2Fwp-includes%2Fms-settings.php&path=%2Fhome%2Fworkshopbrain%2Fpublic_html%2Fstatusplan.co%2Fwp-includes HTTP/2.0" 200 3734 "https://www.statusplan.com/" "Mozilla/5.0 (Windows NT 10.0; Win64; x64) AppleWebKit/537.36 (KHTML, like Gecko) Chrome/121.0.0.0 Safari/537.36 OPR/107.0.0.0" 345 **0/345487**
57.141.6.63 - - [16/Mar/2026:06:17:00 -0700] "GET /products/nasco-14-x-25-racing-propeller/17684203/ HTTP/2.0" 200 63518 "-" "meta-externalagent/1.1 (+https://developers.facebook.com/docs/sharing/webmasters/crawler)" 232 **0/232845**
57.141.6.32 - - [16/Mar/2026:06:17:01 -0700] "GET /products/4-stover-burner-out-door-only-31-high-x-19-12-wide-x-23-dept/34477651/ HTTP/2.0" 200 63518 "-" "meta-externalagent/1.1 (+https://developers.facebook.com/docs/sharing/webmasters/crawler)" 279 **0/279828**
74.7.241.2 - - [16/Mar/2026:06:17:02 -0700] "GET /sitemap.xml?fileloc=//proc/84716/net/icmp&path=//proc/84716/net HTTP/2.0" 200 2271 "https://statusplan.com/sitemap.xml?path=//proc/84716/net" "Mozilla/5.0 AppleWebKit/537.36 (KHTML, like Gecko; compatible; GPTBot/1.3; +https://openai.com/gptbot)" 267 **0/267104**
47.13.83.117 - - [16/Mar/2026:06:17:03 -0700] "GET /?fileloc=%2Fhome%2Fworkshopbrain%2Fpublic_html%2Fshea%2Fwp-admin%2Fjs%2Fset-post-thumbnail.min.js&path=%2Fhome%2Fworkshopbrain%2Fpublic_html%2Fshea%2Fwp-admin%2Fjs HTTP/2.0" 200 2623 "http://www.baidu.com/" "Mozilla/5.0 (X11; Linux x86_64; rv:124.0) Gecko/20100101 Firefox/124.0" 373 **0/373570**
57.141.6.42 - - [16/Mar/2026:06:17:03 -0700] "GET /products/table-and-4-chairs/18915790/ HTTP/2.0" 200 63518 "-" "meta-externalagent/1.1 (+https://developers.facebook.com/docs/sharing/webmasters/crawler)" 289 **0/289492**
47.13.83.117 - - [16/Mar/2026:06:17:06 -0700] "GET /1win-colombia-340/?fileloc=%2F%2Flib%2Fnode_modules%2Fnpm%2Fman%2Fman5%2Fsystemd.preset.5.gz&path=%2F%2Flib%2Fnode_modules%2Fnpm%2Fman%2Fman5 HTTP/2.0" 200 2301 "http://www.baidu.com/" "Mozilla/5.0 (X11; Linux x86_64; rv:124.0) Gecko/20100101 Firefox/124.0" 322 **0/322866**
74.7.241.2 - - [16/Mar/2026:06:17:06 -0700] "GET /sitemap.xml?fileloc=//proc/84712/net/snmp&path=//proc/84712/net HTTP/2.0" 200 2271 "https://statusplan.com/sitemap.xml?path=//proc/84712/net" "Mozilla/5.0 AppleWebKit/537.36 (KHTML, like Gecko; compatible; GPTBot/1.3; +https://openai.com/gptbot)" 492 **0/492545**
47.128.120.160 - - [16/Mar/2026:06:17:06 -0700] "GET /?fileloc=%2F%2Flib%2Ffirmware%2Fqcom%2Fqcm2290%2Fadspua.jsn&path=%2F%2Flib%2Ffirmware%2Fqcom%2Fqcm2290 HTTP/2.0" 200 2463 "-" "Mozilla/5.0 (Linux; Android 5.0) AppleWebKit/537.36 (KHTML, like Gecko) Mobile Safari/537.36 (compatible; TikTokSpider; ttspider-feedback@tiktok.com)" 243 **0/243476**
57.141.6.5 - - [16/Mar/2026:06:17:07 -0700] "GET /products/two-brown-bar-stool-chairs/18882337/ HTTP/2.0" 200 63518 "-" "meta-externalagent/1.1 (+https://developers.facebook.com/docs/sharing/webmasters/crawler)" 264 **0/264640**
72.223.71.146 - - [16/Mar/2026:06:17:07 -0700] "GET /1win-colombia-340/?fileloc=%2Fhome%2Fworkshopbrain%2Fpublic_html%2Fcolumbia%2Fwp-includes%2Fclass-wp-widget-factory.php&path=%2Fhome%2Fworkshopbrain%2Fpublic_html%2Fcolumbia%2Fwp-includes HTTP/2.0" 200 3237 "https://www.statusplan.com/" "Mozilla/5.0 (X11; Linux x86_64) AppleWebKit/537.36 (KHTML, like Gecko) Chrome/141.0.0.0 Safari/537.36" 347 **0/347293**
140.174.116.200 - - [16/Mar/2026:06:17:07 -0700] "GET /1win-colombia-340/?fileloc=%2F%2Flib%2Fnode_modules%2Fnpm%2Fman%2Fman5%2Fsystemd.preset.5.gz&path=%2F%2Flib%2Fnode_modules%2Fnpm%2Fman%2Fman5 HTTP/2.0" 200 2301 "-" "Mozilla/5.0 (Linux; Android 5.0; SM-G900P Build/LRX21T) AppleWebKit/537.36 (KHTML, like Gecko) Chrome/53.0.9356.1235 Mobile Safari/537.36" 364 **0/364567**
57.141.6.47 - - [16/Mar/2026:06:17:08 -0700] "GET /products/large-solid-wood-dresser/25834177/ HTTP/2.0" 200 63518 "-" "meta-externalagent/1.1 (+https://developers.facebook.com/docs/sharing/webmasters/crawler)" 523 **0/523206**
74.7.241.2 - - [16/Mar/2026:06:17:09 -0700] "GET /sitemap.xml?fileloc=//proc/84715/net/igmp&path=//proc/84715/net HTTP/2.0" 200 2271 "https://statusplan.com/sitemap.xml?path=//proc/84715/net" "Mozilla/5.0 AppleWebKit/537.36 (KHTML, like Gecko; compatible; GPTBot/1.3; +https://openai.com/gptbot)" 292 **0/292866**
57.141.6.68 - - [16/Mar/2026:06:17:10 -0700] "GET /products/essentials-sand-tee-medium/13597729/ HTTP/2.0" 200 63518 "-" "meta-externalagent/1.1 (+https://developers.facebook.com/docs/sharing/webmasters/crawler)" 732 **0/732867**
66.249.68.136 - - [16/Mar/2026:06:17:11 -0700] "GET /?products/vivint-security-system/37220902/ HTTP/1.1" 200 22535 "-" "Mozilla/5.0 (Linux; Android 6.0.1; Nexus 5X Build/MMB29P) AppleWebKit/537.36 (KHTML, like Gecko) Chrome/145.0.7632.116 Mobile Safari/537.36 (compatible; Googlebot/2.1; +http://www.google.com/bot.html)" 258 **0/258955**
47.13.83.117 - - [16/Mar/2026:06:17:12 -0700] "GET /1win-colombia-340/?fileloc=%2Fhome%2Fworkshopbrain%2Fpublic_html%2Fned%2Fwp-admin%2Foptions-general.php&path=%2Fhome%2Fworkshopbrain%2Fpublic_html%2Fned%2Fwp-admin HTTP/2.0" 200 7281 "http://www.baidu.com/" "Mozilla/5.0 (X11; Linux x86_64; rv:124.0) Gecko/20100101 Firefox/124.0" 301 **0/301068**
74.7.241.2 - - [16/Mar/2026:06:17:12 -0700] "GET /sitemap.xml?fileloc=//proc/84693/net/igmp&path=//proc/84693/net HTTP/2.0" 200 2271 "https://statusplan.com/sitemap.xml?path=//proc/84693/net" "Mozilla/5.0 AppleWebKit/537.36 (KHTML, like Gecko; compatible; GPTBot/1.3; +https://openai.com/gptbot)" 284 **0/284559**
57.141.6.20 - - [16/Mar/2026:06:17:12 -0700] "GET /products/estrada-surfboard/23125765/ HTTP/2.0" 200 63518 "-" "meta-externalagent/1.1 (+https://developers.facebook.com/docs/sharing/webmasters/crawler)" 257 **0/257308**
57.141.6.26 - - [16/Mar/2026:06:17:15 -0700] "GET /products/daycare-cribspace-saver/30344515/ HTTP/2.0" 200 63518 "-" "meta-externalagent/1.1 (+https://developers.facebook.com/docs/sharing/webmasters/crawler)" 252 **0/252720**
57.141.6.45 - - [16/Mar/2026:06:17:15 -0700] "GET /products/calvin-klein-mens-everyday-essential-faux-leather-jacket-siz/49168894/ HTTP/2.0" 200 63518 "-" "meta-externalagent/1.1 (+https://developers.facebook.com/docs/sharing/webmasters/crawler)" 238 **0/238606**
74.7.241.2 - - [16/Mar/2026:06:17:15 -0700] "GET /sitemap.xml?fileloc=//proc/84716/net/igmp&path=//proc/84716/net HTTP/2.0" 200 2271 "https://statusplan.com/sitemap.xml?path=//proc/84716/net" "Mozilla/5.0 AppleWebKit/537.36 (KHTML, like Gecko; compatible; GPTBot/1.3; +https://openai.com/gptbot)" 502 **0/502831**
72.223.71.146 - - [16/Mar/2026:06:17:15 -0700] "GET /?path=%2Fhome%2Fworkshopbrain%2Fpublic_html%2Fned%2F.well-known%2Facme-challenge HTTP/2.0" 200 2628 "https://www.google.com/" "Mozilla/5.0 (X11; Linux x86_64) AppleWebKit/537.36 (KHTML, like Gecko) Chrome/141.0.0.0 Safari/537.36" 402 **0/402212**
57.141.6.15 - - [16/Mar/2026:06:17:17 -0700] "GET /products/ps4-games/9675454/ HTTP/2.0" 200 63518 "-" "meta-externalagent/1.1 (+https://developers.facebook.com/docs/sharing/webmasters/crawler)" 253 **0/253507**
74.7.241.2 - - [16/Mar/2026:06:17:18 -0700] "GET /sitemap.xml?fileloc=//proc/84693/net/snmp&path=//proc/84693/net HTTP/2.0" 200 2271 "https://statusplan.com/sitemap.xml?path=//proc/84693/net" "Mozilla/5.0 AppleWebKit/537.36 (KHTML, like Gecko; compatible; GPTBot/1.3; +https://openai.com/gptbot)" 267 **0/267038**
172.58.252.135 - - [16/Mar/2026:06:17:18 -0700] "GET /?fileloc=%2F%2Fusr%2Flib%2Ffirmware%2Fintel%2Fipu%2Fipu6epmtl_fw.bin&path=%2F%2Fusr%2Flib%2Ffirmware%2Fintel%2Fipu HTTP/2.0" 200 2301 "https://www.statusplan.com/" "Mozilla/5.0 (X11; Linux x86_64) AppleWebKit/537.36 (KHTML, like Gecko) Chrome/117.0.0.0 Safari/537.36 OPR/89.0.0.0" 325 **0/325888**
57.141.6.42 - - [16/Mar/2026:06:17:21 -0700] "GET /products/mickey-mouse-party-cutout-120/15010714/ HTTP/2.0" 200 63518 "-" "meta-externalagent/1.1 (+https://developers.facebook.com/docs/sharing/webmasters/crawler)" 260 **0/260596**
66.249.68.136 - - [16/Mar/2026:06:17:21 -0700] "GET /?products/bowery-hill-22-square-contemporary-glass-top-end-table-in-bl/32812834/ HTTP/1.1" 200 22266 "-" "Mozilla/5.0 (Linux; Android 6.0.1; Nexus 5X Build/MMB29P) AppleWebKit/537.36 (KHTML, like Gecko) Chrome/145.0.7632.116 Mobile Safari/537.36 (compatible; Googlebot/2.1; +http://www.google.com/bot.html)" 240 **0/240690**
74.7.241.2 - - [16/Mar/2026:06:17:21 -0700] "GET /sitemap.xml?fileloc=//proc/84716/net/snmp&path=//proc/84716/net HTTP/2.0" 200 2271 "https://statusplan.com/sitemap.xml?path=//proc/84716/net" "Mozilla/5.0 AppleWebKit/537.36 (KHTML, like Gecko; compatible; GPTBot/1.3; +https://openai.com/gptbot)" 230 **0/230520**
