74.7.241.2 - - [16/Mar/2026:06:33:21 -0700] "GET /sitemap.xml?path=//proc/84716/net/rpc HTTP/2.0" 200 2328 "https://statusplan.com/sitemap.xml?path=//proc/84716/net" "Mozilla/5.0 AppleWebKit/537.36 (KHTML, like Gecko; compatible; GPTBot/1.3; +https://openai.com/gptbot)" 366 **0/366573**
73.206.160.43 - - [16/Mar/2026:06:33:22 -0700] "GET /?path=%2Fhome%2Fworkshopbrain%2Fpublic_html%2Fshea%2Fwp-content%2Fuploads%2Fsites%2F6%2F2023 HTTP/2.0" 200 2764 "https://www.google.com/" "Mozilla/5.0 (X11; Ubuntu; Linux x86_64; rv:124.0) Gecko/20100101 Firefox/124.0" 351 **0/351814**
216.73.216.178 - - [16/Mar/2026:06:33:23 -0700] "GET /?fileloc=%2Fhome%2Fworkshopbrain%2Fpublic_html%2Fwp-load.php&path=%2Fhome%2Fworkshopbrain%2Fpublic_html HTTP/2.0" 200 3830 "-" "Mozilla/5.0 AppleWebKit/537.36 (KHTML, like Gecko; compatible; ClaudeBot/1.0; +claudebot@anthropic.com)" 234 **0/234807**
57.141.6.40 - - [16/Mar/2026:06:33:24 -0700] "GET /products/2022-the-goods-bbcor-baseball-bat/36488632/ HTTP/2.0" 200 63518 "-" "meta-externalagent/1.1 (+https://developers.facebook.com/docs/sharing/webmasters/crawler)" 254 **0/254317**
74.7.241.2 - - [16/Mar/2026:06:33:24 -0700] "GET /sitemap.xml?path=//proc/84712/net/rpc HTTP/2.0" 200 2328 "https://statusplan.com/sitemap.xml?path=//proc/84712/net" "Mozilla/5.0 AppleWebKit/537.36 (KHTML, like Gecko; compatible; GPTBot/1.3; +https://openai.com/gptbot)" 234 **0/234610**
57.141.6.15 - - [16/Mar/2026:06:33:25 -0700] "GET /products/mens-a-miri-black-staggered-tee-shirt/13241695/ HTTP/2.0" 200 63518 "-" "meta-externalagent/1.1 (+https://developers.facebook.com/docs/sharing/webmasters/crawler)" 451 **0/451281**
216.73.216.178 - - [16/Mar/2026:06:33:25 -0700] "GET /sitemap.xml?fileloc=%2F%2Fbin%2Fcolumn&path=%2F%2Fbin HTTP/2.0" 200 2247 "-" "Mozilla/5.0 AppleWebKit/537.36 (KHTML, like Gecko; compatible; ClaudeBot/1.0; +claudebot@anthropic.com)" 247 **0/247421**
91.177.210.127 - - [16/Mar/2026:06:33:25 -0700] "GET /1win-colombia-340/?fileloc=%2F%2Fsbin%2Fcreate-cracklib-dict&path=%2F%2Fsbin HTTP/1.1" 200 2757 "https://www.statusplan.com/" "Mozilla/5.0 (Macintosh; Intel Mac OS X 10_13_0; rv:133.660.024) Gecko/20100101 Firefox/133.660.024" 727 **0/727584**
57.141.6.15 - - [16/Mar/2026:06:33:26 -0700] "GET /products/2005-2013-chevy-corvette-c6-driver-side-fender/33269920/ HTTP/2.0" 200 63518 "-" "meta-externalagent/1.1 (+https://developers.facebook.com/docs/sharing/webmasters/crawler)" 254 **0/254482**
74.7.241.2 - - [16/Mar/2026:06:33:28 -0700] "GET /sitemap.xml?path=//proc/84694/net/rpc HTTP/2.0" 200 2327 "https://statusplan.com/sitemap.xml?path=//proc/84694/net" "Mozilla/5.0 AppleWebKit/537.36 (KHTML, like Gecko; compatible; GPTBot/1.3; +https://openai.com/gptbot)" 373 **0/373568**
73.206.160.43 - - [16/Mar/2026:06:33:28 -0700] "GET /?fileloc=%2Fhome%2Fworkshopbrain%2Fpublic_html%2Fbatteryatl%2Fwp-includes%2Fclass-wp-network.php&path=%2Fhome%2Fworkshopbrain%2Fpublic_html%2Fbatteryatl%2Fwp-includes HTTP/2.0" 200 5886 "https://www.bing.com/" "Mozilla/5.0 (X11; Ubuntu; Linux x86_64; rv:124.0) Gecko/20100101 Firefox/124.0" 524 **0/524105**
216.73.216.178 - - [16/Mar/2026:06:33:28 -0700] "GET /sitemap.xml?fileloc=%2F%2Fbin%2Fping&path=%2F%2Fbin HTTP/2.0" 200 2248 "-" "Mozilla/5.0 AppleWebKit/537.36 (KHTML, like Gecko; compatible; ClaudeBot/1.0; +claudebot@anthropic.com)" 266 **0/266232**
57.141.6.14 - - [16/Mar/2026:06:33:30 -0700] "GET /products/wdamage-2026-01-2026-0121-2022-toyota-camry-left-led-headlig/28904251/ HTTP/2.0" 200 63518 "-" "meta-externalagent/1.1 (+https://developers.facebook.com/docs/sharing/webmasters/crawler)" 297 **0/297655**
57.141.6.61 - - [16/Mar/2026:06:33:30 -0700] "GET /products/nike-air-force/17980156/ HTTP/2.0" 200 63518 "-" "meta-externalagent/1.1 (+https://developers.facebook.com/docs/sharing/webmasters/crawler)" 274 **0/274885**
74.7.241.2 - - [16/Mar/2026:06:33:31 -0700] "GET /sitemap.xml?path=//proc/84693/net/rpc HTTP/2.0" 200 2327 "https://statusplan.com/sitemap.xml?path=//proc/84693/net" "Mozilla/5.0 AppleWebKit/537.36 (KHTML, like Gecko; compatible; GPTBot/1.3; +https://openai.com/gptbot)" 259 **0/259803**
216.73.216.178 - - [16/Mar/2026:06:33:31 -0700] "GET /?fileloc=%2Fhome%2Fworkshopbrain%2Fpublic_html%2Fstatusplan.com%2Fcgi-bin%2Fceazdkpw.php&path=%2Fhome%2Fworkshopbrain%2Fpublic_html%2Fstatusplan.com%2Fcgi-bin HTTP/2.0" 200 2292 "-" "Mozilla/5.0 AppleWebKit/537.36 (KHTML, like Gecko; compatible; ClaudeBot/1.0; +claudebot@anthropic.com)" 274 **0/274257**
57.141.6.17 - - [16/Mar/2026:06:33:32 -0700] "GET /products/morten-ford-chesterfield-3-piece-set/10310536/ HTTP/2.0" 403 63518 "-" "meta-externalagent/1.1 (+https://developers.facebook.com/docs/sharing/webmasters/crawler)" 292 **0/292538**
57.141.6.43 - - [16/Mar/2026:06:33:32 -0700] "GET /products/ksp-upper-control-arms-ford-2021/38929483/ HTTP/2.0" 403 63518 "-" "meta-externalagent/1.1 (+https://developers.facebook.com/docs/sharing/webmasters/crawler)" 293 **0/293030**
91.177.210.127 - - [16/Mar/2026:06:33:33 -0700] "GET /?fileloc=%2Fhome%2Fworkshopbrain%2Fpublic_html%2Fstatusplan.com%2Fwp-includes%2Fjs%2Ftw-sack.js&path=%2Fhome%2Fworkshopbrain%2Fpublic_html%2Fstatusplan.com%2Fwp-includes%2Fjs HTTP/1.1" 200 2305 "https://www.statusplan.com/" "Mozilla/5.0 (Macintosh; Intel Mac OS X 10_13_0; rv:133.660.024) Gecko/20100101 Firefox/133.660.024" 319 **0/319210**
57.141.6.54 - - [16/Mar/2026:06:33:34 -0700] "GET /products/baby-high-chair-5-in-1-high-chair-for-toddlers-feeding-chair/41664733/ HTTP/2.0" 403 63518 "-" "meta-externalagent/1.1 (+https://developers.facebook.com/docs/sharing/webmasters/crawler)" 275 **0/275235**
216.73.216.178 - - [16/Mar/2026:06:33:34 -0700] "GET /sitemap.xml?fileloc=%2F%2Fbin%2Fpkgconf&path=%2F%2Fbin HTTP/2.0" 200 2251 "-" "Mozilla/5.0 AppleWebKit/537.36 (KHTML, like Gecko; compatible; ClaudeBot/1.0; +claudebot@anthropic.com)" 235 **0/235188**
57.141.6.15 - - [16/Mar/2026:06:33:36 -0700] "GET /products/dining-table-set-with-bench/36245767/ HTTP/2.0" 200 63518 "-" "meta-externalagent/1.1 (+https://developers.facebook.com/docs/sharing/webmasters/crawler)" 253 **0/253034**
47.128.120.16 - - [16/Mar/2026:06:33:36 -0700] "GET /?path=%2F%2Fusr%2Flib%2Ffirmware%2Fqcom%2Fvenus-6.0 HTTP/2.0" 200 2601 "-" "Mozilla/5.0 (Linux; Android 5.0) AppleWebKit/537.36 (KHTML, like Gecko) Mobile Safari/537.36 (compatible; TikTokSpider; ttspider-feedback@tiktok.com)" 553 **0/553982**
74.7.241.2 - - [16/Mar/2026:06:33:34 -0700] "GET /sitemap.xml?path=//proc/36496 HTTP/2.0" 200 2310 "https://statusplan.com/sitemap.xml?path=//proc" "Mozilla/5.0 AppleWebKit/537.36 (KHTML, like Gecko; compatible; GPTBot/1.3; +https://openai.com/gptbot)" 3156 **3/3156992**
74.7.241.2 - - [16/Mar/2026:06:33:37 -0700] "GET /sitemap.xml?path=//proc/84718 HTTP/2.0" 200 2309 "https://statusplan.com/sitemap.xml?path=//proc" "Mozilla/5.0 AppleWebKit/537.36 (KHTML, like Gecko; compatible; GPTBot/1.3; +https://openai.com/gptbot)" 275 **0/275630**
73.206.160.43 - - [16/Mar/2026:06:33:37 -0700] "GET /?path=%2F%2Fusr%2Fshare%2Flocale%2Flua HTTP/2.0" 200 2580 "https://www.bing.com/" "Mozilla/5.0 (X11; Ubuntu; Linux x86_64; rv:124.0) Gecko/20100101 Firefox/124.0" 369 **0/369542**
216.73.216.178 - - [16/Mar/2026:06:33:37 -0700] "GET /?fileloc=%2Fhome%2Fworkshopbrain%2Fpublic_html%2Fstatusplan.com%2Fwp-admin%2Fpost-less.php&path=%2Fhome%2Fworkshopbrain%2Fpublic_html%2Fstatusplan.com%2Fwp-admin HTTP/2.0" 200 2298 "-" "Mozilla/5.0 AppleWebKit/537.36 (KHTML, like Gecko; compatible; ClaudeBot/1.0; +claudebot@anthropic.com)" 275 **0/275022**
57.141.6.52 - - [16/Mar/2026:06:33:40 -0700] "GET /products/duke-lacrossefootball-cleats/36464146/ HTTP/2.0" 403 63518 "-" "meta-externalagent/1.1 (+https://developers.facebook.com/docs/sharing/webmasters/crawler)" 250 **0/250575**
73.206.160.43 - - [16/Mar/2026:06:33:40 -0700] "GET /?fileloc=%2Fhome%2Fworkshopbrain%2Fpublic_html%2Fstatusplan.com%2F.well-known%2Fcfxvoagk.php&path=%2Fhome%2Fworkshopbrain%2Fpublic_html%2Fstatusplan.com%2F.well-known HTTP/2.0" 200 2298 "https://www.bing.com/" "Mozilla/5.0 (X11; Ubuntu; Linux x86_64; rv:124.0) Gecko/20100101 Firefox/124.0" 445 **0/445670**
74.7.241.2 - - [16/Mar/2026:06:33:40 -0700] "GET /sitemap.xml?path=//proc/84717 HTTP/2.0" 200 2309 "https://statusplan.com/sitemap.xml?path=//proc" "Mozilla/5.0 AppleWebKit/537.36 (KHTML, like Gecko; compatible; GPTBot/1.3; +https://openai.com/gptbot)" 282 **0/282552**
216.73.216.178 - - [16/Mar/2026:06:33:40 -0700] "GET /?fileloc=%2Fhome%2Fworkshopbrain%2Fpublic_html%2Fstatusplan.com%2Fcgi-bin%2Fkrpnzcmp.php&path=%2Fhome%2Fworkshopbrain%2Fpublic_html%2Fstatusplan.com%2Fcgi-bin HTTP/2.0" 200 2293 "-" "Mozilla/5.0 AppleWebKit/537.36 (KHTML, like Gecko; compatible; ClaudeBot/1.0; +claudebot@anthropic.com)" 260 **0/260757**
74.7.241.2 - - [16/Mar/2026:06:33:43 -0700] "GET /sitemap.xml?path=//proc/84721/fdinfo HTTP/2.0" 200 2318 "https://statusplan.com/sitemap.xml?path=//proc/84721" "Mozilla/5.0 AppleWebKit/537.36 (KHTML, like Gecko; compatible; GPTBot/1.3; +https://openai.com/gptbot)" 240 **0/240890**
216.73.216.178 - - [16/Mar/2026:06:33:43 -0700] "GET /?fileloc=%2Fhome%2Fworkshopbrain%2Fpublic_html%2Fstatusplan.com%2Fwp-admin%2Fload-styles.php&path=%2Fhome%2Fworkshopbrain%2Fpublic_html%2Fstatusplan.com%2Fwp-admin HTTP/2.0" 200 3360 "-" "Mozilla/5.0 AppleWebKit/537.36 (KHTML, like Gecko; compatible; ClaudeBot/1.0; +claudebot@anthropic.com)" 255 **0/255833**
57.141.6.20 - - [16/Mar/2026:06:33:44 -0700] "GET /products/range-golf-mat-heavy-duty/22930885/ HTTP/2.0" 403 63518 "-" "meta-externalagent/1.1 (+https://developers.facebook.com/docs/sharing/webmasters/crawler)" 512 **0/512467**
66.249.68.137 - - [16/Mar/2026:06:33:46 -0700] "GET /gluckspilze-aufgepasst-im-wildrobin-casino-winken/ HTTP/1.1" 200 22628 "-" "Mozilla/5.0 (Linux; Android 6.0.1; Nexus 5X Build/MMB29P) AppleWebKit/537.36 (KHTML, like Gecko) Chrome/145.0.7632.116 Mobile Safari/537.36 (compatible; Googlebot/2.1; +http://www.google.com/bot.html)" 235 **0/235093**
57.141.6.47 - - [16/Mar/2026:06:33:46 -0700] "GET /products/2026-01-oldsmobile-hood-also-have-front-fenders/31450165/ HTTP/2.0" 200 63518 "-" "meta-externalagent/1.1 (+https://developers.facebook.com/docs/sharing/webmasters/crawler)" 234 **0/234710**
216.73.216.178 - - [16/Mar/2026:06:33:46 -0700] "GET /?fileloc=%2Fhome%2Fworkshopbrain%2Fpublic_html%2Fstatusplan.com%2Fwp-admin%2Fedit-form-advanced.php&path=%2Fhome%2Fworkshopbrain%2Fpublic_html%2Fstatusplan.com%2Fwp-admin HTTP/2.0" 200 10697 "-" "Mozilla/5.0 AppleWebKit/537.36 (KHTML, like Gecko; compatible; ClaudeBot/1.0; +claudebot@anthropic.com)" 256 **0/256973**
74.7.241.2 - - [16/Mar/2026:06:33:46 -0700] "GET /sitemap.xml?path=//proc/36078/fdinfo HTTP/2.0" 200 2319 "https://statusplan.com/sitemap.xml?path=//proc/36078" "Mozilla/5.0 AppleWebKit/537.36 (KHTML, like Gecko; compatible; GPTBot/1.3; +https://openai.com/gptbot)" 267 **0/267680**
57.141.6.72 - - [16/Mar/2026:06:33:47 -0700] "GET /products/z-gallerie-nigth-stand/18421177/ HTTP/2.0" 403 63518 "-" "meta-externalagent/1.1 (+https://developers.facebook.com/docs/sharing/webmasters/crawler)" 380 **0/380595**
57.141.6.44 - - [16/Mar/2026:06:33:49 -0700] "GET /products/white-and-grey-five-drawer-dresser-chest-new/27227611/ HTTP/2.0" 403 63518 "-" "meta-externalagent/1.1 (+https://developers.facebook.com/docs/sharing/webmasters/crawler)" 251 **0/251556**
216.73.216.178 - - [16/Mar/2026:06:33:49 -0700] "GET /?fileloc=%2Fhome%2Fworkshopbrain%2Fpublic_html%2Fstatusplan.com%2Fcgi-bin%2Fbhxtcdih.php&path=%2Fhome%2Fworkshopbrain%2Fpublic_html%2Fstatusplan.com%2Fcgi-bin HTTP/2.0" 200 2292 "-" "Mozilla/5.0 AppleWebKit/537.36 (KHTML, like Gecko; compatible; ClaudeBot/1.0; +claudebot@anthropic.com)" 276 **0/276373**
74.7.241.2 - - [16/Mar/2026:06:33:50 -0700] "GET /sitemap.xml?path=//proc/84716/fdinfo HTTP/2.0" 200 2319 "https://statusplan.com/sitemap.xml?path=//proc/84716" "Mozilla/5.0 AppleWebKit/537.36 (KHTML, like Gecko; compatible; GPTBot/1.3; +https://openai.com/gptbot)" 298 **0/298726**
57.141.6.66 - - [16/Mar/2026:06:33:51 -0700] "GET /products/milwaukee-new-hackzall-18m-fuel-brushless/22784515/ HTTP/2.0" 200 63518 "-" "meta-externalagent/1.1 (+https://developers.facebook.com/docs/sharing/webmasters/crawler)" 280 **0/280533**
57.141.6.45 - - [16/Mar/2026:06:33:51 -0700] "GET /products/party-machines-popcorn-cotton-candy-snowcones/30058033/ HTTP/2.0" 403 63518 "-" "meta-externalagent/1.1 (+https://developers.facebook.com/docs/sharing/webmasters/crawler)" 272 **0/272321**
216.73.216.178 - - [16/Mar/2026:06:33:52 -0700] "GET /?path=%2Fhome%2Fworkshopbrain%2Fpublic_html%2Fwhitmanfamilydevelopment HTTP/2.0" 200 3468 "-" "Mozilla/5.0 AppleWebKit/537.36 (KHTML, like Gecko; compatible; ClaudeBot/1.0; +claudebot@anthropic.com)" 287 **0/287266**
74.7.241.2 - - [16/Mar/2026:06:33:53 -0700] "GET /sitemap.xml?path=//proc/35426/fdinfo HTTP/2.0" 200 2319 "https://statusplan.com/sitemap.xml?path=//proc/35426" "Mozilla/5.0 AppleWebKit/537.36 (KHTML, like Gecko; compatible; GPTBot/1.3; +https://openai.com/gptbot)" 292 **0/292067**
57.141.6.11 - - [16/Mar/2026:06:33:54 -0700] "GET /products/samsung-steam-moisture-sensors-he-washer-with-pedestal-with/14638111/ HTTP/2.0" 200 63518 "-" "meta-externalagent/1.1 (+https://developers.facebook.com/docs/sharing/webmasters/crawler)" 255 **0/255022**
216.73.216.178 - - [16/Mar/2026:06:33:55 -0700] "GET /sitemap.xml?fileloc=%2F%2Fbin%2Ffalse&path=%2F%2Fbin HTTP/2.0" 200 2247 "-" "Mozilla/5.0 AppleWebKit/537.36 (KHTML, like Gecko; compatible; ClaudeBot/1.0; +claudebot@anthropic.com)" 299 **0/299770**
74.7.241.2 - - [16/Mar/2026:06:33:56 -0700] "GET /sitemap.xml?path=//proc/36824/fdinfo HTTP/2.0" 200 2319 "https://statusplan.com/sitemap.xml?path=//proc/36824" "Mozilla/5.0 AppleWebKit/537.36 (KHTML, like Gecko; compatible; GPTBot/1.3; +https://openai.com/gptbot)" 248 **0/248957**
216.73.216.178 - - [16/Mar/2026:06:33:58 -0700] "GET /sitemap.xml?fileloc=%2F%2Fbin%2Fnumfmt&path=%2F%2Fbin HTTP/2.0" 200 2250 "-" "Mozilla/5.0 AppleWebKit/537.36 (KHTML, like Gecko; compatible; ClaudeBot/1.0; +claudebot@anthropic.com)" 808 **0/808560**
74.7.241.2 - - [16/Mar/2026:06:33:59 -0700] "GET /sitemap.xml?path=//proc/84720/fdinfo HTTP/2.0" 200 2318 "https://statusplan.com/sitemap.xml?path=//proc/84720" "Mozilla/5.0 AppleWebKit/537.36 (KHTML, like Gecko; compatible; GPTBot/1.3; +https://openai.com/gptbot)" 266 **0/266495**
47.128.120.185 - - [16/Mar/2026:06:34:01 -0700] "GET /?fileloc=%2F%2Fproc%2F1028325%2Froot%2Fusr%2Fbin%2Fmytop&path=%2F%2Fproc%2F1028325%2Froot%2Fusr%2Fbin HTTP/2.0" 200 2293 "-" "Mozilla/5.0 (Linux; Android 5.0) AppleWebKit/537.36 (KHTML, like Gecko) Mobile Safari/537.36 (compatible; TikTokSpider; ttspider-feedback@tiktok.com)" 342 **0/342213**
216.73.216.178 - - [16/Mar/2026:06:34:01 -0700] "GET /sitemap.xml?fileloc=%2F%2Fbin%2Fxmlwf&path=%2F%2Fbin HTTP/2.0" 200 2250 "-" "Mozilla/5.0 AppleWebKit/537.36 (KHTML, like Gecko; compatible; ClaudeBot/1.0; +claudebot@anthropic.com)" 538 **0/538970**
74.7.241.2 - - [16/Mar/2026:06:34:02 -0700] "GET /sitemap.xml?path=//proc/84715/fdinfo HTTP/2.0" 200 2318 "https://statusplan.com/sitemap.xml?path=//proc/84715" "Mozilla/5.0 AppleWebKit/537.36 (KHTML, like Gecko; compatible; GPTBot/1.3; +https://openai.com/gptbot)" 276 **0/276977**
216.73.216.178 - - [16/Mar/2026:06:34:04 -0700] "GET /sitemap.xml?fileloc=%2F%2Fbin%2Fdate&path=%2F%2Fbin HTTP/2.0" 200 2248 "-" "Mozilla/5.0 AppleWebKit/537.36 (KHTML, like Gecko; compatible; ClaudeBot/1.0; +claudebot@anthropic.com)" 317 **0/317129**
74.7.241.2 - - [16/Mar/2026:06:34:05 -0700] "GET /sitemap.xml?path=//proc/84693/fdinfo HTTP/2.0" 200 2317 "https://statusplan.com/sitemap.xml?path=//proc/84693" "Mozilla/5.0 AppleWebKit/537.36 (KHTML, like Gecko; compatible; GPTBot/1.3; +https://openai.com/gptbot)" 428 **0/428136**
57.141.6.27 - - [16/Mar/2026:06:34:06 -0700] "GET /products/baby-trend-play-pin/41721769/ HTTP/2.0" 200 63518 "-" "meta-externalagent/1.1 (+https://developers.facebook.com/docs/sharing/webmasters/crawler)" 258 **0/258210**
57.141.6.24 - - [16/Mar/2026:06:34:06 -0700] "GET /products/fear-of-god-essentials-tee-light-oatmeal/49065133/ HTTP/2.0" 200 63518 "-" "meta-externalagent/1.1 (+https://developers.facebook.com/docs/sharing/webmasters/crawler)" 679 **0/679068**
216.73.216.178 - - [16/Mar/2026:06:34:07 -0700] "GET /?fileloc=%2Fhome%2Fworkshopbrain%2Fpublic_html%2Fstatusplan.com%2Fcgi-bin%2Fbexbjhtv.php&path=%2Fhome%2Fworkshopbrain%2Fpublic_html%2Fstatusplan.com%2Fcgi-bin HTTP/2.0" 200 2292 "-" "Mozilla/5.0 AppleWebKit/537.36 (KHTML, like Gecko; compatible; ClaudeBot/1.0; +claudebot@anthropic.com)" 533 **0/533404**
74.7.241.2 - - [16/Mar/2026:06:34:09 -0700] "GET /sitemap.xml?path=//proc/84719/fdinfo HTTP/2.0" 200 2319 "https://statusplan.com/sitemap.xml?path=//proc/84719" "Mozilla/5.0 AppleWebKit/537.36 (KHTML, like Gecko; compatible; GPTBot/1.3; +https://openai.com/gptbot)" 261 **0/261821**
57.141.6.63 - - [16/Mar/2026:06:34:09 -0700] "GET /products/air-fryer/20210482/ HTTP/2.0" 200 63518 "-" "meta-externalagent/1.1 (+https://developers.facebook.com/docs/sharing/webmasters/crawler)" 269 **0/269245**
57.141.6.12 - - [16/Mar/2026:06:34:09 -0700] "GET /products/180-in-uplandontario-2026-02-toyota-proximity-push-start-key/38933431/ HTTP/2.0" 200 63518 "-" "meta-externalagent/1.1 (+https://developers.facebook.com/docs/sharing/webmasters/crawler)" 312 **0/312206**
170.168.96.140 - - [16/Mar/2026:06:34:10 -0700] "POST /xmlrpc.php HTTP/2.0" 403 63518 "-" "WordPress/XMLRPC Client" 308 **0/308276**
216.73.216.178 - - [16/Mar/2026:06:34:10 -0700] "GET /?fileloc=%2Fhome%2Fworkshopbrain%2Fpublic_html%2Fstatusplan.com%2Fwp-admin%2Fmoderation.php&path=%2Fhome%2Fworkshopbrain%2Fpublic_html%2Fstatusplan.com%2Fwp-admin HTTP/2.0" 403 3566 "-" "Mozilla/5.0 AppleWebKit/537.36 (KHTML, like Gecko; compatible; ClaudeBot/1.0; +claudebot@anthropic.com)" 274 **0/274353**
74.7.241.2 - - [16/Mar/2026:06:34:12 -0700] "GET /sitemap.xml?path=//proc/84713/fdinfo HTTP/2.0" 200 2318 "https://statusplan.com/sitemap.xml?path=//proc/84713" "Mozilla/5.0 AppleWebKit/537.36 (KHTML, like Gecko; compatible; GPTBot/1.3; +https://openai.com/gptbot)" 269 **0/269257**
57.141.6.36 - - [16/Mar/2026:06:34:12 -0700] "GET /products/jean-paul-gaultier/34765141/ HTTP/2.0" 403 63518 "-" "meta-externalagent/1.1 (+https://developers.facebook.com/docs/sharing/webmasters/crawler)" 291 **0/291981**
73.206.160.43 - - [16/Mar/2026:06:34:13 -0700] "GET /?fileloc=%2F%2Fusr%2Flib%2Fpython2.7%2Fsite-packages%2Fsetuptools%2Fpy31compat.py&path=%2F%2Fusr%2Flib%2Fpython2.7%2Fsite-packages%2Fsetuptools HTTP/2.0" 200 2771 "https://www.statusplan.com/" "Mozilla/5.0 (X11; Ubuntu; Linux x86_64; rv:124.0) Gecko/20100101 Firefox/124.0" 315 **0/315138**
216.73.216.178 - - [16/Mar/2026:06:34:13 -0700] "GET /?fileloc=%2Fhome%2Fworkshopbrain%2Fpublic_html%2Fstatusplan.com%2Fwp-admin%2Foptions.php&path=%2Fhome%2Fworkshopbrain%2Fpublic_html%2Fstatusplan.com%2Fwp-admin HTTP/2.0" 403 3566 "-" "Mozilla/5.0 AppleWebKit/537.36 (KHTML, like Gecko; compatible; ClaudeBot/1.0; +claudebot@anthropic.com)" 284 **0/284551**
91.177.210.127 - - [16/Mar/2026:06:34:13 -0700] "GET /1win-colombia-340/?fileloc=%2Fhome%2Fworkshopbrain%2Fpublic_html%2Fbradford%2Fwp-includes%2FPHPMailer%2F.htaccess&path=%2Fhome%2Fworkshopbrain%2Fpublic_html%2Fbradford%2Fwp-includes%2FPHPMailer HTTP/1.1" 200 2304 "http://www.baidu.com/" "Mozilla/5.0 (Macintosh; Intel Mac OS X 10_13_0; rv:133.660.024) Gecko/20100101 Firefox/133.660.024" 337 **0/337372**
57.141.6.24 - - [16/Mar/2026:06:34:14 -0700] "GET /products/scooter-bicycle-all-for-80/39693526/ HTTP/2.0" 200 63518 "-" "meta-externalagent/1.1 (+https://developers.facebook.com/docs/sharing/webmasters/crawler)" 260 **0/260793**
74.7.241.2 - - [16/Mar/2026:06:34:15 -0700] "GET /sitemap.xml?path=//proc/84713/ns HTTP/2.0" 200 2318 "https://statusplan.com/sitemap.xml?path=//proc/84713" "Mozilla/5.0 AppleWebKit/537.36 (KHTML, like Gecko; compatible; GPTBot/1.3; +https://openai.com/gptbot)" 493 **0/493136**
216.73.216.178 - - [16/Mar/2026:06:34:16 -0700] "GET /?fileloc=%2Fhome%2Fworkshopbrain%2Fpublic_html%2Fstatusplan.com%2Fwp-admin%2Frevision.php&path=%2Fhome%2Fworkshopbrain%2Fpublic_html%2Fstatusplan.com%2Fwp-admin HTTP/2.0" 403 3566 "-" "Mozilla/5.0 AppleWebKit/537.36 (KHTML, like Gecko; compatible; ClaudeBot/1.0; +claudebot@anthropic.com)" 489 **0/489056**
74.7.241.2 - - [16/Mar/2026:06:34:18 -0700] "GET /sitemap.xml?path=//proc/36078/ns HTTP/2.0" 200 2319 "https://statusplan.com/sitemap.xml?path=//proc/36078" "Mozilla/5.0 AppleWebKit/537.36 (KHTML, like Gecko; compatible; GPTBot/1.3; +https://openai.com/gptbot)" 256 **0/256279**
73.206.160.43 - - [16/Mar/2026:06:34:18 -0700] "GET /1win-colombia-340/?fileloc=%2Fhome%2Fworkshopbrain%2Fpublic_html%2Fbradford%2Fwp-includes%2Fblock-patterns%2F.htaccess&path=%2Fhome%2Fworkshopbrain%2Fpublic_html%2Fbradford%2Fwp-includes%2Fblock-patterns HTTP/2.0" 200 2303 "https://www.statusplan.com/" "Mozilla/5.0 (X11; Ubuntu; Linux x86_64; rv:124.0) Gecko/20100101 Firefox/124.0" 329 **0/329274**
216.73.216.178 - - [16/Mar/2026:06:34:19 -0700] "GET /sitemap.xml?fileloc=%2F%2Fbin%2Fchmod&path=%2F%2Fbin HTTP/2.0" 200 2249 "-" "Mozilla/5.0 AppleWebKit/537.36 (KHTML, like Gecko; compatible; ClaudeBot/1.0; +claudebot@anthropic.com)" 289 **0/289687**
74.7.241.2 - - [16/Mar/2026:06:34:21 -0700] "GET /sitemap.xml?path=//proc/35426/ns HTTP/2.0" 200 2319 "https://statusplan.com/sitemap.xml?path=//proc/35426" "Mozilla/5.0 AppleWebKit/537.36 (KHTML, like Gecko; compatible; GPTBot/1.3; +https://openai.com/gptbot)" 269 **0/269808**
73.206.160.43 - - [16/Mar/2026:06:34:22 -0700] "GET /?path=%2F%2Fusr%2Fshare%2Flocale%2Fsr_RS%40latin HTTP/2.0" 200 2587 "https://www.statusplan.com/" "Mozilla/5.0 (X11; Ubuntu; Linux x86_64; rv:124.0) Gecko/20100101 Firefox/124.0" 327 **0/327475**
74.7.241.2 - - [16/Mar/2026:06:34:24 -0700] "GET /sitemap.xml?path=//proc/84694/fd HTTP/2.0" 200 2317 "https://statusplan.com/sitemap.xml?path=//proc/84694" "Mozilla/5.0 AppleWebKit/537.36 (KHTML, like Gecko; compatible; GPTBot/1.3; +https://openai.com/gptbot)" 258 **0/258972**
47.128.120.179 - - [16/Mar/2026:06:34:25 -0700] "GET /?fileloc=%2F%2Flib%2Ffirmware%2Fradeon%2Fkabini_rlc.bin&path=%2F%2Flib%2Ffirmware%2Fradeon HTTP/2.0" 200 2283 "-" "Mozilla/5.0 (Linux; Android 5.0) AppleWebKit/537.36 (KHTML, like Gecko) Mobile Safari/537.36 (compatible; TikTokSpider; ttspider-feedback@tiktok.com)" 263 **0/263627**
216.73.216.178 - - [16/Mar/2026:06:34:26 -0700] "GET /sitemap.xml?path=%2F%2Fproc%2Fdriver HTTP/2.0" 200 2593 "-" "Mozilla/5.0 AppleWebKit/537.36 (KHTML, like Gecko; compatible; ClaudeBot/1.0; +claudebot@anthropic.com)" 262 **0/262555**
73.206.160.43 - - [16/Mar/2026:06:34:26 -0700] "GET /?fileloc=%2Fhome%2Fworkshopbrain%2Fpublic_html%2Fstatusplan.co%2Fwp-includes%2Ftheme-compat%2Fembed-content.php&path=%2Fhome%2Fworkshopbrain%2Fpublic_html%2Fstatusplan.co%2Fwp-includes%2Ftheme-compat HTTP/2.0" 200 3310 "https://www.statusplan.com/" "Mozilla/5.0 (X11; Ubuntu; Linux x86_64; rv:124.0) Gecko/20100101 Firefox/124.0" 316 **0/316610**
57.141.6.42 - - [16/Mar/2026:06:34:27 -0700] "GET /products/antique-brass-pendant-light-with-clear-glass-pandel/35192407/ HTTP/2.0" 403 63518 "-" "meta-externalagent/1.1 (+https://developers.facebook.com/docs/sharing/webmasters/crawler)" 263 **0/263564**
216.73.216.178 - - [16/Mar/2026:06:34:22 -0700] "GET /?fileloc=%2Fhome%2Fworkshopbrain%2Fpublic_html%2Fstatusplan.com%2Fwp-admin%2Fsite-editor.php&path=%2Fhome%2Fworkshopbrain%2Fpublic_html%2Fstatusplan.com%2Fwp-admin HTTP/2.0" 403 3566 "-" "Mozilla/5.0 AppleWebKit/537.36 (KHTML, like Gecko; compatible; ClaudeBot/1.0; +claudebot@anthropic.com)" 5265 **5/5265751**
74.7.241.2 - - [16/Mar/2026:06:34:27 -0700] "GET /sitemap.xml?path=//proc/84712/ns HTTP/2.0" 200 2318 "https://statusplan.com/sitemap.xml?path=//proc/84712" "Mozilla/5.0 AppleWebKit/537.36 (KHTML, like Gecko; compatible; GPTBot/1.3; +https://openai.com/gptbot)" 501 **0/501770**
216.73.216.178 - - [16/Mar/2026:06:34:29 -0700] "GET /sitemap.xml?path=%2F%2Fopt%2Fcloudlinux-linksafe HTTP/2.0" 200 2576 "-" "Mozilla/5.0 AppleWebKit/537.36 (KHTML, like Gecko; compatible; ClaudeBot/1.0; +claudebot@anthropic.com)" 249 **0/249479**
57.141.6.68 - - [16/Mar/2026:06:34:29 -0700] "GET /products/tama-techstar-ts206-analog-electric-drum-module/38116930/ HTTP/2.0" 403 63518 "-" "meta-externalagent/1.1 (+https://developers.facebook.com/docs/sharing/webmasters/crawler)" 252 **0/252039**
57.141.6.66 - - [16/Mar/2026:06:34:30 -0700] "GET /products/tv-stand/27370579/ HTTP/2.0" 403 63518 "-" "meta-externalagent/1.1 (+https://developers.facebook.com/docs/sharing/webmasters/crawler)" 475 **0/475984**
74.7.241.2 - - [16/Mar/2026:06:34:31 -0700] "GET /sitemap.xml?path=//proc/84721/ns HTTP/2.0" 200 2318 "https://statusplan.com/sitemap.xml?path=//proc/84721" "Mozilla/5.0 AppleWebKit/537.36 (KHTML, like Gecko; compatible; GPTBot/1.3; +https://openai.com/gptbot)" 530 **0/530504**
216.73.216.178 - - [16/Mar/2026:06:34:32 -0700] "GET /sitemap.xml?path=%2F%2Fvar%2Fcache HTTP/2.0" 200 2683 "-" "Mozilla/5.0 AppleWebKit/537.36 (KHTML, like Gecko; compatible; ClaudeBot/1.0; +claudebot@anthropic.com)" 253 **0/253375**
57.141.6.63 - - [16/Mar/2026:06:34:33 -0700] "GET /products/xbox-elite-series-2-controller/12797545/ HTTP/2.0" 200 63518 "-" "meta-externalagent/1.1 (+https://developers.facebook.com/docs/sharing/webmasters/crawler)" 502 **0/502191**
47.147.171.191 - - [16/Mar/2026:06:34:33 -0700] "GET /1win-colombia-340/?fileloc=%2Fhome%2Fworkshopbrain%2Fpublic_html%2Fned%2Fwp-admin%2Fjs%2Frevisions.js&path=%2Fhome%2Fworkshopbrain%2Fpublic_html%2Fned%2Fwp-admin%2Fjs HTTP/2.0" 200 10674 "-" "Mozilla/5.0 (Windows NT 10.0; Win64; x64) AppleWebKit/537.36 (KHTML, like Gecko) Chrome/140.0.0.0 Safari/537.36 Edg/140.0.0.1" 343 **0/343572**
74.7.241.2 - - [16/Mar/2026:06:34:34 -0700] "GET /sitemap.xml?path=//proc/84714/fd HTTP/2.0" 200 2318 "https://statusplan.com/sitemap.xml?path=//proc/84714" "Mozilla/5.0 AppleWebKit/537.36 (KHTML, like Gecko; compatible; GPTBot/1.3; +https://openai.com/gptbot)" 250 **0/250348**
216.73.216.178 - - [16/Mar/2026:06:34:35 -0700] "GET /sitemap.xml?path=%2F%2Flib%2Fkernel HTTP/2.0" 200 2550 "-" "Mozilla/5.0 AppleWebKit/537.36 (KHTML, like Gecko; compatible; ClaudeBot/1.0; +claudebot@anthropic.com)" 252 **0/252135**
74.7.241.2 - - [16/Mar/2026:06:34:37 -0700] "GET /sitemap.xml?path=//proc/36824/ns HTTP/2.0" 200 2319 "https://statusplan.com/sitemap.xml?path=//proc/36824" "Mozilla/5.0 AppleWebKit/537.36 (KHTML, like Gecko; compatible; GPTBot/1.3; +https://openai.com/gptbot)" 262 **0/262669**
67.245.150.215 - - [16/Mar/2026:06:34:37 -0700] "GET /1win-colombia-340/?fileloc=%2Fhome%2Fworkshopbrain%2Fpublic_html%2Fletters2trump%2Fwp-includes%2Fpomo%2Fplural-forms.php&path=%2Fhome%2Fworkshopbrain%2Fpublic_html%2Fletters2trump%2Fwp-includes%2Fpomo HTTP/2.0" 200 4143 "https://www.yandex.com/" "Mozilla/5.0 (Windows NT 10.0; Win64; x64) AppleWebKit/537.36 (KHTML, like Gecko) Chrome/114.0.0.0 Safari/537.36" 364 **0/364066**
47.147.171.191 - - [16/Mar/2026:06:34:38 -0700] "GET /1win-colombia-340/?fileloc=%2F%2Flib%2Fnode_modules%2Fnpm%2Fman%2Fman8%2Fcron.8.gz&path=%2F%2Flib%2Fnode_modules%2Fnpm%2Fman%2Fman8 HTTP/2.0" 200 2296 "-" "Mozilla/5.0 (Windows NT 10.0; Win64; x64) AppleWebKit/537.36 (KHTML, like Gecko) Chrome/140.0.0.0 Safari/537.36 Edg/140.0.0.1" 323 **0/323632**
216.73.216.178 - - [16/Mar/2026:06:34:38 -0700] "GET /sitemap.xml?path=%2F%2Fproc%2Fthread-self HTTP/2.0" 200 3710 "-" "Mozilla/5.0 AppleWebKit/537.36 (KHTML, like Gecko; compatible; ClaudeBot/1.0; +claudebot@anthropic.com)" 513 **0/513002**
57.141.6.37 - - [16/Mar/2026:06:34:39 -0700] "GET /products/new-table-new-in-box-chair-sold-separately-17145862564/18647977/ HTTP/2.0" 200 63518 "-" "meta-externalagent/1.1 (+https://developers.facebook.com/docs/sharing/webmasters/crawler)" 259 **0/259291**
74.7.241.2 - - [16/Mar/2026:06:34:40 -0700] "GET /sitemap.xml?path=//proc/84693/ns HTTP/2.0" 200 2317 "https://statusplan.com/sitemap.xml?path=//proc/84693" "Mozilla/5.0 AppleWebKit/537.36 (KHTML, like Gecko; compatible; GPTBot/1.3; +https://openai.com/gptbot)" 253 **0/253664**
216.73.216.178 - - [16/Mar/2026:06:34:41 -0700] "GET /sitemap.xml?path=%2F%2Fproc%2Fsys HTTP/2.0" 200 2769 "-" "Mozilla/5.0 AppleWebKit/537.36 (KHTML, like Gecko; compatible; ClaudeBot/1.0; +claudebot@anthropic.com)" 508 **0/508531**
67.245.150.215 - - [16/Mar/2026:06:34:43 -0700] "GET /1win-colombia-340/?fileloc=%2Fhome%2Fworkshopbrain%2Fpublic_html%2Fwhitmanfamilydevelopment%2Fwp-admin%2Fincludes%2Fclass-walker-nav-menu-edit.php&path=%2Fhome%2Fworkshopbrain%2Fpublic_html%2Fwhitmanfamilydevelopment%2Fwp-admin%2Fincludes HTTP/2.0" 200 5428 "https://www.statusplan.com/" "Mozilla/5.0 (Windows NT 10.0; Win64; x64) AppleWebKit/537.36 (KHTML, like Gecko) Chrome/114.0.0.0 Safari/537.36" 324 **0/324228**
74.7.241.2 - - [16/Mar/2026:06:34:43 -0700] "GET /sitemap.xml?path=//proc/84715/ns HTTP/2.0" 200 2318 "https://statusplan.com/sitemap.xml?path=//proc/84715" "Mozilla/5.0 AppleWebKit/537.36 (KHTML, like Gecko; compatible; GPTBot/1.3; +https://openai.com/gptbot)" 249 **0/249758**
216.73.216.178 - - [16/Mar/2026:06:34:44 -0700] "GET /sitemap.xml?path=%2F%2Fopt%2Fsuphp HTTP/2.0" 200 2547 "-" "Mozilla/5.0 AppleWebKit/537.36 (KHTML, like Gecko; compatible; ClaudeBot/1.0; +claudebot@anthropic.com)" 263 **0/263794**
47.147.171.191 - - [16/Mar/2026:06:34:43 -0700] "GET /1win-colombia-340/?fileloc=%2F%2Fproc%2F1008896%2Fcwd%2Fusr%2Flib64%2Flibmariadbd.so&path=%2F%2Fproc%2F1008896%2Fcwd%2Fusr%2Flib64 HTTP/2.0" 200 2296 "-" "Mozilla/5.0 (Windows NT 10.0; Win64; x64) AppleWebKit/537.36 (KHTML, like Gecko) Chrome/140.0.0.0 Safari/537.36 Edg/140.0.0.1" 573 **0/573135**
74.7.241.2 - - [16/Mar/2026:06:34:46 -0700] "GET /sitemap.xml?path=//proc/84719/ns HTTP/2.0" 200 2318 "https://statusplan.com/sitemap.xml?path=//proc/84719" "Mozilla/5.0 AppleWebKit/537.36 (KHTML, like Gecko; compatible; GPTBot/1.3; +https://openai.com/gptbot)" 260 **0/260243**
57.141.6.37 - - [16/Mar/2026:06:34:47 -0700] "GET /products/2026-03-12-23-tesla-model-3-y-right-passenger-headlight-full/31470577/ HTTP/2.0" 200 63518 "-" "meta-externalagent/1.1 (+https://developers.facebook.com/docs/sharing/webmasters/crawler)" 309 **0/309824**
216.73.216.178 - - [16/Mar/2026:06:34:47 -0700] "GET /sitemap.xml?path=%2F%2Flib%2Fdebug HTTP/2.0" 200 2659 "-" "Mozilla/5.0 AppleWebKit/537.36 (KHTML, like Gecko; compatible; ClaudeBot/1.0; +claudebot@anthropic.com)" 271 **0/271944**
57.141.6.46 - - [16/Mar/2026:06:34:47 -0700] "GET /products/set-bfgoodrich-all-terrain-ko2-4-26570-r16-lt/29487400/ HTTP/2.0" 200 63518 "-" "meta-externalagent/1.1 (+https://developers.facebook.com/docs/sharing/webmasters/crawler)" 306 **0/306791**
91.177.210.127 - - [16/Mar/2026:06:34:47 -0700] "GET /?fileloc=%2F%2Fusr%2Flib%2Ffirmware%2Fnetronome%2Fflower%2Fnic_AMDA0097-0001_8x10.nffw&path=%2F%2Fusr%2Flib%2Ffirmware%2Fnetronome%2Fflower HTTP/1.1" 200 2316 "https://www.bing.com/" "Mozilla/5.0 (Macintosh; Intel Mac OS X 10_13_0; rv:133.660.024) Gecko/20100101 Firefox/133.660.024" 476 **0/476857**
74.7.241.2 - - [16/Mar/2026:06:34:49 -0700] "GET /sitemap.xml?path=//proc/84720/ns HTTP/2.0" 200 2318 "https://statusplan.com/sitemap.xml?path=//proc/84720" "Mozilla/5.0 AppleWebKit/537.36 (KHTML, like Gecko; compatible; GPTBot/1.3; +https://openai.com/gptbot)" 257 **0/257442**
216.73.216.178 - - [16/Mar/2026:06:34:50 -0700] "GET /sitemap.xml?path=%2F%2Fvar%2Fphp HTTP/2.0" 200 2547 "-" "Mozilla/5.0 AppleWebKit/537.36 (KHTML, like Gecko; compatible; ClaudeBot/1.0; +claudebot@anthropic.com)" 340 **0/340783**
47.128.120.224 - - [16/Mar/2026:06:34:50 -0700] "GET /?path=%2Fhome%2Fworkshopbrain%2Fpublic_html%2Fbradford%2Fwp-content%2Fthemes%2Ftwentytwentytwo%2Fassets%2Fvideos HTTP/2.0" 200 2656 "-" "Mozilla/5.0 (Linux; Android 5.0) AppleWebKit/537.36 (KHTML, like Gecko) Mobile Safari/537.36 (compatible; TikTokSpider; ttspider-feedback@tiktok.com)" 245 **0/245005**
91.177.210.127 - - [16/Mar/2026:06:34:51 -0700] "GET /1win-colombia-340/?fileloc=%2F%2Flib%2Fnode_modules%2Fnpm%2Fman%2Fman8%2Fip6tables-restore-translate.8.gz&path=%2F%2Flib%2Fnode_modules%2Fnpm%2Fman%2Fman8 HTTP/1.1" 200 2306 "https://www.yandex.com/" "Mozilla/5.0 (Macintosh; Intel Mac OS X 10_13_0; rv:133.660.024) Gecko/20100101 Firefox/133.660.024" 363 **0/363521**
57.141.6.3 - - [16/Mar/2026:06:34:52 -0700] "GET /products/jewellery-set-plated-gold/20625484/ HTTP/2.0" 200 63518 "-" "meta-externalagent/1.1 (+https://developers.facebook.com/docs/sharing/webmasters/crawler)" 299 **0/299284**
74.7.241.2 - - [16/Mar/2026:06:34:52 -0700] "GET /sitemap.xml?path=//proc/84716/ns HTTP/2.0" 200 2319 "https://statusplan.com/sitemap.xml?path=//proc/84716" "Mozilla/5.0 AppleWebKit/537.36 (KHTML, like Gecko; compatible; GPTBot/1.3; +https://openai.com/gptbot)" 253 **0/253748**
216.73.216.178 - - [16/Mar/2026:06:34:53 -0700] "GET /sitemap.xml?path=%2F%2Fvar%2Fcloudlinux HTTP/2.0" 200 2557 "-" "Mozilla/5.0 AppleWebKit/537.36 (KHTML, like Gecko; compatible; ClaudeBot/1.0; +claudebot@anthropic.com)" 271 **0/271908**
47.147.171.191 - - [16/Mar/2026:06:34:55 -0700] "GET /?fileloc=%2Fhome%2Fworkshopbrain%2Fpublic_html%2Fstatusplan.com%2Fwp-admin%2Fincludes%2Fclass-wp-filesystem-ftpsockets.php&path=%2Fhome%2Fworkshopbrain%2Fpublic_html%2Fstatusplan.com%2Fwp-admin%2Fincludes HTTP/2.0" 200 6332 "https://www.statusplan.com/" "Mozilla/5.0 (Windows NT 10.0; Win64; x64) AppleWebKit/537.36 (KHTML, like Gecko) Chrome/140.0.0.0 Safari/537.36 Edg/140.0.0.1" 537 **0/537189**
57.141.6.14 - - [16/Mar/2026:06:34:55 -0700] "GET /products/purses/43464769/ HTTP/2.0" 200 63518 "-" "meta-externalagent/1.1 (+https://developers.facebook.com/docs/sharing/webmasters/crawler)" 593 **0/593911**
74.7.241.2 - - [16/Mar/2026:06:34:56 -0700] "GET /sitemap.xml?path=//proc/36113/cwd HTTP/2.0" 200 2319 "https://statusplan.com/sitemap.xml?path=//proc/36113" "Mozilla/5.0 AppleWebKit/537.36 (KHTML, like Gecko; compatible; GPTBot/1.3; +https://openai.com/gptbot)" 234 **0/234331**
216.73.216.178 - - [16/Mar/2026:06:34:56 -0700] "GET /sitemap.xml?path=%2F%2Fopt%2Fcloudlinux HTTP/2.0" 200 2977 "-" "Mozilla/5.0 AppleWebKit/537.36 (KHTML, like Gecko; compatible; ClaudeBot/1.0; +claudebot@anthropic.com)" 248 **0/248076**
57.141.6.7 - - [16/Mar/2026:06:34:58 -0700] "GET /products/dining-table-set-with-bench/35974384/ HTTP/2.0" 200 63518 "-" "meta-externalagent/1.1 (+https://developers.facebook.com/docs/sharing/webmasters/crawler)" 281 **0/281625**
216.73.216.178 - - [16/Mar/2026:06:34:59 -0700] "GET /sitemap.xml?path=%2F%2Flib%2Fnode_modules HTTP/2.0" 200 2557 "-" "Mozilla/5.0 AppleWebKit/537.36 (KHTML, like Gecko; compatible; ClaudeBot/1.0; +claudebot@anthropic.com)" 249 **0/249338**
74.7.241.2 - - [16/Mar/2026:06:34:59 -0700] "GET /sitemap.xml?path=//proc/37673/cwd HTTP/2.0" 200 2319 "https://statusplan.com/sitemap.xml?path=//proc/37673" "Mozilla/5.0 AppleWebKit/537.36 (KHTML, like Gecko; compatible; GPTBot/1.3; +https://openai.com/gptbot)" 365 **0/365572**
57.141.6.47 - - [16/Mar/2026:06:34:59 -0700] "GET /products/one-piece-starter-deck-lot-sealed-st01-st02-st03-st04-st06/29620540/ HTTP/2.0" 200 63518 "-" "meta-externalagent/1.1 (+https://developers.facebook.com/docs/sharing/webmasters/crawler)" 264 **0/264385**
67.245.150.215 - - [16/Mar/2026:06:35:00 -0700] "GET /1win-colombia-340/?fileloc=%2F%2Fproc%2F1008896%2Fcwd%2Fusr%2Flib64%2Flibdbus-1.so.3&path=%2F%2Fproc%2F1008896%2Fcwd%2Fusr%2Flib64 HTTP/2.0" 200 2297 "https://www.yahoo.com/" "Mozilla/5.0 (Windows NT 10.0; Win64; x64) AppleWebKit/537.36 (KHTML, like Gecko) Chrome/114.0.0.0 Safari/537.36" 463 **0/463720**
47.147.171.191 - - [16/Mar/2026:06:35:02 -0700] "GET /?fileloc=%2F%2Fusr%2Fbin%2Fcldetect&path=%2F%2Fusr%2Fbin HTTP/2.0" 200 4666 "https://www.statusplan.com/" "Mozilla/5.0 (Windows NT 10.0; Win64; x64) AppleWebKit/537.36 (KHTML, like Gecko) Chrome/140.0.0.0 Safari/537.36 Edg/140.0.0.1" 531 **0/531877**
216.73.216.178 - - [16/Mar/2026:06:35:02 -0700] "GET /sitemap.xml?path=%2F%2Flib%2Fpython3.12 HTTP/2.0" 200 2557 "-" "Mozilla/5.0 AppleWebKit/537.36 (KHTML, like Gecko; compatible; ClaudeBot/1.0; +claudebot@anthropic.com)" 364 **0/364411**
74.7.241.2 - - [16/Mar/2026:06:35:02 -0700] "GET /sitemap.xml?path=//proc/84716/net/stat HTTP/2.0" 200 2328 "https://statusplan.com/sitemap.xml?path=//proc/84716/net" "Mozilla/5.0 AppleWebKit/537.36 (KHTML, like Gecko; compatible; GPTBot/1.3; +https://openai.com/gptbot)" 642 **0/642005**
216.73.216.178 - - [16/Mar/2026:06:35:05 -0700] "GET /sitemap.xml?path=%2F%2Flib%2Fpython3.6 HTTP/2.0" 200 2558 "-" "Mozilla/5.0 AppleWebKit/537.36 (KHTML, like Gecko; compatible; ClaudeBot/1.0; +claudebot@anthropic.com)" 279 **0/279255**
74.7.241.2 - - [16/Mar/2026:06:35:05 -0700] "GET /sitemap.xml?path=//proc/84721/net/stat HTTP/2.0" 200 2328 "https://statusplan.com/sitemap.xml?path=//proc/84721/net" "Mozilla/5.0 AppleWebKit/537.36 (KHTML, like Gecko; compatible; GPTBot/1.3; +https://openai.com/gptbot)" 279 **0/279443**
67.245.150.215 - - [16/Mar/2026:06:35:05 -0700] "GET /?path=%2F%2Fusr%2Fshare%2Flocale%2Fwal HTTP/2.0" 200 2580 "https://www.statusplan.com/" "Mozilla/5.0 (Windows NT 10.0; Win64; x64) AppleWebKit/537.36 (KHTML, like Gecko) Chrome/114.0.0.0 Safari/537.36" 320 **0/320976**
216.73.216.178 - - [16/Mar/2026:06:35:08 -0700] "GET /sitemap.xml?path=%2F%2Flib%2Fpython3.8 HTTP/2.0" 200 2558 "-" "Mozilla/5.0 AppleWebKit/537.36 (KHTML, like Gecko; compatible; ClaudeBot/1.0; +claudebot@anthropic.com)" 418 **0/418227**
74.7.241.2 - - [16/Mar/2026:06:35:08 -0700] "GET /sitemap.xml?path=//proc/84719/net/stat HTTP/2.0" 200 2328 "https://statusplan.com/sitemap.xml?path=//proc/84719/net" "Mozilla/5.0 AppleWebKit/537.36 (KHTML, like Gecko; compatible; GPTBot/1.3; +https://openai.com/gptbot)" 280 **0/280046**
57.141.6.66 - - [16/Mar/2026:06:35:09 -0700] "GET /products/3-pc-secsional-sofa-grey-new-in-box-17145862564/42264220/ HTTP/2.0" 200 63518 "-" "meta-externalagent/1.1 (+https://developers.facebook.com/docs/sharing/webmasters/crawler)" 363 **0/363958**
67.245.150.215 - - [16/Mar/2026:06:35:10 -0700] "GET /?fileloc=%2F%2Fusr%2Flib%2Ffirmware%2Fqed%2Fqed_init_values-8.37.7.0.bin&path=%2F%2Fusr%2Flib%2Ffirmware%2Fqed HTTP/2.0" 200 2296 "https://www.yahoo.com/" "Mozilla/5.0 (Windows NT 10.0; Win64; x64) AppleWebKit/537.36 (KHTML, like Gecko) Chrome/114.0.0.0 Safari/537.36" 461 **0/461034**
57.141.6.68 - - [16/Mar/2026:06:35:11 -0700] "GET /products/mercuries-bunny-yea-set-new-from-2026-01-price-set/20107204/ HTTP/2.0" 200 63518 "-" "meta-externalagent/1.1 (+https://developers.facebook.com/docs/sharing/webmasters/crawler)" 300 **0/300065**
216.73.216.178 - - [16/Mar/2026:06:35:11 -0700] "GET /sitemap.xml?path=%2F%2Flib%2Fpython2.7 HTTP/2.0" 200 2558 "-" "Mozilla/5.0 AppleWebKit/537.36 (KHTML, like Gecko; compatible; ClaudeBot/1.0; +claudebot@anthropic.com)" 511 **0/511916**
74.7.241.2 - - [16/Mar/2026:06:35:11 -0700] "GET /sitemap.xml?path=//proc/84693/net/stat HTTP/2.0" 200 2328 "https://statusplan.com/sitemap.xml?path=//proc/84693/net" "Mozilla/5.0 AppleWebKit/537.36 (KHTML, like Gecko; compatible; GPTBot/1.3; +https://openai.com/gptbot)" 286 **0/286821**
57.141.6.27 - - [16/Mar/2026:06:35:14 -0700] "GET /products/wooden-glass-cabinet/32706973/ HTTP/2.0" 200 63518 "-" "meta-externalagent/1.1 (+https://developers.facebook.com/docs/sharing/webmasters/crawler)" 287 **0/287332**
216.73.216.178 - - [16/Mar/2026:06:35:14 -0700] "GET /sitemap.xml?path=%2F%2Fopt%2Fpython38 HTTP/2.0" 200 2639 "-" "Mozilla/5.0 AppleWebKit/537.36 (KHTML, like Gecko; compatible; ClaudeBot/1.0; +claudebot@anthropic.com)" 304 **0/304822**
47.147.171.191 - - [16/Mar/2026:06:35:14 -0700] "GET /1win-colombia-340/?fileloc=%2Fhome%2Fworkshopbrain%2Fpublic_html%2Fmis%2Fcgi-bin%2Fradio.php&path=%2Fhome%2Fworkshopbrain%2Fpublic_html%2Fmis%2Fcgi-bin HTTP/2.0" 200 2282 "https://www.bing.com/" "Mozilla/5.0 (Windows NT 10.0; Win64; x64) AppleWebKit/537.36 (KHTML, like Gecko) Chrome/140.0.0.0 Safari/537.36 Edg/140.0.0.1" 851 **0/851982**
74.7.241.2 - - [16/Mar/2026:06:35:15 -0700] "GET /sitemap.xml?path=//proc/84715/net/stat HTTP/2.0" 200 2328 "https://statusplan.com/sitemap.xml?path=//proc/84715/net" "Mozilla/5.0 AppleWebKit/537.36 (KHTML, like Gecko; compatible; GPTBot/1.3; +https://openai.com/gptbot)" 261 **0/261149**
47.128.120.196 - - [16/Mar/2026:06:35:15 -0700] "GET /?path=%2F%2Flib%2F.build-id%2F8f HTTP/2.0" 200 3167 "-" "Mozilla/5.0 (Linux; Android 5.0) AppleWebKit/537.36 (KHTML, like Gecko) Mobile Safari/537.36 (compatible; TikTokSpider; ttspider-feedback@tiktok.com)" 310 **0/310641**
57.141.6.23 - - [16/Mar/2026:06:35:17 -0700] "GET /products/pokmon-moon/9851350/ HTTP/2.0" 200 63518 "-" "meta-externalagent/1.1 (+https://developers.facebook.com/docs/sharing/webmasters/crawler)" 288 **0/288114**
47.147.171.191 - - [16/Mar/2026:06:35:17 -0700] "GET /1win-colombia-340/?fileloc=%2F%2Fopt%2Fcpanel%2Fea-profiles-cpanel%2Fserver-type-wp2-php74+80.json&path=%2F%2Fopt%2Fcpanel%2Fea-profiles-cpanel HTTP/2.0" 200 2289 "https://www.bing.com/" "Mozilla/5.0 (Windows NT 10.0; Win64; x64) AppleWebKit/537.36 (KHTML, like Gecko) Chrome/140.0.0.0 Safari/537.36 Edg/140.0.0.1" 438 **0/438503**
74.7.241.2 - - [16/Mar/2026:06:35:18 -0700] "GET /sitemap.xml?path=//proc/84720/net/stat HTTP/2.0" 200 2328 "https://statusplan.com/sitemap.xml?path=//proc/84720/net" "Mozilla/5.0 AppleWebKit/537.36 (KHTML, like Gecko; compatible; GPTBot/1.3; +https://openai.com/gptbot)" 292 **0/292972**
66.249.68.137 - - [16/Mar/2026:06:35:19 -0700] "GET /?products/almost-8125-complete-70/14137933/ HTTP/1.1" 200 22043 "-" "Mozilla/5.0 (Linux; Android 6.0.1; Nexus 5X Build/MMB29P) AppleWebKit/537.36 (KHTML, like Gecko) Chrome/145.0.7632.116 Mobile Safari/537.36 (compatible; Googlebot/2.1; +http://www.google.com/bot.html)" 250 **0/250109**
57.141.6.44 - - [16/Mar/2026:06:35:20 -0700] "GET /products/gracco-baby-crib-with-mattress/28297225/ HTTP/2.0" 200 63518 "-" "meta-externalagent/1.1 (+https://developers.facebook.com/docs/sharing/webmasters/crawler)" 345 **0/345149**
216.73.216.178 - - [16/Mar/2026:06:35:20 -0700] "GET /sitemap.xml?fileloc=%2F%2Ftmp%2F.oauthexceptions&path=%2F%2Ftmp HTTP/2.0" 200 2290 "-" "Mozilla/5.0 AppleWebKit/537.36 (KHTML, like Gecko; compatible; ClaudeBot/1.0; +claudebot@anthropic.com)" 284 **0/284137**
74.7.241.2 - - [16/Mar/2026:06:35:21 -0700] "GET /sitemap.xml?path=//proc/84712/net/stat HTTP/2.0" 200 2328 "https://statusplan.com/sitemap.xml?path=//proc/84712/net" "Mozilla/5.0 AppleWebKit/537.36 (KHTML, like Gecko; compatible; GPTBot/1.3; +https://openai.com/gptbot)" 299 **0/299883**
47.147.171.191 - - [16/Mar/2026:06:35:21 -0700] "GET /?fileloc=%2Fhome%2Fworkshopbrain%2Fpublic_html%2Fstatusplan.com%2Fwp-includes%2Fwidgets%2Fclass-wp-widget-categories.php&path=%2Fhome%2Fworkshopbrain%2Fpublic_html%2Fstatusplan.com%2Fwp-includes%2Fwidgets HTTP/2.0" 200 4322 "https://www.bing.com/" "Mozilla/5.0 (Windows NT 10.0; Win64; x64) AppleWebKit/537.36 (KHTML, like Gecko) Chrome/140.0.0.0 Safari/537.36 Edg/140.0.0.1" 447 **0/447210**
57.141.6.35 - - [16/Mar/2026:06:35:22 -0700] "GET /products/sectional-sofa/21345112/ HTTP/2.0" 200 63518 "-" "meta-externalagent/1.1 (+https://developers.facebook.com/docs/sharing/webmasters/crawler)" 294 **0/294204**
216.73.216.178 - - [16/Mar/2026:06:35:23 -0700] "GET /sitemap.xml?path=%2F%2Fproc%2F36496 HTTP/2.0" 200 2310 "-" "Mozilla/5.0 AppleWebKit/537.36 (KHTML, like Gecko; compatible; ClaudeBot/1.0; +claudebot@anthropic.com)" 275 **0/275436**
74.7.241.2 - - [16/Mar/2026:06:35:24 -0700] "GET /sitemap.xml?path=//proc/84713/net/stat HTTP/2.0" 200 2328 "https://statusplan.com/sitemap.xml?path=//proc/84713/net" "Mozilla/5.0 AppleWebKit/537.36 (KHTML, like Gecko; compatible; GPTBot/1.3; +https://openai.com/gptbot)" 268 **0/268882**
57.141.6.50 - - [16/Mar/2026:06:35:25 -0700] "GET /products/jordan-4-fire-red/31779298/ HTTP/2.0" 200 63518 "-" "meta-externalagent/1.1 (+https://developers.facebook.com/docs/sharing/webmasters/crawler)" 525 **0/525197**
216.73.216.178 - - [16/Mar/2026:06:35:26 -0700] "GET /sitemap.xml?fileloc=%2F%2Ftmp%2F.class&path=%2F%2Ftmp HTTP/2.0" 200 2238 "-" "Mozilla/5.0 AppleWebKit/537.36 (KHTML, like Gecko; compatible; ClaudeBot/1.0; +claudebot@anthropic.com)" 279 **0/279892**
74.7.241.2 - - [16/Mar/2026:06:35:27 -0700] "GET /sitemap.xml?path=//proc/net/stat HTTP/2.0" 200 2318 "https://statusplan.com/sitemap.xml?path=//proc/net" "Mozilla/5.0 AppleWebKit/537.36 (KHTML, like Gecko; compatible; GPTBot/1.3; +https://openai.com/gptbot)" 251 **0/251147**
57.141.6.71 - - [16/Mar/2026:06:35:28 -0700] "GET /products/used-tires-llantas-usadas/11309989/ HTTP/2.0" 200 63518 "-" "meta-externalagent/1.1 (+https://developers.facebook.com/docs/sharing/webmasters/crawler)" 279 **0/279178**
67.245.150.215 - - [16/Mar/2026:06:35:29 -0700] "GET /?fileloc=%2F%2Fusr%2Flib%2Fkbd%2Fconsolefonts%2Fgr928-9x14.psfu.gz&path=%2F%2Fusr%2Flib%2Fkbd%2Fconsolefonts HTTP/2.0" 200 2292 "https://www.statusplan.com/" "Mozilla/5.0 (Windows NT 10.0; Win64; x64) AppleWebKit/537.36 (KHTML, like Gecko) Chrome/114.0.0.0 Safari/537.36" 302 **0/302037**
216.73.216.178 - - [16/Mar/2026:06:35:29 -0700] "GET /sitemap.xml?fileloc=%2F%2Ftmp%2F.element&path=%2F%2Ftmp HTTP/2.0" 200 2239 "-" "Mozilla/5.0 AppleWebKit/537.36 (KHTML, like Gecko; compatible; ClaudeBot/1.0; +claudebot@anthropic.com)" 300 **0/300760**
57.141.6.34 - - [16/Mar/2026:06:35:30 -0700] "GET /products/2021-air-jordan-5-retro-low-wings-class-of-2026-01/10864516/ HTTP/2.0" 200 63518 "-" "meta-externalagent/1.1 (+https://developers.facebook.com/docs/sharing/webmasters/crawler)" 271 **0/271485**
74.7.241.2 - - [16/Mar/2026:06:35:30 -0700] "GET /sitemap.xml?path=//proc/84719/map_files HTTP/2.0" 200 2322 "https://statusplan.com/sitemap.xml?path=//proc/84719" "Mozilla/5.0 AppleWebKit/537.36 (KHTML, like Gecko; compatible; GPTBot/1.3; +https://openai.com/gptbot)" 295 **0/295353**
216.73.216.178 - - [16/Mar/2026:06:35:32 -0700] "GET /sitemap.xml?path=%2F%2Flib%2Fgems HTTP/2.0" 200 2548 "-" "Mozilla/5.0 AppleWebKit/537.36 (KHTML, like Gecko; compatible; ClaudeBot/1.0; +claudebot@anthropic.com)" 303 **0/303946**
57.141.6.5 - - [16/Mar/2026:06:35:32 -0700] "GET /products/the-switch-loft-jacket-fabletics/13286068/ HTTP/2.0" 200 63518 "-" "meta-externalagent/1.1 (+https://developers.facebook.com/docs/sharing/webmasters/crawler)" 257 **0/257737**
47.147.171.191 - - [16/Mar/2026:06:35:32 -0700] "GET /1win-colombia-340/?fileloc=%2Fhome%2Fworkshopbrain%2Fpublic_html%2Fstatusplan.com%2F.tmb%2Fqxpfjpvw.php&path=%2Fhome%2Fworkshopbrain%2Fpublic_html%2Fstatusplan.com%2F.tmb HTTP/2.0" 200 2291 "https://www.statusplan.com/" "Mozilla/5.0 (Windows NT 10.0; Win64; x64) AppleWebKit/537.36 (KHTML, like Gecko) Chrome/140.0.0.0 Safari/537.36 Edg/140.0.0.1" 337 **0/337091**
74.7.241.2 - - [16/Mar/2026:06:35:33 -0700] "GET /sitemap.xml?path=//proc/84716/map_files HTTP/2.0" 200 2322 "https://statusplan.com/sitemap.xml?path=//proc/84716" "Mozilla/5.0 AppleWebKit/537.36 (KHTML, like Gecko; compatible; GPTBot/1.3; +https://openai.com/gptbot)" 254 **0/254042**
216.73.216.178 - - [16/Mar/2026:06:35:35 -0700] "GET /sitemap.xml?path=%2F%2Fproc%2F4105076 HTTP/2.0" 200 3891 "-" "Mozilla/5.0 AppleWebKit/537.36 (KHTML, like Gecko; compatible; ClaudeBot/1.0; +claudebot@anthropic.com)" 282 **0/282978**
57.141.6.28 - - [16/Mar/2026:06:35:35 -0700] "GET /products/pandora-opaline-chandelier/19563094/ HTTP/2.0" 200 63518 "-" "meta-externalagent/1.1 (+https://developers.facebook.com/docs/sharing/webmasters/crawler)" 473 **0/473279**
74.7.241.2 - - [16/Mar/2026:06:35:37 -0700] "GET /sitemap.xml?path=//proc/35426/map_files HTTP/2.0" 200 2322 "https://statusplan.com/sitemap.xml?path=//proc/35426" "Mozilla/5.0 AppleWebKit/537.36 (KHTML, like Gecko; compatible; GPTBot/1.3; +https://openai.com/gptbot)" 273 **0/273044**
57.141.6.4 - - [16/Mar/2026:06:35:37 -0700] "GET /products/griddle-with-deep-fryer/34386343/ HTTP/2.0" 200 63518 "-" "meta-externalagent/1.1 (+https://developers.facebook.com/docs/sharing/webmasters/crawler)" 234 **0/234911**
91.177.210.127 - - [16/Mar/2026:06:35:38 -0700] "GET /1win-colombia-340/?fileloc=%2F%2Fproc%2Fnet%2Frt_cache&path=%2F%2Fproc%2Fnet HTTP/1.1" 200 2259 "https://www.yandex.com/" "Mozilla/5.0 (Macintosh; Intel Mac OS X 10_13_0; rv:133.660.024) Gecko/20100101 Firefox/133.660.024" 373 **0/373234**
216.73.216.178 - - [16/Mar/2026:06:35:38 -0700] "GET /sitemap.xml?fileloc=%2F%2Ftmp%2F.crontab.lock&path=%2F%2Ftmp HTTP/2.0" 200 2245 "-" "Mozilla/5.0 AppleWebKit/537.36 (KHTML, like Gecko; compatible; ClaudeBot/1.0; +claudebot@anthropic.com)" 251 **0/251845**
57.141.6.61 - - [16/Mar/2026:06:35:39 -0700] "GET /products/dining-table/11960947/ HTTP/2.0" 200 63518 "-" "meta-externalagent/1.1 (+https://developers.facebook.com/docs/sharing/webmasters/crawler)" 255 **0/255257**
47.128.120.207 - - [16/Mar/2026:06:35:40 -0700] "GET /?fileloc=%2F%2Flib%2Ffirmware%2Fiwlwifi-QuZ-a0-hr-b0-74.ucode&path=%2F%2Flib%2Ffirmware HTTP/2.0" 200 2282 "-" "Mozilla/5.0 (Linux; Android 5.0) AppleWebKit/537.36 (KHTML, like Gecko) Mobile Safari/537.36 (compatible; TikTokSpider; ttspider-feedback@tiktok.com)" 250 **0/250890**
74.7.241.2 - - [16/Mar/2026:06:35:40 -0700] "GET /sitemap.xml?path=//proc/84693/map_files HTTP/2.0" 200 2322 "https://statusplan.com/sitemap.xml?path=//proc/84693" "Mozilla/5.0 AppleWebKit/537.36 (KHTML, like Gecko; compatible; GPTBot/1.3; +https://openai.com/gptbot)" 246 **0/246244**
216.73.216.178 - - [16/Mar/2026:06:35:41 -0700] "GET /sitemap.xml?path=%2F%2Flib%2Flocale HTTP/2.0" 200 3476 "-" "Mozilla/5.0 AppleWebKit/537.36 (KHTML, like Gecko; compatible; ClaudeBot/1.0; +claudebot@anthropic.com)" 603 **0/603855**
