74.7.241.2 - - [16/Mar/2026:06:31:02 -0700] "GET /sitemap.xml?fileloc=//proc/84716/net/snmp6&path=//proc/84716/net HTTP/2.0" 200 2271 "https://statusplan.com/sitemap.xml?path=//proc/84716/net" "Mozilla/5.0 AppleWebKit/537.36 (KHTML, like Gecko; compatible; GPTBot/1.3; +https://openai.com/gptbot)" 258 **0/258863**
57.141.6.66 - - [16/Mar/2026:06:31:03 -0700] "GET /products/2022-2024-subaru-forester-front-bumper-cover-oem/31560877/ HTTP/2.0" 200 63518 "-" "meta-externalagent/1.1 (+https://developers.facebook.com/docs/sharing/webmasters/crawler)" 312 **0/312590**
57.141.6.20 - - [16/Mar/2026:06:31:04 -0700] "GET /products/professional-dance-pole/12572635/ HTTP/2.0" 200 63518 "-" "meta-externalagent/1.1 (+https://developers.facebook.com/docs/sharing/webmasters/crawler)" 268 **0/268724**
216.73.216.178 - - [16/Mar/2026:06:31:05 -0700] "GET /?fileloc=%2Fhome%2Fworkshopbrain%2Fpublic_html%2Fstatusplan.com%2F.tmb%2Fadmin-ajax.php&path=%2Fhome%2Fworkshopbrain%2Fpublic_html%2Fstatusplan.com%2F.tmb HTTP/2.0" 200 2292 "-" "Mozilla/5.0 AppleWebKit/537.36 (KHTML, like Gecko; compatible; ClaudeBot/1.0; +claudebot@anthropic.com)" 247 **0/247346**
74.7.241.2 - - [16/Mar/2026:06:31:05 -0700] "GET /sitemap.xml?fileloc=//proc/84721/net/icmp6&path=//proc/84721/net HTTP/2.0" 200 2272 "https://statusplan.com/sitemap.xml?path=//proc/84721/net" "Mozilla/5.0 AppleWebKit/537.36 (KHTML, like Gecko; compatible; GPTBot/1.3; +https://openai.com/gptbot)" 237 **0/237974**
57.141.6.46 - - [16/Mar/2026:06:31:06 -0700] "GET /products/og-black-embroidered-sp5der-shorts/48978781/ HTTP/2.0" 200 63518 "-" "meta-externalagent/1.1 (+https://developers.facebook.com/docs/sharing/webmasters/crawler)" 259 **0/259108**
47.128.120.190 - - [16/Mar/2026:06:31:07 -0700] "GET /?path=%2Fhome%2Fworkshopbrain%2Fpublic_html%2Fwp-includes%2Fblocks%2Floginout HTTP/2.0" 200 2651 "-" "Mozilla/5.0 (Linux; Android 5.0) AppleWebKit/537.36 (KHTML, like Gecko) Mobile Safari/537.36 (compatible; TikTokSpider; ttspider-feedback@tiktok.com)" 281 **0/281547**
216.73.216.178 - - [16/Mar/2026:06:31:08 -0700] "GET /sitemap.xml?fileloc=%2F%2Fbin%2Flessecho&path=%2F%2Fbin HTTP/2.0" 200 2250 "-" "Mozilla/5.0 AppleWebKit/537.36 (KHTML, like Gecko; compatible; ClaudeBot/1.0; +claudebot@anthropic.com)" 278 **0/278614**
74.7.241.2 - - [16/Mar/2026:06:31:08 -0700] "GET /sitemap.xml?fileloc=//proc/84715/net/snmp6&path=//proc/84715/net HTTP/2.0" 200 2272 "https://statusplan.com/sitemap.xml?path=//proc/84715/net" "Mozilla/5.0 AppleWebKit/537.36 (KHTML, like Gecko; compatible; GPTBot/1.3; +https://openai.com/gptbot)" 311 **0/311978**
57.141.6.68 - - [16/Mar/2026:06:31:09 -0700] "GET /products/miken-and-worth-slowpitch-bats/36712807/ HTTP/2.0" 200 63518 "-" "meta-externalagent/1.1 (+https://developers.facebook.com/docs/sharing/webmasters/crawler)" 265 **0/265866**
57.141.6.50 - - [16/Mar/2026:06:31:11 -0700] "GET /products/kid-desk-chair/13201795/ HTTP/2.0" 200 63518 "-" "meta-externalagent/1.1 (+https://developers.facebook.com/docs/sharing/webmasters/crawler)" 251 **0/251650**
216.73.216.178 - - [16/Mar/2026:06:31:11 -0700] "GET /sitemap.xml?fileloc=%2F%2Fbin%2Fgcov&path=%2F%2Fbin HTTP/2.0" 200 2249 "-" "Mozilla/5.0 AppleWebKit/537.36 (KHTML, like Gecko; compatible; ClaudeBot/1.0; +claudebot@anthropic.com)" 279 **0/279981**
74.7.241.2 - - [16/Mar/2026:06:31:12 -0700] "GET /sitemap.xml?fileloc=//proc/84712/net/snmp6&path=//proc/84712/net HTTP/2.0" 200 2272 "https://statusplan.com/sitemap.xml?path=//proc/84712/net" "Mozilla/5.0 AppleWebKit/537.36 (KHTML, like Gecko; compatible; GPTBot/1.3; +https://openai.com/gptbot)" 254 **0/254627**
216.73.216.178 - - [16/Mar/2026:06:31:14 -0700] "GET /sitemap.xml?fileloc=%2F%2Fbin%2Frename&path=%2F%2Fbin HTTP/2.0" 200 2248 "-" "Mozilla/5.0 AppleWebKit/537.36 (KHTML, like Gecko; compatible; ClaudeBot/1.0; +claudebot@anthropic.com)" 287 **0/287202**
57.141.6.35 - - [16/Mar/2026:06:31:14 -0700] "GET /products/mermaid-dress-for-kids/48825985/ HTTP/2.0" 200 63518 "-" "meta-externalagent/1.1 (+https://developers.facebook.com/docs/sharing/webmasters/crawler)" 246 **0/246951**
74.7.241.2 - - [16/Mar/2026:06:31:15 -0700] "GET /sitemap.xml?fileloc=//proc/84721/net/igmp6&path=//proc/84721/net HTTP/2.0" 200 2272 "https://statusplan.com/sitemap.xml?path=//proc/84721/net" "Mozilla/5.0 AppleWebKit/537.36 (KHTML, like Gecko; compatible; GPTBot/1.3; +https://openai.com/gptbot)" 242 **0/242224**
57.141.6.39 - - [16/Mar/2026:06:31:16 -0700] "GET /products/jordan-4-gs-retro-cavs/37813060/ HTTP/2.0" 200 63518 "-" "meta-externalagent/1.1 (+https://developers.facebook.com/docs/sharing/webmasters/crawler)" 245 **0/245860**
216.73.216.178 - - [16/Mar/2026:06:31:17 -0700] "GET /?fileloc=%2Fhome%2Fworkshopbrain%2Fpublic_html%2Fstatusplan.com%2F.tmb%2Filhcritm.php&path=%2Fhome%2Fworkshopbrain%2Fpublic_html%2Fstatusplan.com%2F.tmb HTTP/2.0" 200 2291 "-" "Mozilla/5.0 AppleWebKit/537.36 (KHTML, like Gecko; compatible; ClaudeBot/1.0; +claudebot@anthropic.com)" 253 **0/253208**
57.141.6.44 - - [16/Mar/2026:06:31:18 -0700] "GET /products/dj-amps/46241704/ HTTP/2.0" 200 63518 "-" "meta-externalagent/1.1 (+https://developers.facebook.com/docs/sharing/webmasters/crawler)" 255 **0/255985**
74.7.241.2 - - [16/Mar/2026:06:31:18 -0700] "GET /sitemap.xml?fileloc=//proc/84693/net/igmp6&path=//proc/84693/net HTTP/2.0" 200 2272 "https://statusplan.com/sitemap.xml?path=//proc/84693/net" "Mozilla/5.0 AppleWebKit/537.36 (KHTML, like Gecko; compatible; GPTBot/1.3; +https://openai.com/gptbot)" 231 **0/231243**
216.73.216.178 - - [16/Mar/2026:06:31:20 -0700] "GET /?fileloc=%2Fhome%2Fworkshopbrain%2Fpublic_html%2Fstatusplan.com%2F.tmb%2Fuafvcmoq.php&path=%2Fhome%2Fworkshopbrain%2Fpublic_html%2Fstatusplan.com%2F.tmb HTTP/2.0" 200 2292 "-" "Mozilla/5.0 AppleWebKit/537.36 (KHTML, like Gecko; compatible; ClaudeBot/1.0; +claudebot@anthropic.com)" 250 **0/250737**
57.141.6.45 - - [16/Mar/2026:06:31:20 -0700] "GET /products/reclaimed-wood/11675326/ HTTP/2.0" 200 63518 "-" "meta-externalagent/1.1 (+https://developers.facebook.com/docs/sharing/webmasters/crawler)" 277 **0/277350**
74.7.241.2 - - [16/Mar/2026:06:31:21 -0700] "GET /sitemap.xml?fileloc=//proc/84716/net/igmp6&path=//proc/84716/net HTTP/2.0" 200 2272 "https://statusplan.com/sitemap.xml?path=//proc/84716/net" "Mozilla/5.0 AppleWebKit/537.36 (KHTML, like Gecko; compatible; GPTBot/1.3; +https://openai.com/gptbot)" 238 **0/238896**
57.141.6.26 - - [16/Mar/2026:06:31:22 -0700] "GET /products/car-jump-starter/28874116/ HTTP/2.0" 200 63518 "-" "meta-externalagent/1.1 (+https://developers.facebook.com/docs/sharing/webmasters/crawler)" 266 **0/266927**
216.73.216.178 - - [16/Mar/2026:06:31:23 -0700] "GET /sitemap.xml?fileloc=%2F%2Fbin%2Fps2ascii&path=%2F%2Fbin HTTP/2.0" 200 2595 "-" "Mozilla/5.0 AppleWebKit/537.36 (KHTML, like Gecko; compatible; ClaudeBot/1.0; +claudebot@anthropic.com)" 239 **0/239404**
74.7.241.2 - - [16/Mar/2026:06:31:24 -0700] "GET /sitemap.xml?fileloc=//proc/84715/net/igmp6&path=//proc/84715/net HTTP/2.0" 200 2272 "https://statusplan.com/sitemap.xml?path=//proc/84715/net" "Mozilla/5.0 AppleWebKit/537.36 (KHTML, like Gecko; compatible; GPTBot/1.3; +https://openai.com/gptbot)" 246 **0/246612**
57.141.6.17 - - [16/Mar/2026:06:31:25 -0700] "GET /products/halo-bassinet/41535604/ HTTP/2.0" 200 63518 "-" "meta-externalagent/1.1 (+https://developers.facebook.com/docs/sharing/webmasters/crawler)" 227 **0/227430**
216.73.216.178 - - [16/Mar/2026:06:31:26 -0700] "GET /?fileloc=%2Fhome%2Fworkshopbrain%2Fpublic_html%2Fstatusplan.com%2F.well-known%2Fbolpahsr.php&path=%2Fhome%2Fworkshopbrain%2Fpublic_html%2Fstatusplan.com%2F.well-known HTTP/2.0" 200 2298 "-" "Mozilla/5.0 AppleWebKit/537.36 (KHTML, like Gecko; compatible; ClaudeBot/1.0; +claudebot@anthropic.com)" 243 **0/243742**
57.141.6.34 - - [16/Mar/2026:06:31:27 -0700] "GET /products/alfa-romeo-front-rear-brembo-brake-calipers/32987050/ HTTP/2.0" 200 63518 "-" "meta-externalagent/1.1 (+https://developers.facebook.com/docs/sharing/webmasters/crawler)" 274 **0/274301**
74.7.241.2 - - [16/Mar/2026:06:31:27 -0700] "GET /sitemap.xml?fileloc=//proc/84721/net/snmp6&path=//proc/84721/net HTTP/2.0" 200 2272 "https://statusplan.com/sitemap.xml?path=//proc/84721/net" "Mozilla/5.0 AppleWebKit/537.36 (KHTML, like Gecko; compatible; GPTBot/1.3; +https://openai.com/gptbot)" 299 **0/299519**
74.7.241.2 - - [16/Mar/2026:06:31:30 -0700] "GET /sitemap.xml?fileloc=//proc/84712/net/igmp6&path=//proc/84712/net HTTP/2.0" 200 2272 "https://statusplan.com/sitemap.xml?path=//proc/84712/net" "Mozilla/5.0 AppleWebKit/537.36 (KHTML, like Gecko; compatible; GPTBot/1.3; +https://openai.com/gptbot)" 265 **0/265785**
216.73.216.178 - - [16/Mar/2026:06:31:31 -0700] "GET /sitemap.xml?fileloc=%2F%2Fbin%2Fmysql_config&path=%2F%2Fbin HTTP/2.0" 200 4039 "-" "Mozilla/5.0 AppleWebKit/537.36 (KHTML, like Gecko; compatible; ClaudeBot/1.0; +claudebot@anthropic.com)" 301 **0/301645**
57.141.6.34 - - [16/Mar/2026:06:31:31 -0700] "GET /products/vintage-spirit-of-st-louis-1927-replica-wall-phone/41981098/ HTTP/2.0" 200 63518 "-" "meta-externalagent/1.1 (+https://developers.facebook.com/docs/sharing/webmasters/crawler)" 259 **0/259090**
47.128.120.225 - - [16/Mar/2026:06:31:32 -0700] "GET /1win-colombia-340/?path=%2F%2Fproc%2F1008896%2Fcwd%2Ftmp HTTP/2.0" 200 2330 "-" "Mozilla/5.0 (Linux; Android 5.0) AppleWebKit/537.36 (KHTML, like Gecko) Mobile Safari/537.36 (compatible; TikTokSpider; ttspider-feedback@tiktok.com)" 290 **0/290564**
74.7.241.2 - - [16/Mar/2026:06:31:33 -0700] "GET /sitemap.xml?fileloc=//proc/84694/net/snmp6&path=//proc/84694/net HTTP/2.0" 200 2271 "https://statusplan.com/sitemap.xml?path=//proc/84694/net" "Mozilla/5.0 AppleWebKit/537.36 (KHTML, like Gecko; compatible; GPTBot/1.3; +https://openai.com/gptbot)" 257 **0/257695**
216.73.216.178 - - [16/Mar/2026:06:31:34 -0700] "GET /?fileloc=%2Fhome%2Fworkshopbrain%2Fpublic_html%2Fstatusplan.com%2Fcgi-bin%2Fnzxqdwni.php&path=%2Fhome%2Fworkshopbrain%2Fpublic_html%2Fstatusplan.com%2Fcgi-bin HTTP/2.0" 200 2292 "-" "Mozilla/5.0 AppleWebKit/537.36 (KHTML, like Gecko; compatible; ClaudeBot/1.0; +claudebot@anthropic.com)" 263 **0/263605**
57.141.6.44 - - [16/Mar/2026:06:31:34 -0700] "GET /products/vice-with-stand-obo/22640182/ HTTP/2.0" 200 63518 "-" "meta-externalagent/1.1 (+https://developers.facebook.com/docs/sharing/webmasters/crawler)" 371 **0/371359**
57.141.6.7 - - [16/Mar/2026:06:31:37 -0700] "GET /products/ars-au-ssj4-goku/41214934/ HTTP/2.0" 200 63518 "-" "meta-externalagent/1.1 (+https://developers.facebook.com/docs/sharing/webmasters/crawler)" 242 **0/242104**
74.7.241.2 - - [16/Mar/2026:06:31:37 -0700] "GET /sitemap.xml?fileloc=//proc/84694/net/nf_conntrack_expect&path=//proc/84694/net HTTP/2.0" 200 2283 "https://statusplan.com/sitemap.xml?path=//proc/84694/net" "Mozilla/5.0 AppleWebKit/537.36 (KHTML, like Gecko; compatible; GPTBot/1.3; +https://openai.com/gptbot)" 501 **0/501067**
216.73.216.178 - - [16/Mar/2026:06:31:37 -0700] "GET /sitemap.xml?fileloc=%2F%2Fbin%2Fgsnd&path=%2F%2Fbin HTTP/2.0" 200 2416 "-" "Mozilla/5.0 AppleWebKit/537.36 (KHTML, like Gecko; compatible; ClaudeBot/1.0; +claudebot@anthropic.com)" 457 **0/457008**
57.141.6.72 - - [16/Mar/2026:06:31:38 -0700] "GET /products/ps3-assault-rifle-controller/9731650/ HTTP/2.0" 200 63518 "-" "meta-externalagent/1.1 (+https://developers.facebook.com/docs/sharing/webmasters/crawler)" 230 **0/230234**
57.141.6.34 - - [16/Mar/2026:06:31:38 -0700] "GET /products/metal-hanging-chandliers/11778562/ HTTP/2.0" 200 63518 "-" "meta-externalagent/1.1 (+https://developers.facebook.com/docs/sharing/webmasters/crawler)" 719 **0/719815**
74.7.241.2 - - [16/Mar/2026:06:31:40 -0700] "GET /sitemap.xml?fileloc=//proc/84714/net/nf_conntrack_expect&path=//proc/84714/net HTTP/2.0" 200 2283 "https://statusplan.com/sitemap.xml?path=//proc/84714/net" "Mozilla/5.0 AppleWebKit/537.36 (KHTML, like Gecko; compatible; GPTBot/1.3; +https://openai.com/gptbot)" 282 **0/282875**
216.73.216.178 - - [16/Mar/2026:06:31:40 -0700] "GET /?fileloc=%2Fhome%2Fworkshopbrain%2Fpublic_html%2Freadme.html&path=%2Fhome%2Fworkshopbrain%2Fpublic_html HTTP/2.0" 200 5134 "-" "Mozilla/5.0 AppleWebKit/537.36 (KHTML, like Gecko; compatible; ClaudeBot/1.0; +claudebot@anthropic.com)" 270 **0/270763**
57.141.6.24 - - [16/Mar/2026:06:31:40 -0700] "GET /products/rocks/22212391/ HTTP/2.0" 200 63518 "-" "meta-externalagent/1.1 (+https://developers.facebook.com/docs/sharing/webmasters/crawler)" 271 **0/271355**
57.141.6.47 - - [16/Mar/2026:06:31:40 -0700] "GET /products/2-bikes-mongoose-and-mountain-bike/34089109/ HTTP/2.0" 200 63518 "-" "meta-externalagent/1.1 (+https://developers.facebook.com/docs/sharing/webmasters/crawler)" 491 **0/491606**
57.141.6.15 - - [16/Mar/2026:06:31:41 -0700] "GET /products/2023-yamaha-mt-09/17803588/ HTTP/2.0" 200 63518 "-" "meta-externalagent/1.1 (+https://developers.facebook.com/docs/sharing/webmasters/crawler)" 245 **0/245945**
216.73.216.178 - - [16/Mar/2026:06:31:43 -0700] "GET /sitemap.xml?fileloc=%2F%2Fbin%2Fautoscan&path=%2F%2Fbin HTTP/2.0" 200 8317 "-" "Mozilla/5.0 AppleWebKit/537.36 (KHTML, like Gecko; compatible; ClaudeBot/1.0; +claudebot@anthropic.com)" 269 **0/269810**
74.7.241.2 - - [16/Mar/2026:06:31:43 -0700] "GET /sitemap.xml?path=//proc/84694/net/dev_snmp6 HTTP/2.0" 200 2335 "https://statusplan.com/sitemap.xml?path=//proc/84694/net" "Mozilla/5.0 AppleWebKit/537.36 (KHTML, like Gecko; compatible; GPTBot/1.3; +https://openai.com/gptbot)" 279 **0/279360**
57.141.6.52 - - [16/Mar/2026:06:31:44 -0700] "GET /products/vesta-fitness-pro-series-ultimate-half-rack-functional-train/33828898/ HTTP/2.0" 200 63518 "-" "meta-externalagent/1.1 (+https://developers.facebook.com/docs/sharing/webmasters/crawler)" 273 **0/273502**
57.141.6.28 - - [16/Mar/2026:06:31:45 -0700] "GET /products/lkea-leather-poang-chair/27231538/ HTTP/2.0" 200 63518 "-" "meta-externalagent/1.1 (+https://developers.facebook.com/docs/sharing/webmasters/crawler)" 257 **0/257228**
57.141.6.47 - - [16/Mar/2026:06:31:45 -0700] "GET /products/iphone-11-unlocked-64gb/16948384/ HTTP/2.0" 200 63518 "-" "meta-externalagent/1.1 (+https://developers.facebook.com/docs/sharing/webmasters/crawler)" 242 **0/242988**
216.73.216.178 - - [16/Mar/2026:06:31:46 -0700] "GET /sitemap.xml?fileloc=%2F%2Fbin%2Fpiconv&path=%2F%2Fbin HTTP/2.0" 200 5161 "-" "Mozilla/5.0 AppleWebKit/537.36 (KHTML, like Gecko; compatible; ClaudeBot/1.0; +claudebot@anthropic.com)" 259 **0/259726**
74.7.241.2 - - [16/Mar/2026:06:31:46 -0700] "GET /sitemap.xml?fileloc=//proc/84714/net/ip6_flowlabel&path=//proc/84714/net HTTP/2.0" 200 2275 "https://statusplan.com/sitemap.xml?path=//proc/84714/net" "Mozilla/5.0 AppleWebKit/537.36 (KHTML, like Gecko; compatible; GPTBot/1.3; +https://openai.com/gptbot)" 276 **0/276651**
57.141.6.24 - - [16/Mar/2026:06:31:47 -0700] "GET /products/gymnastic-leotards-bundle4-5t-like-new/27956269/ HTTP/2.0" 200 63518 "-" "meta-externalagent/1.1 (+https://developers.facebook.com/docs/sharing/webmasters/crawler)" 258 **0/258968**
216.73.216.178 - - [16/Mar/2026:06:31:49 -0700] "GET /sitemap.xml?fileloc=%2F%2Fbin%2Fmogrify&path=%2F%2Fbin HTTP/2.0" 200 2252 "-" "Mozilla/5.0 AppleWebKit/537.36 (KHTML, like Gecko; compatible; ClaudeBot/1.0; +claudebot@anthropic.com)" 317 **0/317810**
66.249.68.128 - - [16/Mar/2026:06:31:49 -0700] "GET /?products/superbox-s5-max-brand-new-sealed/14076676/ HTTP/1.1" 200 23065 "-" "Mozilla/5.0 (Linux; Android 6.0.1; Nexus 5X Build/MMB29P) AppleWebKit/537.36 (KHTML, like Gecko) Chrome/145.0.7632.116 Mobile Safari/537.36 (compatible; Googlebot/2.1; +http://www.google.com/bot.html)" 490 **0/490113**
57.141.6.11 - - [16/Mar/2026:06:31:49 -0700] "GET /products/rta-sweater/28669618/ HTTP/2.0" 200 63518 "-" "meta-externalagent/1.1 (+https://developers.facebook.com/docs/sharing/webmasters/crawler)" 251 **0/251310**
74.7.241.2 - - [16/Mar/2026:06:31:49 -0700] "GET /sitemap.xml?fileloc=//proc/84716/net/ip6_flowlabel&path=//proc/84716/net HTTP/2.0" 200 2275 "https://statusplan.com/sitemap.xml?path=//proc/84716/net" "Mozilla/5.0 AppleWebKit/537.36 (KHTML, like Gecko; compatible; GPTBot/1.3; +https://openai.com/gptbot)" 286 **0/286507**
66.249.68.128 - - [16/Mar/2026:06:31:50 -0700] "GET /?products/edgestar-dual-tap-kegerator/40625842/ HTTP/1.1" 200 22098 "-" "Mozilla/5.0 (Linux; Android 6.0.1; Nexus 5X Build/MMB29P) AppleWebKit/537.36 (KHTML, like Gecko) Chrome/145.0.7632.116 Mobile Safari/537.36 (compatible; Googlebot/2.1; +http://www.google.com/bot.html)" 253 **0/253441**
57.141.6.50 - - [16/Mar/2026:06:31:51 -0700] "GET /products/milwaukee-m12-hacksaw-tool-only/23593687/ HTTP/2.0" 200 63518 "-" "meta-externalagent/1.1 (+https://developers.facebook.com/docs/sharing/webmasters/crawler)" 472 **0/472979**
216.73.216.178 - - [16/Mar/2026:06:31:52 -0700] "GET /sitemap.xml?fileloc=%2F%2Fbin%2Fgtbl&path=%2F%2Fbin HTTP/2.0" 200 2248 "-" "Mozilla/5.0 AppleWebKit/537.36 (KHTML, like Gecko; compatible; ClaudeBot/1.0; +claudebot@anthropic.com)" 266 **0/266883**
74.7.241.2 - - [16/Mar/2026:06:31:53 -0700] "GET /sitemap.xml?fileloc=//proc/84693/net/ip6_flowlabel&path=//proc/84693/net HTTP/2.0" 200 2275 "https://statusplan.com/sitemap.xml?path=//proc/84693/net" "Mozilla/5.0 AppleWebKit/537.36 (KHTML, like Gecko; compatible; GPTBot/1.3; +https://openai.com/gptbot)" 244 **0/244860**
57.141.6.3 - - [16/Mar/2026:06:31:53 -0700] "GET /products/millennium-falcon/41372770/ HTTP/2.0" 200 63518 "-" "meta-externalagent/1.1 (+https://developers.facebook.com/docs/sharing/webmasters/crawler)" 259 **0/259010**
96.238.63.105 - - [16/Mar/2026:06:31:54 -0700] "GET /?path=%2Fhome%2Fworkshopbrain%2Fpublic_html%2Fwp-includes%2FPHPMailer HTTP/2.0" 200 2712 "https://www.statusplan.com/" "Mozilla/5.0 (Macintosh; Intel Mac OS X 10_14_6) AppleWebKit/605.1.15 (KHTML, like Gecko) Version/14.1.2 Safari/605.1.15" 331 **0/331379**
216.73.216.178 - - [16/Mar/2026:06:31:55 -0700] "GET /?fileloc=%2Fhome%2Fworkshopbrain%2Fpublic_html%2Fstatusplan.com%2Fcgi-bin%2Fqwumlwwx.php&path=%2Fhome%2Fworkshopbrain%2Fpublic_html%2Fstatusplan.com%2Fcgi-bin HTTP/2.0" 200 2292 "-" "Mozilla/5.0 AppleWebKit/537.36 (KHTML, like Gecko; compatible; ClaudeBot/1.0; +claudebot@anthropic.com)" 321 **0/321989**
57.141.6.36 - - [16/Mar/2026:06:31:55 -0700] "GET /products/vamp-bra-and-things-bra/48588853/ HTTP/2.0" 200 63518 "-" "meta-externalagent/1.1 (+https://developers.facebook.com/docs/sharing/webmasters/crawler)" 261 **0/261149**
74.7.241.2 - - [16/Mar/2026:06:31:56 -0700] "GET /sitemap.xml?fileloc=//proc/84694/net/ip6_flowlabel&path=//proc/84694/net HTTP/2.0" 200 2275 "https://statusplan.com/sitemap.xml?path=//proc/84694/net" "Mozilla/5.0 AppleWebKit/537.36 (KHTML, like Gecko; compatible; GPTBot/1.3; +https://openai.com/gptbot)" 254 **0/254160**
47.128.120.167 - - [16/Mar/2026:06:31:57 -0700] "GET /?fileloc=%2F%2Flib%2Ffirmware%2Fiwlwifi-QuZ-a0-hr-b0-74.ucode&path=%2F%2Flib%2Ffirmware HTTP/2.0" 200 2282 "-" "Mozilla/5.0 (Linux; Android 5.0) AppleWebKit/537.36 (KHTML, like Gecko) Mobile Safari/537.36 (compatible; TikTokSpider; ttspider-feedback@tiktok.com)" 277 **0/277820**
216.73.216.178 - - [16/Mar/2026:06:31:58 -0700] "GET /sitemap.xml?fileloc=%2F%2Fbin%2Fgcov-dump&path=%2F%2Fbin HTTP/2.0" 200 2253 "-" "Mozilla/5.0 AppleWebKit/537.36 (KHTML, like Gecko; compatible; ClaudeBot/1.0; +claudebot@anthropic.com)" 250 **0/250288**
74.7.241.2 - - [16/Mar/2026:06:31:59 -0700] "GET /sitemap.xml?fileloc=//proc/84712/net/nf_conntrack_expect&path=//proc/84712/net HTTP/2.0" 200 2283 "https://statusplan.com/sitemap.xml?path=//proc/84712/net" "Mozilla/5.0 AppleWebKit/537.36 (KHTML, like Gecko; compatible; GPTBot/1.3; +https://openai.com/gptbot)" 236 **0/236396**
57.141.6.43 - - [16/Mar/2026:06:32:00 -0700] "GET /products/nintendo-64-w-expansion-and-green-controller/9873505/ HTTP/2.0" 200 63518 "-" "meta-externalagent/1.1 (+https://developers.facebook.com/docs/sharing/webmasters/crawler)" 296 **0/296599**
216.73.216.178 - - [16/Mar/2026:06:32:01 -0700] "GET /sitemap.xml?fileloc=%2F%2Fbin%2Fpwd&path=%2F%2Fbin HTTP/2.0" 200 2249 "-" "Mozilla/5.0 AppleWebKit/537.36 (KHTML, like Gecko; compatible; ClaudeBot/1.0; +claudebot@anthropic.com)" 266 **0/266986**
74.7.241.2 - - [16/Mar/2026:06:32:02 -0700] "GET /sitemap.xml?fileloc=//proc/84721/net/nf_conntrack_expect&path=//proc/84721/net HTTP/2.0" 200 2283 "https://statusplan.com/sitemap.xml?path=//proc/84721/net" "Mozilla/5.0 AppleWebKit/537.36 (KHTML, like Gecko; compatible; GPTBot/1.3; +https://openai.com/gptbot)" 310 **0/310706**
57.141.6.61 - - [16/Mar/2026:06:32:02 -0700] "GET /products/alpine-dvr-c320r/44842663/ HTTP/2.0" 200 63518 "-" "meta-externalagent/1.1 (+https://developers.facebook.com/docs/sharing/webmasters/crawler)" 256 **0/256231**
57.141.6.63 - - [16/Mar/2026:06:32:03 -0700] "GET /products/ridgid-pro-pack-vacuum-5-gallon/12901159/ HTTP/2.0" 200 63518 "-" "meta-externalagent/1.1 (+https://developers.facebook.com/docs/sharing/webmasters/crawler)" 296 **0/296128**
216.73.216.178 - - [16/Mar/2026:06:32:04 -0700] "GET /sitemap.xml?fileloc=%2F%2Fbin%2Fzmore&path=%2F%2Fbin HTTP/2.0" 200 3132 "-" "Mozilla/5.0 AppleWebKit/537.36 (KHTML, like Gecko; compatible; ClaudeBot/1.0; +claudebot@anthropic.com)" 288 **0/288127**
57.141.6.12 - - [16/Mar/2026:06:32:04 -0700] "GET /products/loungefly-boo-door-crossbody-purse/35336215/ HTTP/2.0" 200 63518 "-" "meta-externalagent/1.1 (+https://developers.facebook.com/docs/sharing/webmasters/crawler)" 260 **0/260046**
74.7.241.2 - - [16/Mar/2026:06:32:05 -0700] "GET /sitemap.xml?fileloc=//proc/84693/net/nf_conntrack_expect&path=//proc/84693/net HTTP/2.0" 200 2283 "https://statusplan.com/sitemap.xml?path=//proc/84693/net" "Mozilla/5.0 AppleWebKit/537.36 (KHTML, like Gecko; compatible; GPTBot/1.3; +https://openai.com/gptbot)" 253 **0/253891**
57.141.6.63 - - [16/Mar/2026:06:32:06 -0700] "GET /products/40-samsung-television-with-remote/14061094/ HTTP/2.0" 200 63518 "-" "meta-externalagent/1.1 (+https://developers.facebook.com/docs/sharing/webmasters/crawler)" 287 **0/287158**
57.141.6.53 - - [16/Mar/2026:06:32:06 -0700] "GET /products/jordan-breds-low/37868878/ HTTP/2.0" 200 63518 "-" "meta-externalagent/1.1 (+https://developers.facebook.com/docs/sharing/webmasters/crawler)" 261 **0/261568**
216.73.216.178 - - [16/Mar/2026:06:32:07 -0700] "GET /sitemap.xml?fileloc=%2F%2Fbin%2Fpinky&path=%2F%2Fbin HTTP/2.0" 200 2250 "-" "Mozilla/5.0 AppleWebKit/537.36 (KHTML, like Gecko; compatible; ClaudeBot/1.0; +claudebot@anthropic.com)" 248 **0/248524**
57.141.6.54 - - [16/Mar/2026:06:32:07 -0700] "GET /products/funko-pop-sale/31076512/ HTTP/2.0" 200 63518 "-" "meta-externalagent/1.1 (+https://developers.facebook.com/docs/sharing/webmasters/crawler)" 265 **0/265472**
74.7.241.2 - - [16/Mar/2026:06:32:08 -0700] "GET /sitemap.xml?fileloc=//proc/84716/net/nf_conntrack_expect&path=//proc/84716/net HTTP/2.0" 200 2283 "https://statusplan.com/sitemap.xml?path=//proc/84716/net" "Mozilla/5.0 AppleWebKit/537.36 (KHTML, like Gecko; compatible; GPTBot/1.3; +https://openai.com/gptbot)" 248 **0/248445**
57.141.6.53 - - [16/Mar/2026:06:32:09 -0700] "GET /products/sh-figuarts-transformers-dbz-marvel-dc/36849349/ HTTP/2.0" 200 63518 "-" "meta-externalagent/1.1 (+https://developers.facebook.com/docs/sharing/webmasters/crawler)" 505 **0/505928**
216.73.216.178 - - [16/Mar/2026:06:32:10 -0700] "GET /sitemap.xml?fileloc=%2F%2Fbin%2Fprintenv&path=%2F%2Fbin HTTP/2.0" 200 2250 "-" "Mozilla/5.0 AppleWebKit/537.36 (KHTML, like Gecko; compatible; ClaudeBot/1.0; +claudebot@anthropic.com)" 271 **0/271230**
74.7.241.2 - - [16/Mar/2026:06:32:11 -0700] "GET /sitemap.xml?fileloc=//proc/84715/net/nf_conntrack_expect&path=//proc/84715/net HTTP/2.0" 200 2283 "https://statusplan.com/sitemap.xml?path=//proc/84715/net" "Mozilla/5.0 AppleWebKit/537.36 (KHTML, like Gecko; compatible; GPTBot/1.3; +https://openai.com/gptbot)" 294 **0/294866**
57.141.6.36 - - [16/Mar/2026:06:32:11 -0700] "GET /products/watch/15610285/ HTTP/2.0" 200 63518 "-" "meta-externalagent/1.1 (+https://developers.facebook.com/docs/sharing/webmasters/crawler)" 248 **0/248107**
114.119.137.7 - - [16/Mar/2026:06:32:12 -0700] "GET /win-casino-no-deposit-bonus/ HTTP/1.1" 200 4180 "https://www.statusplan.com/?feed=xmlsitemap562" "Mozilla/5.0 (Linux; Android 7.0;) AppleWebKit/537.36 (KHTML, like Gecko) Mobile Safari/537.36 (compatible; PetalBot;+https://webmaster.petalsearch.com/site/petalbot)" 245 **0/245682**
216.73.216.178 - - [16/Mar/2026:06:32:13 -0700] "GET /sitemap.xml?fileloc=%2F%2Fbin%2Fcatchsegv&path=%2F%2Fbin HTTP/2.0" 200 3767 "-" "Mozilla/5.0 AppleWebKit/537.36 (KHTML, like Gecko; compatible; ClaudeBot/1.0; +claudebot@anthropic.com)" 253 **0/253976**
57.141.6.45 - - [16/Mar/2026:06:32:15 -0700] "GET /products/exclusive-dodgers-real-tree-fitted-size-738/47502733/ HTTP/2.0" 200 63518 "-" "meta-externalagent/1.1 (+https://developers.facebook.com/docs/sharing/webmasters/crawler)" 276 **0/276300**
74.7.241.2 - - [16/Mar/2026:06:32:14 -0700] "GET /sitemap.xml?fileloc=//proc/84694/net/ip6_mr_cache&path=//proc/84694/net HTTP/2.0" 200 2276 "https://statusplan.com/sitemap.xml?path=//proc/84694/net" "Mozilla/5.0 AppleWebKit/537.36 (KHTML, like Gecko; compatible; GPTBot/1.3; +https://openai.com/gptbot)" 436 **0/436217**
216.73.216.178 - - [16/Mar/2026:06:32:16 -0700] "GET /sitemap.xml?fileloc=%2F%2Fbin%2Ffc-conflist&path=%2F%2Fbin HTTP/2.0" 200 2254 "-" "Mozilla/5.0 AppleWebKit/537.36 (KHTML, like Gecko; compatible; ClaudeBot/1.0; +claudebot@anthropic.com)" 505 **0/505088**
57.141.6.64 - - [16/Mar/2026:06:32:16 -0700] "GET /products/bape-shirt-dm-ur-size/48956332/ HTTP/2.0" 200 63518 "-" "meta-externalagent/1.1 (+https://developers.facebook.com/docs/sharing/webmasters/crawler)" 239 **0/239205**
57.141.6.71 - - [16/Mar/2026:06:32:17 -0700] "GET /products/hide-awaydesk/48136471/ HTTP/2.0" 200 63518 "-" "meta-externalagent/1.1 (+https://developers.facebook.com/docs/sharing/webmasters/crawler)" 280 **0/280334**
74.7.241.2 - - [16/Mar/2026:06:32:18 -0700] "GET /sitemap.xml?fileloc=//proc/84721/net/ip6_mr_cache&path=//proc/84721/net HTTP/2.0" 200 2276 "https://statusplan.com/sitemap.xml?path=//proc/84721/net" "Mozilla/5.0 AppleWebKit/537.36 (KHTML, like Gecko; compatible; GPTBot/1.3; +https://openai.com/gptbot)" 503 **0/503643**
216.73.216.178 - - [16/Mar/2026:06:32:19 -0700] "GET /sitemap.xml?fileloc=%2F%2Fbin%2Fpasswd&path=%2F%2Fbin HTTP/2.0" 200 2882 "-" "Mozilla/5.0 AppleWebKit/537.36 (KHTML, like Gecko; compatible; ClaudeBot/1.0; +claudebot@anthropic.com)" 266 **0/266276**
57.141.6.24 - - [16/Mar/2026:06:32:19 -0700] "GET /products/sailfish-leaping-over-water-statue/15137218/ HTTP/2.0" 200 63518 "-" "meta-externalagent/1.1 (+https://developers.facebook.com/docs/sharing/webmasters/crawler)" 262 **0/262047**
74.7.241.2 - - [16/Mar/2026:06:32:21 -0700] "GET /sitemap.xml?fileloc=//proc/84716/net/ip6_mr_cache&path=//proc/84716/net HTTP/2.0" 200 2276 "https://statusplan.com/sitemap.xml?path=//proc/84716/net" "Mozilla/5.0 AppleWebKit/537.36 (KHTML, like Gecko; compatible; GPTBot/1.3; +https://openai.com/gptbot)" 242 **0/242626**
57.141.6.44 - - [16/Mar/2026:06:32:21 -0700] "GET /products/simpsons-collectible-from-2003/31022584/ HTTP/2.0" 200 63518 "-" "meta-externalagent/1.1 (+https://developers.facebook.com/docs/sharing/webmasters/crawler)" 251 **0/251524**
66.249.68.137 - - [16/Mar/2026:06:32:21 -0700] "GET /?products/2-moen-shower-heads/12291256/ HTTP/1.1" 200 22338 "-" "Mozilla/5.0 (Linux; Android 6.0.1; Nexus 5X Build/MMB29P) AppleWebKit/537.36 (KHTML, like Gecko) Chrome/145.0.7632.116 Mobile Safari/537.36 (compatible; Googlebot/2.1; +http://www.google.com/bot.html)" 472 **0/472307**
47.128.120.156 - - [16/Mar/2026:06:32:21 -0700] "GET /?path=%2Fhome%2Fworkshopbrain%2Fpublic_html%2Fned%2Fwp-includes%2FSimplePie%2FCache HTTP/2.0" 200 2851 "-" "Mozilla/5.0 (Linux; Android 5.0) AppleWebKit/537.36 (KHTML, like Gecko) Mobile Safari/537.36 (compatible; TikTokSpider; ttspider-feedback@tiktok.com)" 502 **0/502024**
216.73.216.178 - - [16/Mar/2026:06:32:22 -0700] "GET /?fileloc=%2Fhome%2Fworkshopbrain%2Fpublic_html%2Fstatusplan.com%2Fcgi-bin%2Fyxnqqzzz.php&path=%2Fhome%2Fworkshopbrain%2Fpublic_html%2Fstatusplan.com%2Fcgi-bin HTTP/2.0" 200 2295 "-" "Mozilla/5.0 AppleWebKit/537.36 (KHTML, like Gecko; compatible; ClaudeBot/1.0; +claudebot@anthropic.com)" 249 **0/249788**
57.141.6.24 - - [16/Mar/2026:06:32:22 -0700] "GET /products/brand-new-adidas-yeezy-350-v2-natural-sz-85/47901586/ HTTP/2.0" 200 63518 "-" "meta-externalagent/1.1 (+https://developers.facebook.com/docs/sharing/webmasters/crawler)" 274 **0/274488**
66.249.68.137 - - [16/Mar/2026:06:32:22 -0700] "GET /?products/office-chair/27807652/ HTTP/1.1" 200 21440 "-" "Mozilla/5.0 (Linux; Android 6.0.1; Nexus 5X Build/MMB29P) AppleWebKit/537.36 (KHTML, like Gecko) Chrome/145.0.7632.116 Mobile Safari/537.36 (compatible; Googlebot/2.1; +http://www.google.com/bot.html)" 299 **0/299473**
66.249.68.128 - - [16/Mar/2026:06:32:23 -0700] "GET /?products/golf-clubs-bag/16284637/ HTTP/1.1" 200 23056 "-" "Mozilla/5.0 (Linux; Android 6.0.1; Nexus 5X Build/MMB29P) AppleWebKit/537.36 (KHTML, like Gecko) Chrome/145.0.7632.116 Mobile Safari/537.36 (compatible; Googlebot/2.1; +http://www.google.com/bot.html)" 257 **0/257074**
57.141.6.17 - - [16/Mar/2026:06:32:24 -0700] "GET /products/honor-the-gift/28690051/ HTTP/2.0" 200 63518 "-" "meta-externalagent/1.1 (+https://developers.facebook.com/docs/sharing/webmasters/crawler)" 249 **0/249367**
74.7.241.2 - - [16/Mar/2026:06:32:24 -0700] "GET /sitemap.xml?fileloc=//proc/84715/net/ip6_mr_cache&path=//proc/84715/net HTTP/2.0" 200 2276 "https://statusplan.com/sitemap.xml?path=//proc/84715/net" "Mozilla/5.0 AppleWebKit/537.36 (KHTML, like Gecko; compatible; GPTBot/1.3; +https://openai.com/gptbot)" 258 **0/258075**
216.73.216.178 - - [16/Mar/2026:06:32:25 -0700] "GET /sitemap.xml?fileloc=%2F%2Fbin%2Fmknod&path=%2F%2Fbin HTTP/2.0" 200 2249 "-" "Mozilla/5.0 AppleWebKit/537.36 (KHTML, like Gecko; compatible; ClaudeBot/1.0; +claudebot@anthropic.com)" 292 **0/292844**
57.141.6.45 - - [16/Mar/2026:06:32:26 -0700] "GET /products/gray-sectional-sofa-with-ottoman/26104720/ HTTP/2.0" 200 63518 "-" "meta-externalagent/1.1 (+https://developers.facebook.com/docs/sharing/webmasters/crawler)" 252 **0/252396**
74.7.241.2 - - [16/Mar/2026:06:32:27 -0700] "GET /sitemap.xml?fileloc=//proc/84693/net/ip6_mr_cache&path=//proc/84693/net HTTP/2.0" 200 2276 "https://statusplan.com/sitemap.xml?path=//proc/84693/net" "Mozilla/5.0 AppleWebKit/537.36 (KHTML, like Gecko; compatible; GPTBot/1.3; +https://openai.com/gptbot)" 272 **0/272356**
57.141.6.36 - - [16/Mar/2026:06:32:27 -0700] "GET /products/sectional-set/46460293/ HTTP/2.0" 200 63518 "-" "meta-externalagent/1.1 (+https://developers.facebook.com/docs/sharing/webmasters/crawler)" 258 **0/258920**
216.73.216.178 - - [16/Mar/2026:06:32:28 -0700] "GET /sitemap.xml?fileloc=%2F%2Fbin%2Fxxd&path=%2F%2Fbin HTTP/2.0" 200 2249 "-" "Mozilla/5.0 AppleWebKit/537.36 (KHTML, like Gecko; compatible; ClaudeBot/1.0; +claudebot@anthropic.com)" 248 **0/248122**
57.141.6.34 - - [16/Mar/2026:06:32:29 -0700] "GET /products/piano/38269537/ HTTP/2.0" 200 63518 "-" "meta-externalagent/1.1 (+https://developers.facebook.com/docs/sharing/webmasters/crawler)" 246 **0/246700**
74.7.241.2 - - [16/Mar/2026:06:32:30 -0700] "GET /sitemap.xml?fileloc=//proc/84714/net/ip6_mr_cache&path=//proc/84714/net HTTP/2.0" 200 2276 "https://statusplan.com/sitemap.xml?path=//proc/84714/net" "Mozilla/5.0 AppleWebKit/537.36 (KHTML, like Gecko; compatible; GPTBot/1.3; +https://openai.com/gptbot)" 334 **0/334915**
57.141.6.14 - - [16/Mar/2026:06:32:31 -0700] "GET /products/nintendo-switch/13749307/ HTTP/2.0" 200 63518 "-" "meta-externalagent/1.1 (+https://developers.facebook.com/docs/sharing/webmasters/crawler)" 267 **0/267841**
216.73.216.178 - - [16/Mar/2026:06:32:31 -0700] "GET /sitemap.xml?fileloc=%2F%2Fbin%2Fchown&path=%2F%2Fbin HTTP/2.0" 200 2250 "-" "Mozilla/5.0 AppleWebKit/537.36 (KHTML, like Gecko; compatible; ClaudeBot/1.0; +claudebot@anthropic.com)" 342 **0/342051**
57.141.6.7 - - [16/Mar/2026:06:32:32 -0700] "GET /products/airpods-sale-new-new-bluetooth-sale/43701943/ HTTP/2.0" 200 63518 "-" "meta-externalagent/1.1 (+https://developers.facebook.com/docs/sharing/webmasters/crawler)" 289 **0/289718**
57.141.6.35 - - [16/Mar/2026:06:32:33 -0700] "GET /products/20555r16-goodyear-eagle-sport-a-set-of-four-new-tires-ask-me/50052154/ HTTP/2.0" 200 63518 "-" "meta-externalagent/1.1 (+https://developers.facebook.com/docs/sharing/webmasters/crawler)" 259 **0/259949**
216.73.216.178 - - [16/Mar/2026:06:32:34 -0700] "GET /sitemap.xml?fileloc=%2F%2Fbin%2Fmake-dummy-cert&path=%2F%2Fbin HTTP/2.0" 200 2568 "-" "Mozilla/5.0 AppleWebKit/537.36 (KHTML, like Gecko; compatible; ClaudeBot/1.0; +claudebot@anthropic.com)" 239 **0/239018**
74.7.241.2 - - [16/Mar/2026:06:32:34 -0700] "GET /sitemap.xml?fileloc=//proc/84712/net/ip6_mr_cache&path=//proc/84712/net HTTP/2.0" 200 2276 "https://statusplan.com/sitemap.xml?path=//proc/84712/net" "Mozilla/5.0 AppleWebKit/537.36 (KHTML, like Gecko; compatible; GPTBot/1.3; +https://openai.com/gptbot)" 263 **0/263741**
57.141.6.35 - - [16/Mar/2026:06:32:35 -0700] "GET /products/arbol/24184879/ HTTP/2.0" 200 63518 "-" "meta-externalagent/1.1 (+https://developers.facebook.com/docs/sharing/webmasters/crawler)" 260 **0/260603**
57.141.6.28 - - [16/Mar/2026:06:32:36 -0700] "GET /products/jordan-3-demin-size-9/47824432/ HTTP/2.0" 200 63518 "-" "meta-externalagent/1.1 (+https://developers.facebook.com/docs/sharing/webmasters/crawler)" 258 **0/258027**
216.73.216.178 - - [16/Mar/2026:06:32:37 -0700] "GET /sitemap.xml?fileloc=%2F%2Fbin%2Fslabtop&path=%2F%2Fbin HTTP/2.0" 200 2251 "-" "Mozilla/5.0 AppleWebKit/537.36 (KHTML, like Gecko; compatible; ClaudeBot/1.0; +claudebot@anthropic.com)" 239 **0/239403**
74.7.241.2 - - [16/Mar/2026:06:32:37 -0700] "GET /sitemap.xml?path=//proc/84694/net/stat HTTP/2.0" 200 2328 "https://statusplan.com/sitemap.xml?path=//proc/84694/net" "Mozilla/5.0 AppleWebKit/537.36 (KHTML, like Gecko; compatible; GPTBot/1.3; +https://openai.com/gptbot)" 264 **0/264396**
57.141.6.31 - - [16/Mar/2026:06:32:39 -0700] "GET /products/ggg-bike/39709549/ HTTP/2.0" 200 63518 "-" "meta-externalagent/1.1 (+https://developers.facebook.com/docs/sharing/webmasters/crawler)" 262 **0/262392**
216.73.216.178 - - [16/Mar/2026:06:32:40 -0700] "GET /sitemap.xml?fileloc=%2F%2Fbin%2Fzcat&path=%2F%2Fbin HTTP/2.0" 200 3193 "-" "Mozilla/5.0 AppleWebKit/537.36 (KHTML, like Gecko; compatible; ClaudeBot/1.0; +claudebot@anthropic.com)" 238 **0/238091**
74.7.241.2 - - [16/Mar/2026:06:32:40 -0700] "GET /sitemap.xml?path=//proc/84714/net/stat HTTP/2.0" 200 2328 "https://statusplan.com/sitemap.xml?path=//proc/84714/net" "Mozilla/5.0 AppleWebKit/537.36 (KHTML, like Gecko; compatible; GPTBot/1.3; +https://openai.com/gptbot)" 237 **0/237133**
57.141.6.19 - - [16/Mar/2026:06:32:40 -0700] "GET /products/loungefly-disney-maleficent-backpack/20502256/ HTTP/2.0" 200 63518 "-" "meta-externalagent/1.1 (+https://developers.facebook.com/docs/sharing/webmasters/crawler)" 237 **0/237837**
57.141.6.37 - - [16/Mar/2026:06:32:42 -0700] "GET /products/dolce-gabbana-mens-cologne/35039527/ HTTP/2.0" 200 63518 "-" "meta-externalagent/1.1 (+https://developers.facebook.com/docs/sharing/webmasters/crawler)" 233 **0/233410**
216.73.216.178 - - [16/Mar/2026:06:32:43 -0700] "GET /sitemap.xml?fileloc=%2F%2Fbin%2Frenice&path=%2F%2Fbin HTTP/2.0" 200 2249 "-" "Mozilla/5.0 AppleWebKit/537.36 (KHTML, like Gecko; compatible; ClaudeBot/1.0; +claudebot@anthropic.com)" 252 **0/252342**
57.141.6.15 - - [16/Mar/2026:06:32:43 -0700] "GET /products/delta-t2764/12079072/ HTTP/2.0" 200 63518 "-" "meta-externalagent/1.1 (+https://developers.facebook.com/docs/sharing/webmasters/crawler)" 247 **0/247938**
74.7.241.2 - - [16/Mar/2026:06:32:43 -0700] "GET /sitemap.xml?path=//proc/84694/ns HTTP/2.0" 200 2782 "https://statusplan.com/sitemap.xml?path=//proc/84694" "Mozilla/5.0 AppleWebKit/537.36 (KHTML, like Gecko; compatible; GPTBot/1.3; +https://openai.com/gptbot)" 259 **0/259165**
57.141.6.14 - - [16/Mar/2026:06:32:45 -0700] "GET /products/samsung/40293643/ HTTP/2.0" 200 63518 "-" "meta-externalagent/1.1 (+https://developers.facebook.com/docs/sharing/webmasters/crawler)" 289 **0/289238**
57.141.6.12 - - [16/Mar/2026:06:32:45 -0700] "GET /products/kids-white-desk/42969715/ HTTP/2.0" 200 63518 "-" "meta-externalagent/1.1 (+https://developers.facebook.com/docs/sharing/webmasters/crawler)" 273 **0/273763**
216.73.216.178 - - [16/Mar/2026:06:32:46 -0700] "GET /sitemap.xml?fileloc=%2F%2Fbin%2F%5B&path=%2F%2Fbin HTTP/2.0" 200 2245 "-" "Mozilla/5.0 AppleWebKit/537.36 (KHTML, like Gecko; compatible; ClaudeBot/1.0; +claudebot@anthropic.com)" 227 **0/227975**
47.128.120.174 - - [16/Mar/2026:06:32:46 -0700] "GET /1win-colombia-340/?path=%2F%2Fproc%2Fself HTTP/2.0" 200 3890 "-" "Mozilla/5.0 (Linux; Android 5.0) AppleWebKit/537.36 (KHTML, like Gecko) Mobile Safari/537.36 (compatible; TikTokSpider; ttspider-feedback@tiktok.com)" 272 **0/272558**
74.7.241.2 - - [16/Mar/2026:06:32:46 -0700] "GET /sitemap.xml?fileloc=//proc/84715/net/ip6_flowlabel&path=//proc/84715/net HTTP/2.0" 200 2275 "https://statusplan.com/sitemap.xml?path=//proc/84715/net" "Mozilla/5.0 AppleWebKit/537.36 (KHTML, like Gecko; compatible; GPTBot/1.3; +https://openai.com/gptbot)" 297 **0/297708**
57.141.6.53 - - [16/Mar/2026:06:32:46 -0700] "GET /products/cabella-outdoor-boots/18193285/ HTTP/2.0" 200 63518 "-" "meta-externalagent/1.1 (+https://developers.facebook.com/docs/sharing/webmasters/crawler)" 491 **0/491918**
57.141.6.23 - - [16/Mar/2026:06:32:48 -0700] "GET /products/crochet-mini-skirt-set-tan-medium-size/46186915/ HTTP/2.0" 200 63518 "-" "meta-externalagent/1.1 (+https://developers.facebook.com/docs/sharing/webmasters/crawler)" 305 **0/305247**
57.141.6.28 - - [16/Mar/2026:06:32:48 -0700] "GET /products/party-decorations/42014236/ HTTP/2.0" 200 63518 "-" "meta-externalagent/1.1 (+https://developers.facebook.com/docs/sharing/webmasters/crawler)" 383 **0/383705**
216.73.216.178 - - [16/Mar/2026:06:32:49 -0700] "GET /sitemap.xml?fileloc=%2F%2Fbin%2Flook&path=%2F%2Fbin HTTP/2.0" 200 2248 "-" "Mozilla/5.0 AppleWebKit/537.36 (KHTML, like Gecko; compatible; ClaudeBot/1.0; +claudebot@anthropic.com)" 234 **0/234001**
74.7.241.2 - - [16/Mar/2026:06:32:49 -0700] "GET /sitemap.xml?fileloc=//proc/84712/net/ip6_flowlabel&path=//proc/84712/net HTTP/2.0" 200 2275 "https://statusplan.com/sitemap.xml?path=//proc/84712/net" "Mozilla/5.0 AppleWebKit/537.36 (KHTML, like Gecko; compatible; GPTBot/1.3; +https://openai.com/gptbot)" 233 **0/233015**
57.141.6.52 - - [16/Mar/2026:06:32:51 -0700] "GET /products/rc-parts/37128019/ HTTP/2.0" 200 63518 "-" "meta-externalagent/1.1 (+https://developers.facebook.com/docs/sharing/webmasters/crawler)" 326 **0/326807**
216.73.216.178 - - [16/Mar/2026:06:32:52 -0700] "GET /sitemap.xml?fileloc=%2F%2Fbin%2Fwhereis&path=%2F%2Fbin HTTP/2.0" 200 2249 "-" "Mozilla/5.0 AppleWebKit/537.36 (KHTML, like Gecko; compatible; ClaudeBot/1.0; +claudebot@anthropic.com)" 275 **0/275951**
57.141.6.23 - - [16/Mar/2026:06:32:52 -0700] "GET /products/brand-new-metal-safe-with-dropbox-for-90/19809634/ HTTP/2.0" 200 63518 "-" "meta-externalagent/1.1 (+https://developers.facebook.com/docs/sharing/webmasters/crawler)" 274 **0/274109**
74.7.241.2 - - [16/Mar/2026:06:32:53 -0700] "GET /sitemap.xml?fileloc=//proc/84721/net/ip6_flowlabel&path=//proc/84721/net HTTP/2.0" 200 2275 "https://statusplan.com/sitemap.xml?path=//proc/84721/net" "Mozilla/5.0 AppleWebKit/537.36 (KHTML, like Gecko; compatible; GPTBot/1.3; +https://openai.com/gptbot)" 1273 **1/1273338**
57.141.6.32 - - [16/Mar/2026:06:32:54 -0700] "GET /products/100-in-uplandontario-today-2026-02-chrysler-volkswagen-dodge/38975053/ HTTP/2.0" 200 63518 "-" "meta-externalagent/1.1 (+https://developers.facebook.com/docs/sharing/webmasters/crawler)" 235 **0/235400**
216.73.216.178 - - [16/Mar/2026:06:32:55 -0700] "GET /sitemap.xml?fileloc=%2F%2Fbin%2Fnano&path=%2F%2Fbin HTTP/2.0" 200 2248 "-" "Mozilla/5.0 AppleWebKit/537.36 (KHTML, like Gecko; compatible; ClaudeBot/1.0; +claudebot@anthropic.com)" 282 **0/282258**
57.141.6.40 - - [16/Mar/2026:06:32:55 -0700] "GET /products/arm-chairs/27904084/ HTTP/2.0" 200 63518 "-" "meta-externalagent/1.1 (+https://developers.facebook.com/docs/sharing/webmasters/crawler)" 295 **0/295738**
74.7.241.2 - - [16/Mar/2026:06:32:56 -0700] "GET /sitemap.xml?path=//proc/84716/net/dev_snmp6 HTTP/2.0" 200 2335 "https://statusplan.com/sitemap.xml?path=//proc/84716/net" "Mozilla/5.0 AppleWebKit/537.36 (KHTML, like Gecko; compatible; GPTBot/1.3; +https://openai.com/gptbot)" 290 **0/290366**
114.119.142.84 - - [16/Mar/2026:06:32:56 -0700] "GET /?products/air-force-1-07/44064466/ HTTP/1.1" 200 4180 "https://statusplan.com/?sitemap.xml" "Mozilla/5.0 (Linux; Android 7.0;) AppleWebKit/537.36 (KHTML, like Gecko) Mobile Safari/537.36 (compatible; PetalBot;+https://webmaster.petalsearch.com/site/petalbot)" 311 **0/311138**
57.141.6.12 - - [16/Mar/2026:06:32:57 -0700] "GET /products/stove/35599492/ HTTP/2.0" 200 63518 "-" "meta-externalagent/1.1 (+https://developers.facebook.com/docs/sharing/webmasters/crawler)" 284 **0/284816**
216.73.216.178 - - [16/Mar/2026:06:32:58 -0700] "GET /sitemap.xml?fileloc=%2F%2Fbin%2Ffree&path=%2F%2Fbin HTTP/2.0" 200 2248 "-" "Mozilla/5.0 AppleWebKit/537.36 (KHTML, like Gecko; compatible; ClaudeBot/1.0; +claudebot@anthropic.com)" 277 **0/277390**
57.141.6.12 - - [16/Mar/2026:06:32:58 -0700] "GET /products/yeezy-500/38009242/ HTTP/2.0" 200 63518 "-" "meta-externalagent/1.1 (+https://developers.facebook.com/docs/sharing/webmasters/crawler)" 337 **0/337004**
66.249.68.136 - - [16/Mar/2026:06:32:59 -0700] "GET /?products/size-10-nike-air/44287087/ HTTP/1.1" 200 22868 "-" "Mozilla/5.0 (Linux; Android 6.0.1; Nexus 5X Build/MMB29P) AppleWebKit/537.36 (KHTML, like Gecko) Chrome/145.0.7632.116 Mobile Safari/537.36 (compatible; Googlebot/2.1; +http://www.google.com/bot.html)" 239 **0/239683**
74.7.241.2 - - [16/Mar/2026:06:32:59 -0700] "GET /sitemap.xml?path=//proc/84693/net/dev_snmp6 HTTP/2.0" 200 2335 "https://statusplan.com/sitemap.xml?path=//proc/84693/net" "Mozilla/5.0 AppleWebKit/537.36 (KHTML, like Gecko; compatible; GPTBot/1.3; +https://openai.com/gptbot)" 261 **0/261559**
216.73.216.178 - - [16/Mar/2026:06:33:01 -0700] "GET /?fileloc=%2Fhome%2Fworkshopbrain%2F.spamassassinenable&path=%2Fhome%2Fworkshopbrain HTTP/2.0" 200 2254 "-" "Mozilla/5.0 AppleWebKit/537.36 (KHTML, like Gecko; compatible; ClaudeBot/1.0; +claudebot@anthropic.com)" 342 **0/342175**
57.141.6.20 - - [16/Mar/2026:06:33:01 -0700] "GET /products/mobil-detailing/40822045/ HTTP/2.0" 200 63518 "-" "meta-externalagent/1.1 (+https://developers.facebook.com/docs/sharing/webmasters/crawler)" 336 **0/336039**
74.7.241.2 - - [16/Mar/2026:06:33:02 -0700] "GET /sitemap.xml?path=//proc/84712/net/dev_snmp6 HTTP/2.0" 200 2334 "https://statusplan.com/sitemap.xml?path=//proc/84712/net" "Mozilla/5.0 AppleWebKit/537.36 (KHTML, like Gecko; compatible; GPTBot/1.3; +https://openai.com/gptbot)" 307 **0/307217**
57.141.6.54 - - [16/Mar/2026:06:33:03 -0700] "GET /products/samsung-galaxy-s7-32gb-unlocked-verizon-att-tmobile-metro-cr/16975285/ HTTP/2.0" 200 63518 "-" "meta-externalagent/1.1 (+https://developers.facebook.com/docs/sharing/webmasters/crawler)" 394 **0/394558**
216.73.216.178 - - [16/Mar/2026:06:33:04 -0700] "GET /?fileloc=%2Fhome%2Fworkshopbrain%2Fpublic_html%2Fworkshop_logo.zip&path=%2Fhome%2Fworkshopbrain%2Fpublic_html HTTP/2.0" 200 2265 "-" "Mozilla/5.0 AppleWebKit/537.36 (KHTML, like Gecko; compatible; ClaudeBot/1.0; +claudebot@anthropic.com)" 669 **0/669505**
57.141.6.63 - - [16/Mar/2026:06:33:04 -0700] "GET /products/get-brand-new-jbl-partybox-speakers-with-warranty-jbl-partyb/44966332/ HTTP/2.0" 200 63518 "-" "meta-externalagent/1.1 (+https://developers.facebook.com/docs/sharing/webmasters/crawler)" 241 **0/241158**
74.7.241.2 - - [16/Mar/2026:06:33:05 -0700] "GET /sitemap.xml?path=//proc/84715/net/dev_snmp6 HTTP/2.0" 200 2334 "https://statusplan.com/sitemap.xml?path=//proc/84715/net" "Mozilla/5.0 AppleWebKit/537.36 (KHTML, like Gecko; compatible; GPTBot/1.3; +https://openai.com/gptbot)" 285 **0/285650**
216.73.216.178 - - [16/Mar/2026:06:33:07 -0700] "GET /sitemap.xml?fileloc=%2F%2Fbin%2Fsleep&path=%2F%2Fbin HTTP/2.0" 200 2249 "-" "Mozilla/5.0 AppleWebKit/537.36 (KHTML, like Gecko; compatible; ClaudeBot/1.0; +claudebot@anthropic.com)" 279 **0/279368**
57.141.6.11 - - [16/Mar/2026:06:33:07 -0700] "GET /products/10x30-pop-up-canopy-tent-for-parties-with-8-sidewalls-waterp/46112533/ HTTP/2.0" 200 63518 "-" "meta-externalagent/1.1 (+https://developers.facebook.com/docs/sharing/webmasters/crawler)" 273 **0/273173**
74.7.241.2 - - [16/Mar/2026:06:33:08 -0700] "GET /sitemap.xml?path=//proc/84714/net/dev_snmp6 HTTP/2.0" 200 2334 "https://statusplan.com/sitemap.xml?path=//proc/84714/net" "Mozilla/5.0 AppleWebKit/537.36 (KHTML, like Gecko; compatible; GPTBot/1.3; +https://openai.com/gptbot)" 296 **0/296916**
57.141.6.42 - - [16/Mar/2026:06:33:09 -0700] "GET /products/cross-weave-pet-pro/24231583/ HTTP/2.0" 200 63518 "-" "meta-externalagent/1.1 (+https://developers.facebook.com/docs/sharing/webmasters/crawler)" 510 **0/510532**
216.73.216.178 - - [16/Mar/2026:06:33:10 -0700] "GET /sitemap.xml?fileloc=%2F%2Fbin%2Fdelv&path=%2F%2Fbin HTTP/2.0" 200 2248 "-" "Mozilla/5.0 AppleWebKit/537.36 (KHTML, like Gecko; compatible; ClaudeBot/1.0; +claudebot@anthropic.com)" 511 **0/511070**
47.128.120.211 - - [16/Mar/2026:06:33:11 -0700] "GET /?fileloc=%2F%2Flib%2Flocale%2Fen_IN%2FLC_TIME&path=%2F%2Flib%2Flocale%2Fen_IN HTTP/2.0" 200 2275 "-" "Mozilla/5.0 (Linux; Android 5.0) AppleWebKit/537.36 (KHTML, like Gecko) Mobile Safari/537.36 (compatible; TikTokSpider; ttspider-feedback@tiktok.com)" 298 **0/298942**
57.141.6.31 - - [16/Mar/2026:06:33:10 -0700] "GET /products/bo-nix-denver-broncos-medium-jersey-100-stitched/47439838/ HTTP/2.0" 200 63518 "-" "meta-externalagent/1.1 (+https://developers.facebook.com/docs/sharing/webmasters/crawler)" 1175 **1/1175771**
74.7.241.2 - - [16/Mar/2026:06:33:12 -0700] "GET /sitemap.xml?path=//proc/84721/net/dev_snmp6 HTTP/2.0" 200 2334 "https://statusplan.com/sitemap.xml?path=//proc/84721/net" "Mozilla/5.0 AppleWebKit/537.36 (KHTML, like Gecko; compatible; GPTBot/1.3; +https://openai.com/gptbot)" 249 **0/249453**
57.141.6.24 - - [16/Mar/2026:06:33:12 -0700] "GET /products/nike-waffle-debut-size-13/15788995/ HTTP/2.0" 200 63518 "-" "meta-externalagent/1.1 (+https://developers.facebook.com/docs/sharing/webmasters/crawler)" 255 **0/255317**
216.73.216.178 - - [16/Mar/2026:06:33:13 -0700] "GET /?fileloc=%2Fhome%2Fworkshopbrain%2Fpublic_html%2Fwp-blog-header.php&path=%2Fhome%2Fworkshopbrain%2Fpublic_html HTTP/2.0" 200 2443 "-" "Mozilla/5.0 AppleWebKit/537.36 (KHTML, like Gecko; compatible; ClaudeBot/1.0; +claudebot@anthropic.com)" 267 **0/267687**
57.141.6.66 - - [16/Mar/2026:06:33:13 -0700] "GET /products/wolverine-work-shoes/15980788/ HTTP/2.0" 200 63518 "-" "meta-externalagent/1.1 (+https://developers.facebook.com/docs/sharing/webmasters/crawler)" 524 **0/524685**
66.249.68.136 - - [16/Mar/2026:06:33:14 -0700] "GET /?products/union-jordan-2s/15897208/ HTTP/1.1" 200 21297 "-" "Mozilla/5.0 (Linux; Android 6.0.1; Nexus 5X Build/MMB29P) AppleWebKit/537.36 (KHTML, like Gecko) Chrome/145.0.7632.116 Mobile Safari/537.36 (compatible; Googlebot/2.1; +http://www.google.com/bot.html)" 276 **0/276193**
57.141.6.43 - - [16/Mar/2026:06:33:14 -0700] "GET /products/solid-wood-dining-table-4-chairs/40297612/ HTTP/2.0" 200 63518 "-" "meta-externalagent/1.1 (+https://developers.facebook.com/docs/sharing/webmasters/crawler)" 341 **0/341252**
74.7.241.2 - - [16/Mar/2026:06:33:15 -0700] "GET /sitemap.xml?path=//proc/84721/net/rpc HTTP/2.0" 200 2328 "https://statusplan.com/sitemap.xml?path=//proc/84721/net" "Mozilla/5.0 AppleWebKit/537.36 (KHTML, like Gecko; compatible; GPTBot/1.3; +https://openai.com/gptbot)" 255 **0/255227**
57.141.6.8 - - [16/Mar/2026:06:33:15 -0700] "GET /products/bouquets-the-biggest-sale-free-crown/23803225/ HTTP/2.0" 200 63518 "-" "meta-externalagent/1.1 (+https://developers.facebook.com/docs/sharing/webmasters/crawler)" 256 **0/256622**
216.73.216.178 - - [16/Mar/2026:06:33:16 -0700] "GET /sitemap.xml?fileloc=%2F%2Fbin%2Fsnice&path=%2F%2Fbin HTTP/2.0" 200 2249 "-" "Mozilla/5.0 AppleWebKit/537.36 (KHTML, like Gecko; compatible; ClaudeBot/1.0; +claudebot@anthropic.com)" 243 **0/243214**
74.7.241.2 - - [16/Mar/2026:06:33:18 -0700] "GET /sitemap.xml?path=//proc/84715/net/rpc HTTP/2.0" 200 2328 "https://statusplan.com/sitemap.xml?path=//proc/84715/net" "Mozilla/5.0 AppleWebKit/537.36 (KHTML, like Gecko; compatible; GPTBot/1.3; +https://openai.com/gptbot)" 258 **0/258185**
57.141.6.40 - - [16/Mar/2026:06:33:18 -0700] "GET /products/e46-m3-mirrors-glass-side-mirror-e90/28800175/ HTTP/2.0" 200 63518 "-" "meta-externalagent/1.1 (+https://developers.facebook.com/docs/sharing/webmasters/crawler)" 282 **0/282084**
216.73.216.178 - - [16/Mar/2026:06:33:19 -0700] "GET /?fileloc=%2Fhome%2Fworkshopbrain%2Fpublic_html%2F.DS_Store&path=%2Fhome%2Fworkshopbrain%2Fpublic_html HTTP/2.0" 200 2267 "-" "Mozilla/5.0 AppleWebKit/537.36 (KHTML, like Gecko; compatible; ClaudeBot/1.0; +claudebot@anthropic.com)" 302 **0/302267**
57.141.6.32 - - [16/Mar/2026:06:33:20 -0700] "GET /products/sleep-number-bed/25590640/ HTTP/2.0" 200 63518 "-" "meta-externalagent/1.1 (+https://developers.facebook.com/docs/sharing/webmasters/crawler)" 461 **0/461946**
15.235.27.56 - - [16/Mar/2026:06:33:21 -0700] "GET /category/1win-philippines-512/ HTTP/2.0" 200 3566 "-" "Mozilla/5.0 (compatible; AhrefsBot/7.0; +http://ahrefs.com/robot/)" 358 **0/358782**
