45.27.205.206 - - [16/Mar/2026:06:06:40 -0700] "GET /?fileloc=%2Fhome%2Fworkshopbrain%2Fpublic_html%2Fnap%2Fwp-admin%2Fload-styles.php&path=%2Fhome%2Fworkshopbrain%2Fpublic_html%2Fnap%2Fwp-admin HTTP/2.0" 200 3360 "https://www.google.com/" "Mozilla/5.0 (Windows NT 10.0; Win64; x64) AppleWebKit/537.36 (KHTML, like Gecko) Chrome/104.0.0.0 Safari/537.36" 427 **0/427741**
74.7.241.2 - - [16/Mar/2026:06:06:41 -0700] "GET /sitemap.xml?fileloc=//proc/84719/net/nf_conntrack_expect&path=//proc/84719/net HTTP/2.0" 200 2283 "https://statusplan.com/sitemap.xml?path=//proc/84719/net" "Mozilla/5.0 AppleWebKit/537.36 (KHTML, like Gecko; compatible; GPTBot/1.3; +https://openai.com/gptbot)" 252 **0/252551**
57.141.6.40 - - [16/Mar/2026:06:06:43 -0700] "GET /products/coffee-table/32881798/ HTTP/2.0" 200 63518 "-" "meta-externalagent/1.1 (+https://developers.facebook.com/docs/sharing/webmasters/crawler)" 260 **0/260037**
57.141.6.72 - - [16/Mar/2026:06:06:44 -0700] "GET /products/29575r225-truck-tires/9135691/ HTTP/2.0" 200 63518 "-" "meta-externalagent/1.1 (+https://developers.facebook.com/docs/sharing/webmasters/crawler)" 272 **0/272384**
74.7.241.2 - - [16/Mar/2026:06:06:44 -0700] "GET /sitemap.xml?fileloc=//proc/84719/net/icmp&path=//proc/84719/net HTTP/2.0" 200 2271 "https://statusplan.com/sitemap.xml?path=//proc/84719/net" "Mozilla/5.0 AppleWebKit/537.36 (KHTML, like Gecko; compatible; GPTBot/1.3; +https://openai.com/gptbot)" 497 **0/497415**
179.6.171.239 - - [16/Mar/2026:06:06:45 -0700] "GET /1win-colombia-340/?fileloc=%2F%2Fproc%2F1008896%2Fcwd%2Fusr%2Flib64%2Flibnl-xfrm-3.so.200.26.0&path=%2F%2Fproc%2F1008896%2Fcwd%2Fusr%2Flib64 HTTP/2.0" 200 2304 "https://www.statusplan.com/" "Mozilla/5.0 (X11; Linux x86_64) AppleWebKit/537.36 (KHTML, like Gecko) Chrome/99.0.4844.51 Safari/537.36 Edg/99.0.1150.30" 328 **0/328652**
95.214.84.161 - - [16/Mar/2026:06:06:45 -0700] "GET /?fileloc=%2F%2Fusr%2Fshare%2Flocale%2Fen%40boldquot%2FLC_MESSAGES%2Fgettext-tools.mo&path=%2F%2Fusr%2Fshare%2Flocale%2Fen%40boldquot%2FLC_MESSAGES HTTP/2.0" 200 2313 "-" "Mozilla/5.0 (iPhone; CPU iPhone OS 11_0 like Mac OS X) AppleWebKit/537.36 (KHTML, like Gecko) Chrome/42.0.8205.1871 Mobile Safari/537.36" 344 **0/344149**
57.141.6.28 - - [16/Mar/2026:06:06:47 -0700] "GET /products/lights/13182958/ HTTP/2.0" 200 63518 "-" "meta-externalagent/1.1 (+https://developers.facebook.com/docs/sharing/webmasters/crawler)" 284 **0/284126**
45.27.205.206 - - [16/Mar/2026:06:06:47 -0700] "GET /?fileloc=%2Fhome%2Fworkshopbrain%2Fpublic_html%2Fstatusplan.co%2Fwp-includes%2Fpomo%2Fstreams.php&path=%2Fhome%2Fworkshopbrain%2Fpublic_html%2Fstatusplan.co%2Fwp-includes%2Fpomo HTTP/2.0" 200 3759 "https://www.google.com/" "Mozilla/5.0 (Windows NT 10.0; Win64; x64) AppleWebKit/537.36 (KHTML, like Gecko) Chrome/104.0.0.0 Safari/537.36" 412 **0/412932**
57.141.6.26 - - [16/Mar/2026:06:06:47 -0700] "GET /products/sectional-sofa-with-ottoman/21572479/ HTTP/2.0" 200 63518 "-" "meta-externalagent/1.1 (+https://developers.facebook.com/docs/sharing/webmasters/crawler)" 250 **0/250509**
74.7.241.2 - - [16/Mar/2026:06:06:47 -0700] "GET /sitemap.xml?fileloc=//proc/84713/net/igmp&path=//proc/84713/net HTTP/2.0" 200 2271 "https://statusplan.com/sitemap.xml?path=//proc/84713/net" "Mozilla/5.0 AppleWebKit/537.36 (KHTML, like Gecko; compatible; GPTBot/1.3; +https://openai.com/gptbot)" 263 **0/263118**
47.128.120.239 - - [16/Mar/2026:06:06:49 -0700] "GET /1win-colombia-340/?path=%2F%2Flib%2Fnode_modules%2Fnpm%2Fnode_modules%2Fnpm-cache-filename HTTP/2.0" 200 2746 "-" "Mozilla/5.0 (Linux; Android 5.0) AppleWebKit/537.36 (KHTML, like Gecko) Mobile Safari/537.36 (compatible; TikTokSpider; ttspider-feedback@tiktok.com)" 270 **0/270956**
57.141.6.54 - - [16/Mar/2026:06:06:50 -0700] "GET /products/whirlpool-washer-and-dryer-set/14814196/ HTTP/2.0" 200 63518 "-" "meta-externalagent/1.1 (+https://developers.facebook.com/docs/sharing/webmasters/crawler)" 280 **0/280570**
74.7.241.2 - - [16/Mar/2026:06:06:51 -0700] "GET /sitemap.xml?fileloc=//proc/84713/net/snmp&path=//proc/84713/net HTTP/2.0" 200 2271 "https://statusplan.com/sitemap.xml?path=//proc/84713/net" "Mozilla/5.0 AppleWebKit/537.36 (KHTML, like Gecko; compatible; GPTBot/1.3; +https://openai.com/gptbot)" 281 **0/281153**
114.119.131.90 - - [16/Mar/2026:06:06:51 -0700] "GET /casino-vklad-p%C5%99es-inpay/ HTTP/1.1" 200 4180 "https://www.statusplan.com/?feed=xmlsitemap562" "Mozilla/5.0 (Linux; Android 7.0;) AppleWebKit/537.36 (KHTML, like Gecko) Mobile Safari/537.36 (compatible; PetalBot;+https://webmaster.petalsearch.com/site/petalbot)" 235 **0/235654**
45.27.205.206 - - [16/Mar/2026:06:06:52 -0700] "GET /?fileloc=%2Fhome%2Fworkshopbrain%2Fpublic_html%2Flocalleasing%2Fwp-admin%2Fnav-menus.php&path=%2Fhome%2Fworkshopbrain%2Fpublic_html%2Flocalleasing%2Fwp-admin HTTP/2.0" 200 11733 "https://www.statusplan.com/" "Mozilla/5.0 (Windows NT 10.0; Win64; x64) AppleWebKit/537.36 (KHTML, like Gecko) Chrome/104.0.0.0 Safari/537.36" 381 **0/381720**
57.141.6.36 - - [16/Mar/2026:06:06:53 -0700] "GET /products/kenmore-gas-dryer/35562322/ HTTP/2.0" 200 63518 "-" "meta-externalagent/1.1 (+https://developers.facebook.com/docs/sharing/webmasters/crawler)" 265 **0/265430**
74.7.241.2 - - [16/Mar/2026:06:06:54 -0700] "GET /sitemap.xml?fileloc=//proc/84719/net/snmp&path=//proc/84719/net HTTP/2.0" 200 2271 "https://statusplan.com/sitemap.xml?path=//proc/84719/net" "Mozilla/5.0 AppleWebKit/537.36 (KHTML, like Gecko; compatible; GPTBot/1.3; +https://openai.com/gptbot)" 260 **0/260010**
57.141.6.40 - - [16/Mar/2026:06:06:55 -0700] "GET /products/1st-edition-dark-hypno-year-2000/29689399/ HTTP/2.0" 200 63518 "-" "meta-externalagent/1.1 (+https://developers.facebook.com/docs/sharing/webmasters/crawler)" 278 **0/278933**
216.73.216.178 - - [16/Mar/2026:06:06:56 -0700] "GET /robots.txt HTTP/2.0" 200 82 "-" "Mozilla/5.0 AppleWebKit/537.36 (KHTML, like Gecko; compatible; ClaudeBot/1.0; +claudebot@anthropic.com)" 7 **0/7951**
216.73.216.178 - - [16/Mar/2026:06:06:56 -0700] "GET /sitemap.xml?path=%2Fhome%2Fworkshopbrain%2Fpublic_html%2Fstatusplan.com%2F34c0abc8 HTTP/2.0" 200 2603 "-" "Mozilla/5.0 AppleWebKit/537.36 (KHTML, like Gecko; compatible; ClaudeBot/1.0; +claudebot@anthropic.com)" 235 **0/235744**
45.27.205.206 - - [16/Mar/2026:06:06:56 -0700] "GET /1win-colombia-340/?fileloc=%2Fhome%2Fworkshopbrain%2Fpublic_html%2Fstatusplan.com%2Fwp-includes%2Fjs%2Ftw-sack.js&path=%2Fhome%2Fworkshopbrain%2Fpublic_html%2Fstatusplan.com%2Fwp-includes%2Fjs HTTP/2.0" 200 2305 "https://www.statusplan.com/" "Mozilla/5.0 (Windows NT 10.0; Win64; x64) AppleWebKit/537.36 (KHTML, like Gecko) Chrome/104.0.0.0 Safari/537.36" 343 **0/343433**
57.141.6.4 - - [16/Mar/2026:06:06:56 -0700] "GET /products/monitor/30807124/ HTTP/2.0" 200 63518 "-" "meta-externalagent/1.1 (+https://developers.facebook.com/docs/sharing/webmasters/crawler)" 273 **0/273364**
74.7.241.2 - - [16/Mar/2026:06:06:57 -0700] "GET /sitemap.xml?fileloc=//proc/84719/net/igmp&path=//proc/84719/net HTTP/2.0" 200 2272 "https://statusplan.com/sitemap.xml?path=//proc/84719/net" "Mozilla/5.0 AppleWebKit/537.36 (KHTML, like Gecko; compatible; GPTBot/1.3; +https://openai.com/gptbot)" 303 **0/303013**
45.27.205.206 - - [16/Mar/2026:06:06:58 -0700] "GET /1win-colombia-340/?fileloc=%2Fhome%2Fworkshopbrain%2Fpublic_html%2Fcolumbia%2Fwp-content%2Fcache%2F.htaccess&path=%2Fhome%2Fworkshopbrain%2Fpublic_html%2Fcolumbia%2Fwp-content%2Fcache HTTP/2.0" 200 2298 "https://www.statusplan.com/" "Mozilla/5.0 (Windows NT 10.0; Win64; x64) AppleWebKit/537.36 (KHTML, like Gecko) Chrome/104.0.0.0 Safari/537.36" 345 **0/345233**
74.7.241.2 - - [16/Mar/2026:06:07:00 -0700] "GET /sitemap.xml?fileloc=//proc/84720/net/igmp&path=//proc/84720/net HTTP/2.0" 200 2271 "https://statusplan.com/sitemap.xml?path=//proc/84720/net" "Mozilla/5.0 AppleWebKit/537.36 (KHTML, like Gecko; compatible; GPTBot/1.3; +https://openai.com/gptbot)" 256 **0/256686**
57.141.6.31 - - [16/Mar/2026:06:07:01 -0700] "GET /products/nail-saln-tables/22036768/ HTTP/2.0" 200 63518 "-" "meta-externalagent/1.1 (+https://developers.facebook.com/docs/sharing/webmasters/crawler)" 263 **0/263562**
171.7.238.17 - - [16/Mar/2026:06:07:02 -0700] "GET /method-to-cheating-new-zealand-pokies/ HTTP/1.1" 200 3566 "https://www.statusplan.com/" "Mozilla/5.0 (Windows NT 10.0; WOW64) AppleWebKit/537.36 (KHTML, like Gecko) Chrome/114.0.0.0 Safari/537.36 Vivaldi/5.3.2679.68" 366 **0/366069**
45.27.205.206 - - [16/Mar/2026:06:07:03 -0700] "GET /1win-colombia-340/?fileloc=%2F%2Flib%2Fnode_modules%2Fnpm%2Fman%2Fman8%2Fdepmod.8.gz&path=%2F%2Flib%2Fnode_modules%2Fnpm%2Fman%2Fman8 HTTP/2.0" 200 2295 "https://www.statusplan.com/" "Mozilla/5.0 (Windows NT 10.0; Win64; x64) AppleWebKit/537.36 (KHTML, like Gecko) Chrome/104.0.0.0 Safari/537.36" 558 **0/558468**
57.141.6.54 - - [16/Mar/2026:06:07:03 -0700] "GET /products/chanel-white-quilted-crossbody-bag/26760928/ HTTP/2.0" 200 63518 "-" "meta-externalagent/1.1 (+https://developers.facebook.com/docs/sharing/webmasters/crawler)" 291 **0/291916**
74.7.241.2 - - [16/Mar/2026:06:07:03 -0700] "GET /sitemap.xml?fileloc=//proc/84720/net/snmp&path=//proc/84720/net HTTP/2.0" 200 2271 "https://statusplan.com/sitemap.xml?path=//proc/84720/net" "Mozilla/5.0 AppleWebKit/537.36 (KHTML, like Gecko; compatible; GPTBot/1.3; +https://openai.com/gptbot)" 517 **0/517784**
171.7.238.17 - - [16/Mar/2026:06:07:04 -0700] "GET /method-to-cheating-new-zealand-pokies/?fileloc=/home/workshopbrain/public_html/statusplan.com/wp-config-sample.php&path=/home/workshopbrain/public_html/statusplan.com HTTP/1.1" 200 3471 "https://www.statusplan.com/method-to-cheating-new-zealand-pokies/" "Mozilla/5.0 (Windows NT 10.0; WOW64) AppleWebKit/537.36 (KHTML, like Gecko) Chrome/114.0.0.0 Safari/537.36 Vivaldi/5.3.2679.68" 352 **0/352566**
57.141.6.43 - - [16/Mar/2026:06:07:06 -0700] "GET /products/jordan-1-mid-se-coconut-milk-particles-grey-grade-school-siz/24791947/ HTTP/2.0" 200 63518 "-" "meta-externalagent/1.1 (+https://developers.facebook.com/docs/sharing/webmasters/crawler)" 263 **0/263793**
74.7.241.2 - - [16/Mar/2026:06:07:06 -0700] "GET /sitemap.xml?fileloc=//proc/84719/net/unix&path=//proc/84719/net HTTP/2.0" 200 7272 "https://statusplan.com/sitemap.xml?path=//proc/84719/net" "Mozilla/5.0 AppleWebKit/537.36 (KHTML, like Gecko; compatible; GPTBot/1.3; +https://openai.com/gptbot)" 505 **0/505197**
45.27.205.206 - - [16/Mar/2026:06:07:07 -0700] "GET /?fileloc=%2F%2Fusr%2Flib%2Ffirmware%2Fqca%2Fhpnv21.302&path=%2F%2Fusr%2Flib%2Ffirmware%2Fqca HTTP/2.0" 200 2289 "https://www.statusplan.com/" "Mozilla/5.0 (Windows NT 10.0; Win64; x64) AppleWebKit/537.36 (KHTML, like Gecko) Chrome/104.0.0.0 Safari/537.36" 302 **0/302798**
57.141.6.27 - - [16/Mar/2026:06:07:09 -0700] "GET /products/transitions-networks-sm24tat2sa-managed-switch-24-port-gigab/42739576/ HTTP/2.0" 200 63518 "-" "meta-externalagent/1.1 (+https://developers.facebook.com/docs/sharing/webmasters/crawler)" 235 **0/235629**
74.7.241.2 - - [16/Mar/2026:06:07:10 -0700] "GET /sitemap.xml?fileloc=//proc/84713/net/unix&path=//proc/84713/net HTTP/2.0" 200 7245 "https://statusplan.com/sitemap.xml?path=//proc/84713/net" "Mozilla/5.0 AppleWebKit/537.36 (KHTML, like Gecko; compatible; GPTBot/1.3; +https://openai.com/gptbot)" 480 **0/480196**
179.6.171.239 - - [16/Mar/2026:06:07:11 -0700] "GET /?fileloc=%2Fhome%2Fworkshopbrain%2Fpublic_html%2Foxford%2Fwp-admin%2Fcss%2Fcustomize-controls.min.css&path=%2Fhome%2Fworkshopbrain%2Fpublic_html%2Foxford%2Fwp-admin%2Fcss HTTP/2.0" 200 11809 "https://www.google.com/" "Mozilla/5.0 (X11; Linux x86_64) AppleWebKit/537.36 (KHTML, like Gecko) Chrome/99.0.4844.51 Safari/537.36 Edg/99.0.1150.30" 424 **0/424910**
57.141.6.3 - - [16/Mar/2026:06:07:12 -0700] "GET /products/valentino-green-extravaganza/35034844/ HTTP/2.0" 200 63518 "-" "meta-externalagent/1.1 (+https://developers.facebook.com/docs/sharing/webmasters/crawler)" 255 **0/255084**
47.128.120.22 - - [16/Mar/2026:06:07:13 -0700] "GET /?fileloc=%2F%2Fusr%2Flib%2Fsysctl.d%2F50-default.conf&path=%2F%2Fusr%2Flib%2Fsysctl.d HTTP/2.0" 200 3154 "-" "Mozilla/5.0 (Linux; Android 5.0) AppleWebKit/537.36 (KHTML, like Gecko) Mobile Safari/537.36 (compatible; TikTokSpider; ttspider-feedback@tiktok.com)" 244 **0/244887**
74.7.241.2 - - [16/Mar/2026:06:07:13 -0700] "GET /sitemap.xml?fileloc=//proc/84720/net/unix&path=//proc/84720/net HTTP/2.0" 200 7258 "https://statusplan.com/sitemap.xml?path=//proc/84720/net" "Mozilla/5.0 AppleWebKit/537.36 (KHTML, like Gecko; compatible; GPTBot/1.3; +https://openai.com/gptbot)" 242 **0/242991**
57.141.6.3 - - [16/Mar/2026:06:07:14 -0700] "GET /products/everstart-car-battery/21011380/ HTTP/2.0" 200 63518 "-" "meta-externalagent/1.1 (+https://developers.facebook.com/docs/sharing/webmasters/crawler)" 249 **0/249389**
45.27.205.206 - - [16/Mar/2026:06:07:14 -0700] "GET /?fileloc=%2Fhome%2Fworkshopbrain%2Fpublic_html%2Fwp-includes%2Fclass-wp-styles.php&path=%2Fhome%2Fworkshopbrain%2Fpublic_html%2Fwp-includes HTTP/2.0" 200 5188 "https://www.bing.com/" "Mozilla/5.0 (Windows NT 10.0; Win64; x64) AppleWebKit/537.36 (KHTML, like Gecko) Chrome/104.0.0.0 Safari/537.36" 862 **0/862750**
74.7.241.2 - - [16/Mar/2026:06:07:16 -0700] "GET /sitemap.xml?fileloc=//proc/84720/net/arp&path=//proc/84720/net HTTP/2.0" 200 2270 "https://statusplan.com/sitemap.xml?path=//proc/84720/net" "Mozilla/5.0 AppleWebKit/537.36 (KHTML, like Gecko; compatible; GPTBot/1.3; +https://openai.com/gptbot)" 273 **0/273101**
57.141.6.28 - - [16/Mar/2026:06:07:17 -0700] "GET /products/vendo-cajonera-con-6-unidades-y-su-espejo-bonito/27730078/ HTTP/2.0" 200 63518 "-" "meta-externalagent/1.1 (+https://developers.facebook.com/docs/sharing/webmasters/crawler)" 327 **0/327759**
66.249.68.137 - - [16/Mar/2026:06:07:19 -0700] "GET /elevate-your-play-premium-online-casino-9/ HTTP/1.1" 200 22218 "-" "Mozilla/5.0 (Linux; Android 6.0.1; Nexus 5X Build/MMB29P) AppleWebKit/537.36 (KHTML, like Gecko) Chrome/145.0.7632.116 Mobile Safari/537.36 (compatible; Googlebot/2.1; +http://www.google.com/bot.html)" 237 **0/237192**
57.141.6.28 - - [16/Mar/2026:06:07:19 -0700] "GET /products/tbb-all-terrains-2357016-4-new-tires/29513944/ HTTP/2.0" 200 63518 "-" "meta-externalagent/1.1 (+https://developers.facebook.com/docs/sharing/webmasters/crawler)" 265 **0/265073**
74.7.241.2 - - [16/Mar/2026:06:07:19 -0700] "GET /sitemap.xml?fileloc=//proc/84713/net/tcp&path=//proc/84713/net HTTP/2.0" 200 7039 "https://statusplan.com/sitemap.xml?path=//proc/84713/net" "Mozilla/5.0 AppleWebKit/537.36 (KHTML, like Gecko; compatible; GPTBot/1.3; +https://openai.com/gptbot)" 298 **0/298011**
57.141.6.7 - - [16/Mar/2026:06:07:19 -0700] "GET /products/jordan-shoes-size-11/44300548/ HTTP/2.0" 200 63518 "-" "meta-externalagent/1.1 (+https://developers.facebook.com/docs/sharing/webmasters/crawler)" 269 **0/269534**
66.249.68.136 - - [16/Mar/2026:06:07:20 -0700] "GET /?products/x-rocker-gaming-chair-with-speakers-obo/13757749/ HTTP/1.1" 200 21849 "-" "Mozilla/5.0 (Linux; Android 6.0.1; Nexus 5X Build/MMB29P) AppleWebKit/537.36 (KHTML, like Gecko) Chrome/145.0.7632.116 Mobile Safari/537.36 (compatible; Googlebot/2.1; +http://www.google.com/bot.html)" 232 **0/232471**
66.249.68.137 - - [16/Mar/2026:06:07:21 -0700] "GET /?products/shoes-mens-designer/44138869/ HTTP/1.1" 200 22413 "-" "Mozilla/5.0 (Linux; Android 6.0.1; Nexus 5X Build/MMB29P) AppleWebKit/537.36 (KHTML, like Gecko) Chrome/145.0.7632.116 Mobile Safari/537.36 (compatible; Googlebot/2.1; +http://www.google.com/bot.html)" 235 **0/235388**
57.141.6.39 - - [16/Mar/2026:06:07:22 -0700] "GET /products/couch-white/32656552/ HTTP/2.0" 200 63518 "-" "meta-externalagent/1.1 (+https://developers.facebook.com/docs/sharing/webmasters/crawler)" 282 **0/282748**
79.127.185.8 - - [16/Mar/2026:06:07:22 -0700] "GET / HTTP/2.0" 200 3566 "-" "Mozilla/5.0 (Windows NT 10.0; Win64; x64) AppleWebKit/537.36 (KHTML, like Gecko) Chrome/140.0.0.0 Safari/537.36 Edg/140.0.0.5" 333 **0/333139**
66.249.68.128 - - [16/Mar/2026:06:07:22 -0700] "GET /?products/2022-4runnner-trd-off-road-suspension-oem-used-for-25k-miles/31592944/ HTTP/1.1" 200 22588 "-" "Mozilla/5.0 (Linux; Android 6.0.1; Nexus 5X Build/MMB29P) AppleWebKit/537.36 (KHTML, like Gecko) Chrome/145.0.7632.116 Mobile Safari/537.36 (compatible; Googlebot/2.1; +http://www.google.com/bot.html)" 251 **0/251822**
74.7.241.2 - - [16/Mar/2026:06:07:22 -0700] "GET /sitemap.xml?fileloc=//proc/84719/net/tcp&path=//proc/84719/net HTTP/2.0" 200 7152 "https://statusplan.com/sitemap.xml?path=//proc/84719/net" "Mozilla/5.0 AppleWebKit/537.36 (KHTML, like Gecko; compatible; GPTBot/1.3; +https://openai.com/gptbot)" 566 **0/566834**
66.249.68.137 - - [16/Mar/2026:06:07:23 -0700] "GET /?products/vestido-de-quinceaera/38811211/ HTTP/1.1" 200 22210 "-" "Mozilla/5.0 (Linux; Android 6.0.1; Nexus 5X Build/MMB29P) AppleWebKit/537.36 (KHTML, like Gecko) Chrome/145.0.7632.116 Mobile Safari/537.36 (compatible; Googlebot/2.1; +http://www.google.com/bot.html)" 244 **0/244445**
70.170.230.14 - - [16/Mar/2026:06:07:17 -0700] "GET /?fileloc=%2F%2Fusr%2Flib%2Fpython2.7%2Fsite-packages%2Fchardet%2Flangturkishmodel.pyo&path=%2F%2Fusr%2Flib%2Fpython2.7%2Fsite-packages%2Fchardet HTTP/2.0" 200 2314 "https://www.bing.com/" "Mozilla/5.0 (Windows NT 10.0; Win64; x64; rv:108.0) Gecko/20100101 Firefox/108.0" 5425 **5/5425280**
79.127.185.8 - - [16/Mar/2026:06:07:23 -0700] "GET /?fileloc=%2Fhome%2Fworkshopbrain%2Fpublic_html%2Fshea%2Fwp-admin%2Fupgrade-functions.php&path=%2Fhome%2Fworkshopbrain%2Fpublic_html%2Fshea%2Fwp-admin HTTP/2.0" 200 2455 "https://www.statusplan.com/" "Mozilla/5.0 (Windows NT 10.0; Win64; x64) AppleWebKit/537.36 (KHTML, like Gecko) Chrome/140.0.0.0 Safari/537.36 Edg/140.0.0.5" 324 **0/324757**
66.249.68.137 - - [16/Mar/2026:06:07:24 -0700] "GET /elevate-your-play-find-instant-wins-exclusive/ HTTP/1.1" 200 22587 "-" "Mozilla/5.0 (Linux; Android 6.0.1; Nexus 5X Build/MMB29P) AppleWebKit/537.36 (KHTML, like Gecko) Chrome/145.0.7632.116 Mobile Safari/537.36 (compatible; Googlebot/2.1; +http://www.google.com/bot.html)" 251 **0/251639**
66.249.68.137 - - [16/Mar/2026:06:07:25 -0700] "GET /?t=41331204437200 HTTP/1.1" 200 22294 "-" "Mozilla/5.0 (Linux; Android 6.0.1; Nexus 5X Build/MMB29P) AppleWebKit/537.36 (KHTML, like Gecko) Chrome/145.0.7632.116 Mobile Safari/537.36 (compatible; Googlebot/2.1; +http://www.google.com/bot.html)" 263 **0/263210**
102.102.84.81 - - [16/Mar/2026:06:07:25 -0700] "GET /1win-colombia-340/?path=%2F%2Flib%2Fdebug HTTP/2.0" 200 2659 "https://www.statusplan.com/" "Mozilla/5.0 (X11; Linux x86_64) AppleWebKit/537.36 (KHTML, like Gecko) Chrome/123.0.0.0 Safari/537.36" 311 **0/311780**
74.7.241.2 - - [16/Mar/2026:06:07:25 -0700] "GET /sitemap.xml?fileloc=//proc/84720/net/tcp&path=//proc/84720/net HTTP/2.0" 200 7141 "https://statusplan.com/sitemap.xml?path=//proc/84720/net" "Mozilla/5.0 AppleWebKit/537.36 (KHTML, like Gecko; compatible; GPTBot/1.3; +https://openai.com/gptbot)" 253 **0/253633**
57.141.6.54 - - [16/Mar/2026:06:07:26 -0700] "GET /products/subwoofer-box-room-for-2-12/43812697/ HTTP/2.0" 200 63518 "-" "meta-externalagent/1.1 (+https://developers.facebook.com/docs/sharing/webmasters/crawler)" 272 **0/272078**
74.7.241.2 - - [16/Mar/2026:06:07:29 -0700] "GET /sitemap.xml?fileloc=//proc/84719/net/arp&path=//proc/84719/net HTTP/2.0" 200 2270 "https://statusplan.com/sitemap.xml?path=//proc/84719/net" "Mozilla/5.0 AppleWebKit/537.36 (KHTML, like Gecko; compatible; GPTBot/1.3; +https://openai.com/gptbot)" 266 **0/266054**
57.141.6.12 - - [16/Mar/2026:06:07:29 -0700] "GET /products/paul-smith-wrap-sunglasses/43226860/ HTTP/2.0" 200 63518 "-" "meta-externalagent/1.1 (+https://developers.facebook.com/docs/sharing/webmasters/crawler)" 263 **0/263966**
79.127.185.8 - - [16/Mar/2026:06:07:29 -0700] "GET /1win-colombia-340/?fileloc=%2F%2Fbin%2Fln&path=%2F%2Fbin HTTP/2.0" 200 2247 "https://www.statusplan.com/" "Mozilla/5.0 (Windows NT 10.0; Win64; x64) AppleWebKit/537.36 (KHTML, like Gecko) Chrome/140.0.0.0 Safari/537.36 Edg/140.0.0.5" 343 **0/343552**
57.141.6.36 - - [16/Mar/2026:06:07:30 -0700] "GET /products/100-in-uplandontario-2026-02-chevrolet-gmc-chevy-key-remote/38935300/ HTTP/2.0" 200 63518 "-" "meta-externalagent/1.1 (+https://developers.facebook.com/docs/sharing/webmasters/crawler)" 265 **0/265481**
74.7.241.2 - - [16/Mar/2026:06:07:32 -0700] "GET /sitemap.xml?fileloc=//proc/84713/net/arp&path=//proc/84713/net HTTP/2.0" 200 2270 "https://statusplan.com/sitemap.xml?path=//proc/84713/net" "Mozilla/5.0 AppleWebKit/537.36 (KHTML, like Gecko; compatible; GPTBot/1.3; +https://openai.com/gptbot)" 283 **0/283366**
79.127.185.8 - - [16/Mar/2026:06:07:31 -0700] "GET /?fileloc=%2Fhome%2Fworkshopbrain%2Fpublic_html%2Foxford%2Fwp-admin%2Fcss%2Fdashboard-rtl.css&path=%2Fhome%2Fworkshopbrain%2Fpublic_html%2Foxford%2Fwp-admin%2Fcss HTTP/2.0" 200 7480 "https://www.statusplan.com/" "Mozilla/5.0 (Windows NT 10.0; Win64; x64) AppleWebKit/537.36 (KHTML, like Gecko) Chrome/140.0.0.0 Safari/537.36 Edg/140.0.0.5" 316 **0/316065**
57.141.6.32 - - [16/Mar/2026:06:07:33 -0700] "GET /products/reasons-propaganda-jacket-medium/49236997/ HTTP/2.0" 200 63518 "-" "meta-externalagent/1.1 (+https://developers.facebook.com/docs/sharing/webmasters/crawler)" 252 **0/252261**
57.141.6.28 - - [16/Mar/2026:06:07:34 -0700] "GET /products/electronic-brown-loveseat/27449203/ HTTP/2.0" 200 63518 "-" "meta-externalagent/1.1 (+https://developers.facebook.com/docs/sharing/webmasters/crawler)" 253 **0/253707**
74.7.241.2 - - [16/Mar/2026:06:07:35 -0700] "GET /sitemap.xml?fileloc=//proc/84720/net/connector&path=//proc/84720/net HTTP/2.0" 200 2272 "https://statusplan.com/sitemap.xml?path=//proc/84720/net" "Mozilla/5.0 AppleWebKit/537.36 (KHTML, like Gecko; compatible; GPTBot/1.3; +https://openai.com/gptbot)" 279 **0/279829**
79.127.185.8 - - [16/Mar/2026:06:07:36 -0700] "GET /1win-colombia-340/?fileloc=%2Fhome%2Fworkshopbrain%2Fpublic_html%2Fstatusplan.com%2Fwp-includes%2Fblock-template.php&path=%2Fhome%2Fworkshopbrain%2Fpublic_html%2Fstatusplan.com%2Fwp-includes HTTP/2.0" 200 5666 "https://www.statusplan.com/" "Mozilla/5.0 (Windows NT 10.0; Win64; x64) AppleWebKit/537.36 (KHTML, like Gecko) Chrome/140.0.0.0 Safari/537.36 Edg/140.0.0.5" 321 **0/321936**
57.141.6.44 - - [16/Mar/2026:06:07:37 -0700] "GET /products/brand-new-corsair-keyboard-and-corsair-mouse/30726694/ HTTP/2.0" 200 63518 "-" "meta-externalagent/1.1 (+https://developers.facebook.com/docs/sharing/webmasters/crawler)" 270 **0/270263**
74.7.241.2 - - [16/Mar/2026:06:07:38 -0700] "GET /sitemap.xml?fileloc=//proc/84719/net/connector&path=//proc/84719/net HTTP/2.0" 200 2273 "https://statusplan.com/sitemap.xml?path=//proc/84719/net" "Mozilla/5.0 AppleWebKit/537.36 (KHTML, like Gecko; compatible; GPTBot/1.3; +https://openai.com/gptbot)" 253 **0/253789**
47.128.120.155 - - [16/Mar/2026:06:07:38 -0700] "GET /?fileloc=%2F%2Fusr%2Flib%2Ffirmware%2Fiwlwifi-Qu-c0-jf-b0-72.ucode&path=%2F%2Fusr%2Flib%2Ffirmware HTTP/2.0" 200 2291 "-" "Mozilla/5.0 (Linux; Android 5.0) AppleWebKit/537.36 (KHTML, like Gecko) Mobile Safari/537.36 (compatible; TikTokSpider; ttspider-feedback@tiktok.com)" 738 **0/738511**
54.39.210.208 - - [16/Mar/2026:06:07:39 -0700] "GET /category/pinap-ofitsialnii-sait-35/ HTTP/2.0" 200 3566 "-" "Mozilla/5.0 (compatible; AhrefsBot/7.0; +http://ahrefs.com/robot/)" 254 **0/254496**
57.141.6.34 - - [16/Mar/2026:06:07:39 -0700] "GET /products/gradey-dick-jersey-toronto-raptors-gold-city-edition-large-1/47480137/ HTTP/2.0" 200 63518 "-" "meta-externalagent/1.1 (+https://developers.facebook.com/docs/sharing/webmasters/crawler)" 253 **0/253584**
70.170.230.14 - - [16/Mar/2026:06:07:40 -0700] "GET /1win-colombia-340/?fileloc=%2F%2Fproc%2F1008896%2Fcwd%2Fusr%2Flib64%2Flibcpupower.so.0.0.1&path=%2F%2Fproc%2F1008896%2Fcwd%2Fusr%2Flib64 HTTP/2.0" 200 2301 "https://www.bing.com/" "Mozilla/5.0 (Windows NT 10.0; Win64; x64; rv:108.0) Gecko/20100101 Firefox/108.0" 432 **0/432604**
74.7.241.2 - - [16/Mar/2026:06:07:41 -0700] "GET /sitemap.xml?fileloc=//proc/84719/net/protocols&path=//proc/84719/net HTTP/2.0" 200 2275 "https://statusplan.com/sitemap.xml?path=//proc/84719/net" "Mozilla/5.0 AppleWebKit/537.36 (KHTML, like Gecko; compatible; GPTBot/1.3; +https://openai.com/gptbot)" 256 **0/256672**
70.170.230.14 - - [16/Mar/2026:06:07:43 -0700] "GET /?fileloc=%2Fhome%2Fworkshopbrain%2Fpublic_html%2Fletters2trump%2Fwp-signup.php&path=%2Fhome%2Fworkshopbrain%2Fpublic_html%2Fletters2trump HTTP/2.0" 200 9394 "https://www.bing.com/" "Mozilla/5.0 (Windows NT 10.0; Win64; x64; rv:108.0) Gecko/20100101 Firefox/108.0" 744 **0/744286**
74.7.241.2 - - [16/Mar/2026:06:07:44 -0700] "GET /sitemap.xml?fileloc=//proc/84720/net/netstat&path=//proc/84720/net HTTP/2.0" 200 2273 "https://statusplan.com/sitemap.xml?path=//proc/84720/net" "Mozilla/5.0 AppleWebKit/537.36 (KHTML, like Gecko; compatible; GPTBot/1.3; +https://openai.com/gptbot)" 514 **0/514671**
57.141.6.63 - - [16/Mar/2026:06:07:44 -0700] "GET /products/miami-heat-dwyane-wade-swingman-jersey/47377804/ HTTP/2.0" 200 63518 "-" "meta-externalagent/1.1 (+https://developers.facebook.com/docs/sharing/webmasters/crawler)" 249 **0/249656**
70.170.230.14 - - [16/Mar/2026:06:07:47 -0700] "GET /1win-colombia-340/?fileloc=%2F%2Flib%2Flocale%2Fen_IE%2FLC_NAME&path=%2F%2Flib%2Flocale%2Fen_IE HTTP/2.0" 200 2331 "https://www.bing.com/" "Mozilla/5.0 (Windows NT 10.0; Win64; x64; rv:108.0) Gecko/20100101 Firefox/108.0" 524 **0/524102**
74.7.241.2 - - [16/Mar/2026:06:07:47 -0700] "GET /sitemap.xml?fileloc=//proc/84719/net/netstat&path=//proc/84719/net HTTP/2.0" 200 2272 "https://statusplan.com/sitemap.xml?path=//proc/84719/net" "Mozilla/5.0 AppleWebKit/537.36 (KHTML, like Gecko; compatible; GPTBot/1.3; +https://openai.com/gptbot)" 250 **0/250574**
57.141.6.66 - - [16/Mar/2026:06:07:49 -0700] "GET /products/tire-255-55-18-falken/25296052/ HTTP/2.0" 200 63518 "-" "meta-externalagent/1.1 (+https://developers.facebook.com/docs/sharing/webmasters/crawler)" 242 **0/242319**
70.170.230.14 - - [16/Mar/2026:06:07:50 -0700] "GET /1win-colombia-340/?fileloc=%2Fhome%2Fworkshopbrain%2Fpublic_html%2Fstatusplan.com%2Fwp-admin%2Fjs%2Fauth-app.js&path=%2Fhome%2Fworkshopbrain%2Fpublic_html%2Fstatusplan.com%2Fwp-admin%2Fjs HTTP/2.0" 200 4102 "https://www.yandex.com/" "Mozilla/5.0 (Windows NT 10.0; Win64; x64; rv:108.0) Gecko/20100101 Firefox/108.0" 337 **0/337449**
74.7.241.2 - - [16/Mar/2026:06:07:50 -0700] "GET /sitemap.xml?fileloc=//proc/84720/net/protocols&path=//proc/84720/net HTTP/2.0" 200 2274 "https://statusplan.com/sitemap.xml?path=//proc/84720/net" "Mozilla/5.0 AppleWebKit/537.36 (KHTML, like Gecko; compatible; GPTBot/1.3; +https://openai.com/gptbot)" 265 **0/265526**
57.141.6.8 - - [16/Mar/2026:06:07:51 -0700] "GET /products/levis-commuter-trucker-jacket/28483663/ HTTP/2.0" 200 63518 "-" "meta-externalagent/1.1 (+https://developers.facebook.com/docs/sharing/webmasters/crawler)" 481 **0/481100**
57.141.6.48 - - [16/Mar/2026:06:07:53 -0700] "GET /products/aire-aire/30279898/ HTTP/2.0" 200 63518 "-" "meta-externalagent/1.1 (+https://developers.facebook.com/docs/sharing/webmasters/crawler)" 268 **0/268051**
74.7.241.2 - - [16/Mar/2026:06:07:53 -0700] "GET /sitemap.xml?fileloc=//proc/84713/net/netstat&path=//proc/84713/net HTTP/2.0" 200 2272 "https://statusplan.com/sitemap.xml?path=//proc/84713/net" "Mozilla/5.0 AppleWebKit/537.36 (KHTML, like Gecko; compatible; GPTBot/1.3; +https://openai.com/gptbot)" 263 **0/263255**
57.141.6.44 - - [16/Mar/2026:06:07:56 -0700] "GET /products/dos-tapas-para-cadillac-escalde-ext/21033766/ HTTP/2.0" 200 63518 "-" "meta-externalagent/1.1 (+https://developers.facebook.com/docs/sharing/webmasters/crawler)" 256 **0/256649**
74.7.241.2 - - [16/Mar/2026:06:07:57 -0700] "GET /sitemap.xml?fileloc=//proc/84713/net/connector&path=//proc/84713/net HTTP/2.0" 200 2271 "https://statusplan.com/sitemap.xml?path=//proc/84713/net" "Mozilla/5.0 AppleWebKit/537.36 (KHTML, like Gecko; compatible; GPTBot/1.3; +https://openai.com/gptbot)" 248 **0/248633**
57.141.6.4 - - [16/Mar/2026:06:07:58 -0700] "GET /products/chest-5-drawers-in-any-color-new-solid-wood/42494464/ HTTP/2.0" 200 63518 "-" "meta-externalagent/1.1 (+https://developers.facebook.com/docs/sharing/webmasters/crawler)" 277 **0/277028**
57.141.6.71 - - [16/Mar/2026:06:07:58 -0700] "GET /products/cloud-c7-mobile/16703650/ HTTP/2.0" 200 63518 "-" "meta-externalagent/1.1 (+https://developers.facebook.com/docs/sharing/webmasters/crawler)" 309 **0/309986**
102.102.84.81 - - [16/Mar/2026:06:07:59 -0700] "GET /1win-colombia-340/?fileloc=%2Fhome%2Fworkshopbrain%2Fpublic_html%2Fned%2Fwp-admin%2Fincludes%2Fclass-ftp.php&path=%2Fhome%2Fworkshopbrain%2Fpublic_html%2Fned%2Fwp-admin%2Fincludes HTTP/2.0" 200 8882 "https://www.statusplan.com/" "Mozilla/5.0 (X11; Linux x86_64) AppleWebKit/537.36 (KHTML, like Gecko) Chrome/123.0.0.0 Safari/537.36" 309 **0/309566**
74.7.241.2 - - [16/Mar/2026:06:07:59 -0700] "GET /sitemap.xml?fileloc=//proc/84719/net/sockstat&path=//proc/84719/net HTTP/2.0" 200 2276 "https://statusplan.com/sitemap.xml?path=//proc/84719/net" "Mozilla/5.0 AppleWebKit/537.36 (KHTML, like Gecko; compatible; GPTBot/1.3; +https://openai.com/gptbot)" 298 **0/298847**
57.141.6.10 - - [16/Mar/2026:06:08:01 -0700] "GET /products/posters/15314941/ HTTP/2.0" 200 63518 "-" "meta-externalagent/1.1 (+https://developers.facebook.com/docs/sharing/webmasters/crawler)" 262 **0/262154**
47.128.120.232 - - [16/Mar/2026:06:08:02 -0700] "GET /?path=%2Fhome%2Fworkshopbrain%2Fpublic_html%2Fned%2Fwp-includes%2Fblocks%2Flist HTTP/2.0" 200 2770 "-" "Mozilla/5.0 (Linux; Android 5.0) AppleWebKit/537.36 (KHTML, like Gecko) Mobile Safari/537.36 (compatible; TikTokSpider; ttspider-feedback@tiktok.com)" 299 **0/299503**
74.7.241.2 - - [16/Mar/2026:06:08:03 -0700] "GET /sitemap.xml?fileloc=//proc/84720/net/packet&path=//proc/84720/net HTTP/2.0" 200 2273 "https://statusplan.com/sitemap.xml?path=//proc/84720/net" "Mozilla/5.0 AppleWebKit/537.36 (KHTML, like Gecko; compatible; GPTBot/1.3; +https://openai.com/gptbot)" 268 **0/268301**
57.141.6.31 - - [16/Mar/2026:06:08:03 -0700] "GET /products/whispering-butterflies-by-hisashi-otsuka/15213196/ HTTP/2.0" 200 63518 "-" "meta-externalagent/1.1 (+https://developers.facebook.com/docs/sharing/webmasters/crawler)" 272 **0/272601**
70.170.230.14 - - [16/Mar/2026:06:08:03 -0700] "GET /1win-colombia-340/?fileloc=%2F%2Flib%2Fnode_modules%2Fnpm%2Fman%2Fman8%2Frpm.8.gz&path=%2F%2Flib%2Fnode_modules%2Fnpm%2Fman%2Fman8 HTTP/2.0" 200 2297 "https://www.bing.com/" "Mozilla/5.0 (Windows NT 10.0; Win64; x64; rv:108.0) Gecko/20100101 Firefox/108.0" 444 **0/444641**
57.141.6.19 - - [16/Mar/2026:06:08:04 -0700] "GET /products/pyzel-surfboard/23276818/ HTTP/2.0" 200 63518 "-" "meta-externalagent/1.1 (+https://developers.facebook.com/docs/sharing/webmasters/crawler)" 275 **0/275094**
74.7.241.2 - - [16/Mar/2026:06:08:06 -0700] "GET /sitemap.xml?fileloc=//proc/84713/net/netlink&path=//proc/84713/net HTTP/2.0" 200 2271 "https://statusplan.com/sitemap.xml?path=//proc/84713/net" "Mozilla/5.0 AppleWebKit/537.36 (KHTML, like Gecko; compatible; GPTBot/1.3; +https://openai.com/gptbot)" 248 **0/248412**
57.141.6.31 - - [16/Mar/2026:06:08:07 -0700] "GET /products/jordan-1/15854284/ HTTP/2.0" 200 63518 "-" "meta-externalagent/1.1 (+https://developers.facebook.com/docs/sharing/webmasters/crawler)" 224 **0/224146**
106.49.54.181 - - [16/Mar/2026:06:08:07 -0700] "GET /?fileloc=%2Fhome%2Fworkshopbrain%2Fpublic_html%2Fstatusplan.com%2Fwp-includes%2Fwidgets%2Fclass-wp-widget-media-image.php&path=%2Fhome%2Fworkshopbrain%2Fpublic_html%2Fstatusplan.com%2Fwp-includes%2Fwidgets HTTP/2.0" 200 5601 "-" "Mozilla/5.0 (Linux; Android 5.0; SM-G900P Build/LRX21T) AppleWebKit/537.36 (KHTML, like Gecko) Chrome/45.0.9790.1379 Mobile Safari/537.36" 355 **0/355168**
57.141.6.61 - - [16/Mar/2026:06:08:09 -0700] "GET /products/toyota-tacoma-wheels-and-tires/29508862/ HTTP/2.0" 200 63518 "-" "meta-externalagent/1.1 (+https://developers.facebook.com/docs/sharing/webmasters/crawler)" 306 **0/306838**
74.7.241.2 - - [16/Mar/2026:06:08:09 -0700] "GET /sitemap.xml?fileloc=//proc/84720/net/sockstat&path=//proc/84720/net HTTP/2.0" 200 2275 "https://statusplan.com/sitemap.xml?path=//proc/84720/net" "Mozilla/5.0 AppleWebKit/537.36 (KHTML, like Gecko; compatible; GPTBot/1.3; +https://openai.com/gptbot)" 237 **0/237403**
57.141.6.54 - - [16/Mar/2026:06:08:11 -0700] "GET /products/jewelry-giles-brother-art-deco-silver-stud-earrings/43255756/ HTTP/2.0" 200 63518 "-" "meta-externalagent/1.1 (+https://developers.facebook.com/docs/sharing/webmasters/crawler)" 244 **0/244915**
179.6.171.239 - - [16/Mar/2026:06:08:11 -0700] "GET /?fileloc=%2F%2Fusr%2Flib%2Flocale%2Fde_LU%40euro%2FLC_IDENTIFICATION&path=%2F%2Fusr%2Flib%2Flocale%2Fde_LU%40euro HTTP/2.0" 200 2305 "https://www.statusplan.com/" "Mozilla/5.0 (X11; Linux x86_64) AppleWebKit/537.36 (KHTML, like Gecko) Chrome/99.0.4844.51 Safari/537.36 Edg/99.0.1150.30" 330 **0/330558**
74.7.241.2 - - [16/Mar/2026:06:08:12 -0700] "GET /sitemap.xml?fileloc=//proc/84720/net/mcfilter&path=//proc/84720/net HTTP/2.0" 200 2273 "https://statusplan.com/sitemap.xml?path=//proc/84720/net" "Mozilla/5.0 AppleWebKit/537.36 (KHTML, like Gecko; compatible; GPTBot/1.3; +https://openai.com/gptbot)" 498 **0/498700**
102.102.84.81 - - [16/Mar/2026:06:08:15 -0700] "GET /1win-colombia-340/?fileloc=%2F%2Fproc%2F1008896%2Fnet%2Froute&path=%2F%2Fproc%2F1008896%2Fnet HTTP/2.0" 200 2272 "https://www.yandex.com/" "Mozilla/5.0 (X11; Linux x86_64) AppleWebKit/537.36 (KHTML, like Gecko) Chrome/123.0.0.0 Safari/537.36" 321 **0/321664**
57.141.6.28 - - [16/Mar/2026:06:08:15 -0700] "GET /products/jordan-4-flight-nostalgia/24684091/ HTTP/2.0" 200 63518 "-" "meta-externalagent/1.1 (+https://developers.facebook.com/docs/sharing/webmasters/crawler)" 244 **0/244972**
74.7.241.2 - - [16/Mar/2026:06:08:15 -0700] "GET /sitemap.xml?fileloc=//proc/84713/net/packet&path=//proc/84713/net HTTP/2.0" 200 2272 "https://statusplan.com/sitemap.xml?path=//proc/84713/net" "Mozilla/5.0 AppleWebKit/537.36 (KHTML, like Gecko; compatible; GPTBot/1.3; +https://openai.com/gptbot)" 257 **0/257982**
57.141.6.20 - - [16/Mar/2026:06:08:17 -0700] "GET /products/princess-house/20016379/ HTTP/2.0" 200 63518 "-" "meta-externalagent/1.1 (+https://developers.facebook.com/docs/sharing/webmasters/crawler)" 267 **0/267816**
79.127.185.8 - - [16/Mar/2026:06:08:17 -0700] "GET /?fileloc=%2Fhome%2Fworkshopbrain%2Fpublic_html%2Fbatteryatl%2Fwp-includes%2FID3%2Fmodule.tag.apetag.php&path=%2Fhome%2Fworkshopbrain%2Fpublic_html%2Fbatteryatl%2Fwp-includes%2FID3 HTTP/2.0" 200 6396 "https://www.google.com/" "Mozilla/5.0 (Windows NT 10.0; Win64; x64) AppleWebKit/537.36 (KHTML, like Gecko) Chrome/140.0.0.0 Safari/537.36 Edg/140.0.0.5" 419 **0/419214**
74.7.241.2 - - [16/Mar/2026:06:08:19 -0700] "GET /sitemap.xml?fileloc=//proc/84720/net/netlink&path=//proc/84720/net HTTP/2.0" 200 2272 "https://statusplan.com/sitemap.xml?path=//proc/84720/net" "Mozilla/5.0 AppleWebKit/537.36 (KHTML, like Gecko; compatible; GPTBot/1.3; +https://openai.com/gptbot)" 266 **0/266020**
57.141.6.45 - - [16/Mar/2026:06:08:19 -0700] "GET /products/new-tour-edge-golf-putter/22914568/ HTTP/2.0" 200 63518 "-" "meta-externalagent/1.1 (+https://developers.facebook.com/docs/sharing/webmasters/crawler)" 258 **0/258796**
57.141.6.17 - - [16/Mar/2026:06:08:21 -0700] "GET /products/prada-sunglasses/43228015/ HTTP/2.0" 200 63518 "-" "meta-externalagent/1.1 (+https://developers.facebook.com/docs/sharing/webmasters/crawler)" 270 **0/270287**
74.7.241.2 - - [16/Mar/2026:06:08:22 -0700] "GET /sitemap.xml?fileloc=//proc/84719/net/packet&path=//proc/84719/net HTTP/2.0" 200 2273 "https://statusplan.com/sitemap.xml?path=//proc/84719/net" "Mozilla/5.0 AppleWebKit/537.36 (KHTML, like Gecko; compatible; GPTBot/1.3; +https://openai.com/gptbot)" 275 **0/275625**
102.102.84.81 - - [16/Mar/2026:06:08:23 -0700] "GET /1win-colombia-340/?fileloc=%2Fhome%2Fworkshopbrain%2Fpublic_html%2Fned%2Fwp-admin%2Fimages%2Fwheel.png&path=%2Fhome%2Fworkshopbrain%2Fpublic_html%2Fned%2Fwp-admin%2Fimages HTTP/2.0" 200 2295 "https://www.statusplan.com/" "Mozilla/5.0 (X11; Linux x86_64) AppleWebKit/537.36 (KHTML, like Gecko) Chrome/123.0.0.0 Safari/537.36" 307 **0/307359**
57.141.6.10 - - [16/Mar/2026:06:08:24 -0700] "GET /products/wwe-ultimate-edition-series-11-action-figure-kane-attitude-e/41132110/ HTTP/2.0" 200 63518 "-" "meta-externalagent/1.1 (+https://developers.facebook.com/docs/sharing/webmasters/crawler)" 243 **0/243464**
74.7.241.2 - - [16/Mar/2026:06:08:25 -0700] "GET /sitemap.xml?fileloc=//proc/84719/net/netlink&path=//proc/84719/net HTTP/2.0" 200 2271 "https://statusplan.com/sitemap.xml?path=//proc/84719/net" "Mozilla/5.0 AppleWebKit/537.36 (KHTML, like Gecko; compatible; GPTBot/1.3; +https://openai.com/gptbot)" 253 **0/253024**
70.170.230.14 - - [16/Mar/2026:06:08:26 -0700] "GET /1win-colombia-340/?fileloc=%2Fhome%2Fworkshopbrain%2Fpublic_html%2Fmis%2Fwp-admin%2Fincludes%2Fcontinents-cities.php&path=%2Fhome%2Fworkshopbrain%2Fpublic_html%2Fmis%2Fwp-admin%2Fincludes HTTP/2.0" 200 5559 "https://www.statusplan.com/" "Mozilla/5.0 (Windows NT 10.0; Win64; x64; rv:108.0) Gecko/20100101 Firefox/108.0" 483 **0/483653**
57.141.6.12 - - [16/Mar/2026:06:08:26 -0700] "GET /products/womens-air-jordan-1-cook-comfort/17916148/ HTTP/2.0" 200 63518 "-" "meta-externalagent/1.1 (+https://developers.facebook.com/docs/sharing/webmasters/crawler)" 267 **0/267723**
47.128.120.239 - - [16/Mar/2026:06:08:26 -0700] "GET /1win-colombia-340/?fileloc=%2F%2Flib%2Frpm%2Fplatform%2Fgeode-linux%2Fmacros&path=%2F%2Flib%2Frpm%2Fplatform%2Fgeode-linux HTTP/2.0" 200 3415 "-" "Mozilla/5.0 (Linux; Android 5.0) AppleWebKit/537.36 (KHTML, like Gecko) Mobile Safari/537.36 (compatible; TikTokSpider; ttspider-feedback@tiktok.com)" 243 **0/243377**
57.141.6.27 - - [16/Mar/2026:06:08:28 -0700] "GET /products/6x10-raptor-low-pro-dump-tandem-axle-10k-36-sides/17558434/ HTTP/2.0" 200 63518 "-" "meta-externalagent/1.1 (+https://developers.facebook.com/docs/sharing/webmasters/crawler)" 266 **0/266350**
74.7.241.2 - - [16/Mar/2026:06:08:28 -0700] "GET /sitemap.xml?fileloc=//proc/84719/net/mcfilter&path=//proc/84719/net HTTP/2.0" 200 2274 "https://statusplan.com/sitemap.xml?path=//proc/84719/net" "Mozilla/5.0 AppleWebKit/537.36 (KHTML, like Gecko; compatible; GPTBot/1.3; +https://openai.com/gptbot)" 238 **0/238173**
79.127.185.8 - - [16/Mar/2026:06:08:29 -0700] "GET /1win-colombia-340/?fileloc=%2F%2Fproc%2F1008896%2Fcwd%2Fusr%2Flib64%2Flibfftw3.so.3&path=%2F%2Fproc%2F1008896%2Fcwd%2Fusr%2Flib64 HTTP/2.0" 200 2297 "https://www.google.com/" "Mozilla/5.0 (Windows NT 10.0; Win64; x64) AppleWebKit/537.36 (KHTML, like Gecko) Chrome/140.0.0.0 Safari/537.36 Edg/140.0.0.5" 386 **0/386707**
57.141.6.69 - - [16/Mar/2026:06:08:31 -0700] "GET /products/essentials-fear-of-god/49151044/ HTTP/2.0" 200 63518 "-" "meta-externalagent/1.1 (+https://developers.facebook.com/docs/sharing/webmasters/crawler)" 253 **0/253856**
74.7.241.2 - - [16/Mar/2026:06:08:32 -0700] "GET /sitemap.xml?fileloc=//proc/84713/net/sockstat&path=//proc/84713/net HTTP/2.0" 200 2275 "https://statusplan.com/sitemap.xml?path=//proc/84713/net" "Mozilla/5.0 AppleWebKit/537.36 (KHTML, like Gecko; compatible; GPTBot/1.3; +https://openai.com/gptbot)" 258 **0/258481**
70.170.230.14 - - [16/Mar/2026:06:08:32 -0700] "GET /?fileloc=%2F%2Fusr%2Flib%2Ffirmware%2Fintel%2Fdsp_fw_bxtn.bin&path=%2F%2Fusr%2Flib%2Ffirmware%2Fintel HTTP/2.0" 200 2292 "https://www.bing.com/" "Mozilla/5.0 (Windows NT 10.0; Win64; x64; rv:108.0) Gecko/20100101 Firefox/108.0" 413 **0/413730**
57.141.6.17 - - [16/Mar/2026:06:08:33 -0700] "GET /products/mueble-para-tv-o-cualquier-uso/27854797/ HTTP/2.0" 200 63518 "-" "meta-externalagent/1.1 (+https://developers.facebook.com/docs/sharing/webmasters/crawler)" 524 **0/524543**
57.141.6.26 - - [16/Mar/2026:06:08:34 -0700] "GET /products/sombrero-1000x/13551025/ HTTP/2.0" 200 63518 "-" "meta-externalagent/1.1 (+https://developers.facebook.com/docs/sharing/webmasters/crawler)" 376 **0/376270**
74.7.241.2 - - [16/Mar/2026:06:08:35 -0700] "GET /sitemap.xml?fileloc=//proc/84713/net/mcfilter&path=//proc/84713/net HTTP/2.0" 200 2273 "https://statusplan.com/sitemap.xml?path=//proc/84713/net" "Mozilla/5.0 AppleWebKit/537.36 (KHTML, like Gecko; compatible; GPTBot/1.3; +https://openai.com/gptbot)" 503 **0/503135**
212.30.33.211 - - [16/Mar/2026:06:08:35 -0700] "POST /xmlrpc.php HTTP/1.1" 403 63518 "-" "Mozilla/5.0 (Windows NT 6.1) AppleWebKit/537.36 (KHTML, like Gecko) Chrome/49.0.2623.112 Safari/537.36" 318 **0/318615**
57.141.6.68 - - [16/Mar/2026:06:08:36 -0700] "GET /products/garage-door-and-spring/8538178/ HTTP/2.0" 200 63518 "-" "meta-externalagent/1.1 (+https://developers.facebook.com/docs/sharing/webmasters/crawler)" 239 **0/239471**
79.127.185.8 - - [16/Mar/2026:06:08:37 -0700] "GET /1win-colombia-340/?fileloc=%2Fhome%2Fworkshopbrain%2Fpublic_html%2Fstatusplan.com%2Fwp-admin%2Fimages%2Fmedia-button.png&path=%2Fhome%2Fworkshopbrain%2Fpublic_html%2Fstatusplan.com%2Fwp-admin%2Fimages HTTP/2.0" 200 2304 "https://www.statusplan.com/" "Mozilla/5.0 (Windows NT 10.0; Win64; x64) AppleWebKit/537.36 (KHTML, like Gecko) Chrome/140.0.0.0 Safari/537.36 Edg/140.0.0.5" 348 **0/348782**
57.141.6.42 - - [16/Mar/2026:06:08:37 -0700] "GET /products/zebra-zq510/48436456/ HTTP/2.0" 200 63518 "-" "meta-externalagent/1.1 (+https://developers.facebook.com/docs/sharing/webmasters/crawler)" 253 **0/253094**
74.7.241.2 - - [16/Mar/2026:06:08:38 -0700] "GET /sitemap.xml?fileloc=//proc/84720/net/udp&path=//proc/84720/net HTTP/2.0" 200 2709 "https://statusplan.com/sitemap.xml?path=//proc/84720/net" "Mozilla/5.0 AppleWebKit/537.36 (KHTML, like Gecko; compatible; GPTBot/1.3; +https://openai.com/gptbot)" 247 **0/247633**
57.141.6.43 - - [16/Mar/2026:06:08:39 -0700] "GET /products/dr-browns-complete-infant-starter-set/30248356/ HTTP/2.0" 200 63518 "-" "meta-externalagent/1.1 (+https://developers.facebook.com/docs/sharing/webmasters/crawler)" 252 **0/252907**
57.141.6.23 - - [16/Mar/2026:06:08:40 -0700] "GET /products/bike-rack/39307861/ HTTP/2.0" 200 63518 "-" "meta-externalagent/1.1 (+https://developers.facebook.com/docs/sharing/webmasters/crawler)" 242 **0/242332**
57.141.6.10 - - [16/Mar/2026:06:08:41 -0700] "GET /products/fender-mim-stratocaster-ltd-edition-mint-w-gator-flight-safe/46256488/ HTTP/2.0" 200 63518 "-" "meta-externalagent/1.1 (+https://developers.facebook.com/docs/sharing/webmasters/crawler)" 245 **0/245115**
74.7.241.2 - - [16/Mar/2026:06:08:41 -0700] "GET /sitemap.xml?fileloc=//proc/84713/net/udp&path=//proc/84713/net HTTP/2.0" 200 2708 "https://statusplan.com/sitemap.xml?path=//proc/84713/net" "Mozilla/5.0 AppleWebKit/537.36 (KHTML, like Gecko; compatible; GPTBot/1.3; +https://openai.com/gptbot)" 241 **0/241845**
70.170.230.14 - - [16/Mar/2026:06:08:42 -0700] "GET /?path=%2Fhome%2Fworkshopbrain%2Fpublic_html%2Fletters2trump%2Fwp-content%2Fthemes%2Ftwentynineteen%2Ftemplate-parts%2Ffooter HTTP/2.0" 200 2709 "https://www.bing.com/" "Mozilla/5.0 (Windows NT 10.0; Win64; x64; rv:108.0) Gecko/20100101 Firefox/108.0" 406 **0/406565**
57.141.6.47 - - [16/Mar/2026:06:08:44 -0700] "GET /products/spacers-5-x45-x2/11207677/ HTTP/2.0" 200 63518 "-" "meta-externalagent/1.1 (+https://developers.facebook.com/docs/sharing/webmasters/crawler)" 254 **0/254679**
74.7.241.2 - - [16/Mar/2026:06:08:44 -0700] "GET /sitemap.xml?fileloc=//proc/84713/net/raw&path=//proc/84713/net HTTP/2.0" 200 2379 "https://statusplan.com/sitemap.xml?path=//proc/84713/net" "Mozilla/5.0 AppleWebKit/537.36 (KHTML, like Gecko; compatible; GPTBot/1.3; +https://openai.com/gptbot)" 280 **0/280606**
70.170.230.14 - - [16/Mar/2026:06:08:45 -0700] "GET /?fileloc=%2F%2Fproc%2Fthread-self%2Ffd%2F4%2Fb9bcfdff620148d9e40abb7b8f303eb99efbcba3f54b86c6e702123b698ff1fa&path=%2F%2Fproc%2Fthread-self%2Ffd%2F4 HTTP/2.0" 200 2322 "https://www.yandex.com/" "Mozilla/5.0 (Windows NT 10.0; Win64; x64; rv:108.0) Gecko/20100101 Firefox/108.0" 341 **0/341477**
57.141.6.38 - - [16/Mar/2026:06:08:45 -0700] "GET /products/tapas-originales-de-chevy/39046684/ HTTP/2.0" 200 63518 "-" "meta-externalagent/1.1 (+https://developers.facebook.com/docs/sharing/webmasters/crawler)" 259 **0/259893**
74.7.241.2 - - [16/Mar/2026:06:08:48 -0700] "GET /sitemap.xml?fileloc=//proc/84719/net/udp&path=//proc/84719/net HTTP/2.0" 200 2717 "https://statusplan.com/sitemap.xml?path=//proc/84719/net" "Mozilla/5.0 AppleWebKit/537.36 (KHTML, like Gecko; compatible; GPTBot/1.3; +https://openai.com/gptbot)" 260 **0/260977**
57.141.6.37 - - [16/Mar/2026:06:08:48 -0700] "GET /products/viking-stainless-steel-stove/40530523/ HTTP/2.0" 200 63518 "-" "meta-externalagent/1.1 (+https://developers.facebook.com/docs/sharing/webmasters/crawler)" 257 **0/257926**
57.141.6.63 - - [16/Mar/2026:06:08:49 -0700] "GET /products/southpole-womens-frameless-jeweled-metal-cat-eye-sunglasses/26926156/ HTTP/2.0" 200 63518 "-" "meta-externalagent/1.1 (+https://developers.facebook.com/docs/sharing/webmasters/crawler)" 273 **0/273377**
79.127.185.8 - - [16/Mar/2026:06:08:49 -0700] "GET /?path=%2F%2Fusr%2Flib%2Fmodules%2F4.18.0-553.50.1.lve.el8.x86_64 HTTP/2.0" 200 2571 "https://www.statusplan.com/" "Mozilla/5.0 (Windows NT 10.0; Win64; x64) AppleWebKit/537.36 (KHTML, like Gecko) Chrome/140.0.0.0 Safari/537.36 Edg/140.0.0.5" 306 **0/306275**
74.7.241.2 - - [16/Mar/2026:06:08:51 -0700] "GET /sitemap.xml?fileloc=//proc/84719/net/raw&path=//proc/84719/net HTTP/2.0" 200 2380 "https://statusplan.com/sitemap.xml?path=//proc/84719/net" "Mozilla/5.0 AppleWebKit/537.36 (KHTML, like Gecko; compatible; GPTBot/1.3; +https://openai.com/gptbot)" 277 **0/277286**
57.141.6.38 - - [16/Mar/2026:06:08:51 -0700] "GET /products/nike-air-max-200/44279569/ HTTP/2.0" 200 63518 "-" "meta-externalagent/1.1 (+https://developers.facebook.com/docs/sharing/webmasters/crawler)" 231 **0/231239**
47.128.120.169 - - [16/Mar/2026:06:08:51 -0700] "GET /1win-colombia-340/?fileloc=%2F%2Flib%2Flocale%2Fde_LU%40euro%2FLC_CTYPE&path=%2F%2Flib%2Flocale%2Fde_LU%40euro HTTP/2.0" 200 2279 "-" "Mozilla/5.0 (Linux; Android 5.0) AppleWebKit/537.36 (KHTML, like Gecko) Mobile Safari/537.36 (compatible; TikTokSpider; ttspider-feedback@tiktok.com)" 241 **0/241975**
70.170.230.14 - - [16/Mar/2026:06:08:52 -0700] "GET /1win-colombia-340/?path=%2F%2Flib%2Fnode_modules%2Fnpm%2Fnode_modules%2Fread HTTP/2.0" 200 2738 "https://www.statusplan.com/" "Mozilla/5.0 (Windows NT 10.0; Win64; x64; rv:108.0) Gecko/20100101 Firefox/108.0" 340 **0/340393**
57.141.6.69 - - [16/Mar/2026:06:08:53 -0700] "GET /products/ohtani-kanji-jersey-xl-other-sizes-other-jerseys-avl-as-well/47376439/ HTTP/2.0" 200 63518 "-" "meta-externalagent/1.1 (+https://developers.facebook.com/docs/sharing/webmasters/crawler)" 264 **0/264553**
57.141.6.20 - - [16/Mar/2026:06:08:53 -0700] "GET /products/michael-kors-purse/43346749/ HTTP/2.0" 200 63518 "-" "meta-externalagent/1.1 (+https://developers.facebook.com/docs/sharing/webmasters/crawler)" 271 **0/271838**
74.7.241.2 - - [16/Mar/2026:06:08:54 -0700] "GET /sitemap.xml?fileloc=//proc/84720/net/raw&path=//proc/84720/net HTTP/2.0" 200 2380 "https://statusplan.com/sitemap.xml?path=//proc/84720/net" "Mozilla/5.0 AppleWebKit/537.36 (KHTML, like Gecko; compatible; GPTBot/1.3; +https://openai.com/gptbot)" 224 **0/224949**
79.127.185.8 - - [16/Mar/2026:06:08:55 -0700] "GET /?fileloc=%2Fhome%2Fworkshopbrain%2Fpublic_html%2Fshea%2Fwp-links-opml.php&path=%2Fhome%2Fworkshopbrain%2Fpublic_html%2Fshea HTTP/2.0" 200 3350 "https://www.statusplan.com/" "Mozilla/5.0 (Windows NT 10.0; Win64; x64) AppleWebKit/537.36 (KHTML, like Gecko) Chrome/140.0.0.0 Safari/537.36 Edg/140.0.0.5" 290 **0/290191**
57.141.6.43 - - [16/Mar/2026:06:08:55 -0700] "GET /products/jordan-1-court-purple/37980409/ HTTP/2.0" 200 63518 "-" "meta-externalagent/1.1 (+https://developers.facebook.com/docs/sharing/webmasters/crawler)" 236 **0/236104**
74.7.241.2 - - [16/Mar/2026:06:08:57 -0700] "GET /sitemap.xml?fileloc=//proc/84719/net/udplite&path=//proc/84719/net HTTP/2.0" 200 2272 "https://statusplan.com/sitemap.xml?path=//proc/84719/net" "Mozilla/5.0 AppleWebKit/537.36 (KHTML, like Gecko; compatible; GPTBot/1.3; +https://openai.com/gptbot)" 491 **0/491116**
57.141.6.8 - - [16/Mar/2026:06:08:58 -0700] "GET /products/6-pc-bridget-two-tone-wood-dining-table-set-padded-seat-chai/46455211/ HTTP/2.0" 200 63518 "-" "meta-externalagent/1.1 (+https://developers.facebook.com/docs/sharing/webmasters/crawler)" 317 **0/317384**
57.141.6.10 - - [16/Mar/2026:06:08:59 -0700] "GET /products/nike-dunks/31975123/ HTTP/2.0" 200 63518 "-" "meta-externalagent/1.1 (+https://developers.facebook.com/docs/sharing/webmasters/crawler)" 268 **0/268684**
79.127.185.8 - - [16/Mar/2026:06:08:59 -0700] "GET /?fileloc=%2Fhome%2Fworkshopbrain%2Fpublic_html%2Foxford%2Fwp-includes%2Fjs%2Fshortcode.js&path=%2Fhome%2Fworkshopbrain%2Fpublic_html%2Foxford%2Fwp-includes%2Fjs HTTP/2.0" 200 5692 "https://www.statusplan.com/" "Mozilla/5.0 (Windows NT 10.0; Win64; x64) AppleWebKit/537.36 (KHTML, like Gecko) Chrome/140.0.0.0 Safari/537.36 Edg/140.0.0.5" 376 **0/376139**
74.7.241.2 - - [16/Mar/2026:06:09:00 -0700] "GET /sitemap.xml?fileloc=//proc/84713/net/psched&path=//proc/84713/net HTTP/2.0" 200 2272 "https://statusplan.com/sitemap.xml?path=//proc/84713/net" "Mozilla/5.0 AppleWebKit/537.36 (KHTML, like Gecko; compatible; GPTBot/1.3; +https://openai.com/gptbot)" 261 **0/261825**
57.141.6.69 - - [16/Mar/2026:06:09:00 -0700] "GET /products/steren-amplifier-baf-1595/43889242/ HTTP/2.0" 200 63518 "-" "meta-externalagent/1.1 (+https://developers.facebook.com/docs/sharing/webmasters/crawler)" 282 **0/282228**
