181.59.148.5 - - [16/Mar/2026:06:45:06 -0700] "GET /?fileloc=%2Fhome%2Fworkshopbrain%2Fpublic_html%2Foxford%2Fwp-includes%2Fcustomize%2Fclass-wp-customize-new-menu-section.php&path=%2Fhome%2Fworkshopbrain%2Fpublic_html%2Foxford%2Fwp-includes%2Fcustomize HTTP/1.1" 200 2992 "https://www.google.com/" "Mozilla/5.0 (X11; Linux x86_64; rv:140.0) Gecko/20100101 Firefox/140.0 XTPT/1.0" 443 **0/443812**
57.141.6.28 - - [16/Mar/2026:06:45:07 -0700] "GET /products/ben-john-hyperion-paddle/34056118/ HTTP/2.0" 200 63518 "-" "meta-externalagent/1.1 (+https://developers.facebook.com/docs/sharing/webmasters/crawler)" 413 **0/413515**
216.73.216.178 - - [16/Mar/2026:06:45:08 -0700] "GET /sitemap.xml?fileloc=%2F%2Fetc%2Fbackupmxhosts&path=%2F%2Fetc HTTP/2.0" 200 2257 "-" "Mozilla/5.0 AppleWebKit/537.36 (KHTML, like Gecko; compatible; ClaudeBot/1.0; +claudebot@anthropic.com)" 330 **0/330801**
138.207.155.245 - - [16/Mar/2026:06:45:08 -0700] "GET /?fileloc=%2F%2Fusr%2Fshare%2Flocale%2Fen%40boldquot%2FLC_MESSAGES%2Felfutils.mo&path=%2F%2Fusr%2Fshare%2Flocale%2Fen%40boldquot%2FLC_MESSAGES HTTP/2.0" 200 2310 "https://www.statusplan.com/" "Mozilla/5.0 (X11; Linux x86_64) AppleWebKit/537.36 (KHTML, like Gecko) Chrome/117.0.0.0 Safari/537.36 OPR/90.0.0.0" 324 **0/324911**
57.141.6.17 - - [16/Mar/2026:06:45:09 -0700] "GET /products/sof-and-loveseat-cushions-included-set-de-sofs-cojines-inclu/21241519/ HTTP/2.0" 200 63518 "-" "meta-externalagent/1.1 (+https://developers.facebook.com/docs/sharing/webmasters/crawler)" 484 **0/484966**
74.7.241.2 - - [16/Mar/2026:06:45:10 -0700] "GET /sitemap.xml?path=//proc/4105076/root/lib/.build-id/b5 HTTP/2.0" 200 3097 "https://statusplan.com/sitemap.xml?path=//proc/4105076/root/lib/.build-id" "Mozilla/5.0 AppleWebKit/537.36 (KHTML, like Gecko; compatible; GPTBot/1.3; +https://openai.com/gptbot)" 285 **0/285953**
57.141.6.27 - - [16/Mar/2026:06:45:11 -0700] "GET /products/jordan-1-gorge-green/10791079/ HTTP/2.0" 200 63518 "-" "meta-externalagent/1.1 (+https://developers.facebook.com/docs/sharing/webmasters/crawler)" 267 **0/267786**
216.73.216.178 - - [16/Mar/2026:06:45:11 -0700] "GET /sitemap.xml?fileloc=%2F%2Fetc%2Fhost.conf&path=%2F%2Fetc HTTP/2.0" 200 2259 "-" "Mozilla/5.0 AppleWebKit/537.36 (KHTML, like Gecko; compatible; ClaudeBot/1.0; +claudebot@anthropic.com)" 237 **0/237811**
172.56.161.62 - - [16/Mar/2026:06:45:11 -0700] "GET /1win-colombia-340/?fileloc=%2Fhome%2Fworkshopbrain%2Fpublic_html%2Fstatusplan.com%2F.well-known%2Fpki-validation%2Fltplrjwt.php&path=%2Fhome%2Fworkshopbrain%2Fpublic_html%2Fstatusplan.com%2F.well-known%2Fpki-validation HTTP/2.0" 200 2314 "https://www.statusplan.com/" "Mozilla/5.0 (X11; Linux x86_64) AppleWebKit/537.36 (KHTML, like Gecko) Chrome/133.0.0.0 Safari/537.36" 330 **0/330824**
57.141.6.47 - - [16/Mar/2026:06:45:12 -0700] "GET /products/harley-quinn-small-canvas-painting/15289468/ HTTP/2.0" 200 63518 "-" "meta-externalagent/1.1 (+https://developers.facebook.com/docs/sharing/webmasters/crawler)" 310 **0/310789**
74.7.241.2 - - [16/Mar/2026:06:45:13 -0700] "GET /sitemap.xml?fileloc=//proc/4105076/root/lib/.build-id/1b/9c2ce974df40825fbf4161894a08e44d7dd0d2&path=//proc/4105076/root/lib/.build-id/1b HTTP/2.0" 200 2326 "https://statusplan.com/sitemap.xml?path=//proc/4105076/root/lib/.build-id/1b" "Mozilla/5.0 AppleWebKit/537.36 (KHTML, like Gecko; compatible; GPTBot/1.3; +https://openai.com/gptbot)" 266 **0/266711**
216.73.216.178 - - [16/Mar/2026:06:45:14 -0700] "GET /sitemap.xml?fileloc=%2F%2Fetc%2Fmailcap&path=%2F%2Fetc HTTP/2.0" 200 2344 "-" "Mozilla/5.0 AppleWebKit/537.36 (KHTML, like Gecko; compatible; ClaudeBot/1.0; +claudebot@anthropic.com)" 522 **0/522073**
57.141.6.63 - - [16/Mar/2026:06:45:15 -0700] "GET /products/juicy-couture/35071762/ HTTP/2.0" 200 63518 "-" "meta-externalagent/1.1 (+https://developers.facebook.com/docs/sharing/webmasters/crawler)" 252 **0/252013**
172.56.161.62 - - [16/Mar/2026:06:45:15 -0700] "GET /1win-colombia-340/?path=%2F%2Flib%2Fnode_modules%2Fnpm%2Fnode_modules%2Fdelayed-stream HTTP/2.0" 200 2801 "https://www.statusplan.com/" "Mozilla/5.0 (X11; Linux x86_64) AppleWebKit/537.36 (KHTML, like Gecko) Chrome/133.0.0.0 Safari/537.36" 347 **0/347526**
74.7.241.2 - - [16/Mar/2026:06:45:16 -0700] "GET /sitemap.xml?path=//proc/4105076/root/lib/.build-id/d4 HTTP/2.0" 200 3215 "https://statusplan.com/sitemap.xml?path=//proc/4105076/root/lib/.build-id" "Mozilla/5.0 AppleWebKit/537.36 (KHTML, like Gecko; compatible; GPTBot/1.3; +https://openai.com/gptbot)" 293 **0/293806**
57.141.6.61 - - [16/Mar/2026:06:45:16 -0700] "GET /products/bench/32769700/ HTTP/2.0" 200 63518 "-" "meta-externalagent/1.1 (+https://developers.facebook.com/docs/sharing/webmasters/crawler)" 292 **0/292724**
216.73.216.178 - - [16/Mar/2026:06:45:17 -0700] "GET /sitemap.xml?fileloc=%2F%2Fetc%2Fhosts&path=%2F%2Fetc HTTP/2.0" 200 2317 "-" "Mozilla/5.0 AppleWebKit/537.36 (KHTML, like Gecko; compatible; ClaudeBot/1.0; +claudebot@anthropic.com)" 271 **0/271572**
74.7.241.2 - - [16/Mar/2026:06:45:19 -0700] "GET /sitemap.xml?path=//proc/4105076/root/lib/.build-id/7e HTTP/2.0" 200 3344 "https://statusplan.com/sitemap.xml?path=//proc/4105076/root/lib/.build-id" "Mozilla/5.0 AppleWebKit/537.36 (KHTML, like Gecko; compatible; GPTBot/1.3; +https://openai.com/gptbot)" 299 **0/299812**
181.59.148.5 - - [16/Mar/2026:06:45:19 -0700] "GET /?fileloc=%2Fhome%2Fworkshopbrain%2Fpublic_html%2Fstatusplan.com%2Fwp-admin%2Fimages%2Fstars-2x.png&path=%2Fhome%2Fworkshopbrain%2Fpublic_html%2Fstatusplan.com%2Fwp-admin%2Fimages HTTP/1.1" 200 2304 "https://www.google.com/" "Mozilla/5.0 (X11; Linux x86_64; rv:140.0) Gecko/20100101 Firefox/140.0 XTPT/1.0" 425 **0/425096**
74.7.241.2 - - [16/Mar/2026:06:45:22 -0700] "GET /sitemap.xml?path=//proc/4105076/root/lib/.build-id/d9 HTTP/2.0" 200 3335 "https://statusplan.com/sitemap.xml?path=//proc/4105076/root/lib/.build-id" "Mozilla/5.0 AppleWebKit/537.36 (KHTML, like Gecko; compatible; GPTBot/1.3; +https://openai.com/gptbot)" 275 **0/275403**
216.73.216.178 - - [16/Mar/2026:06:45:22 -0700] "GET /sitemap.xml?fileloc=%2Fhome%2Fworkshopbrain%2Fpublic_html%2Fstatusplan.com%2Fwp-includes%2Fclass-wp-hook.php&path=%2Fhome%2Fworkshopbrain%2Fpublic_html%2Fstatusplan.com%2Fwp-includes HTTP/2.0" 200 5970 "-" "Mozilla/5.0 AppleWebKit/537.36 (KHTML, like Gecko; compatible; ClaudeBot/1.0; +claudebot@anthropic.com)" 286 **0/286817**
172.56.161.62 - - [16/Mar/2026:06:45:22 -0700] "GET /?fileloc=%2Fhome%2Fworkshopbrain%2Fpublic_html%2Foxford%2Fwp-includes%2Ftemplate.php&path=%2Fhome%2Fworkshopbrain%2Fpublic_html%2Foxford%2Fwp-includes HTTP/2.0" 200 5835 "https://www.statusplan.com/" "Mozilla/5.0 (X11; Linux x86_64) AppleWebKit/537.36 (KHTML, like Gecko) Chrome/133.0.0.0 Safari/537.36" 333 **0/333661**
57.141.6.44 - - [16/Mar/2026:06:45:25 -0700] "GET /products/native-instruments-komplete-kontrol-s49-mk2-keyboard/46334335/ HTTP/2.0" 200 63518 "-" "meta-externalagent/1.1 (+https://developers.facebook.com/docs/sharing/webmasters/crawler)" 263 **0/263601**
74.7.241.2 - - [16/Mar/2026:06:45:25 -0700] "GET /sitemap.xml?path=//proc/4105076/root/lib/.build-id/3d HTTP/2.0" 200 3054 "https://statusplan.com/sitemap.xml?path=//proc/4105076/root/lib/.build-id" "Mozilla/5.0 AppleWebKit/537.36 (KHTML, like Gecko; compatible; GPTBot/1.3; +https://openai.com/gptbot)" 258 **0/258998**
216.73.216.178 - - [16/Mar/2026:06:45:25 -0700] "GET /sitemap.xml?fileloc=%2Fhome%2Fworkshopbrain%2Fpublic_html%2Fstatusplan.com%2Fcgi-bin%2Fdsoialfb.php&path=%2Fhome%2Fworkshopbrain%2Fpublic_html%2Fstatusplan.com%2Fcgi-bin HTTP/2.0" 200 2292 "-" "Mozilla/5.0 AppleWebKit/537.36 (KHTML, like Gecko; compatible; ClaudeBot/1.0; +claudebot@anthropic.com)" 488 **0/488670**
57.141.6.20 - - [16/Mar/2026:06:45:26 -0700] "GET /products/used-tires-llantas-usadas/11482000/ HTTP/2.0" 200 63518 "-" "meta-externalagent/1.1 (+https://developers.facebook.com/docs/sharing/webmasters/crawler)" 265 **0/265147**
57.141.6.44 - - [16/Mar/2026:06:45:28 -0700] "GET /products/ryobi-one-hp-18-v-18-gauge-brushless-cordless-air-strike-bra/22864462/ HTTP/2.0" 200 63518 "-" "meta-externalagent/1.1 (+https://developers.facebook.com/docs/sharing/webmasters/crawler)" 258 **0/258142**
216.73.216.178 - - [16/Mar/2026:06:45:28 -0700] "GET /sitemap.xml?fileloc=%2Fhome%2Fworkshopbrain%2Fpublic_html%2Fstatusplan.com%2Fcgi-bin%2Fadmin-ajax.php&path=%2Fhome%2Fworkshopbrain%2Fpublic_html%2Fstatusplan.com%2Fcgi-bin HTTP/2.0" 200 2292 "-" "Mozilla/5.0 AppleWebKit/537.36 (KHTML, like Gecko; compatible; ClaudeBot/1.0; +claudebot@anthropic.com)" 271 **0/271039**
172.56.161.62 - - [16/Mar/2026:06:45:28 -0700] "GET /?path=%2F%2Fproc%2F1028325%2Froot%2Fusr%2Fshare%2Fmysql%2Fswedish HTTP/2.0" 200 2363 "https://www.yandex.com/" "Mozilla/5.0 (X11; Linux x86_64) AppleWebKit/537.36 (KHTML, like Gecko) Chrome/133.0.0.0 Safari/537.36" 348 **0/348098**
74.7.241.2 - - [16/Mar/2026:06:45:28 -0700] "GET /sitemap.xml?path=//proc/4105076/root/lib/.build-id/7b HTTP/2.0" 200 3449 "https://statusplan.com/sitemap.xml?path=//proc/4105076/root/lib/.build-id" "Mozilla/5.0 AppleWebKit/537.36 (KHTML, like Gecko; compatible; GPTBot/1.3; +https://openai.com/gptbot)" 264 **0/264085**
66.249.68.136 - - [16/Mar/2026:06:45:29 -0700] "GET /?products/55-inch/14061472/ HTTP/1.1" 200 22204 "-" "Mozilla/5.0 (Linux; Android 6.0.1; Nexus 5X Build/MMB29P) AppleWebKit/537.36 (KHTML, like Gecko) Chrome/145.0.7632.116 Mobile Safari/537.36 (compatible; Googlebot/2.1; +http://www.google.com/bot.html)" 242 **0/242076**
57.141.6.8 - - [16/Mar/2026:06:45:30 -0700] "GET /products/antique-sewing-notions/35168215/ HTTP/2.0" 200 63518 "-" "meta-externalagent/1.1 (+https://developers.facebook.com/docs/sharing/webmasters/crawler)" 245 **0/245909**
57.141.6.19 - - [16/Mar/2026:06:45:30 -0700] "GET /products/dressers-cajoneras/8781190/ HTTP/2.0" 200 63518 "-" "meta-externalagent/1.1 (+https://developers.facebook.com/docs/sharing/webmasters/crawler)" 378 **0/378852**
47.128.120.153 - - [16/Mar/2026:06:45:31 -0700] "GET /?path=%2F%2Fproc%2Firq%2F47%2Fvirtio2-request HTTP/2.0" 200 2335 "-" "Mozilla/5.0 (Linux; Android 5.0) AppleWebKit/537.36 (KHTML, like Gecko) Mobile Safari/537.36 (compatible; TikTokSpider; ttspider-feedback@tiktok.com)" 269 **0/269656**
216.73.216.178 - - [16/Mar/2026:06:45:31 -0700] "GET /sitemap.xml?fileloc=%2Fhome%2Fworkshopbrain%2Fpublic_html%2Fstatusplan.com%2Fwp-includes%2Fclass-IXR.php&path=%2Fhome%2Fworkshopbrain%2Fpublic_html%2Fstatusplan.com%2Fwp-includes HTTP/2.0" 200 3334 "-" "Mozilla/5.0 AppleWebKit/537.36 (KHTML, like Gecko; compatible; ClaudeBot/1.0; +claudebot@anthropic.com)" 281 **0/281271**
74.7.241.2 - - [16/Mar/2026:06:45:31 -0700] "GET /sitemap.xml?path=//proc/4105076/root/lib/.build-id/e6 HTTP/2.0" 200 3004 "https://statusplan.com/sitemap.xml?path=//proc/4105076/root/lib/.build-id" "Mozilla/5.0 AppleWebKit/537.36 (KHTML, like Gecko; compatible; GPTBot/1.3; +https://openai.com/gptbot)" 312 **0/312810**
138.207.155.245 - - [16/Mar/2026:06:45:32 -0700] "GET /1win-colombia-340/?path=%2Fhome%2Fworkshopbrain%2Fpublic_html%2Fshea HTTP/2.0" 200 3633 "https://www.statusplan.com/" "Mozilla/5.0 (X11; Linux x86_64) AppleWebKit/537.36 (KHTML, like Gecko) Chrome/117.0.0.0 Safari/537.36 OPR/90.0.0.0" 319 **0/319800**
57.141.6.68 - - [16/Mar/2026:06:45:33 -0700] "GET /products/wdamages-2009-2010-2011-audi-a4-rear-bumper-cover-oem-ax7248/28956142/ HTTP/2.0" 200 63518 "-" "meta-externalagent/1.1 (+https://developers.facebook.com/docs/sharing/webmasters/crawler)" 238 **0/238313**
216.73.216.178 - - [16/Mar/2026:06:45:34 -0700] "GET /sitemap.xml?fileloc=%2Fhome%2Fworkshopbrain%2Fpublic_html%2Fstatusplan.com%2Fcgi-bin%2Fprofile.php&path=%2Fhome%2Fworkshopbrain%2Fpublic_html%2Fstatusplan.com%2Fcgi-bin HTTP/2.0" 200 2289 "-" "Mozilla/5.0 AppleWebKit/537.36 (KHTML, like Gecko; compatible; ClaudeBot/1.0; +claudebot@anthropic.com)" 482 **0/482884**
57.141.6.20 - - [16/Mar/2026:06:45:34 -0700] "GET /products/don-issue-2/34182538/ HTTP/2.0" 200 63518 "-" "meta-externalagent/1.1 (+https://developers.facebook.com/docs/sharing/webmasters/crawler)" 247 **0/247241**
74.7.241.2 - - [16/Mar/2026:06:45:35 -0700] "GET /sitemap.xml?path=//proc/4105076/root/lib/.build-id/0d HTTP/2.0" 200 3217 "https://statusplan.com/sitemap.xml?path=//proc/4105076/root/lib/.build-id" "Mozilla/5.0 AppleWebKit/537.36 (KHTML, like Gecko; compatible; GPTBot/1.3; +https://openai.com/gptbot)" 303 **0/303040**
57.141.6.37 - - [16/Mar/2026:06:45:36 -0700] "GET /products/fender-sqiuer-2-color-sunburst-electric-guitar/38182765/ HTTP/2.0" 200 63518 "-" "meta-externalagent/1.1 (+https://developers.facebook.com/docs/sharing/webmasters/crawler)" 241 **0/241258**
216.73.216.178 - - [16/Mar/2026:06:45:37 -0700] "GET /sitemap.xml?fileloc=%2Fhome%2Fworkshopbrain%2Fpublic_html%2Fstatusplan.com%2Fwp-includes%2Fclass-wp-network-query.php&path=%2Fhome%2Fworkshopbrain%2Fpublic_html%2Fstatusplan.com%2Fwp-includes HTTP/2.0" 200 6841 "-" "Mozilla/5.0 AppleWebKit/537.36 (KHTML, like Gecko; compatible; ClaudeBot/1.0; +claudebot@anthropic.com)" 493 **0/493813**
74.7.241.2 - - [16/Mar/2026:06:45:38 -0700] "GET /sitemap.xml?fileloc=//proc/4105076/root/lib/.build-id/0c/9a6885ef247f8fb9317056a85d7893f4f3773e&path=//proc/4105076/root/lib/.build-id/0c HTTP/2.0" 200 2326 "https://statusplan.com/sitemap.xml?path=//proc/4105076/root/lib/.build-id/0c" "Mozilla/5.0 AppleWebKit/537.36 (KHTML, like Gecko; compatible; GPTBot/1.3; +https://openai.com/gptbot)" 430 **0/430840**
181.59.148.5 - - [16/Mar/2026:06:45:38 -0700] "GET /?fileloc=%2Fhome%2Fworkshopbrain%2Fpublic_html%2Fletters2trump%2Fwp-includes%2Fblocks%2Findex.php&path=%2Fhome%2Fworkshopbrain%2Fpublic_html%2Fletters2trump%2Fwp-includes%2Fblocks HTTP/1.1" 200 2819 "https://www.statusplan.com/" "Mozilla/5.0 (X11; Linux x86_64; rv:140.0) Gecko/20100101 Firefox/140.0 XTPT/1.0" 526 **0/526304**
57.141.6.11 - - [16/Mar/2026:06:45:39 -0700] "GET /products/tail-lights-rear-hyundai-elantra-2011-2013/21116128/ HTTP/2.0" 200 63518 "-" "meta-externalagent/1.1 (+https://developers.facebook.com/docs/sharing/webmasters/crawler)" 264 **0/264726**
57.141.6.12 - - [16/Mar/2026:06:45:40 -0700] "GET /products/authentic-coach-signature-waist-bum-bag-purse-canvas-leather/15707137/ HTTP/2.0" 200 63518 "-" "meta-externalagent/1.1 (+https://developers.facebook.com/docs/sharing/webmasters/crawler)" 308 **0/308968**
216.73.216.178 - - [16/Mar/2026:06:45:40 -0700] "GET /sitemap.xml?fileloc=%2Fhome%2Fworkshopbrain%2Fpublic_html%2Fstatusplan.com%2Fwp-admin%2Fpost.php&path=%2Fhome%2Fworkshopbrain%2Fpublic_html%2Fstatusplan.com%2Fwp-admin HTTP/2.0" 200 5128 "-" "Mozilla/5.0 AppleWebKit/537.36 (KHTML, like Gecko; compatible; ClaudeBot/1.0; +claudebot@anthropic.com)" 510 **0/510786**
74.7.241.2 - - [16/Mar/2026:06:45:41 -0700] "GET /sitemap.xml?path=//proc/4105076/root/lib/.build-id/e0 HTTP/2.0" 200 3309 "https://statusplan.com/sitemap.xml?path=//proc/4105076/root/lib/.build-id" "Mozilla/5.0 AppleWebKit/537.36 (KHTML, like Gecko; compatible; GPTBot/1.3; +https://openai.com/gptbot)" 319 **0/319257**
138.207.155.245 - - [16/Mar/2026:06:45:42 -0700] "GET /?path=%2F%2Fproc%2F1028731%2Froot%2Fusr%2Fshare%2Flocale%2Fes_CR HTTP/2.0" 200 2362 "https://www.statusplan.com/" "Mozilla/5.0 (X11; Linux x86_64) AppleWebKit/537.36 (KHTML, like Gecko) Chrome/117.0.0.0 Safari/537.36 OPR/90.0.0.0" 339 **0/339275**
57.141.6.23 - - [16/Mar/2026:06:45:43 -0700] "GET /products/couches/45466993/ HTTP/2.0" 200 63518 "-" "meta-externalagent/1.1 (+https://developers.facebook.com/docs/sharing/webmasters/crawler)" 250 **0/250577**
216.73.216.178 - - [16/Mar/2026:06:45:43 -0700] "GET /sitemap.xml?fileloc=%2Fhome%2Fworkshopbrain%2Fpublic_html%2Fstatusplan.com%2Fwp-includes%2Fclass-wp-comment-query.php&path=%2Fhome%2Fworkshopbrain%2Fpublic_html%2Fstatusplan.com%2Fwp-includes HTTP/2.0" 200 12270 "-" "Mozilla/5.0 AppleWebKit/537.36 (KHTML, like Gecko; compatible; ClaudeBot/1.0; +claudebot@anthropic.com)" 274 **0/274686**
74.7.241.2 - - [16/Mar/2026:06:45:44 -0700] "GET /sitemap.xml?path=//proc/4105076/root/lib/.build-id/b4 HTTP/2.0" 200 3397 "https://statusplan.com/sitemap.xml?path=//proc/4105076/root/lib/.build-id" "Mozilla/5.0 AppleWebKit/537.36 (KHTML, like Gecko; compatible; GPTBot/1.3; +https://openai.com/gptbot)" 242 **0/242929**
216.73.216.178 - - [16/Mar/2026:06:45:46 -0700] "GET /sitemap.xml?fileloc=%2Fhome%2Fworkshopbrain%2Fpublic_html%2Fstatusplan.com%2Fwp-includes%2Fclass-wp-customize-control.php&path=%2Fhome%2Fworkshopbrain%2Fpublic_html%2Fstatusplan.com%2Fwp-includes HTTP/2.0" 200 7895 "-" "Mozilla/5.0 AppleWebKit/537.36 (KHTML, like Gecko; compatible; ClaudeBot/1.0; +claudebot@anthropic.com)" 278 **0/278345**
138.207.155.245 - - [16/Mar/2026:06:45:46 -0700] "GET /?fileloc=%2Fhome%2Fworkshopbrain%2Fpublic_html%2Fwp-includes%2Ftheme-templates.php&path=%2Fhome%2Fworkshopbrain%2Fpublic_html%2Fwp-includes HTTP/2.0" 200 4259 "https://www.statusplan.com/" "Mozilla/5.0 (X11; Linux x86_64) AppleWebKit/537.36 (KHTML, like Gecko) Chrome/117.0.0.0 Safari/537.36 OPR/90.0.0.0" 343 **0/343523**
57.141.6.38 - - [16/Mar/2026:06:45:46 -0700] "GET /products/120-in-uplandontario-2026-01-hyundai-kia-smart-prox-remote-k/38946535/ HTTP/2.0" 200 63518 "-" "meta-externalagent/1.1 (+https://developers.facebook.com/docs/sharing/webmasters/crawler)" 287 **0/287911**
74.7.241.2 - - [16/Mar/2026:06:45:47 -0700] "GET /sitemap.xml?path=//proc/4105076/root/lib/.build-id/1e HTTP/2.0" 200 2853 "https://statusplan.com/sitemap.xml?path=//proc/4105076/root/lib/.build-id" "Mozilla/5.0 AppleWebKit/537.36 (KHTML, like Gecko; compatible; GPTBot/1.3; +https://openai.com/gptbot)" 488 **0/488397**
57.141.6.35 - - [16/Mar/2026:06:45:48 -0700] "GET /products/handbags/49635661/ HTTP/2.0" 200 63518 "-" "meta-externalagent/1.1 (+https://developers.facebook.com/docs/sharing/webmasters/crawler)" 253 **0/253215**
68.54.90.112 - - [16/Mar/2026:06:45:48 -0700] "GET / HTTP/2.0" 200 3566 "-" "Mozilla/5.0 (Macintosh; Intel Mac OS X 10_15_7) AppleWebKit/605.1.15 (KHTML, like Gecko) Version/17.3 Safari/605.1.15" 356 **0/356270**
216.73.216.178 - - [16/Mar/2026:06:45:49 -0700] "GET /sitemap.xml?fileloc=%2Fhome%2Fworkshopbrain%2Fpublic_html%2Fstatusplan.com%2Fwp-includes%2Fclass-oembed.php&path=%2Fhome%2Fworkshopbrain%2Fpublic_html%2Fstatusplan.com%2Fwp-includes HTTP/2.0" 200 2507 "-" "Mozilla/5.0 AppleWebKit/537.36 (KHTML, like Gecko; compatible; ClaudeBot/1.0; +claudebot@anthropic.com)" 275 **0/275681**
68.54.90.112 - - [16/Mar/2026:06:45:49 -0700] "GET /?path=%2F%2Fproc%2Firq%2F91 HTTP/2.0" 200 2814 "https://www.statusplan.com/" "Mozilla/5.0 (Macintosh; Intel Mac OS X 10_15_7) AppleWebKit/605.1.15 (KHTML, like Gecko) Version/17.3 Safari/605.1.15" 335 **0/335679**
57.141.6.43 - - [16/Mar/2026:06:45:50 -0700] "GET /products/western-centerpieces/21867382/ HTTP/2.0" 200 63518 "-" "meta-externalagent/1.1 (+https://developers.facebook.com/docs/sharing/webmasters/crawler)" 265 **0/265347**
74.7.241.2 - - [16/Mar/2026:06:45:50 -0700] "GET /sitemap.xml?path=//proc/4105076/root/lib/.build-id/d0 HTTP/2.0" 200 3051 "https://statusplan.com/sitemap.xml?path=//proc/4105076/root/lib/.build-id" "Mozilla/5.0 AppleWebKit/537.36 (KHTML, like Gecko; compatible; GPTBot/1.3; +https://openai.com/gptbot)" 258 **0/258760**
57.141.6.72 - - [16/Mar/2026:06:45:51 -0700] "GET /products/inversion-table/33706678/ HTTP/2.0" 200 63518 "-" "meta-externalagent/1.1 (+https://developers.facebook.com/docs/sharing/webmasters/crawler)" 291 **0/291081**
216.73.216.178 - - [16/Mar/2026:06:45:53 -0700] "GET /sitemap.xml?fileloc=%2F%2Fetc%2Fmailips&path=%2F%2Fetc HTTP/2.0" 200 2251 "-" "Mozilla/5.0 AppleWebKit/537.36 (KHTML, like Gecko; compatible; ClaudeBot/1.0; +claudebot@anthropic.com)" 254 **0/254013**
68.54.90.112 - - [16/Mar/2026:06:45:53 -0700] "GET /1win-colombia-340/?fileloc=%2Fhome%2Fworkshopbrain%2Fpublic_html%2Fmis%2Fwp-admin%2Fincludes%2Fajax-actions.php&path=%2Fhome%2Fworkshopbrain%2Fpublic_html%2Fmis%2Fwp-admin%2Fincludes HTTP/2.0" 200 28920 "https://www.yahoo.com/" "Mozilla/5.0 (Macintosh; Intel Mac OS X 10_15_7) AppleWebKit/605.1.15 (KHTML, like Gecko) Version/17.3 Safari/605.1.15" 433 **0/433765**
57.141.6.26 - - [16/Mar/2026:06:45:53 -0700] "GET /products/twin-bed-whit-mattres-17145862564-pick-up-price-light-brown/25490281/ HTTP/2.0" 200 63518 "-" "meta-externalagent/1.1 (+https://developers.facebook.com/docs/sharing/webmasters/crawler)" 275 **0/275645**
74.7.241.2 - - [16/Mar/2026:06:45:54 -0700] "GET /sitemap.xml?path=//proc/4105076/root/lib/.build-id/d3 HTTP/2.0" 200 3383 "https://statusplan.com/sitemap.xml?path=//proc/4105076/root/lib/.build-id" "Mozilla/5.0 AppleWebKit/537.36 (KHTML, like Gecko; compatible; GPTBot/1.3; +https://openai.com/gptbot)" 271 **0/271639**
47.128.120.195 - - [16/Mar/2026:06:45:55 -0700] "GET /1win-colombia-340/?path=%2F%2Flib%2Fdracut%2Fmodules.d%2F95fcoe-uefi HTTP/2.0" 200 2641 "-" "Mozilla/5.0 (Linux; Android 5.0) AppleWebKit/537.36 (KHTML, like Gecko) Mobile Safari/537.36 (compatible; TikTokSpider; ttspider-feedback@tiktok.com)" 234 **0/234138**
57.141.6.15 - - [16/Mar/2026:06:45:55 -0700] "GET /products/399-u-shape-sectional/36316684/ HTTP/2.0" 200 63518 "-" "meta-externalagent/1.1 (+https://developers.facebook.com/docs/sharing/webmasters/crawler)" 490 **0/490354**
216.73.216.178 - - [16/Mar/2026:06:45:56 -0700] "GET /sitemap.xml?fileloc=%2F%2Fetc%2Fscreenrc&path=%2F%2Fetc HTTP/2.0" 200 5028 "-" "Mozilla/5.0 AppleWebKit/537.36 (KHTML, like Gecko; compatible; ClaudeBot/1.0; +claudebot@anthropic.com)" 240 **0/240232**
151.67.38.65 - - [16/Mar/2026:06:45:57 -0700] "GET /?fileloc=%2F%2Fusr%2Flib%2Ffirmware%2Fiwlwifi-135-6.ucode&path=%2F%2Fusr%2Flib%2Ffirmware HTTP/2.0" 200 2285 "https://www.google.com/" "Mozilla/5.0 (X11; Linux x86_64) AppleWebKit/537.36 (KHTML, like Gecko) Chrome/110.0.0.0 Safari/537.36" 374 **0/374884**
74.7.241.2 - - [16/Mar/2026:06:45:57 -0700] "GET /sitemap.xml?path=//proc/4105076/root/lib/.build-id/6d HTTP/2.0" 200 3211 "https://statusplan.com/sitemap.xml?path=//proc/4105076/root/lib/.build-id" "Mozilla/5.0 AppleWebKit/537.36 (KHTML, like Gecko; compatible; GPTBot/1.3; +https://openai.com/gptbot)" 254 **0/254929**
57.141.6.66 - - [16/Mar/2026:06:45:57 -0700] "GET /products/painter-overall-largwith-cushioned-knee-pads-white-canvas-fa/28436560/ HTTP/2.0" 200 63518 "-" "meta-externalagent/1.1 (+https://developers.facebook.com/docs/sharing/webmasters/crawler)" 245 **0/245504**
57.141.6.44 - - [16/Mar/2026:06:45:58 -0700] "GET /products/cookware/20092756/ HTTP/2.0" 200 63518 "-" "meta-externalagent/1.1 (+https://developers.facebook.com/docs/sharing/webmasters/crawler)" 260 **0/260103**
216.73.216.178 - - [16/Mar/2026:06:45:59 -0700] "GET /sitemap.xml?fileloc=%2F%2Fetc%2Fdomainusers&path=%2F%2Fetc HTTP/2.0" 200 2252 "-" "Mozilla/5.0 AppleWebKit/537.36 (KHTML, like Gecko; compatible; ClaudeBot/1.0; +claudebot@anthropic.com)" 241 **0/241572**
57.141.6.15 - - [16/Mar/2026:06:46:00 -0700] "GET /products/2756518/11276431/ HTTP/2.0" 200 63518 "-" "meta-externalagent/1.1 (+https://developers.facebook.com/docs/sharing/webmasters/crawler)" 389 **0/389611**
68.54.90.112 - - [16/Mar/2026:06:46:00 -0700] "GET /1win-colombia-340/?fileloc=%2Fhome%2Fworkshopbrain%2Fpublic_html%2Fwp-admin%2Fimages%2Fdate-button-2x.gif&path=%2Fhome%2Fworkshopbrain%2Fpublic_html%2Fwp-admin%2Fimages HTTP/2.0" 200 2291 "https://www.statusplan.com/" "Mozilla/5.0 (Macintosh; Intel Mac OS X 10_15_7) AppleWebKit/605.1.15 (KHTML, like Gecko) Version/17.3 Safari/605.1.15" 329 **0/329852**
74.7.241.2 - - [16/Mar/2026:06:46:00 -0700] "GET /sitemap.xml?path=//proc/4105076/root/lib/.build-id/0a HTTP/2.0" 200 3213 "https://statusplan.com/sitemap.xml?path=//proc/4105076/root/lib/.build-id" "Mozilla/5.0 AppleWebKit/537.36 (KHTML, like Gecko; compatible; GPTBot/1.3; +https://openai.com/gptbot)" 264 **0/264970**
57.141.6.4 - - [16/Mar/2026:06:46:01 -0700] "GET /products/hawx-insulated-jacket/28438345/ HTTP/2.0" 200 63518 "-" "meta-externalagent/1.1 (+https://developers.facebook.com/docs/sharing/webmasters/crawler)" 283 **0/283693**
216.73.216.178 - - [16/Mar/2026:06:46:02 -0700] "GET /sitemap.xml?fileloc=%2F%2Fetc%2Fvirc&path=%2F%2Fetc HTTP/2.0" 200 2908 "-" "Mozilla/5.0 AppleWebKit/537.36 (KHTML, like Gecko; compatible; ClaudeBot/1.0; +claudebot@anthropic.com)" 335 **0/335406**
74.7.241.2 - - [16/Mar/2026:06:46:03 -0700] "GET /sitemap.xml?path=//proc/4105076/root/lib/.build-id/7d HTTP/2.0" 200 3258 "https://statusplan.com/sitemap.xml?path=//proc/4105076/root/lib/.build-id" "Mozilla/5.0 AppleWebKit/537.36 (KHTML, like Gecko; compatible; GPTBot/1.3; +https://openai.com/gptbot)" 286 **0/286529**
57.141.6.54 - - [16/Mar/2026:06:46:03 -0700] "GET /products/coach-purse-new-original/15718981/ HTTP/2.0" 200 63518 "-" "meta-externalagent/1.1 (+https://developers.facebook.com/docs/sharing/webmasters/crawler)" 479 **0/479356**
68.54.90.112 - - [16/Mar/2026:06:46:04 -0700] "GET /?fileloc=%2Fhome%2Fworkshopbrain%2Fpublic_html%2Fwp-includes%2Fms-functions.php&path=%2Fhome%2Fworkshopbrain%2Fpublic_html%2Fwp-includes HTTP/2.0" 200 21155 "https://www.statusplan.com/" "Mozilla/5.0 (Macintosh; Intel Mac OS X 10_15_7) AppleWebKit/605.1.15 (KHTML, like Gecko) Version/17.3 Safari/605.1.15" 346 **0/346150**
216.73.216.178 - - [16/Mar/2026:06:46:05 -0700] "GET /sitemap.xml?fileloc=%2F%2Fetc%2Fenvironment&path=%2F%2Fetc HTTP/2.0" 200 2250 "-" "Mozilla/5.0 AppleWebKit/537.36 (KHTML, like Gecko; compatible; ClaudeBot/1.0; +claudebot@anthropic.com)" 270 **0/270987**
57.141.6.28 - - [16/Mar/2026:06:46:06 -0700] "GET /products/dji-neo-drone-power-combo/48274504/ HTTP/2.0" 200 63518 "-" "meta-externalagent/1.1 (+https://developers.facebook.com/docs/sharing/webmasters/crawler)" 251 **0/251329**
74.7.241.2 - - [16/Mar/2026:06:46:06 -0700] "GET /sitemap.xml?path=//proc/4105076/root/lib/.build-id/b6 HTTP/2.0" 200 3246 "https://statusplan.com/sitemap.xml?path=//proc/4105076/root/lib/.build-id" "Mozilla/5.0 AppleWebKit/537.36 (KHTML, like Gecko; compatible; GPTBot/1.3; +https://openai.com/gptbot)" 251 **0/251679**
57.141.6.63 - - [16/Mar/2026:06:46:06 -0700] "GET /products/laker-shirt/28446871/ HTTP/2.0" 200 63518 "-" "meta-externalagent/1.1 (+https://developers.facebook.com/docs/sharing/webmasters/crawler)" 243 **0/243666**
216.73.216.178 - - [16/Mar/2026:06:46:08 -0700] "GET /sitemap.xml?fileloc=%2F%2Fetc%2Fgroup&path=%2F%2Fetc HTTP/2.0" 200 2556 "-" "Mozilla/5.0 AppleWebKit/537.36 (KHTML, like Gecko; compatible; ClaudeBot/1.0; +claudebot@anthropic.com)" 299 **0/299733**
57.141.6.27 - - [16/Mar/2026:06:46:08 -0700] "GET /products/supreme-wheels/49137184/ HTTP/2.0" 200 63518 "-" "meta-externalagent/1.1 (+https://developers.facebook.com/docs/sharing/webmasters/crawler)" 250 **0/250951**
68.54.90.112 - - [16/Mar/2026:06:46:09 -0700] "GET /1win-colombia-340/?path=%2F%2Flib%2Flocale%2Fen_GB.utf8%2FLC_MESSAGES HTTP/2.0" 200 2610 "https://www.statusplan.com/" "Mozilla/5.0 (Macintosh; Intel Mac OS X 10_15_7) AppleWebKit/605.1.15 (KHTML, like Gecko) Version/17.3 Safari/605.1.15" 355 **0/355388**
74.7.241.2 - - [16/Mar/2026:06:46:09 -0700] "GET /sitemap.xml?path=//proc/4105076/root/lib/.build-id/c7 HTTP/2.0" 200 2993 "https://statusplan.com/sitemap.xml?path=//proc/4105076/root/lib/.build-id" "Mozilla/5.0 AppleWebKit/537.36 (KHTML, like Gecko; compatible; GPTBot/1.3; +https://openai.com/gptbot)" 466 **0/466908**
57.141.6.43 - - [16/Mar/2026:06:46:10 -0700] "GET /products/weiderpro-standard-bench/26425726/ HTTP/2.0" 200 63518 "-" "meta-externalagent/1.1 (+https://developers.facebook.com/docs/sharing/webmasters/crawler)" 470 **0/470221**
216.73.216.178 - - [16/Mar/2026:06:46:11 -0700] "GET /sitemap.xml?path=%2F%2Fetc%2Fmy.cnf.d HTTP/2.0" 200 2715 "-" "Mozilla/5.0 AppleWebKit/537.36 (KHTML, like Gecko; compatible; ClaudeBot/1.0; +claudebot@anthropic.com)" 258 **0/258283**
57.141.6.66 - - [16/Mar/2026:06:46:11 -0700] "GET /products/new-sealed-supaboy-s-with-super-mario-world-140-gamehogs-11a/9824932/ HTTP/2.0" 200 63518 "-" "meta-externalagent/1.1 (+https://developers.facebook.com/docs/sharing/webmasters/crawler)" 235 **0/235227**
74.7.241.2 - - [16/Mar/2026:06:46:12 -0700] "GET /sitemap.xml?path=//proc/4105076/root/lib/.build-id/0b HTTP/2.0" 200 3184 "https://statusplan.com/sitemap.xml?path=//proc/4105076/root/lib/.build-id" "Mozilla/5.0 AppleWebKit/537.36 (KHTML, like Gecko; compatible; GPTBot/1.3; +https://openai.com/gptbot)" 226 **0/226502**
57.141.6.28 - - [16/Mar/2026:06:46:13 -0700] "GET /products/wonderful-office-chair-with-some-cosmetic-damage/11135248/ HTTP/2.0" 200 63518 "-" "meta-externalagent/1.1 (+https://developers.facebook.com/docs/sharing/webmasters/crawler)" 272 **0/272822**
151.67.38.65 - - [16/Mar/2026:06:46:13 -0700] "GET /1win-colombia-340/?fileloc=%2Fhome%2Fworkshopbrain%2Fpublic_html%2Fwp-admin%2Fjs%2Ftheme-plugin-editor.js&path=%2Fhome%2Fworkshopbrain%2Fpublic_html%2Fwp-admin%2Fjs HTTP/2.0" 200 8574 "https://www.google.com/" "Mozilla/5.0 (X11; Linux x86_64) AppleWebKit/537.36 (KHTML, like Gecko) Chrome/110.0.0.0 Safari/537.36" 418 **0/418746**
216.73.216.178 - - [16/Mar/2026:06:46:14 -0700] "GET /sitemap.xml?path=%2F%2Fetc%2Fmotd.d HTTP/2.0" 200 2309 "-" "Mozilla/5.0 AppleWebKit/537.36 (KHTML, like Gecko; compatible; ClaudeBot/1.0; +claudebot@anthropic.com)" 273 **0/273472**
74.7.241.2 - - [16/Mar/2026:06:46:16 -0700] "GET /sitemap.xml?path=//proc/4105076/root/lib/.build-id/e4 HTTP/2.0" 200 3217 "https://statusplan.com/sitemap.xml?path=//proc/4105076/root/lib/.build-id" "Mozilla/5.0 AppleWebKit/537.36 (KHTML, like Gecko; compatible; GPTBot/1.3; +https://openai.com/gptbot)" 344 **0/344805**
66.249.68.136 - - [16/Mar/2026:06:46:16 -0700] "GET /?products/ikea-stool/27936592/ HTTP/1.1" 200 21973 "-" "Mozilla/5.0 (Linux; Android 6.0.1; Nexus 5X Build/MMB29P) AppleWebKit/537.36 (KHTML, like Gecko) Chrome/145.0.7632.116 Mobile Safari/537.36 (compatible; Googlebot/2.1; +http://www.google.com/bot.html)" 243 **0/243346**
57.141.6.68 - - [16/Mar/2026:06:46:16 -0700] "GET /products/iphone-16-unlocked/37451503/ HTTP/2.0" 200 63518 "-" "meta-externalagent/1.1 (+https://developers.facebook.com/docs/sharing/webmasters/crawler)" 261 **0/261354**
57.141.6.31 - - [16/Mar/2026:06:46:17 -0700] "GET /products/dresser-9-drawers-in-any-color-new-solid-wood/46502209/ HTTP/2.0" 200 63518 "-" "meta-externalagent/1.1 (+https://developers.facebook.com/docs/sharing/webmasters/crawler)" 254 **0/254603**
216.73.216.178 - - [16/Mar/2026:06:46:17 -0700] "GET /sitemap.xml?path=%2F%2Fetc%2Fsasl2 HTTP/2.0" 200 2309 "-" "Mozilla/5.0 AppleWebKit/537.36 (KHTML, like Gecko; compatible; ClaudeBot/1.0; +claudebot@anthropic.com)" 290 **0/290374**
114.119.137.7 - - [16/Mar/2026:06:46:18 -0700] "GET /casino-admiral-zl%C3%ADn-recenze/ HTTP/1.1" 200 4180 "https://www.statusplan.com/?feed=xmlsitemap562" "Mozilla/5.0 (Linux; Android 7.0;) AppleWebKit/537.36 (KHTML, like Gecko) Mobile Safari/537.36 (compatible; PetalBot;+https://webmaster.petalsearch.com/site/petalbot)" 257 **0/257572**
57.141.6.3 - - [16/Mar/2026:06:46:19 -0700] "GET /products/table-3-chair/27634570/ HTTP/2.0" 200 63518 "-" "meta-externalagent/1.1 (+https://developers.facebook.com/docs/sharing/webmasters/crawler)" 261 **0/261494**
74.7.241.2 - - [16/Mar/2026:06:46:19 -0700] "GET /sitemap.xml?path=//proc/4105076/root/lib/.build-id/c1 HTTP/2.0" 200 3155 "https://statusplan.com/sitemap.xml?path=//proc/4105076/root/lib/.build-id" "Mozilla/5.0 AppleWebKit/537.36 (KHTML, like Gecko; compatible; GPTBot/1.3; +https://openai.com/gptbot)" 277 **0/277565**
57.141.6.3 - - [16/Mar/2026:06:46:19 -0700] "GET /products/new-gel-memory-foam-10-inch-king-size-mattress/42426235/ HTTP/2.0" 200 63518 "-" "meta-externalagent/1.1 (+https://developers.facebook.com/docs/sharing/webmasters/crawler)" 606 **0/606985**
47.128.120.241 - - [16/Mar/2026:06:46:20 -0700] "GET /1win-colombia-340/?path=%2Fhome%2Fworkshopbrain%2Fpublic_html%2Fcolumbia%2Fwp-content%2Fplugins%2Fphp-text-widget HTTP/2.0" 200 2786 "-" "Mozilla/5.0 (Linux; Android 5.0) AppleWebKit/537.36 (KHTML, like Gecko) Mobile Safari/537.36 (compatible; TikTokSpider; ttspider-feedback@tiktok.com)" 273 **0/273294**
216.73.216.178 - - [16/Mar/2026:06:46:20 -0700] "GET /sitemap.xml?path=%2F%2Fetc%2Fld.so.conf.d HTTP/2.0" 200 2810 "-" "Mozilla/5.0 AppleWebKit/537.36 (KHTML, like Gecko; compatible; ClaudeBot/1.0; +claudebot@anthropic.com)" 493 **0/493862**
57.141.6.28 - - [16/Mar/2026:06:46:21 -0700] "GET /products/frigidaire-top-bottom-in-black-apartment-size/14902690/ HTTP/2.0" 200 63518 "-" "meta-externalagent/1.1 (+https://developers.facebook.com/docs/sharing/webmasters/crawler)" 276 **0/276590**
151.67.38.65 - - [16/Mar/2026:06:46:21 -0700] "GET /1win-colombia-340/?fileloc=%2F%2Fproc%2F1008896%2Fcwd%2Fusr%2Flib64%2Flibisc.so&path=%2F%2Fproc%2F1008896%2Fcwd%2Fusr%2Flib64 HTTP/2.0" 200 2293 "https://www.statusplan.com/" "Mozilla/5.0 (X11; Linux x86_64) AppleWebKit/537.36 (KHTML, like Gecko) Chrome/110.0.0.0 Safari/537.36" 311 **0/311603**
68.54.90.112 - - [16/Mar/2026:06:46:17 -0700] "GET /?path=%2F%2Fproc%2Firq%2F26 HTTP/2.0" 200 2836 "https://www.yahoo.com/" "Mozilla/5.0 (Macintosh; Intel Mac OS X 10_15_7) AppleWebKit/605.1.15 (KHTML, like Gecko) Version/17.3 Safari/605.1.15" 5386 **5/5386454**
74.7.241.2 - - [16/Mar/2026:06:46:22 -0700] "GET /sitemap.xml?path=//proc/4105076/root/lib/.build-id/b8 HTTP/2.0" 200 3053 "https://statusplan.com/sitemap.xml?path=//proc/4105076/root/lib/.build-id" "Mozilla/5.0 AppleWebKit/537.36 (KHTML, like Gecko; compatible; GPTBot/1.3; +https://openai.com/gptbot)" 254 **0/254434**
57.141.6.46 - - [16/Mar/2026:06:46:24 -0700] "GET /products/cartier-mens-belt-with-box-2025-new/17192131/ HTTP/2.0" 200 63518 "-" "meta-externalagent/1.1 (+https://developers.facebook.com/docs/sharing/webmasters/crawler)" 286 **0/286111**
74.7.241.2 - - [16/Mar/2026:06:46:25 -0700] "GET /sitemap.xml?path=//proc/4105076/root/lib/.build-id/a5 HTTP/2.0" 200 3137 "https://statusplan.com/sitemap.xml?path=//proc/4105076/root/lib/.build-id" "Mozilla/5.0 AppleWebKit/537.36 (KHTML, like Gecko; compatible; GPTBot/1.3; +https://openai.com/gptbot)" 277 **0/277354**
216.73.216.178 - - [16/Mar/2026:06:46:26 -0700] "GET /sitemap.xml?fileloc=%2F%2Fetc%2Fprotocols&path=%2F%2Fetc HTTP/2.0" 200 5420 "-" "Mozilla/5.0 AppleWebKit/537.36 (KHTML, like Gecko; compatible; ClaudeBot/1.0; +claudebot@anthropic.com)" 274 **0/274616**
57.141.6.24 - - [16/Mar/2026:06:46:28 -0700] "GET /products/rare-new-pikachu-original-1998-official-nintendo-velcro-trif/46949257/ HTTP/2.0" 200 63518 "-" "meta-externalagent/1.1 (+https://developers.facebook.com/docs/sharing/webmasters/crawler)" 266 **0/266337**
68.54.90.112 - - [16/Mar/2026:06:46:28 -0700] "GET /1win-colombia-340/?fileloc=%2Fhome%2Fworkshopbrain%2Fpublic_html%2Fstatusplan.com%2Fwp-admin%2Fimages%2Fmedia-button-image.gif&path=%2Fhome%2Fworkshopbrain%2Fpublic_html%2Fstatusplan.com%2Fwp-admin%2Fimages HTTP/2.0" 200 2308 "https://www.statusplan.com/" "Mozilla/5.0 (Macintosh; Intel Mac OS X 10_15_7) AppleWebKit/605.1.15 (KHTML, like Gecko) Version/17.3 Safari/605.1.15" 382 **0/382376**
74.7.241.2 - - [16/Mar/2026:06:46:28 -0700] "GET /sitemap.xml?path=//proc/4105076/root/lib/.build-id/d1 HTTP/2.0" 200 2949 "https://statusplan.com/sitemap.xml?path=//proc/4105076/root/lib/.build-id" "Mozilla/5.0 AppleWebKit/537.36 (KHTML, like Gecko; compatible; GPTBot/1.3; +https://openai.com/gptbot)" 243 **0/243697**
151.67.38.65 - - [16/Mar/2026:06:46:24 -0700] "GET /?path=%2F%2Fusr%2Fshare%2Flocale%2Felx HTTP/2.0" 200 2579 "https://www.bing.com/" "Mozilla/5.0 (X11; Linux x86_64) AppleWebKit/537.36 (KHTML, like Gecko) Chrome/110.0.0.0 Safari/537.36" 5407 **5/5407195**
216.73.216.178 - - [16/Mar/2026:06:46:29 -0700] "GET /sitemap.xml?fileloc=%2F%2Fetc%2Finputrc&path=%2F%2Fetc HTTP/2.0" 200 2649 "-" "Mozilla/5.0 AppleWebKit/537.36 (KHTML, like Gecko; compatible; ClaudeBot/1.0; +claudebot@anthropic.com)" 246 **0/246892**
57.141.6.45 - - [16/Mar/2026:06:46:30 -0700] "GET /products/mk6-gti-ie-cold-air-intake/33341026/ HTTP/2.0" 200 63518 "-" "meta-externalagent/1.1 (+https://developers.facebook.com/docs/sharing/webmasters/crawler)" 240 **0/240113**
57.141.6.68 - - [16/Mar/2026:06:46:31 -0700] "GET /products/iphone-4-for-verizon/16617886/ HTTP/2.0" 200 63518 "-" "meta-externalagent/1.1 (+https://developers.facebook.com/docs/sharing/webmasters/crawler)" 277 **0/277298**
74.7.241.2 - - [16/Mar/2026:06:46:32 -0700] "GET /sitemap.xml?path=//proc/4105076/root/lib/.build-id/7a HTTP/2.0" 200 3364 "https://statusplan.com/sitemap.xml?path=//proc/4105076/root/lib/.build-id" "Mozilla/5.0 AppleWebKit/537.36 (KHTML, like Gecko; compatible; GPTBot/1.3; +https://openai.com/gptbot)" 242 **0/242826**
216.73.216.178 - - [16/Mar/2026:06:46:32 -0700] "GET /sitemap.xml?fileloc=%2F%2Fetc%2Fvimrc&path=%2F%2Fetc HTTP/2.0" 200 3269 "-" "Mozilla/5.0 AppleWebKit/537.36 (KHTML, like Gecko; compatible; ClaudeBot/1.0; +claudebot@anthropic.com)" 262 **0/262590**
57.141.6.17 - - [16/Mar/2026:06:46:33 -0700] "GET /products/tahoe-tires/50175991/ HTTP/2.0" 200 63518 "-" "meta-externalagent/1.1 (+https://developers.facebook.com/docs/sharing/webmasters/crawler)" 251 **0/251126**
151.67.38.65 - - [16/Mar/2026:06:46:33 -0700] "GET /?fileloc=%2Fhome%2Fworkshopbrain%2Fpublic_html%2Fwp-content%2Fthemes%2Ftwentyfifteen%2Fauthor-bio.php&path=%2Fhome%2Fworkshopbrain%2Fpublic_html%2Fwp-content%2Fthemes%2Ftwentyfifteen HTTP/2.0" 200 2799 "http://www.baidu.com/" "Mozilla/5.0 (X11; Linux x86_64) AppleWebKit/537.36 (KHTML, like Gecko) Chrome/110.0.0.0 Safari/537.36" 308 **0/308430**
57.141.6.20 - - [16/Mar/2026:06:46:34 -0700] "GET /products/jordan-flight-club-91/10882681/ HTTP/2.0" 200 63518 "-" "meta-externalagent/1.1 (+https://developers.facebook.com/docs/sharing/webmasters/crawler)" 259 **0/259690**
57.141.6.20 - - [16/Mar/2026:06:46:34 -0700] "GET /products/lt-27565r20-marca-goodyear-en-perfectas-condicines-de-vida/49873381/ HTTP/2.0" 200 63518 "-" "meta-externalagent/1.1 (+https://developers.facebook.com/docs/sharing/webmasters/crawler)" 250 **0/250581**
216.73.216.178 - - [16/Mar/2026:06:46:35 -0700] "GET /sitemap.xml?fileloc=%2Fhome%2Fworkshopbrain%2Fpublic_html%2Fstatusplan.com%2Fwp-admin%2Frevision.php&path=%2Fhome%2Fworkshopbrain%2Fpublic_html%2Fstatusplan.com%2Fwp-admin HTTP/2.0" 200 4191 "-" "Mozilla/5.0 AppleWebKit/537.36 (KHTML, like Gecko; compatible; ClaudeBot/1.0; +claudebot@anthropic.com)" 245 **0/245881**
74.7.241.2 - - [16/Mar/2026:06:46:35 -0700] "GET /sitemap.xml?path=//proc/4105076/root/lib/.build-id/2a HTTP/2.0" 200 3216 "https://statusplan.com/sitemap.xml?path=//proc/4105076/root/lib/.build-id" "Mozilla/5.0 AppleWebKit/537.36 (KHTML, like Gecko; compatible; GPTBot/1.3; +https://openai.com/gptbot)" 676 **0/676738**
57.141.6.24 - - [16/Mar/2026:06:46:36 -0700] "GET /products/xl-green-screen/37365025/ HTTP/2.0" 200 63518 "-" "meta-externalagent/1.1 (+https://developers.facebook.com/docs/sharing/webmasters/crawler)" 236 **0/236902**
151.67.38.65 - - [16/Mar/2026:06:46:37 -0700] "GET /?fileloc=%2Fhome%2Fworkshopbrain%2F.mysql_backup%2Fworkshp3_workletter.sql.gz&path=%2Fhome%2Fworkshopbrain%2F.mysql_backup HTTP/2.0" 200 2286 "https://www.bing.com/" "Mozilla/5.0 (X11; Linux x86_64) AppleWebKit/537.36 (KHTML, like Gecko) Chrome/110.0.0.0 Safari/537.36" 382 **0/382715**
74.7.241.2 - - [16/Mar/2026:06:46:38 -0700] "GET /sitemap.xml?path=//proc/4105076/root/lib/.build-id/8d HTTP/2.0" 200 3386 "https://statusplan.com/sitemap.xml?path=//proc/4105076/root/lib/.build-id" "Mozilla/5.0 AppleWebKit/537.36 (KHTML, like Gecko; compatible; GPTBot/1.3; +https://openai.com/gptbot)" 292 **0/292533**
216.73.216.178 - - [16/Mar/2026:06:46:38 -0700] "GET /sitemap.xml?fileloc=%2Fhome%2Fworkshopbrain%2Fpublic_html%2Fstatusplan.com%2Fwp-admin%2Foptions.php&path=%2Fhome%2Fworkshopbrain%2Fpublic_html%2Fstatusplan.com%2Fwp-admin HTTP/2.0" 200 6341 "-" "Mozilla/5.0 AppleWebKit/537.36 (KHTML, like Gecko; compatible; ClaudeBot/1.0; +claudebot@anthropic.com)" 267 **0/267528**
57.141.6.4 - - [16/Mar/2026:06:46:38 -0700] "GET /products/sss-sword-art-online-asuna/15288082/ HTTP/2.0" 200 63518 "-" "meta-externalagent/1.1 (+https://developers.facebook.com/docs/sharing/webmasters/crawler)" 274 **0/274922**
57.141.6.31 - - [16/Mar/2026:06:46:39 -0700] "GET /products/swimming-pool/34175062/ HTTP/2.0" 200 63518 "-" "meta-externalagent/1.1 (+https://developers.facebook.com/docs/sharing/webmasters/crawler)" 262 **0/262186**
68.54.90.112 - - [16/Mar/2026:06:46:41 -0700] "GET /1win-colombia-340/?fileloc=%2Fhome%2Fworkshopbrain%2Fpublic_html%2Fwhitmanfamilydevelopment%2Fwp-admin%2Flink-add.php&path=%2Fhome%2Fworkshopbrain%2Fpublic_html%2Fwhitmanfamilydevelopment%2Fwp-admin HTTP/2.0" 200 2672 "https://www.statusplan.com/" "Mozilla/5.0 (Macintosh; Intel Mac OS X 10_15_7) AppleWebKit/605.1.15 (KHTML, like Gecko) Version/17.3 Safari/605.1.15" 320 **0/320102**
216.73.216.178 - - [16/Mar/2026:06:46:41 -0700] "GET /sitemap.xml?fileloc=%2F%2Fetc%2Fld.so.cache&path=%2F%2Fetc HTTP/2.0" 200 2255 "-" "Mozilla/5.0 AppleWebKit/537.36 (KHTML, like Gecko; compatible; ClaudeBot/1.0; +claudebot@anthropic.com)" 267 **0/267876**
74.7.241.2 - - [16/Mar/2026:06:46:41 -0700] "GET /sitemap.xml?fileloc=//proc/4105076/root/lib/.build-id/b6/e093525d0d615647aa52ef19462612b4c51bdc&path=//proc/4105076/root/lib/.build-id/b6 HTTP/2.0" 200 2325 "https://statusplan.com/sitemap.xml?path=//proc/4105076/root/lib/.build-id/b6" "Mozilla/5.0 AppleWebKit/537.36 (KHTML, like Gecko; compatible; GPTBot/1.3; +https://openai.com/gptbot)" 251 **0/251819**
57.141.6.37 - - [16/Mar/2026:06:46:42 -0700] "GET /products/epiphone-valve-junior/46326670/ HTTP/2.0" 200 63518 "-" "meta-externalagent/1.1 (+https://developers.facebook.com/docs/sharing/webmasters/crawler)" 267 **0/267114**
57.141.6.20 - - [16/Mar/2026:06:46:43 -0700] "GET /products/queen-size-4pcs-bedroom-set/21483985/ HTTP/2.0" 200 63518 "-" "meta-externalagent/1.1 (+https://developers.facebook.com/docs/sharing/webmasters/crawler)" 419 **0/419335**
216.73.216.178 - - [16/Mar/2026:06:46:44 -0700] "GET /sitemap.xml?fileloc=%2Fhome%2Fworkshopbrain%2Fpublic_html%2Fstatusplan.com%2Fwp-includes%2Fclass-wp-query.php&path=%2Fhome%2Fworkshopbrain%2Fpublic_html%2Fstatusplan.com%2Fwp-includes HTTP/2.0" 200 31250 "-" "Mozilla/5.0 AppleWebKit/537.36 (KHTML, like Gecko; compatible; ClaudeBot/1.0; +claudebot@anthropic.com)" 315 **0/315624**
47.128.120.188 - - [16/Mar/2026:06:46:44 -0700] "GET /?path=%2Fhome%2Fworkshopbrain%2Fpublic_html%2Fwp-includes%2Fsodium_compat%2Fnamespaced%2FCore%2FPoly1305 HTTP/2.0" 200 2686 "-" "Mozilla/5.0 (Linux; Android 5.0) AppleWebKit/537.36 (KHTML, like Gecko) Mobile Safari/537.36 (compatible; TikTokSpider; ttspider-feedback@tiktok.com)" 478 **0/478655**
74.7.241.2 - - [16/Mar/2026:06:46:44 -0700] "GET /sitemap.xml?path=//proc/4105076/root/lib/.build-id/c5 HTTP/2.0" 200 3293 "https://statusplan.com/sitemap.xml?path=//proc/4105076/root/lib/.build-id" "Mozilla/5.0 AppleWebKit/537.36 (KHTML, like Gecko; compatible; GPTBot/1.3; +https://openai.com/gptbot)" 268 **0/268121**
57.141.6.48 - - [16/Mar/2026:06:46:45 -0700] "GET /products/skateboarding/10048015/ HTTP/2.0" 200 63518 "-" "meta-externalagent/1.1 (+https://developers.facebook.com/docs/sharing/webmasters/crawler)" 228 **0/228812**
57.141.6.71 - - [16/Mar/2026:06:46:47 -0700] "GET /products/wireless-charging-unit/16726855/ HTTP/2.0" 200 63518 "-" "meta-externalagent/1.1 (+https://developers.facebook.com/docs/sharing/webmasters/crawler)" 256 **0/256702**
216.73.216.178 - - [16/Mar/2026:06:46:47 -0700] "GET /sitemap.xml?fileloc=%2Fhome%2Fworkshopbrain%2Fpublic_html%2Fstatusplan.com%2Fcgi-bin%2Fbexbjhtv.php&path=%2Fhome%2Fworkshopbrain%2Fpublic_html%2Fstatusplan.com%2Fcgi-bin HTTP/2.0" 200 2292 "-" "Mozilla/5.0 AppleWebKit/537.36 (KHTML, like Gecko; compatible; ClaudeBot/1.0; +claudebot@anthropic.com)" 247 **0/247272**
74.7.241.2 - - [16/Mar/2026:06:46:48 -0700] "GET /sitemap.xml?fileloc=//proc/4105076/root/lib/.build-id/0b/c48da68130f3196e2d8c881cfb48940871b0a4&path=//proc/4105076/root/lib/.build-id/0b HTTP/2.0" 200 2325 "https://statusplan.com/sitemap.xml?path=//proc/4105076/root/lib/.build-id/0b" "Mozilla/5.0 AppleWebKit/537.36 (KHTML, like Gecko; compatible; GPTBot/1.3; +https://openai.com/gptbot)" 242 **0/242454**
57.141.6.68 - - [16/Mar/2026:06:46:48 -0700] "GET /products/austlen-entourage-double-stroller-set-including-nuna-car-sea/11975983/ HTTP/2.0" 200 63518 "-" "meta-externalagent/1.1 (+https://developers.facebook.com/docs/sharing/webmasters/crawler)" 267 **0/267486**
57.141.6.27 - - [16/Mar/2026:06:46:48 -0700] "GET /products/coco-mademoiselle/34746577/ HTTP/2.0" 200 63518 "-" "meta-externalagent/1.1 (+https://developers.facebook.com/docs/sharing/webmasters/crawler)" 242 **0/242630**
68.54.90.112 - - [16/Mar/2026:06:46:49 -0700] "GET /?fileloc=%2Fhome%2Fworkshopbrain%2Fpublic_html%2Flocalleasing%2Fwp-includes%2Fclass-wp-hook.php&path=%2Fhome%2Fworkshopbrain%2Fpublic_html%2Flocalleasing%2Fwp-includes HTTP/2.0" 200 5599 "https://www.statusplan.com/" "Mozilla/5.0 (Macintosh; Intel Mac OS X 10_15_7) AppleWebKit/605.1.15 (KHTML, like Gecko) Version/17.3 Safari/605.1.15" 545 **0/545495**
57.141.6.46 - - [16/Mar/2026:06:46:50 -0700] "GET /products/babymel-diaper-bag/30308248/ HTTP/2.0" 200 63518 "-" "meta-externalagent/1.1 (+https://developers.facebook.com/docs/sharing/webmasters/crawler)" 521 **0/521092**
216.73.216.178 - - [16/Mar/2026:06:46:50 -0700] "GET /sitemap.xml?fileloc=%2Fhome%2Fworkshopbrain%2Fpublic_html%2Fstatusplan.com%2Fwp-includes%2Fdate.php&path=%2Fhome%2Fworkshopbrain%2Fpublic_html%2Fstatusplan.com%2Fwp-includes HTTP/2.0" 200 2499 "-" "Mozilla/5.0 AppleWebKit/537.36 (KHTML, like Gecko; compatible; ClaudeBot/1.0; +claudebot@anthropic.com)" 251 **0/251051**
74.7.241.2 - - [16/Mar/2026:06:46:51 -0700] "GET /sitemap.xml?path=//proc/4105076/root/lib/.build-id/5b HTTP/2.0" 200 3255 "https://statusplan.com/sitemap.xml?path=//proc/4105076/root/lib/.build-id" "Mozilla/5.0 AppleWebKit/537.36 (KHTML, like Gecko; compatible; GPTBot/1.3; +https://openai.com/gptbot)" 262 **0/262850**
68.54.90.112 - - [16/Mar/2026:06:46:51 -0700] "GET /category/mostbet-hungary-830/ HTTP/2.0" 200 3566 "https://www.bing.com/" "Mozilla/5.0 (Macintosh; Intel Mac OS X 10_15_7) AppleWebKit/605.1.15 (KHTML, like Gecko) Version/17.3 Safari/605.1.15" 385 **0/385558**
192.204.128.253 - - [16/Mar/2026:06:46:51 -0700] "GET /1win-colombia-340/?path=%2F%2Flib%2Fkdump HTTP/2.0" 200 2642 "-" "Mozilla/5.0 (Linux; Android 6.0; Nexus 5 Build/MRA58N) AppleWebKit/537.36 (KHTML, like Gecko) Chrome/45.0.3203.1612 Mobile Safari/537.36" 319 **0/319291**
57.141.6.53 - - [16/Mar/2026:06:46:51 -0700] "GET /products/playpen-balls/30115552/ HTTP/2.0" 200 63518 "-" "meta-externalagent/1.1 (+https://developers.facebook.com/docs/sharing/webmasters/crawler)" 249 **0/249380**
57.141.6.36 - - [16/Mar/2026:06:46:52 -0700] "GET /products/12-kicker-l5-with-new-sealed-box-voice-coils-work-the-cone-i/43513174/ HTTP/2.0" 200 63518 "-" "meta-externalagent/1.1 (+https://developers.facebook.com/docs/sharing/webmasters/crawler)" 281 **0/281200**
216.73.216.178 - - [16/Mar/2026:06:46:53 -0700] "GET /sitemap.xml?fileloc=%2Fhome%2Fworkshopbrain%2Fpublic_html%2Fstatusplan.com%2Fwp-admin%2Fsite-editor.php&path=%2Fhome%2Fworkshopbrain%2Fpublic_html%2Fstatusplan.com%2Fwp-admin HTTP/2.0" 200 4443 "-" "Mozilla/5.0 AppleWebKit/537.36 (KHTML, like Gecko; compatible; ClaudeBot/1.0; +claudebot@anthropic.com)" 250 **0/250078**
74.7.241.2 - - [16/Mar/2026:06:46:54 -0700] "GET /sitemap.xml?path=//proc/4105076/root/lib/.build-id/a9 HTTP/2.0" 200 3145 "https://statusplan.com/sitemap.xml?path=//proc/4105076/root/lib/.build-id" "Mozilla/5.0 AppleWebKit/537.36 (KHTML, like Gecko; compatible; GPTBot/1.3; +https://openai.com/gptbot)" 508 **0/508236**
57.141.6.31 - - [16/Mar/2026:06:46:55 -0700] "GET /products/iphone-6-32gb/16839877/ HTTP/2.0" 200 63518 "-" "meta-externalagent/1.1 (+https://developers.facebook.com/docs/sharing/webmasters/crawler)" 285 **0/285372**
57.141.6.34 - - [16/Mar/2026:06:46:56 -0700] "GET /products/michael-kors-kellen-medium-leather-satchel-gray/43434004/ HTTP/2.0" 200 63518 "-" "meta-externalagent/1.1 (+https://developers.facebook.com/docs/sharing/webmasters/crawler)" 242 **0/242967**
68.54.90.112 - - [16/Mar/2026:06:46:57 -0700] "GET /1win-colombia-340/?fileloc=%2Fhome%2Fworkshopbrain%2Fpublic_html%2Fmis%2Fwp-admin%2Fimages%2Fresize.gif&path=%2Fhome%2Fworkshopbrain%2Fpublic_html%2Fmis%2Fwp-admin%2Fimages HTTP/2.0" 200 2295 "http://www.baidu.com/" "Mozilla/5.0 (Macintosh; Intel Mac OS X 10_15_7) AppleWebKit/605.1.15 (KHTML, like Gecko) Version/17.3 Safari/605.1.15" 322 **0/322845**
74.7.241.2 - - [16/Mar/2026:06:46:57 -0700] "GET /sitemap.xml?path=//proc/4105076/root/lib/.build-id/c0 HTTP/2.0" 200 3186 "https://statusplan.com/sitemap.xml?path=//proc/4105076/root/lib/.build-id" "Mozilla/5.0 AppleWebKit/537.36 (KHTML, like Gecko; compatible; GPTBot/1.3; +https://openai.com/gptbot)" 253 **0/253451**
57.141.6.35 - - [16/Mar/2026:06:46:58 -0700] "GET /products/100-in-uplandontario-quickly-2026-01-kia-hyundai-flip-key-w/38972512/ HTTP/2.0" 200 63518 "-" "meta-externalagent/1.1 (+https://developers.facebook.com/docs/sharing/webmasters/crawler)" 264 **0/264486**
68.54.90.112 - - [16/Mar/2026:06:46:59 -0700] "GET /?fileloc=%2Fhome%2Fworkshopbrain%2Fpublic_html%2Fshea%2Fwp-includes%2Fblocks.php&path=%2Fhome%2Fworkshopbrain%2Fpublic_html%2Fshea%2Fwp-includes HTTP/2.0" 200 14709 "https://www.yandex.com/" "Mozilla/5.0 (Macintosh; Intel Mac OS X 10_15_7) AppleWebKit/605.1.15 (KHTML, like Gecko) Version/17.3 Safari/605.1.15" 368 **0/368376**
57.141.6.69 - - [16/Mar/2026:06:47:00 -0700] "GET /products/set-of-brand-new-tires-28570r17-falken-wildpeak-at3w-for-onl/25052683/ HTTP/2.0" 200 63518 "-" "meta-externalagent/1.1 (+https://developers.facebook.com/docs/sharing/webmasters/crawler)" 269 **0/269686**
