74.7.241.2 - - [16/Mar/2026:06:28:47 -0700] "GET /sitemap.xml?fileloc=//proc/84694/net/udp6&path=//proc/84694/net HTTP/2.0" 200 2409 "https://statusplan.com/sitemap.xml?path=//proc/84694/net" "Mozilla/5.0 AppleWebKit/537.36 (KHTML, like Gecko; compatible; GPTBot/1.3; +https://openai.com/gptbot)" 242 **0/242438**
216.73.216.178 - - [16/Mar/2026:06:28:49 -0700] "GET /?fileloc=%2Fhome%2Fworkshopbrain%2Fpublic_html%2Fstatusplan.com%2Fcgi-bin%2Fihgtuzcb.php&path=%2Fhome%2Fworkshopbrain%2Fpublic_html%2Fstatusplan.com%2Fcgi-bin HTTP/2.0" 403 3566 "-" "Mozilla/5.0 AppleWebKit/537.36 (KHTML, like Gecko; compatible; ClaudeBot/1.0; +claudebot@anthropic.com)" 249 **0/249945**
74.7.241.2 - - [16/Mar/2026:06:28:50 -0700] "GET /sitemap.xml?fileloc=//proc/84694/net/softnet_stat&path=//proc/84694/net HTTP/2.0" 200 2276 "https://statusplan.com/sitemap.xml?path=//proc/84694/net" "Mozilla/5.0 AppleWebKit/537.36 (KHTML, like Gecko; compatible; GPTBot/1.3; +https://openai.com/gptbot)" 272 **0/272223**
96.238.63.105 - - [16/Mar/2026:06:28:50 -0700] "GET /category/1win-online-118/ HTTP/2.0" 200 3566 "https://www.statusplan.com/" "Mozilla/5.0 (Macintosh; Intel Mac OS X 10_14_6) AppleWebKit/605.1.15 (KHTML, like Gecko) Version/14.1.2 Safari/605.1.15" 407 **0/407597**
57.141.6.19 - - [16/Mar/2026:06:28:51 -0700] "GET /products/troy-bilt-push-mower-perfectly-working-condition-tested-befo/22317286/ HTTP/2.0" 200 63518 "-" "meta-externalagent/1.1 (+https://developers.facebook.com/docs/sharing/webmasters/crawler)" 229 **0/229292**
216.73.216.178 - - [16/Mar/2026:06:28:52 -0700] "GET /sitemap.xml?fileloc=%2F%2Fbin%2Fmandb&path=%2F%2Fbin HTTP/2.0" 200 2249 "-" "Mozilla/5.0 AppleWebKit/537.36 (KHTML, like Gecko; compatible; ClaudeBot/1.0; +claudebot@anthropic.com)" 237 **0/237709**
74.7.241.2 - - [16/Mar/2026:06:28:53 -0700] "GET /sitemap.xml?fileloc=//proc/84714/net/softnet_stat&path=//proc/84714/net HTTP/2.0" 200 2278 "https://statusplan.com/sitemap.xml?path=//proc/84714/net" "Mozilla/5.0 AppleWebKit/537.36 (KHTML, like Gecko; compatible; GPTBot/1.3; +https://openai.com/gptbot)" 251 **0/251913**
96.238.63.105 - - [16/Mar/2026:06:28:55 -0700] "GET /?fileloc=%2Fhome%2Fworkshopbrain%2Fpublic_html%2Fwp-includes%2FSimplePie%2FCredit.php&path=%2Fhome%2Fworkshopbrain%2Fpublic_html%2Fwp-includes%2FSimplePie HTTP/2.0" 200 3731 "https://www.statusplan.com/" "Mozilla/5.0 (Macintosh; Intel Mac OS X 10_14_6) AppleWebKit/605.1.15 (KHTML, like Gecko) Version/14.1.2 Safari/605.1.15" 344 **0/344699**
216.73.216.178 - - [16/Mar/2026:06:28:55 -0700] "GET /sitemap.xml?fileloc=%2F%2Fbin%2Fnroff&path=%2F%2Fbin HTTP/2.0" 200 3748 "-" "Mozilla/5.0 AppleWebKit/537.36 (KHTML, like Gecko; compatible; ClaudeBot/1.0; +claudebot@anthropic.com)" 263 **0/263728**
114.119.137.180 - - [16/Mar/2026:06:28:55 -0700] "GET /products/carpet-extractor-cleaner/40860790/ HTTP/1.1" 200 4180 "https://www.statusplan.com/sitemap.xml" "Mozilla/5.0 (Linux; Android 7.0;) AppleWebKit/537.36 (KHTML, like Gecko) Mobile Safari/537.36 (compatible; PetalBot;+https://webmaster.petalsearch.com/site/petalbot)" 257 **0/257567**
74.7.241.2 - - [16/Mar/2026:06:28:56 -0700] "GET /sitemap.xml?fileloc=//proc/84721/net/udp6&path=//proc/84721/net HTTP/2.0" 200 2409 "https://statusplan.com/sitemap.xml?path=//proc/84721/net" "Mozilla/5.0 AppleWebKit/537.36 (KHTML, like Gecko; compatible; GPTBot/1.3; +https://openai.com/gptbot)" 253 **0/253657**
57.141.6.64 - - [16/Mar/2026:06:28:56 -0700] "GET /products/halloween-mask/8364046/ HTTP/2.0" 200 63518 "-" "meta-externalagent/1.1 (+https://developers.facebook.com/docs/sharing/webmasters/crawler)" 239 **0/239990**
73.206.160.43 - - [16/Mar/2026:06:28:51 -0700] "GET / HTTP/2.0" 200 3566 "https://www.bing.com/" "Mozilla/5.0 (X11; Ubuntu; Linux x86_64; rv:124.0) Gecko/20100101 Firefox/124.0" 5403 **5/5403116**
216.73.216.178 - - [16/Mar/2026:06:28:58 -0700] "GET /sitemap.xml?fileloc=%2F%2Fbin%2Fpdf2dsc&path=%2F%2Fbin HTTP/2.0" 200 2690 "-" "Mozilla/5.0 AppleWebKit/537.36 (KHTML, like Gecko; compatible; ClaudeBot/1.0; +claudebot@anthropic.com)" 231 **0/231918**
57.141.6.24 - - [16/Mar/2026:06:28:58 -0700] "GET /products/prs-custom-24-10-top-brazilian-rosewood/46200334/ HTTP/2.0" 200 63518 "-" "meta-externalagent/1.1 (+https://developers.facebook.com/docs/sharing/webmasters/crawler)" 250 **0/250502**
73.206.160.43 - - [16/Mar/2026:06:28:59 -0700] "GET /1win-colombia-340/?fileloc=%2Fhome%2Fworkshopbrain%2Fpublic_html%2Fletters2trump%2Fwp-includes%2FID3%2Fmodule.tag.id3v1.php&path=%2Fhome%2Fworkshopbrain%2Fpublic_html%2Fletters2trump%2Fwp-includes%2FID3 HTTP/2.0" 200 6646 "https://www.statusplan.com/" "Mozilla/5.0 (X11; Ubuntu; Linux x86_64; rv:124.0) Gecko/20100101 Firefox/124.0" 309 **0/309338**
74.7.241.2 - - [16/Mar/2026:06:28:59 -0700] "GET /sitemap.xml?fileloc=//proc/84693/net/udp6&path=//proc/84693/net HTTP/2.0" 200 2409 "https://statusplan.com/sitemap.xml?path=//proc/84693/net" "Mozilla/5.0 AppleWebKit/537.36 (KHTML, like Gecko; compatible; GPTBot/1.3; +https://openai.com/gptbot)" 255 **0/255886**
96.238.63.105 - - [16/Mar/2026:06:29:00 -0700] "GET /1win-colombia-340/?fileloc=%2Fhome%2Fworkshopbrain%2Fpublic_html%2Fned%2Fwp-admin%2Fimages%2Fabout-header-freedoms.svg&path=%2Fhome%2Fworkshopbrain%2Fpublic_html%2Fned%2Fwp-admin%2Fimages HTTP/2.0" 200 3029 "https://www.bing.com/" "Mozilla/5.0 (Macintosh; Intel Mac OS X 10_14_6) AppleWebKit/605.1.15 (KHTML, like Gecko) Version/14.1.2 Safari/605.1.15" 416 **0/416249**
57.141.6.8 - - [16/Mar/2026:06:29:01 -0700] "GET /products/tries-chy/25303591/ HTTP/2.0" 200 63518 "-" "meta-externalagent/1.1 (+https://developers.facebook.com/docs/sharing/webmasters/crawler)" 259 **0/259073**
216.73.216.178 - - [16/Mar/2026:06:29:01 -0700] "GET /?fileloc=%2Fhome%2Fworkshopbrain%2Fpublic_html%2Fstatusplan.com%2Fcgi-bin%2Fqdushmbg.php&path=%2Fhome%2Fworkshopbrain%2Fpublic_html%2Fstatusplan.com%2Fcgi-bin HTTP/2.0" 403 3566 "-" "Mozilla/5.0 AppleWebKit/537.36 (KHTML, like Gecko; compatible; ClaudeBot/1.0; +claudebot@anthropic.com)" 300 **0/300583**
74.7.241.2 - - [16/Mar/2026:06:29:02 -0700] "GET /sitemap.xml?fileloc=//proc/84712/net/udp6&path=//proc/84712/net HTTP/2.0" 200 2409 "https://statusplan.com/sitemap.xml?path=//proc/84712/net" "Mozilla/5.0 AppleWebKit/537.36 (KHTML, like Gecko; compatible; GPTBot/1.3; +https://openai.com/gptbot)" 310 **0/310735**
96.238.63.105 - - [16/Mar/2026:06:29:03 -0700] "GET /?fileloc=%2Fhome%2Fworkshopbrain%2Fpublic_html%2Flocalleasing%2Fwp-admin%2Fincludes%2Fclass-wp-theme-install-list-table.php&path=%2Fhome%2Fworkshopbrain%2Fpublic_html%2Flocalleasing%2Fwp-admin%2Fincludes HTTP/2.0" 200 6280 "https://www.statusplan.com/" "Mozilla/5.0 (Macintosh; Intel Mac OS X 10_14_6) AppleWebKit/605.1.15 (KHTML, like Gecko) Version/14.1.2 Safari/605.1.15" 360 **0/360948**
47.128.120.179 - - [16/Mar/2026:06:29:03 -0700] "GET /?path=%2Fhome%2Fworkshopbrain%2Fpublic_html%2Fcolumbia%2Fwp-content%2Fuploads%2F2021%2F02 HTTP/2.0" 200 2366 "-" "Mozilla/5.0 (Linux; Android 5.0) AppleWebKit/537.36 (KHTML, like Gecko) Mobile Safari/537.36 (compatible; TikTokSpider; ttspider-feedback@tiktok.com)" 306 **0/306745**
57.141.6.45 - - [16/Mar/2026:06:29:03 -0700] "GET /products/xbox-360/9630031/ HTTP/2.0" 200 63518 "-" "meta-externalagent/1.1 (+https://developers.facebook.com/docs/sharing/webmasters/crawler)" 288 **0/288973**
57.141.6.68 - - [16/Mar/2026:06:29:03 -0700] "GET /products/medela-breast-pump/28043062/ HTTP/2.0" 200 63518 "-" "meta-externalagent/1.1 (+https://developers.facebook.com/docs/sharing/webmasters/crawler)" 527 **0/527271**
216.73.216.178 - - [16/Mar/2026:06:29:04 -0700] "GET /sitemap.xml?fileloc=%2F%2Fbin%2Flftpget&path=%2F%2Fbin HTTP/2.0" 200 2875 "-" "Mozilla/5.0 AppleWebKit/537.36 (KHTML, like Gecko; compatible; ClaudeBot/1.0; +claudebot@anthropic.com)" 275 **0/275527**
74.7.241.2 - - [16/Mar/2026:06:29:05 -0700] "GET /sitemap.xml?fileloc=//proc/84715/net/udp6&path=//proc/84715/net HTTP/2.0" 200 2409 "https://statusplan.com/sitemap.xml?path=//proc/84715/net" "Mozilla/5.0 AppleWebKit/537.36 (KHTML, like Gecko; compatible; GPTBot/1.3; +https://openai.com/gptbot)" 269 **0/269184**
57.141.6.32 - - [16/Mar/2026:06:29:06 -0700] "GET /products/new-pink-outfit-size-x-large-hoodie-and-large-pants/20411053/ HTTP/2.0" 200 63518 "-" "meta-externalagent/1.1 (+https://developers.facebook.com/docs/sharing/webmasters/crawler)" 251 **0/251608**
96.238.63.105 - - [16/Mar/2026:06:29:07 -0700] "GET /?fileloc=%2Fhome%2Fworkshopbrain%2Fpublic_html%2Fwp-includes%2Frest-api.php&path=%2Fhome%2Fworkshopbrain%2Fpublic_html%2Fwp-includes HTTP/2.0" 200 22195 "https://www.statusplan.com/" "Mozilla/5.0 (Macintosh; Intel Mac OS X 10_14_6) AppleWebKit/605.1.15 (KHTML, like Gecko) Version/14.1.2 Safari/605.1.15" 328 **0/328262**
216.73.216.178 - - [16/Mar/2026:06:29:07 -0700] "GET /?fileloc=%2Fhome%2Fworkshopbrain%2Fpublic_html%2Fstatusplan.com%2Fcgi-bin%2Fcdtpxhii.php&path=%2Fhome%2Fworkshopbrain%2Fpublic_html%2Fstatusplan.com%2Fcgi-bin HTTP/2.0" 403 3566 "-" "Mozilla/5.0 AppleWebKit/537.36 (KHTML, like Gecko; compatible; ClaudeBot/1.0; +claudebot@anthropic.com)" 700 **0/700516**
57.141.6.7 - - [16/Mar/2026:06:29:08 -0700] "GET /products/usada-pero-buenas-condiciones/35373238/ HTTP/2.0" 200 63518 "-" "meta-externalagent/1.1 (+https://developers.facebook.com/docs/sharing/webmasters/crawler)" 463 **0/463147**
74.7.241.2 - - [16/Mar/2026:06:29:08 -0700] "GET /sitemap.xml?fileloc=//proc/84693/net/raw6&path=//proc/84693/net HTTP/2.0" 200 2388 "https://statusplan.com/sitemap.xml?path=//proc/84693/net" "Mozilla/5.0 AppleWebKit/537.36 (KHTML, like Gecko; compatible; GPTBot/1.3; +https://openai.com/gptbot)" 486 **0/486551**
66.249.68.137 - - [16/Mar/2026:06:29:09 -0700] "GET /?products/xbox-one/13738933/ HTTP/1.1" 200 22459 "-" "Mozilla/5.0 (Linux; Android 6.0.1; Nexus 5X Build/MMB29P) AppleWebKit/537.36 (KHTML, like Gecko) Chrome/145.0.7632.116 Mobile Safari/537.36 (compatible; Googlebot/2.1; +http://www.google.com/bot.html)" 263 **0/263402**
66.249.68.136 - - [16/Mar/2026:06:29:10 -0700] "GET /?products/3229-ls-meta/36487855/ HTTP/1.1" 200 21380 "-" "Mozilla/5.0 (Linux; Android 6.0.1; Nexus 5X Build/MMB29P) AppleWebKit/537.36 (KHTML, like Gecko) Chrome/145.0.7632.116 Mobile Safari/537.36 (compatible; Googlebot/2.1; +http://www.google.com/bot.html)" 228 **0/228068**
216.73.216.178 - - [16/Mar/2026:06:29:10 -0700] "GET /sitemap.xml?fileloc=%2F%2Fbin%2Ftrue&path=%2F%2Fbin HTTP/2.0" 200 2248 "-" "Mozilla/5.0 AppleWebKit/537.36 (KHTML, like Gecko; compatible; ClaudeBot/1.0; +claudebot@anthropic.com)" 466 **0/466690**
57.141.6.20 - - [16/Mar/2026:06:29:10 -0700] "GET /products/frigidaire-refrigerator-width-36-height-70/35566921/ HTTP/2.0" 200 63518 "-" "meta-externalagent/1.1 (+https://developers.facebook.com/docs/sharing/webmasters/crawler)" 285 **0/285561**
66.249.68.137 - - [16/Mar/2026:06:29:11 -0700] "GET /?products/tex-mex-bajoquinto/46229713/ HTTP/1.1" 200 22152 "-" "Mozilla/5.0 (Linux; Android 6.0.1; Nexus 5X Build/MMB29P) AppleWebKit/537.36 (KHTML, like Gecko) Chrome/145.0.7632.116 Mobile Safari/537.36 (compatible; Googlebot/2.1; +http://www.google.com/bot.html)" 223 **0/223035**
74.7.241.2 - - [16/Mar/2026:06:29:11 -0700] "GET /sitemap.xml?fileloc=//proc/84715/net/raw6&path=//proc/84715/net HTTP/2.0" 200 2388 "https://statusplan.com/sitemap.xml?path=//proc/84715/net" "Mozilla/5.0 AppleWebKit/537.36 (KHTML, like Gecko; compatible; GPTBot/1.3; +https://openai.com/gptbot)" 267 **0/267662**
96.238.63.105 - - [16/Mar/2026:06:29:11 -0700] "GET /1win-colombia-340/?fileloc=%2F%2Flib%2Flocale%2Fen_IE%2FLC_TELEPHONE&path=%2F%2Flib%2Flocale%2Fen_IE HTTP/2.0" 200 2332 "https://www.bing.com/" "Mozilla/5.0 (Macintosh; Intel Mac OS X 10_14_6) AppleWebKit/605.1.15 (KHTML, like Gecko) Version/14.1.2 Safari/605.1.15" 402 **0/402557**
57.141.6.35 - - [16/Mar/2026:06:29:13 -0700] "GET /products/mega-clubmaster-new-sunglasses-original-ray-ban/8281348/ HTTP/2.0" 200 63518 "-" "meta-externalagent/1.1 (+https://developers.facebook.com/docs/sharing/webmasters/crawler)" 277 **0/277093**
15.235.96.74 - - [16/Mar/2026:06:29:13 -0700] "GET /sitemap.xml HTTP/2.0" 200 3566 "-" "Mozilla/5.0 (compatible; AhrefsBot/7.0; +http://ahrefs.com/robot/)" 522 **0/522841**
216.73.216.178 - - [16/Mar/2026:06:29:13 -0700] "GET /?fileloc=%2Fhome%2Fworkshopbrain%2Fpublic_html%2Faios-bootstrap.php&path=%2Fhome%2Fworkshopbrain%2Fpublic_html HTTP/2.0" 403 3566 "-" "Mozilla/5.0 AppleWebKit/537.36 (KHTML, like Gecko; compatible; ClaudeBot/1.0; +claudebot@anthropic.com)" 258 **0/258256**
74.7.241.2 - - [16/Mar/2026:06:29:15 -0700] "GET /sitemap.xml?fileloc=//proc/84714/net/udp6&path=//proc/84714/net HTTP/2.0" 200 2409 "https://statusplan.com/sitemap.xml?path=//proc/84714/net" "Mozilla/5.0 AppleWebKit/537.36 (KHTML, like Gecko; compatible; GPTBot/1.3; +https://openai.com/gptbot)" 259 **0/259343**
57.141.6.15 - - [16/Mar/2026:06:29:15 -0700] "GET /products/pc-case-psu-mobo/30695929/ HTTP/2.0" 200 63518 "-" "meta-externalagent/1.1 (+https://developers.facebook.com/docs/sharing/webmasters/crawler)" 226 **0/226512**
73.206.160.43 - - [16/Mar/2026:06:29:15 -0700] "GET /1win-colombia-340/?fileloc=%2F%2Flib%2Fnode_modules%2Fnpm%2Fman%2Fman8%2Fsystemd-binfmt.service.8.gz&path=%2F%2Flib%2Fnode_modules%2Fnpm%2Fman%2Fman8 HTTP/2.0" 200 2307 "https://www.yahoo.com/" "Mozilla/5.0 (X11; Ubuntu; Linux x86_64; rv:124.0) Gecko/20100101 Firefox/124.0" 364 **0/364503**
57.141.6.8 - - [16/Mar/2026:06:29:16 -0700] "GET /products/full-size-pillow-top-bed-bamboo-brand/44713114/ HTTP/2.0" 200 63518 "-" "meta-externalagent/1.1 (+https://developers.facebook.com/docs/sharing/webmasters/crawler)" 268 **0/268942**
216.73.216.178 - - [16/Mar/2026:06:29:16 -0700] "GET /?fileloc=%2Fhome%2Fworkshopbrain%2Fpublic_html%2Fstatusplan.com%2Fcgi-bin%2Fmoyqrxlf.php&path=%2Fhome%2Fworkshopbrain%2Fpublic_html%2Fstatusplan.com%2Fcgi-bin HTTP/2.0" 403 3566 "-" "Mozilla/5.0 AppleWebKit/537.36 (KHTML, like Gecko; compatible; ClaudeBot/1.0; +claudebot@anthropic.com)" 282 **0/282670**
74.7.241.2 - - [16/Mar/2026:06:29:18 -0700] "GET /sitemap.xml?fileloc=//proc/84716/net/udp6&path=//proc/84716/net HTTP/2.0" 200 2409 "https://statusplan.com/sitemap.xml?path=//proc/84716/net" "Mozilla/5.0 AppleWebKit/537.36 (KHTML, like Gecko; compatible; GPTBot/1.3; +https://openai.com/gptbot)" 514 **0/514412**
73.206.160.43 - - [16/Mar/2026:06:29:18 -0700] "GET /?fileloc=%2Fhome%2Fworkshopbrain%2Fpublic_html%2Fstatusplan.com%2Fwp-includes%2Fclass-wp-post.php&path=%2Fhome%2Fworkshopbrain%2Fpublic_html%2Fstatusplan.com%2Fwp-includes HTTP/2.0" 200 3898 "http://www.baidu.com/" "Mozilla/5.0 (X11; Ubuntu; Linux x86_64; rv:124.0) Gecko/20100101 Firefox/124.0" 314 **0/314172**
216.73.216.178 - - [16/Mar/2026:06:29:19 -0700] "GET /sitemap.xml?fileloc=%2F%2Fbin%2Fgpg-agent&path=%2F%2Fbin HTTP/2.0" 200 2250 "-" "Mozilla/5.0 AppleWebKit/537.36 (KHTML, like Gecko; compatible; ClaudeBot/1.0; +claudebot@anthropic.com)" 486 **0/486793**
74.7.241.2 - - [16/Mar/2026:06:29:21 -0700] "GET /sitemap.xml?fileloc=//proc/84716/net/raw6&path=//proc/84716/net HTTP/2.0" 200 2388 "https://statusplan.com/sitemap.xml?path=//proc/84716/net" "Mozilla/5.0 AppleWebKit/537.36 (KHTML, like Gecko; compatible; GPTBot/1.3; +https://openai.com/gptbot)" 286 **0/286819**
57.141.6.68 - - [16/Mar/2026:06:29:21 -0700] "GET /products/beovision-8-40/13891057/ HTTP/2.0" 200 63518 "-" "meta-externalagent/1.1 (+https://developers.facebook.com/docs/sharing/webmasters/crawler)" 229 **0/229202**
216.73.216.178 - - [16/Mar/2026:06:29:22 -0700] "GET /sitemap.xml?fileloc=%2F%2Fbin%2Fsize&path=%2F%2Fbin HTTP/2.0" 200 2247 "-" "Mozilla/5.0 AppleWebKit/537.36 (KHTML, like Gecko; compatible; ClaudeBot/1.0; +claudebot@anthropic.com)" 242 **0/242671**
73.206.160.43 - - [16/Mar/2026:06:29:24 -0700] "GET /1win-colombia-340/?path=%2F%2Fhome HTTP/2.0" 200 2534 "https://www.statusplan.com/" "Mozilla/5.0 (X11; Ubuntu; Linux x86_64; rv:124.0) Gecko/20100101 Firefox/124.0" 321 **0/321966**
74.7.241.2 - - [16/Mar/2026:06:29:24 -0700] "GET /sitemap.xml?fileloc=//proc/84712/net/raw6&path=//proc/84712/net HTTP/2.0" 200 2388 "https://statusplan.com/sitemap.xml?path=//proc/84712/net" "Mozilla/5.0 AppleWebKit/537.36 (KHTML, like Gecko; compatible; GPTBot/1.3; +https://openai.com/gptbot)" 282 **0/282775**
216.73.216.178 - - [16/Mar/2026:06:29:25 -0700] "GET /sitemap.xml?fileloc=%2F%2Fbin%2Fbzgrep&path=%2F%2Fbin HTTP/2.0" 200 3061 "-" "Mozilla/5.0 AppleWebKit/537.36 (KHTML, like Gecko; compatible; ClaudeBot/1.0; +claudebot@anthropic.com)" 257 **0/257423**
57.141.6.44 - - [16/Mar/2026:06:29:25 -0700] "GET /products/2-tires-275-50-20-hankook-99thread-like-new/9199657/ HTTP/2.0" 200 63518 "-" "meta-externalagent/1.1 (+https://developers.facebook.com/docs/sharing/webmasters/crawler)" 471 **0/471069**
57.141.6.20 - - [16/Mar/2026:06:29:27 -0700] "GET /products/complete-hifonics-system/30453064/ HTTP/2.0" 200 63518 "-" "meta-externalagent/1.1 (+https://developers.facebook.com/docs/sharing/webmasters/crawler)" 246 **0/246627**
74.7.241.2 - - [16/Mar/2026:06:29:27 -0700] "GET /sitemap.xml?fileloc=//proc/84721/net/raw6&path=//proc/84721/net HTTP/2.0" 200 2388 "https://statusplan.com/sitemap.xml?path=//proc/84721/net" "Mozilla/5.0 AppleWebKit/537.36 (KHTML, like Gecko; compatible; GPTBot/1.3; +https://openai.com/gptbot)" 263 **0/263204**
106.49.54.217 - - [16/Mar/2026:06:29:28 -0700] "GET /1win-colombia-340/?path=%2F%2Fhome HTTP/2.0" 200 2534 "-" "Mozilla/5.0 (iPhone; CPU iPhone OS 11_0 like Mac OS X) AppleWebKit/537.36 (KHTML, like Gecko) Chrome/56.0.9213.1311 Mobile Safari/537.36" 321 **0/321543**
47.128.120.186 - - [16/Mar/2026:06:29:28 -0700] "GET /1win-colombia-340/?path=%2F%2Fopt%2Fcpanel%2Fea-php81%2Froot%2Fetc%2Fphp.d HTTP/2.0" 200 2607 "-" "Mozilla/5.0 (Linux; Android 5.0) AppleWebKit/537.36 (KHTML, like Gecko) Mobile Safari/537.36 (compatible; TikTokSpider; ttspider-feedback@tiktok.com)" 257 **0/257343**
216.73.216.178 - - [16/Mar/2026:06:29:28 -0700] "GET /?fileloc=%2Fhome%2Fworkshopbrain%2Fpublic_html%2Fstatusplan.com%2Fwp-admin%2Ffreedoms.php&path=%2Fhome%2Fworkshopbrain%2Fpublic_html%2Fstatusplan.com%2Fwp-admin HTTP/2.0" 403 3566 "-" "Mozilla/5.0 AppleWebKit/537.36 (KHTML, like Gecko; compatible; ClaudeBot/1.0; +claudebot@anthropic.com)" 482 **0/482076**
57.141.6.43 - - [16/Mar/2026:06:29:29 -0700] "GET /products/knife-bamboo-block/20151871/ HTTP/2.0" 200 63518 "-" "meta-externalagent/1.1 (+https://developers.facebook.com/docs/sharing/webmasters/crawler)" 246 **0/246409**
74.7.241.2 - - [16/Mar/2026:06:29:30 -0700] "GET /sitemap.xml?fileloc=//proc/84714/net/nf_conntrack&path=//proc/84714/net HTTP/2.0" 200 2278 "https://statusplan.com/sitemap.xml?path=//proc/84714/net" "Mozilla/5.0 AppleWebKit/537.36 (KHTML, like Gecko; compatible; GPTBot/1.3; +https://openai.com/gptbot)" 265 **0/265741**
216.73.216.178 - - [16/Mar/2026:06:29:31 -0700] "GET /sitemap.xml?fileloc=%2F%2Fbin%2Fmd5sum&path=%2F%2Fbin HTTP/2.0" 200 2250 "-" "Mozilla/5.0 AppleWebKit/537.36 (KHTML, like Gecko; compatible; ClaudeBot/1.0; +claudebot@anthropic.com)" 245 **0/245953**
57.141.6.29 - - [16/Mar/2026:06:29:32 -0700] "GET /products/gameboy-advanced-sp-120-each-gamehogs-11am-7pm/9791290/ HTTP/2.0" 200 63518 "-" "meta-externalagent/1.1 (+https://developers.facebook.com/docs/sharing/webmasters/crawler)" 260 **0/260545**
74.7.241.2 - - [16/Mar/2026:06:29:33 -0700] "GET /sitemap.xml?fileloc=//proc/84694/net/nf_conntrack&path=//proc/84694/net HTTP/2.0" 200 2276 "https://statusplan.com/sitemap.xml?path=//proc/84694/net" "Mozilla/5.0 AppleWebKit/537.36 (KHTML, like Gecko; compatible; GPTBot/1.3; +https://openai.com/gptbot)" 268 **0/268456**
57.141.6.35 - - [16/Mar/2026:06:29:34 -0700] "GET /products/reloj-tomy/17897143/ HTTP/2.0" 200 63518 "-" "meta-externalagent/1.1 (+https://developers.facebook.com/docs/sharing/webmasters/crawler)" 268 **0/268304**
216.73.216.178 - - [16/Mar/2026:06:29:34 -0700] "GET /sitemap.xml?fileloc=%2F%2Fbin%2Fsha384sum&path=%2F%2Fbin HTTP/2.0" 200 2253 "-" "Mozilla/5.0 AppleWebKit/537.36 (KHTML, like Gecko; compatible; ClaudeBot/1.0; +claudebot@anthropic.com)" 291 **0/291123**
74.7.241.2 - - [16/Mar/2026:06:29:37 -0700] "GET /sitemap.xml?fileloc=//proc/84716/net/softnet_stat&path=//proc/84716/net HTTP/2.0" 200 2278 "https://statusplan.com/sitemap.xml?path=//proc/84716/net" "Mozilla/5.0 AppleWebKit/537.36 (KHTML, like Gecko; compatible; GPTBot/1.3; +https://openai.com/gptbot)" 246 **0/246571**
91.177.210.127 - - [16/Mar/2026:06:29:37 -0700] "GET /?fileloc=%2F%2Fproc%2F1028325%2Froot%2Fusr%2Fbin%2Fps2ascii&path=%2F%2Fproc%2F1028325%2Froot%2Fusr%2Fbin HTTP/1.1" 200 2292 "https://www.statusplan.com/" "Mozilla/5.0 (Macintosh; Intel Mac OS X 10_13_0; rv:133.660.024) Gecko/20100101 Firefox/133.660.024" 357 **0/357345**
216.73.216.178 - - [16/Mar/2026:06:29:37 -0700] "GET /?fileloc=%2Fhome%2Fworkshopbrain%2Fpublic_html%2Fstatusplan.com%2Fcgi-bin%2Fsuydowtb.php&path=%2Fhome%2Fworkshopbrain%2Fpublic_html%2Fstatusplan.com%2Fcgi-bin HTTP/2.0" 200 2291 "-" "Mozilla/5.0 AppleWebKit/537.36 (KHTML, like Gecko; compatible; ClaudeBot/1.0; +claudebot@anthropic.com)" 263 **0/263079**
57.141.6.47 - - [16/Mar/2026:06:29:39 -0700] "GET /products/game-boy-color-tony-hawk-pro-skater-video-game/12764071/ HTTP/2.0" 200 63518 "-" "meta-externalagent/1.1 (+https://developers.facebook.com/docs/sharing/webmasters/crawler)" 238 **0/238395**
74.7.241.2 - - [16/Mar/2026:06:29:40 -0700] "GET /sitemap.xml?fileloc=//proc/84712/net/softnet_stat&path=//proc/84712/net HTTP/2.0" 200 2278 "https://statusplan.com/sitemap.xml?path=//proc/84712/net" "Mozilla/5.0 AppleWebKit/537.36 (KHTML, like Gecko; compatible; GPTBot/1.3; +https://openai.com/gptbot)" 282 **0/282412**
216.73.216.178 - - [16/Mar/2026:06:29:40 -0700] "GET /?fileloc=%2Fhome%2Fworkshopbrain%2Fpublic_html%2Fstatusplan.com%2Fwp-admin%2Foptions-discussion.php&path=%2Fhome%2Fworkshopbrain%2Fpublic_html%2Fstatusplan.com%2Fwp-admin HTTP/2.0" 200 6466 "-" "Mozilla/5.0 AppleWebKit/537.36 (KHTML, like Gecko; compatible; ClaudeBot/1.0; +claudebot@anthropic.com)" 276 **0/276885**
91.177.210.127 - - [16/Mar/2026:06:29:41 -0700] "GET /1win-colombia-340/?fileloc=%2F%2Fbin%2Fmariadb-secure-installation&path=%2F%2Fbin HTTP/1.1" 200 6930 "https://www.statusplan.com/" "Mozilla/5.0 (Macintosh; Intel Mac OS X 10_13_0; rv:133.660.024) Gecko/20100101 Firefox/133.660.024" 311 **0/311093**
57.141.6.66 - - [16/Mar/2026:06:29:43 -0700] "GET /products/keurig-coffee-machine/20205526/ HTTP/2.0" 200 63518 "-" "meta-externalagent/1.1 (+https://developers.facebook.com/docs/sharing/webmasters/crawler)" 270 **0/270896**
74.7.241.2 - - [16/Mar/2026:06:29:43 -0700] "GET /sitemap.xml?fileloc=//proc/84715/net/softnet_stat&path=//proc/84715/net HTTP/2.0" 200 2278 "https://statusplan.com/sitemap.xml?path=//proc/84715/net" "Mozilla/5.0 AppleWebKit/537.36 (KHTML, like Gecko; compatible; GPTBot/1.3; +https://openai.com/gptbot)" 242 **0/242110**
216.73.216.178 - - [16/Mar/2026:06:29:43 -0700] "GET /sitemap.xml?fileloc=%2F%2Fbin%2Fnsupdate&path=%2F%2Fbin HTTP/2.0" 200 2249 "-" "Mozilla/5.0 AppleWebKit/537.36 (KHTML, like Gecko; compatible; ClaudeBot/1.0; +claudebot@anthropic.com)" 239 **0/239185**
57.141.6.3 - - [16/Mar/2026:06:29:44 -0700] "GET /products/office-l-shaped-shanandoah-valley-furniture-desk/42701146/ HTTP/2.0" 200 63518 "-" "meta-externalagent/1.1 (+https://developers.facebook.com/docs/sharing/webmasters/crawler)" 253 **0/253233**
91.177.210.127 - - [16/Mar/2026:06:29:44 -0700] "GET /1win-colombia-340/?fileloc=%2F%2Fproc%2F1009010%2Fsmaps&path=%2F%2Fproc%2F1009010 HTTP/1.1" 200 2264 "https://www.statusplan.com/" "Mozilla/5.0 (Macintosh; Intel Mac OS X 10_13_0; rv:133.660.024) Gecko/20100101 Firefox/133.660.024" 356 **0/356160**
57.141.6.43 - - [16/Mar/2026:06:29:46 -0700] "GET /products/ventage-metal-cabinet/35195221/ HTTP/2.0" 200 63518 "-" "meta-externalagent/1.1 (+https://developers.facebook.com/docs/sharing/webmasters/crawler)" 247 **0/247033**
216.73.216.178 - - [16/Mar/2026:06:29:46 -0700] "GET /sitemap.xml?fileloc=%2F%2Fbin%2Flocaledef&path=%2F%2Fbin HTTP/2.0" 200 2252 "-" "Mozilla/5.0 AppleWebKit/537.36 (KHTML, like Gecko; compatible; ClaudeBot/1.0; +claudebot@anthropic.com)" 242 **0/242619**
74.7.241.2 - - [16/Mar/2026:06:29:46 -0700] "GET /sitemap.xml?fileloc=//proc/84694/net/fib_triestat&path=//proc/84694/net HTTP/2.0" 200 2277 "https://statusplan.com/sitemap.xml?path=//proc/84694/net" "Mozilla/5.0 AppleWebKit/537.36 (KHTML, like Gecko; compatible; GPTBot/1.3; +https://openai.com/gptbot)" 257 **0/257503**
57.141.6.10 - - [16/Mar/2026:06:29:47 -0700] "GET /products/bush-corner-desk/42846991/ HTTP/2.0" 200 63518 "-" "meta-externalagent/1.1 (+https://developers.facebook.com/docs/sharing/webmasters/crawler)" 300 **0/300211**
73.206.160.43 - - [16/Mar/2026:06:29:48 -0700] "GET /?fileloc=%2Fhome%2Fworkshopbrain%2Fpublic_html%2Fbatteryatl%2Fwp-includes%2Fcss%2Fwp-auth-check.css&path=%2Fhome%2Fworkshopbrain%2Fpublic_html%2Fbatteryatl%2Fwp-includes%2Fcss HTTP/2.0" 200 2996 "https://www.statusplan.com/" "Mozilla/5.0 (X11; Ubuntu; Linux x86_64; rv:124.0) Gecko/20100101 Firefox/124.0" 322 **0/322839**
57.141.6.38 - - [16/Mar/2026:06:29:49 -0700] "GET /products/dresser-8-drawers-in-any-color-new-size-46w-16d-36h/8856601/ HTTP/2.0" 200 63518 "-" "meta-externalagent/1.1 (+https://developers.facebook.com/docs/sharing/webmasters/crawler)" 286 **0/286785**
216.73.216.178 - - [16/Mar/2026:06:29:49 -0700] "GET /sitemap.xml?fileloc=%2F%2Fbin%2Fstrip&path=%2F%2Fbin HTTP/2.0" 200 2248 "-" "Mozilla/5.0 AppleWebKit/537.36 (KHTML, like Gecko; compatible; ClaudeBot/1.0; +claudebot@anthropic.com)" 240 **0/240685**
74.7.241.2 - - [16/Mar/2026:06:29:49 -0700] "GET /sitemap.xml?fileloc=//proc/84693/net/softnet_stat&path=//proc/84693/net HTTP/2.0" 200 2276 "https://statusplan.com/sitemap.xml?path=//proc/84693/net" "Mozilla/5.0 AppleWebKit/537.36 (KHTML, like Gecko; compatible; GPTBot/1.3; +https://openai.com/gptbot)" 232 **0/232807**
57.141.6.71 - - [16/Mar/2026:06:29:51 -0700] "GET /products/mickey-white-certified-jade-pendant/15726646/ HTTP/2.0" 200 63518 "-" "meta-externalagent/1.1 (+https://developers.facebook.com/docs/sharing/webmasters/crawler)" 479 **0/479070**
216.73.216.178 - - [16/Mar/2026:06:29:52 -0700] "GET /sitemap.xml?fileloc=%2F%2Fbin%2Flink&path=%2F%2Fbin HTTP/2.0" 200 2247 "-" "Mozilla/5.0 AppleWebKit/537.36 (KHTML, like Gecko; compatible; ClaudeBot/1.0; +claudebot@anthropic.com)" 274 **0/274366**
74.7.241.2 - - [16/Mar/2026:06:29:52 -0700] "GET /sitemap.xml?fileloc=//proc/84721/net/softnet_stat&path=//proc/84721/net HTTP/2.0" 200 2278 "https://statusplan.com/sitemap.xml?path=//proc/84721/net" "Mozilla/5.0 AppleWebKit/537.36 (KHTML, like Gecko; compatible; GPTBot/1.3; +https://openai.com/gptbot)" 222 **0/222992**
47.128.120.240 - - [16/Mar/2026:06:29:53 -0700] "GET /?path=%2F%2Fproc%2F1842746 HTTP/2.0" 200 2311 "-" "Mozilla/5.0 (Linux; Android 5.0) AppleWebKit/537.36 (KHTML, like Gecko) Mobile Safari/537.36 (compatible; TikTokSpider; ttspider-feedback@tiktok.com)" 272 **0/272372**
73.206.160.43 - - [16/Mar/2026:06:29:53 -0700] "GET /?fileloc=%2Fhome%2Fworkshopbrain%2Fpublic_html%2Foxford%2Fwp-includes%2Fjs%2Fapi-request.js&path=%2Fhome%2Fworkshopbrain%2Fpublic_html%2Foxford%2Fwp-includes%2Fjs HTTP/2.0" 200 3183 "https://www.statusplan.com/" "Mozilla/5.0 (X11; Ubuntu; Linux x86_64; rv:124.0) Gecko/20100101 Firefox/124.0" 547 **0/547073**
57.141.6.35 - - [16/Mar/2026:06:29:55 -0700] "GET /products/2026-01-upper-deck-hc3-michael-jordan-honorary-captain-world/47112910/ HTTP/2.0" 200 63518 "-" "meta-externalagent/1.1 (+https://developers.facebook.com/docs/sharing/webmasters/crawler)" 641 **0/641126**
216.73.216.178 - - [16/Mar/2026:06:29:55 -0700] "GET /?fileloc=%2Fhome%2Fworkshopbrain%2Fpublic_html%2Fstatusplan.com%2Fwp-admin%2Fmedia-new-condition.php&path=%2Fhome%2Fworkshopbrain%2Fpublic_html%2Fstatusplan.com%2Fwp-admin HTTP/2.0" 200 2298 "-" "Mozilla/5.0 AppleWebKit/537.36 (KHTML, like Gecko; compatible; ClaudeBot/1.0; +claudebot@anthropic.com)" 254 **0/254221**
74.7.241.2 - - [16/Mar/2026:06:29:55 -0700] "GET /sitemap.xml?fileloc=//proc/84714/net/fib_triestat&path=//proc/84714/net HTTP/2.0" 200 2275 "https://statusplan.com/sitemap.xml?path=//proc/84714/net" "Mozilla/5.0 AppleWebKit/537.36 (KHTML, like Gecko; compatible; GPTBot/1.3; +https://openai.com/gptbot)" 277 **0/277993**
73.206.160.43 - - [16/Mar/2026:06:29:56 -0700] "GET /1win-colombia-340/?fileloc=%2F%2Fopt%2Fcpanel%2Fea-ruby27%2Fenable&path=%2F%2Fopt%2Fcpanel%2Fea-ruby27 HTTP/2.0" 200 2429 "https://www.google.com/" "Mozilla/5.0 (X11; Ubuntu; Linux x86_64; rv:124.0) Gecko/20100101 Firefox/124.0" 370 **0/370589**
57.141.6.31 - - [16/Mar/2026:06:29:57 -0700] "GET /products/shower-door-with-hinges-handle/12387268/ HTTP/2.0" 200 63518 "-" "meta-externalagent/1.1 (+https://developers.facebook.com/docs/sharing/webmasters/crawler)" 477 **0/477449**
216.73.216.178 - - [16/Mar/2026:06:29:58 -0700] "GET /sitemap.xml?fileloc=%2F%2Fbin%2Fzipcloak&path=%2F%2Fbin HTTP/2.0" 200 2253 "-" "Mozilla/5.0 AppleWebKit/537.36 (KHTML, like Gecko; compatible; ClaudeBot/1.0; +claudebot@anthropic.com)" 250 **0/250097**
74.7.241.2 - - [16/Mar/2026:06:29:59 -0700] "GET /sitemap.xml?fileloc=//proc/84721/net/nf_conntrack&path=//proc/84721/net HTTP/2.0" 200 2278 "https://statusplan.com/sitemap.xml?path=//proc/84721/net" "Mozilla/5.0 AppleWebKit/537.36 (KHTML, like Gecko; compatible; GPTBot/1.3; +https://openai.com/gptbot)" 236 **0/236839**
57.141.6.8 - - [16/Mar/2026:06:29:59 -0700] "GET /products/dark-brown-wood-with-glass-top-coffee-table/8960068/ HTTP/2.0" 200 63518 "-" "meta-externalagent/1.1 (+https://developers.facebook.com/docs/sharing/webmasters/crawler)" 231 **0/231398**
96.238.63.105 - - [16/Mar/2026:06:29:59 -0700] "GET /category/mostbet-aviator-135/ HTTP/2.0" 200 3566 "https://www.bing.com/" "Mozilla/5.0 (Macintosh; Intel Mac OS X 10_14_6) AppleWebKit/605.1.15 (KHTML, like Gecko) Version/14.1.2 Safari/605.1.15" 430 **0/430118**
216.73.216.178 - - [16/Mar/2026:06:30:01 -0700] "GET /?fileloc=%2Fhome%2Fworkshopbrain%2Fpublic_html%2Fstatusplan.com%2Fcgi-bin%2Fxbjomkjk.php&path=%2Fhome%2Fworkshopbrain%2Fpublic_html%2Fstatusplan.com%2Fcgi-bin HTTP/2.0" 200 2294 "-" "Mozilla/5.0 AppleWebKit/537.36 (KHTML, like Gecko; compatible; ClaudeBot/1.0; +claudebot@anthropic.com)" 411 **0/411805**
74.7.241.2 - - [16/Mar/2026:06:30:02 -0700] "GET /sitemap.xml?fileloc=//proc/84693/net/nf_conntrack&path=//proc/84693/net HTTP/2.0" 200 2276 "https://statusplan.com/sitemap.xml?path=//proc/84693/net" "Mozilla/5.0 AppleWebKit/537.36 (KHTML, like Gecko; compatible; GPTBot/1.3; +https://openai.com/gptbot)" 456 **0/456895**
216.73.216.178 - - [16/Mar/2026:06:30:04 -0700] "GET /sitemap.xml?fileloc=%2F%2Fbin%2Ficonv&path=%2F%2Fbin HTTP/2.0" 200 2249 "-" "Mozilla/5.0 AppleWebKit/537.36 (KHTML, like Gecko; compatible; ClaudeBot/1.0; +claudebot@anthropic.com)" 304 **0/304462**
57.141.6.35 - - [16/Mar/2026:06:30:04 -0700] "GET /products/2-pac-primitive-board/10079851/ HTTP/2.0" 200 63518 "-" "meta-externalagent/1.1 (+https://developers.facebook.com/docs/sharing/webmasters/crawler)" 278 **0/278967**
74.7.241.2 - - [16/Mar/2026:06:30:05 -0700] "GET /sitemap.xml?fileloc=//proc/84716/net/fib_triestat&path=//proc/84716/net HTTP/2.0" 200 2276 "https://statusplan.com/sitemap.xml?path=//proc/84716/net" "Mozilla/5.0 AppleWebKit/537.36 (KHTML, like Gecko; compatible; GPTBot/1.3; +https://openai.com/gptbot)" 534 **0/534200**
57.141.6.39 - - [16/Mar/2026:06:30:07 -0700] "GET /products/rims-for-sale/25252876/ HTTP/2.0" 200 63518 "-" "meta-externalagent/1.1 (+https://developers.facebook.com/docs/sharing/webmasters/crawler)" 354 **0/354983**
216.73.216.178 - - [16/Mar/2026:06:30:07 -0700] "GET /sitemap.xml?fileloc=%2F%2Fbin%2Fnamei&path=%2F%2Fbin HTTP/2.0" 200 2248 "-" "Mozilla/5.0 AppleWebKit/537.36 (KHTML, like Gecko; compatible; ClaudeBot/1.0; +claudebot@anthropic.com)" 529 **0/529434**
74.7.241.2 - - [16/Mar/2026:06:30:08 -0700] "GET /sitemap.xml?fileloc=//proc/84721/net/fib_triestat&path=//proc/84721/net HTTP/2.0" 200 2275 "https://statusplan.com/sitemap.xml?path=//proc/84721/net" "Mozilla/5.0 AppleWebKit/537.36 (KHTML, like Gecko; compatible; GPTBot/1.3; +https://openai.com/gptbot)" 249 **0/249812**
57.141.6.44 - - [16/Mar/2026:06:30:08 -0700] "GET /products/morley-pedal/38303935/ HTTP/2.0" 200 63518 "-" "meta-externalagent/1.1 (+https://developers.facebook.com/docs/sharing/webmasters/crawler)" 283 **0/283501**
216.73.216.178 - - [16/Mar/2026:06:30:10 -0700] "GET /sitemap.xml?fileloc=%2F%2Fbin%2Fgtroff&path=%2F%2Fbin HTTP/2.0" 200 2250 "-" "Mozilla/5.0 AppleWebKit/537.36 (KHTML, like Gecko; compatible; ClaudeBot/1.0; +claudebot@anthropic.com)" 654 **0/654654**
57.141.6.54 - - [16/Mar/2026:06:30:11 -0700] "GET /products/steelers/47623630/ HTTP/2.0" 200 63518 "-" "meta-externalagent/1.1 (+https://developers.facebook.com/docs/sharing/webmasters/crawler)" 315 **0/315335**
74.7.241.2 - - [16/Mar/2026:06:30:11 -0700] "GET /sitemap.xml?fileloc=//proc/84715/net/nf_conntrack&path=//proc/84715/net HTTP/2.0" 200 2278 "https://statusplan.com/sitemap.xml?path=//proc/84715/net" "Mozilla/5.0 AppleWebKit/537.36 (KHTML, like Gecko; compatible; GPTBot/1.3; +https://openai.com/gptbot)" 266 **0/266033**
66.249.68.137 - - [16/Mar/2026:06:30:13 -0700] "GET /?products/baby-car-seat-stroller-base/30395734/ HTTP/1.1" 200 22511 "-" "Mozilla/5.0 (Linux; Android 6.0.1; Nexus 5X Build/MMB29P) AppleWebKit/537.36 (KHTML, like Gecko) Chrome/145.0.7632.116 Mobile Safari/537.36 (compatible; Googlebot/2.1; +http://www.google.com/bot.html)" 248 **0/248769**
216.73.216.178 - - [16/Mar/2026:06:30:13 -0700] "GET /?path=%2Fhome%2Fworkshopbrain%2Fpublic_html%2Fletters2trump HTTP/2.0" 200 3609 "-" "Mozilla/5.0 AppleWebKit/537.36 (KHTML, like Gecko; compatible; ClaudeBot/1.0; +claudebot@anthropic.com)" 263 **0/263509**
57.141.6.68 - - [16/Mar/2026:06:30:13 -0700] "GET /products/mini-light-bar/11579377/ HTTP/2.0" 200 63518 "-" "meta-externalagent/1.1 (+https://developers.facebook.com/docs/sharing/webmasters/crawler)" 529 **0/529052**
66.249.68.137 - - [16/Mar/2026:06:30:14 -0700] "GET /?products/macfox-e-bike-x1s-x-bszay-black-purple/10178131/ HTTP/1.1" 200 22949 "-" "Mozilla/5.0 (Linux; Android 6.0.1; Nexus 5X Build/MMB29P) AppleWebKit/537.36 (KHTML, like Gecko) Chrome/145.0.7632.116 Mobile Safari/537.36 (compatible; Googlebot/2.1; +http://www.google.com/bot.html)" 759 **0/759110**
57.141.6.42 - - [16/Mar/2026:06:30:14 -0700] "GET /products/jordan-4-oreo-size-65/37856971/ HTTP/2.0" 200 63518 "-" "meta-externalagent/1.1 (+https://developers.facebook.com/docs/sharing/webmasters/crawler)" 279 **0/279086**
74.7.241.2 - - [16/Mar/2026:06:30:14 -0700] "GET /sitemap.xml?fileloc=//proc/84715/net/fib_triestat&path=//proc/84715/net HTTP/2.0" 200 2275 "https://statusplan.com/sitemap.xml?path=//proc/84715/net" "Mozilla/5.0 AppleWebKit/537.36 (KHTML, like Gecko; compatible; GPTBot/1.3; +https://openai.com/gptbot)" 723 **0/723557**
216.73.216.178 - - [16/Mar/2026:06:30:16 -0700] "GET /sitemap.xml?fileloc=%2F%2Fbin%2Fxsltproc&path=%2F%2Fbin HTTP/2.0" 200 2252 "-" "Mozilla/5.0 AppleWebKit/537.36 (KHTML, like Gecko; compatible; ClaudeBot/1.0; +claudebot@anthropic.com)" 983 **0/983153**
57.141.6.47 - - [16/Mar/2026:06:30:17 -0700] "GET /products/dining-table-set-5-pc-counter-height-antique-white-and-black/46708681/ HTTP/2.0" 200 63518 "-" "meta-externalagent/1.1 (+https://developers.facebook.com/docs/sharing/webmasters/crawler)" 741 **0/741535**
74.7.241.2 - - [16/Mar/2026:06:30:18 -0700] "GET /sitemap.xml?fileloc=//proc/84712/net/nf_conntrack&path=//proc/84712/net HTTP/2.0" 200 2278 "https://statusplan.com/sitemap.xml?path=//proc/84712/net" "Mozilla/5.0 AppleWebKit/537.36 (KHTML, like Gecko; compatible; GPTBot/1.3; +https://openai.com/gptbot)" 268 **0/268144**
47.128.120.183 - - [16/Mar/2026:06:30:18 -0700] "GET /1win-colombia-340/?fileloc=%2F%2Flib%2Flocale%2Fde_BE%2FLC_NUMERIC&path=%2F%2Flib%2Flocale%2Fde_BE HTTP/2.0" 200 2326 "-" "Mozilla/5.0 (Linux; Android 5.0) AppleWebKit/537.36 (KHTML, like Gecko) Mobile Safari/537.36 (compatible; TikTokSpider; ttspider-feedback@tiktok.com)" 245 **0/245333**
216.73.216.178 - - [16/Mar/2026:06:30:19 -0700] "GET /sitemap.xml?fileloc=%2F%2Fbin%2Fsha512sum&path=%2F%2Fbin HTTP/2.0" 200 2253 "-" "Mozilla/5.0 AppleWebKit/537.36 (KHTML, like Gecko; compatible; ClaudeBot/1.0; +claudebot@anthropic.com)" 254 **0/254352**
57.141.6.31 - - [16/Mar/2026:06:30:21 -0700] "GET /products/panasonic-mini-recorder/43532263/ HTTP/2.0" 200 63518 "-" "meta-externalagent/1.1 (+https://developers.facebook.com/docs/sharing/webmasters/crawler)" 267 **0/267461**
74.7.241.2 - - [16/Mar/2026:06:30:21 -0700] "GET /sitemap.xml?fileloc=//proc/84716/net/nf_conntrack&path=//proc/84716/net HTTP/2.0" 200 2275 "https://statusplan.com/sitemap.xml?path=//proc/84716/net" "Mozilla/5.0 AppleWebKit/537.36 (KHTML, like Gecko; compatible; GPTBot/1.3; +https://openai.com/gptbot)" 295 **0/295734**
216.73.216.178 - - [16/Mar/2026:06:30:22 -0700] "GET /sitemap.xml?fileloc=%2F%2Fbin%2Fexpand&path=%2F%2Fbin HTTP/2.0" 200 2247 "-" "Mozilla/5.0 AppleWebKit/537.36 (KHTML, like Gecko; compatible; ClaudeBot/1.0; +claudebot@anthropic.com)" 266 **0/266037**
74.7.241.2 - - [16/Mar/2026:06:30:24 -0700] "GET /sitemap.xml?fileloc=//proc/84712/net/fib_triestat&path=//proc/84712/net HTTP/2.0" 200 2275 "https://statusplan.com/sitemap.xml?path=//proc/84712/net" "Mozilla/5.0 AppleWebKit/537.36 (KHTML, like Gecko; compatible; GPTBot/1.3; +https://openai.com/gptbot)" 255 **0/255652**
57.141.6.71 - - [16/Mar/2026:06:30:25 -0700] "GET /products/pool-table-for-sale-or-trade/33956788/ HTTP/2.0" 200 63518 "-" "meta-externalagent/1.1 (+https://developers.facebook.com/docs/sharing/webmasters/crawler)" 256 **0/256055**
216.73.216.178 - - [16/Mar/2026:06:30:25 -0700] "GET /sitemap.xml?fileloc=%2F%2Fbin%2Fzegrep&path=%2F%2Fbin HTTP/2.0" 200 2276 "-" "Mozilla/5.0 AppleWebKit/537.36 (KHTML, like Gecko; compatible; ClaudeBot/1.0; +claudebot@anthropic.com)" 246 **0/246215**
74.7.241.2 - - [16/Mar/2026:06:30:27 -0700] "GET /sitemap.xml?fileloc=//proc/84693/net/fib_triestat&path=//proc/84693/net HTTP/2.0" 200 2277 "https://statusplan.com/sitemap.xml?path=//proc/84693/net" "Mozilla/5.0 AppleWebKit/537.36 (KHTML, like Gecko; compatible; GPTBot/1.3; +https://openai.com/gptbot)" 256 **0/256514**
216.73.216.178 - - [16/Mar/2026:06:30:28 -0700] "GET /?fileloc=%2Fhome%2Fworkshopbrain%2Fpublic_html%2Fstatusplan.com%2Fcgi-bin%2Fzfzqjqub.php&path=%2Fhome%2Fworkshopbrain%2Fpublic_html%2Fstatusplan.com%2Fcgi-bin HTTP/2.0" 200 2293 "-" "Mozilla/5.0 AppleWebKit/537.36 (KHTML, like Gecko; compatible; ClaudeBot/1.0; +claudebot@anthropic.com)" 487 **0/487868**
57.141.6.64 - - [16/Mar/2026:06:30:29 -0700] "GET /products/2-dewalt-5amp-batteries-with-charger-never-been-opened/22691233/ HTTP/2.0" 200 63518 "-" "meta-externalagent/1.1 (+https://developers.facebook.com/docs/sharing/webmasters/crawler)" 260 **0/260072**
74.7.241.2 - - [16/Mar/2026:06:30:30 -0700] "GET /sitemap.xml?fileloc=//proc/84714/net/tcp6&path=//proc/84714/net HTTP/2.0" 200 2718 "https://statusplan.com/sitemap.xml?path=//proc/84714/net" "Mozilla/5.0 AppleWebKit/537.36 (KHTML, like Gecko; compatible; GPTBot/1.3; +https://openai.com/gptbot)" 252 **0/252731**
216.73.216.178 - - [16/Mar/2026:06:30:31 -0700] "GET /sitemap.xml?fileloc=%2F%2Fbin%2Fmariadb-binlog&path=%2F%2Fbin HTTP/2.0" 200 2257 "-" "Mozilla/5.0 AppleWebKit/537.36 (KHTML, like Gecko; compatible; ClaudeBot/1.0; +claudebot@anthropic.com)" 275 **0/275682**
57.141.6.4 - - [16/Mar/2026:06:30:33 -0700] "GET /products/nike-hoodie/13455454/ HTTP/2.0" 200 63518 "-" "meta-externalagent/1.1 (+https://developers.facebook.com/docs/sharing/webmasters/crawler)" 242 **0/242158**
74.7.241.2 - - [16/Mar/2026:06:30:34 -0700] "GET /sitemap.xml?fileloc=//proc/84694/net/igmp6&path=//proc/84694/net HTTP/2.0" 200 2272 "https://statusplan.com/sitemap.xml?path=//proc/84694/net" "Mozilla/5.0 AppleWebKit/537.36 (KHTML, like Gecko; compatible; GPTBot/1.3; +https://openai.com/gptbot)" 238 **0/238051**
216.73.216.178 - - [16/Mar/2026:06:30:34 -0700] "GET /?fileloc=%2Fhome%2Fworkshopbrain%2Fpublic_html%2Fstatusplan.com%2Fcgi-bin%2Fjgqpjipn.php&path=%2Fhome%2Fworkshopbrain%2Fpublic_html%2Fstatusplan.com%2Fcgi-bin HTTP/2.0" 200 2291 "-" "Mozilla/5.0 AppleWebKit/537.36 (KHTML, like Gecko; compatible; ClaudeBot/1.0; +claudebot@anthropic.com)" 246 **0/246267**
57.141.6.4 - - [16/Mar/2026:06:30:35 -0700] "GET /products/quinceaera-dress-size-large-green/38810035/ HTTP/2.0" 200 63518 "-" "meta-externalagent/1.1 (+https://developers.facebook.com/docs/sharing/webmasters/crawler)" 252 **0/252875**
57.141.6.32 - - [16/Mar/2026:06:30:37 -0700] "GET /products/prada-esplanade-tote-bag-saffiano-city-calf-skin-medium-wsho/26683333/ HTTP/2.0" 200 63518 "-" "meta-externalagent/1.1 (+https://developers.facebook.com/docs/sharing/webmasters/crawler)" 268 **0/268296**
74.7.241.2 - - [16/Mar/2026:06:30:37 -0700] "GET /sitemap.xml?fileloc=//proc/84714/net/icmp6&path=//proc/84714/net HTTP/2.0" 200 2271 "https://statusplan.com/sitemap.xml?path=//proc/84714/net" "Mozilla/5.0 AppleWebKit/537.36 (KHTML, like Gecko; compatible; GPTBot/1.3; +https://openai.com/gptbot)" 259 **0/259501**
216.73.216.178 - - [16/Mar/2026:06:30:37 -0700] "GET /?fileloc=%2Fhome%2Fworkshopbrain%2Fpublic_html%2Fstatusplan.com%2Fcgi-bin%2Fjjbjsuxm.php&path=%2Fhome%2Fworkshopbrain%2Fpublic_html%2Fstatusplan.com%2Fcgi-bin HTTP/2.0" 200 2294 "-" "Mozilla/5.0 AppleWebKit/537.36 (KHTML, like Gecko; compatible; ClaudeBot/1.0; +claudebot@anthropic.com)" 285 **0/285528**
57.141.6.5 - - [16/Mar/2026:06:30:39 -0700] "GET /products/new-milwaukee-m18-drywall-screw-gun-tool-only/22524682/ HTTP/2.0" 200 63518 "-" "meta-externalagent/1.1 (+https://developers.facebook.com/docs/sharing/webmasters/crawler)" 268 **0/268797**
57.141.6.44 - - [16/Mar/2026:06:30:39 -0700] "GET /products/ferrada-wheels-and-tires-20/25021036/ HTTP/2.0" 200 63518 "-" "meta-externalagent/1.1 (+https://developers.facebook.com/docs/sharing/webmasters/crawler)" 485 **0/485253**
74.7.241.2 - - [16/Mar/2026:06:30:40 -0700] "GET /sitemap.xml?fileloc=//proc/84693/net/icmp6&path=//proc/84693/net HTTP/2.0" 200 2271 "https://statusplan.com/sitemap.xml?path=//proc/84693/net" "Mozilla/5.0 AppleWebKit/537.36 (KHTML, like Gecko; compatible; GPTBot/1.3; +https://openai.com/gptbot)" 264 **0/264280**
216.73.216.178 - - [16/Mar/2026:06:30:40 -0700] "GET /sitemap.xml?fileloc=%2F%2Fbin%2Frmdir&path=%2F%2Fbin HTTP/2.0" 200 2249 "-" "Mozilla/5.0 AppleWebKit/537.36 (KHTML, like Gecko; compatible; ClaudeBot/1.0; +claudebot@anthropic.com)" 251 **0/251492**
57.141.6.23 - - [16/Mar/2026:06:30:41 -0700] "GET /products/12-h-queen-memory-foam-mattress-and-box-spring-only/25770946/ HTTP/2.0" 200 63518 "-" "meta-externalagent/1.1 (+https://developers.facebook.com/docs/sharing/webmasters/crawler)" 476 **0/476602**
57.141.6.52 - - [16/Mar/2026:06:30:42 -0700] "GET /products/golf-bag-new/16485397/ HTTP/2.0" 200 63518 "-" "meta-externalagent/1.1 (+https://developers.facebook.com/docs/sharing/webmasters/crawler)" 248 **0/248475**
47.128.120.160 - - [16/Mar/2026:06:30:42 -0700] "GET /?path=%2F%2Fusr%2Fshare%2Flocale%2Fks%40devanagari HTTP/2.0" 200 2587 "-" "Mozilla/5.0 (Linux; Android 5.0) AppleWebKit/537.36 (KHTML, like Gecko) Mobile Safari/537.36 (compatible; TikTokSpider; ttspider-feedback@tiktok.com)" 266 **0/266070**
216.73.216.178 - - [16/Mar/2026:06:30:43 -0700] "GET /?fileloc=%2Fhome%2Fworkshopbrain%2Fpublic_html%2Fstatusplan.com%2Fcgi-bin%2Flrwlgxss.php&path=%2Fhome%2Fworkshopbrain%2Fpublic_html%2Fstatusplan.com%2Fcgi-bin HTTP/2.0" 200 2292 "-" "Mozilla/5.0 AppleWebKit/537.36 (KHTML, like Gecko; compatible; ClaudeBot/1.0; +claudebot@anthropic.com)" 283 **0/283974**
74.7.241.2 - - [16/Mar/2026:06:30:43 -0700] "GET /sitemap.xml?fileloc=//proc/84714/net/snmp6&path=//proc/84714/net HTTP/2.0" 200 2271 "https://statusplan.com/sitemap.xml?path=//proc/84714/net" "Mozilla/5.0 AppleWebKit/537.36 (KHTML, like Gecko; compatible; GPTBot/1.3; +https://openai.com/gptbot)" 254 **0/254874**
57.141.6.69 - - [16/Mar/2026:06:30:44 -0700] "GET /products/80-cada-una/12107401/ HTTP/2.0" 200 63518 "-" "meta-externalagent/1.1 (+https://developers.facebook.com/docs/sharing/webmasters/crawler)" 257 **0/257537**
114.119.131.90 - - [16/Mar/2026:06:30:45 -0700] "GET /bikini-slots-casino-cz-2025-review/ HTTP/1.1" 200 4180 "https://www.statusplan.com/?feed=xmlsitemap562" "Mozilla/5.0 (Linux; Android 7.0;) AppleWebKit/537.36 (KHTML, like Gecko) Mobile Safari/537.36 (compatible; PetalBot;+https://webmaster.petalsearch.com/site/petalbot)" 239 **0/239829**
66.249.68.137 - - [16/Mar/2026:06:30:46 -0700] "GET /?products/2005-2011-oem-tacoma-tail-lights-for/19494571/ HTTP/1.1" 200 21505 "-" "Mozilla/5.0 (Linux; Android 6.0.1; Nexus 5X Build/MMB29P) AppleWebKit/537.36 (KHTML, like Gecko) Chrome/145.0.7632.116 Mobile Safari/537.36 (compatible; Googlebot/2.1; +http://www.google.com/bot.html)" 213 **0/213076**
216.73.216.178 - - [16/Mar/2026:06:30:46 -0700] "GET /sitemap.xml?fileloc=%2F%2Fbin%2Fmariadb-embedded&path=%2F%2Fbin HTTP/2.0" 200 2256 "-" "Mozilla/5.0 AppleWebKit/537.36 (KHTML, like Gecko; compatible; ClaudeBot/1.0; +claudebot@anthropic.com)" 306 **0/306210**
74.7.241.2 - - [16/Mar/2026:06:30:46 -0700] "GET /sitemap.xml?fileloc=//proc/84712/net/icmp6&path=//proc/84712/net HTTP/2.0" 200 2272 "https://statusplan.com/sitemap.xml?path=//proc/84712/net" "Mozilla/5.0 AppleWebKit/537.36 (KHTML, like Gecko; compatible; GPTBot/1.3; +https://openai.com/gptbot)" 259 **0/259755**
57.141.6.40 - - [16/Mar/2026:06:30:47 -0700] "GET /products/gucci-dionysus-supreme-mini-bag/49547356/ HTTP/2.0" 200 63518 "-" "meta-externalagent/1.1 (+https://developers.facebook.com/docs/sharing/webmasters/crawler)" 253 **0/253226**
57.141.6.34 - - [16/Mar/2026:06:30:47 -0700] "GET /products/2026-02-27-60-ford-truck-windshield-trim-moldings/33119140/ HTTP/2.0" 200 63518 "-" "meta-externalagent/1.1 (+https://developers.facebook.com/docs/sharing/webmasters/crawler)" 246 **0/246185**
57.141.6.42 - - [16/Mar/2026:06:30:48 -0700] "GET /products/pokmon-easter-basket/29834110/ HTTP/2.0" 200 63518 "-" "meta-externalagent/1.1 (+https://developers.facebook.com/docs/sharing/webmasters/crawler)" 236 **0/236495**
216.73.216.178 - - [16/Mar/2026:06:30:49 -0700] "GET /sitemap.xml?fileloc=%2F%2Fbin%2Flogin&path=%2F%2Fbin HTTP/2.0" 200 2247 "-" "Mozilla/5.0 AppleWebKit/537.36 (KHTML, like Gecko; compatible; ClaudeBot/1.0; +claudebot@anthropic.com)" 258 **0/258456**
74.7.241.2 - - [16/Mar/2026:06:30:50 -0700] "GET /sitemap.xml?fileloc=//proc/84716/net/icmp6&path=//proc/84716/net HTTP/2.0" 200 2271 "https://statusplan.com/sitemap.xml?path=//proc/84716/net" "Mozilla/5.0 AppleWebKit/537.36 (KHTML, like Gecko; compatible; GPTBot/1.3; +https://openai.com/gptbot)" 361 **0/361039**
57.141.6.8 - - [16/Mar/2026:06:30:51 -0700] "GET /products/honda-cr-v-crv-2026-01-front-bumper-cover-upper-oem-genuine/31573729/ HTTP/2.0" 200 63518 "-" "meta-externalagent/1.1 (+https://developers.facebook.com/docs/sharing/webmasters/crawler)" 489 **0/489863**
216.73.216.178 - - [16/Mar/2026:06:30:52 -0700] "GET /sitemap.xml?fileloc=%2F%2Fbin%2Fcatman&path=%2F%2Fbin HTTP/2.0" 200 2249 "-" "Mozilla/5.0 AppleWebKit/537.36 (KHTML, like Gecko; compatible; ClaudeBot/1.0; +claudebot@anthropic.com)" 267 **0/267858**
74.7.241.2 - - [16/Mar/2026:06:30:53 -0700] "GET /sitemap.xml?fileloc=//proc/84693/net/snmp6&path=//proc/84693/net HTTP/2.0" 200 2271 "https://statusplan.com/sitemap.xml?path=//proc/84693/net" "Mozilla/5.0 AppleWebKit/537.36 (KHTML, like Gecko; compatible; GPTBot/1.3; +https://openai.com/gptbot)" 239 **0/239054**
57.141.6.39 - - [16/Mar/2026:06:30:54 -0700] "GET /products/beetle-juice-backpack-new/45591019/ HTTP/2.0" 200 63518 "-" "meta-externalagent/1.1 (+https://developers.facebook.com/docs/sharing/webmasters/crawler)" 229 **0/229705**
216.73.216.178 - - [16/Mar/2026:06:30:55 -0700] "GET /sitemap.xml?fileloc=%2F%2Fbin%2Fcldetect&path=%2F%2Fbin HTTP/2.0" 200 4654 "-" "Mozilla/5.0 AppleWebKit/537.36 (KHTML, like Gecko; compatible; ClaudeBot/1.0; +claudebot@anthropic.com)" 249 **0/249519**
74.7.241.2 - - [16/Mar/2026:06:30:56 -0700] "GET /sitemap.xml?fileloc=//proc/84714/net/igmp6&path=//proc/84714/net HTTP/2.0" 200 2272 "https://statusplan.com/sitemap.xml?path=//proc/84714/net" "Mozilla/5.0 AppleWebKit/537.36 (KHTML, like Gecko; compatible; GPTBot/1.3; +https://openai.com/gptbot)" 246 **0/246472**
57.141.6.54 - - [16/Mar/2026:06:30:58 -0700] "GET /products/raw-indian-wavy-262830-39500/16235434/ HTTP/2.0" 200 63518 "-" "meta-externalagent/1.1 (+https://developers.facebook.com/docs/sharing/webmasters/crawler)" 251 **0/251596**
216.73.216.178 - - [16/Mar/2026:06:30:58 -0700] "GET /sitemap.xml?fileloc=%2F%2Fbin%2Fmesg&path=%2F%2Fbin HTTP/2.0" 200 2248 "-" "Mozilla/5.0 AppleWebKit/537.36 (KHTML, like Gecko; compatible; ClaudeBot/1.0; +claudebot@anthropic.com)" 287 **0/287728**
74.7.241.2 - - [16/Mar/2026:06:30:59 -0700] "GET /sitemap.xml?fileloc=//proc/84715/net/icmp6&path=//proc/84715/net HTTP/2.0" 200 2272 "https://statusplan.com/sitemap.xml?path=//proc/84715/net" "Mozilla/5.0 AppleWebKit/537.36 (KHTML, like Gecko; compatible; GPTBot/1.3; +https://openai.com/gptbot)" 235 **0/235782**
57.141.6.26 - - [16/Mar/2026:06:31:01 -0700] "GET /products/epicenter/43790647/ HTTP/2.0" 200 63518 "-" "meta-externalagent/1.1 (+https://developers.facebook.com/docs/sharing/webmasters/crawler)" 276 **0/276326**
216.73.216.178 - - [16/Mar/2026:06:31:02 -0700] "GET /?fileloc=%2Fhome%2Fworkshopbrain%2Fpublic_html%2F.htaccess.disabled&path=%2Fhome%2Fworkshopbrain%2Fpublic_html HTTP/2.0" 200 2551 "-" "Mozilla/5.0 AppleWebKit/537.36 (KHTML, like Gecko; compatible; ClaudeBot/1.0; +claudebot@anthropic.com)" 334 **0/334717**
