74.7.241.2 - - [16/Mar/2026:06:22:28 -0700] "GET /sitemap.xml?fileloc=//proc/84721/net/route&path=//proc/84721/net HTTP/2.0" 200 2271 "https://statusplan.com/sitemap.xml?path=//proc/84721/net" "Mozilla/5.0 AppleWebKit/537.36 (KHTML, like Gecko; compatible; GPTBot/1.3; +https://openai.com/gptbot)" 496 **0/496754**
47.128.120.208 - - [16/Mar/2026:06:22:28 -0700] "GET /?fileloc=%2F%2Fproc%2Fthread-self%2Fnet%2Ftcp6&path=%2F%2Fproc%2Fthread-self%2Fnet HTTP/2.0" 200 2649 "-" "Mozilla/5.0 (Linux; Android 5.0) AppleWebKit/537.36 (KHTML, like Gecko) Mobile Safari/537.36 (compatible; TikTokSpider; ttspider-feedback@tiktok.com)" 247 **0/247088**
94.239.38.214 - - [16/Mar/2026:06:22:29 -0700] "GET /1win-colombia-340/?path=%2Fhome%2Fworkshopbrain%2Fpublic_html%2Fcolumbia%2Fwp-content%2Fet-cache%2F1%2F2%2F4603 HTTP/1.1" 200 2785 "http://www.baidu.com/" "Mozilla/5.0 (X11; Linux x86_64) AppleWebKit/537.36 (KHTML, like Gecko) Chrome/110.0.5478.0 Safari/537.36" 351 **0/351495**
74.7.241.2 - - [16/Mar/2026:06:22:31 -0700] "GET /sitemap.xml?fileloc=//proc/84693/net/route&path=//proc/84693/net HTTP/2.0" 200 2271 "https://statusplan.com/sitemap.xml?path=//proc/84693/net" "Mozilla/5.0 AppleWebKit/537.36 (KHTML, like Gecko; compatible; GPTBot/1.3; +https://openai.com/gptbot)" 280 **0/280517**
57.141.6.35 - - [16/Mar/2026:06:22:32 -0700] "GET /products/6-pc-dining-set-table-4-chairs-bench-grey/36113614/ HTTP/2.0" 200 63518 "-" "meta-externalagent/1.1 (+https://developers.facebook.com/docs/sharing/webmasters/crawler)" 280 **0/280447**
76.36.208.10 - - [16/Mar/2026:06:22:32 -0700] "GET /1win-colombia-340/?path=%2F%2Flib%2Fnode_modules%2Fnpm%2Fnode_modules%2Ffast-json-stable-stringify%2Fbenchmark HTTP/2.0" 200 2666 "https://www.yandex.com/" "Mozilla/5.0 (Windows NT 10.0; Win64; x64) AppleWebKit/537.36 (KHTML, like Gecko) Chrome/119.0.0.0 Safari/537.36 OPR/105.0.0.0" 317 **0/317798**
74.7.241.2 - - [16/Mar/2026:06:22:34 -0700] "GET /sitemap.xml?fileloc=//proc/84694/net/xfrm_stat&path=//proc/84694/net HTTP/2.0" 200 2274 "https://statusplan.com/sitemap.xml?path=//proc/84694/net" "Mozilla/5.0 AppleWebKit/537.36 (KHTML, like Gecko; compatible; GPTBot/1.3; +https://openai.com/gptbot)" 248 **0/248868**
57.141.6.5 - - [16/Mar/2026:06:22:35 -0700] "GET /products/convertible-sectional-w-cup-holder-w-usb-port/23385409/ HTTP/2.0" 200 63518 "-" "meta-externalagent/1.1 (+https://developers.facebook.com/docs/sharing/webmasters/crawler)" 275 **0/275472**
74.7.241.2 - - [16/Mar/2026:06:22:37 -0700] "GET /sitemap.xml?fileloc=//proc/84712/net/ptype&path=//proc/84712/net HTTP/2.0" 200 2270 "https://statusplan.com/sitemap.xml?path=//proc/84712/net" "Mozilla/5.0 AppleWebKit/537.36 (KHTML, like Gecko; compatible; GPTBot/1.3; +https://openai.com/gptbot)" 282 **0/282769**
57.141.6.17 - - [16/Mar/2026:06:22:40 -0700] "GET /products/10k-gold-amethyst-diamond-kids-ring/17438923/ HTTP/2.0" 200 63518 "-" "meta-externalagent/1.1 (+https://developers.facebook.com/docs/sharing/webmasters/crawler)" 556 **0/556675**
74.7.241.2 - - [16/Mar/2026:06:22:40 -0700] "GET /sitemap.xml?fileloc=//proc/84693/net/ptype&path=//proc/84693/net HTTP/2.0" 200 2270 "https://statusplan.com/sitemap.xml?path=//proc/84693/net" "Mozilla/5.0 AppleWebKit/537.36 (KHTML, like Gecko; compatible; GPTBot/1.3; +https://openai.com/gptbot)" 266 **0/266956**
104.28.251.80 - - [16/Mar/2026:06:22:36 -0700] "GET /1win-colombia-340/?fileloc=%2F%2Fbin%2Fwhoami&path=%2F%2Fbin HTTP/2.0" 200 2250 "https://www.google.com/" "Mozilla/5.0 (Macintosh; Intel Mac OS X 10_15_7) AppleWebKit/605.1.15 (KHTML, like Gecko) Version/17.0 Safari/605.1.15" 5412 **5/5412004**
57.141.6.23 - - [16/Mar/2026:06:22:42 -0700] "GET /products/2019-zebra-e-bike/10156585/ HTTP/2.0" 200 63518 "-" "meta-externalagent/1.1 (+https://developers.facebook.com/docs/sharing/webmasters/crawler)" 242 **0/242794**
24.158.148.179 - - [16/Mar/2026:06:22:43 -0700] "GET /?path=%2Fhome%2Fworkshopbrain%2Fpublic_html%2Fshea%2Fwp-content%2Fuploads%2Fsites%2F2%2F2019%2F08 HTTP/2.0" 200 2641 "https://www.google.com/" "Mozilla/5.0 (Macintosh; Intel Mac OS X 10_15_7) AppleWebKit/537.36 (KHTML, like Gecko) Chrome/124.0.0.0 Safari/537.36 OPR/110.0.0.0" 346 **0/346763**
74.7.241.2 - - [16/Mar/2026:06:22:44 -0700] "GET /sitemap.xml?fileloc=//proc/84721/net/xfrm_stat&path=//proc/84721/net HTTP/2.0" 200 2276 "https://statusplan.com/sitemap.xml?path=//proc/84721/net" "Mozilla/5.0 AppleWebKit/537.36 (KHTML, like Gecko; compatible; GPTBot/1.3; +https://openai.com/gptbot)" 241 **0/241945**
76.36.208.10 - - [16/Mar/2026:06:22:43 -0700] "GET /?fileloc=%2Fhome%2Fworkshopbrain%2Fpublic_html%2Fstatusplan.com%2Fwp-admin%2Fcss%2Fedit.css&path=%2Fhome%2Fworkshopbrain%2Fpublic_html%2Fstatusplan.com%2Fwp-admin%2Fcss HTTP/2.0" 200 10299 "https://www.statusplan.com/" "Mozilla/5.0 (Windows NT 10.0; Win64; x64) AppleWebKit/537.36 (KHTML, like Gecko) Chrome/119.0.0.0 Safari/537.36 OPR/105.0.0.0" 530 **0/530622**
74.7.241.2 - - [16/Mar/2026:06:22:47 -0700] "GET /sitemap.xml?fileloc=//proc/84694/net/dev_mcast&path=//proc/84694/net HTTP/2.0" 200 2274 "https://statusplan.com/sitemap.xml?path=//proc/84694/net" "Mozilla/5.0 AppleWebKit/537.36 (KHTML, like Gecko; compatible; GPTBot/1.3; +https://openai.com/gptbot)" 474 **0/474629**
57.141.6.20 - - [16/Mar/2026:06:22:48 -0700] "GET /products/parrilla/17718538/ HTTP/2.0" 200 63518 "-" "meta-externalagent/1.1 (+https://developers.facebook.com/docs/sharing/webmasters/crawler)" 521 **0/521967**
57.141.6.29 - - [16/Mar/2026:06:22:48 -0700] "GET /products/laker-championship-hats/23318041/ HTTP/2.0" 200 63518 "-" "meta-externalagent/1.1 (+https://developers.facebook.com/docs/sharing/webmasters/crawler)" 263 **0/263243**
24.158.148.179 - - [16/Mar/2026:06:22:49 -0700] "GET /?fileloc=%2Fhome%2Fworkshopbrain%2Fpublic_html%2Fwp-content%2Fplugins%2Fwp-video-lightbox%2Fmisc_functions.php&path=%2Fhome%2Fworkshopbrain%2Fpublic_html%2Fwp-content%2Fplugins%2Fwp-video-lightbox HTTP/2.0" 200 5155 "http://www.baidu.com/" "Mozilla/5.0 (Macintosh; Intel Mac OS X 10_15_7) AppleWebKit/537.36 (KHTML, like Gecko) Chrome/124.0.0.0 Safari/537.36 OPR/110.0.0.0" 315 **0/315790**
74.7.241.2 - - [16/Mar/2026:06:22:50 -0700] "GET /sitemap.xml?fileloc=//proc/84693/net/dev_mcast&path=//proc/84693/net HTTP/2.0" 200 2274 "https://statusplan.com/sitemap.xml?path=//proc/84693/net" "Mozilla/5.0 AppleWebKit/537.36 (KHTML, like Gecko; compatible; GPTBot/1.3; +https://openai.com/gptbot)" 286 **0/286046**
70.115.53.224 - - [16/Mar/2026:06:22:52 -0700] "GET /1win-colombia-340/?fileloc=%2Fhome%2Fworkshopbrain%2Fpublic_html%2Fstatusplan.com%2Fwp-admin%2Fincludes%2Fclass-wp-media-list-table.php&path=%2Fhome%2Fworkshopbrain%2Fpublic_html%2Fstatusplan.com%2Fwp-admin%2Fincludes HTTP/2.0" 200 8748 "https://www.statusplan.com/" "Mozilla/5.0 (Windows NT 10.0; Win64; x64) AppleWebKit/537.36 (KHTML, like Gecko) Chrome/119.0.0.0 Safari/537.36 OPR/105.0.0.0" 314 **0/314641**
57.141.6.39 - - [16/Mar/2026:06:22:53 -0700] "GET /products/130-in-upland-today-2026-01-ford-smart-remote-duplicate-copy/38949811/ HTTP/2.0" 200 63518 "-" "meta-externalagent/1.1 (+https://developers.facebook.com/docs/sharing/webmasters/crawler)" 273 **0/273792**
47.128.120.190 - - [16/Mar/2026:06:22:53 -0700] "GET /?fileloc=%2F%2Fusr%2Flib%2Flocale%2Fde_BE.utf8%2FLC_MONETARY&path=%2F%2Fusr%2Flib%2Flocale%2Fde_BE.utf8 HTTP/2.0" 200 2297 "-" "Mozilla/5.0 (Linux; Android 5.0) AppleWebKit/537.36 (KHTML, like Gecko) Mobile Safari/537.36 (compatible; TikTokSpider; ttspider-feedback@tiktok.com)" 306 **0/306435**
74.7.241.2 - - [16/Mar/2026:06:22:53 -0700] "GET /sitemap.xml?fileloc=//proc/84715/net/xfrm_stat&path=//proc/84715/net HTTP/2.0" 200 2276 "https://statusplan.com/sitemap.xml?path=//proc/84715/net" "Mozilla/5.0 AppleWebKit/537.36 (KHTML, like Gecko; compatible; GPTBot/1.3; +https://openai.com/gptbot)" 393 **0/393249**
57.141.6.12 - - [16/Mar/2026:06:22:55 -0700] "GET /products/dinner-table-set-6pcs-on-sale-gray/18643147/ HTTP/2.0" 200 63518 "-" "meta-externalagent/1.1 (+https://developers.facebook.com/docs/sharing/webmasters/crawler)" 278 **0/278337**
74.7.241.2 - - [16/Mar/2026:06:22:56 -0700] "GET /sitemap.xml?fileloc=//proc/84712/net/dev_mcast&path=//proc/84712/net HTTP/2.0" 200 2276 "https://statusplan.com/sitemap.xml?path=//proc/84712/net" "Mozilla/5.0 AppleWebKit/537.36 (KHTML, like Gecko; compatible; GPTBot/1.3; +https://openai.com/gptbot)" 517 **0/517591**
70.115.53.224 - - [16/Mar/2026:06:22:58 -0700] "GET /1win-colombia-340/?fileloc=%2Fhome%2Fworkshopbrain%2Fpublic_html%2Fwp-admin%2Fcss%2Fl10n-rtl.min.css&path=%2Fhome%2Fworkshopbrain%2Fpublic_html%2Fwp-admin%2Fcss HTTP/2.0" 200 2857 "https://www.statusplan.com/" "Mozilla/5.0 (Windows NT 10.0; Win64; x64) AppleWebKit/537.36 (KHTML, like Gecko) Chrome/119.0.0.0 Safari/537.36 OPR/105.0.0.0" 568 **0/568828**
74.7.241.2 - - [16/Mar/2026:06:22:59 -0700] "GET /sitemap.xml?fileloc=//proc/84693/net/xfrm_stat&path=//proc/84693/net HTTP/2.0" 200 2274 "https://statusplan.com/sitemap.xml?path=//proc/84693/net" "Mozilla/5.0 AppleWebKit/537.36 (KHTML, like Gecko; compatible; GPTBot/1.3; +https://openai.com/gptbot)" 241 **0/241115**
76.36.208.10 - - [16/Mar/2026:06:22:59 -0700] "GET /?fileloc=%2F%2Fproc%2F1084189%2Fstat&path=%2F%2Fproc%2F1084189 HTTP/2.0" 200 2263 "https://www.statusplan.com/" "Mozilla/5.0 (Windows NT 10.0; Win64; x64) AppleWebKit/537.36 (KHTML, like Gecko) Chrome/119.0.0.0 Safari/537.36 OPR/105.0.0.0" 303 **0/303803**
57.141.6.46 - - [16/Mar/2026:06:22:59 -0700] "GET /products/baby-bouncer/30129538/ HTTP/2.0" 200 63518 "-" "meta-externalagent/1.1 (+https://developers.facebook.com/docs/sharing/webmasters/crawler)" 244 **0/244399**
57.141.6.40 - - [16/Mar/2026:06:23:00 -0700] "GET /products/mens-leather-jacket/49332400/ HTTP/2.0" 200 63518 "-" "meta-externalagent/1.1 (+https://developers.facebook.com/docs/sharing/webmasters/crawler)" 300 **0/300880**
57.141.6.50 - - [16/Mar/2026:06:23:02 -0700] "GET /products/cube-bookcase-with-2-large-drawer/27454159/ HTTP/2.0" 200 63518 "-" "meta-externalagent/1.1 (+https://developers.facebook.com/docs/sharing/webmasters/crawler)" 290 **0/290093**
74.7.241.2 - - [16/Mar/2026:06:23:03 -0700] "GET /sitemap.xml?fileloc=//proc/84715/net/dev_mcast&path=//proc/84715/net HTTP/2.0" 200 2276 "https://statusplan.com/sitemap.xml?path=//proc/84715/net" "Mozilla/5.0 AppleWebKit/537.36 (KHTML, like Gecko; compatible; GPTBot/1.3; +https://openai.com/gptbot)" 317 **0/317693**
57.141.6.12 - - [16/Mar/2026:06:23:04 -0700] "GET /products/princess-house/19964551/ HTTP/2.0" 200 63518 "-" "meta-externalagent/1.1 (+https://developers.facebook.com/docs/sharing/webmasters/crawler)" 250 **0/250268**
74.7.241.2 - - [16/Mar/2026:06:23:06 -0700] "GET /sitemap.xml?fileloc=//proc/84714/net/dev_mcast&path=//proc/84714/net HTTP/2.0" 200 2276 "https://statusplan.com/sitemap.xml?path=//proc/84714/net" "Mozilla/5.0 AppleWebKit/537.36 (KHTML, like Gecko; compatible; GPTBot/1.3; +https://openai.com/gptbot)" 295 **0/295531**
57.141.6.39 - - [16/Mar/2026:06:23:07 -0700] "GET /products/adidas-tmac-svsm/16039000/ HTTP/2.0" 200 63518 "-" "meta-externalagent/1.1 (+https://developers.facebook.com/docs/sharing/webmasters/crawler)" 301 **0/301494**
74.7.241.2 - - [16/Mar/2026:06:23:09 -0700] "GET /sitemap.xml?fileloc=//proc/84716/net/xfrm_stat&path=//proc/84716/net HTTP/2.0" 200 2273 "https://statusplan.com/sitemap.xml?path=//proc/84716/net" "Mozilla/5.0 AppleWebKit/537.36 (KHTML, like Gecko; compatible; GPTBot/1.3; +https://openai.com/gptbot)" 260 **0/260818**
57.141.6.66 - - [16/Mar/2026:06:23:09 -0700] "GET /products/spal-fan-65in-new/21115246/ HTTP/2.0" 200 63518 "-" "meta-externalagent/1.1 (+https://developers.facebook.com/docs/sharing/webmasters/crawler)" 263 **0/263056**
24.158.148.179 - - [16/Mar/2026:06:23:09 -0700] "GET /?fileloc=%2F%2Fusr%2Fshare%2Flocale%2Fsr%40latin%2FLC_MESSAGES%2Flibdnf.mo&path=%2F%2Fusr%2Fshare%2Flocale%2Fsr%40latin%2FLC_MESSAGES HTTP/2.0" 200 2306 "http://www.baidu.com/" "Mozilla/5.0 (Macintosh; Intel Mac OS X 10_15_7) AppleWebKit/537.36 (KHTML, like Gecko) Chrome/124.0.0.0 Safari/537.36 OPR/110.0.0.0" 353 **0/353689**
76.36.208.10 - - [16/Mar/2026:06:23:10 -0700] "GET /?fileloc=%2F%2Fproc%2Firq%2F52%2Faffinity_hint&path=%2F%2Fproc%2Firq%2F52 HTTP/2.0" 200 2277 "https://www.statusplan.com/" "Mozilla/5.0 (Windows NT 10.0; Win64; x64) AppleWebKit/537.36 (KHTML, like Gecko) Chrome/119.0.0.0 Safari/537.36 OPR/105.0.0.0" 332 **0/332560**
57.141.6.54 - - [16/Mar/2026:06:23:11 -0700] "GET /products/2018-to-2020-volkswagen-tiguan-rear-bumper-cover-center-mold/28821196/ HTTP/2.0" 200 63518 "-" "meta-externalagent/1.1 (+https://developers.facebook.com/docs/sharing/webmasters/crawler)" 256 **0/256595**
74.7.241.2 - - [16/Mar/2026:06:23:12 -0700] "GET /sitemap.xml?fileloc=//proc/84712/net/xfrm_stat&path=//proc/84712/net HTTP/2.0" 200 2276 "https://statusplan.com/sitemap.xml?path=//proc/84712/net" "Mozilla/5.0 AppleWebKit/537.36 (KHTML, like Gecko; compatible; GPTBot/1.3; +https://openai.com/gptbot)" 477 **0/477822**
70.115.53.224 - - [16/Mar/2026:06:23:13 -0700] "GET /?fileloc=%2Fhome%2Fworkshopbrain%2Fmail%2Fcur%2F1488835626.M17228P902859.a2plcpnl0562.prod.iad2.secureserver.net%2CS=3326%2CW=3402%3A2%2C&path=%2Fhome%2Fworkshopbrain%2Fmail%2Fcur HTTP/2.0" 200 3493 "https://www.statusplan.com/" "Mozilla/5.0 (Windows NT 10.0; Win64; x64) AppleWebKit/537.36 (KHTML, like Gecko) Chrome/119.0.0.0 Safari/537.36 OPR/105.0.0.0" 354 **0/354048**
66.249.68.128 - - [16/Mar/2026:06:23:14 -0700] "GET /?products/throne-29r-front-wheel/39697873/ HTTP/1.1" 200 22129 "-" "Mozilla/5.0 (Linux; Android 6.0.1; Nexus 5X Build/MMB29P) AppleWebKit/537.36 (KHTML, like Gecko) Chrome/145.0.7632.116 Mobile Safari/537.36 (compatible; Googlebot/2.1; +http://www.google.com/bot.html)" 253 **0/253621**
74.7.241.2 - - [16/Mar/2026:06:23:15 -0700] "GET /sitemap.xml?fileloc=//proc/84721/net/dev_mcast&path=//proc/84721/net HTTP/2.0" 200 2276 "https://statusplan.com/sitemap.xml?path=//proc/84721/net" "Mozilla/5.0 AppleWebKit/537.36 (KHTML, like Gecko; compatible; GPTBot/1.3; +https://openai.com/gptbot)" 260 **0/260326**
57.141.6.71 - - [16/Mar/2026:06:23:16 -0700] "GET /products/new-mattresses/10384141/ HTTP/2.0" 200 63518 "-" "meta-externalagent/1.1 (+https://developers.facebook.com/docs/sharing/webmasters/crawler)" 248 **0/248462**
57.141.6.38 - - [16/Mar/2026:06:23:16 -0700] "GET /products/official-first-day-cover-walt-disney-show-man-of-the-world/31055554/ HTTP/2.0" 200 63518 "-" "meta-externalagent/1.1 (+https://developers.facebook.com/docs/sharing/webmasters/crawler)" 230 **0/230948**
24.158.148.179 - - [16/Mar/2026:06:23:17 -0700] "GET /1win-colombia-340/?fileloc=%2F%2Fproc%2F1008896%2Fcwd%2Fusr%2Flib64%2Flibdav1d.so.3.1.0&path=%2F%2Fproc%2F1008896%2Fcwd%2Fusr%2Flib64 HTTP/2.0" 200 2300 "http://www.baidu.com/" "Mozilla/5.0 (Macintosh; Intel Mac OS X 10_15_7) AppleWebKit/537.36 (KHTML, like Gecko) Chrome/124.0.0.0 Safari/537.36 OPR/110.0.0.0" 341 **0/341925**
47.128.120.171 - - [16/Mar/2026:06:23:18 -0700] "GET /?fileloc=%2F%2Fusr%2Flib%2Fkbd%2Fconsolefonts%2FCyr_a8x16.psfu.gz&path=%2F%2Fusr%2Flib%2Fkbd%2Fconsolefonts HTTP/2.0" 200 2292 "-" "Mozilla/5.0 (Linux; Android 5.0) AppleWebKit/537.36 (KHTML, like Gecko) Mobile Safari/537.36 (compatible; TikTokSpider; ttspider-feedback@tiktok.com)" 265 **0/265526**
74.7.241.2 - - [16/Mar/2026:06:23:18 -0700] "GET /sitemap.xml?fileloc=//proc/84716/net/dev_mcast&path=//proc/84716/net HTTP/2.0" 200 2276 "https://statusplan.com/sitemap.xml?path=//proc/84716/net" "Mozilla/5.0 AppleWebKit/537.36 (KHTML, like Gecko; compatible; GPTBot/1.3; +https://openai.com/gptbot)" 279 **0/279857**
57.141.6.72 - - [16/Mar/2026:06:23:19 -0700] "GET /products/new-wedding-backdrops-bouquets-bouts-centerpieces/21879184/ HTTP/2.0" 200 63518 "-" "meta-externalagent/1.1 (+https://developers.facebook.com/docs/sharing/webmasters/crawler)" 285 **0/285801**
94.239.38.214 - - [16/Mar/2026:06:23:19 -0700] "GET /1win-colombia-340/?fileloc=%2Fhome%2Fworkshopbrain%2Fpublic_html%2Fned%2Fwp-admin%2Fsetup-config.php&path=%2Fhome%2Fworkshopbrain%2Fpublic_html%2Fned%2Fwp-admin HTTP/1.1" 200 2289 "http://www.baidu.com/" "Mozilla/5.0 (X11; Linux x86_64) AppleWebKit/537.36 (KHTML, like Gecko) Chrome/110.0.5478.0 Safari/537.36" 450 **0/450621**
57.141.6.40 - - [16/Mar/2026:06:23:21 -0700] "GET /products/redline-proline-mini/46331920/ HTTP/2.0" 200 63518 "-" "meta-externalagent/1.1 (+https://developers.facebook.com/docs/sharing/webmasters/crawler)" 441 **0/441543**
74.7.241.2 - - [16/Mar/2026:06:23:21 -0700] "GET /sitemap.xml?fileloc=//proc/84694/net/packet&path=//proc/84694/net HTTP/2.0" 200 2273 "https://statusplan.com/sitemap.xml?path=//proc/84694/net" "Mozilla/5.0 AppleWebKit/537.36 (KHTML, like Gecko; compatible; GPTBot/1.3; +https://openai.com/gptbot)" 283 **0/283813**
70.115.53.224 - - [16/Mar/2026:06:23:23 -0700] "GET /?fileloc=%2Fhome%2Fworkshopbrain%2Fpublic_html%2Fletters2trump%2Fwp-includes%2Fcss%2Fdashicons.css&path=%2Fhome%2Fworkshopbrain%2Fpublic_html%2Fletters2trump%2Fwp-includes%2Fcss HTTP/2.0" 200 37598 "https://www.statusplan.com/" "Mozilla/5.0 (Windows NT 10.0; Win64; x64) AppleWebKit/537.36 (KHTML, like Gecko) Chrome/119.0.0.0 Safari/537.36 OPR/105.0.0.0" 349 **0/349946**
57.141.6.10 - - [16/Mar/2026:06:23:23 -0700] "GET /products/yamaha-wr250r-rear-wheelrim/11401969/ HTTP/2.0" 200 63518 "-" "meta-externalagent/1.1 (+https://developers.facebook.com/docs/sharing/webmasters/crawler)" 276 **0/276418**
74.7.241.2 - - [16/Mar/2026:06:23:25 -0700] "GET /sitemap.xml?fileloc=//proc/84714/net/packet&path=//proc/84714/net HTTP/2.0" 200 2272 "https://statusplan.com/sitemap.xml?path=//proc/84714/net" "Mozilla/5.0 AppleWebKit/537.36 (KHTML, like Gecko; compatible; GPTBot/1.3; +https://openai.com/gptbot)" 254 **0/254897**
57.141.6.69 - - [16/Mar/2026:06:23:26 -0700] "GET /products/nascar-diecast-cars/41106259/ HTTP/2.0" 200 63518 "-" "meta-externalagent/1.1 (+https://developers.facebook.com/docs/sharing/webmasters/crawler)" 579 **0/579333**
94.239.38.214 - - [16/Mar/2026:06:23:28 -0700] "GET /1win-colombia-340/?fileloc=%2Fhome%2Fworkshopbrain%2Fpublic_html%2Fddcm%2Fwp-includes%2Fhttps-migration.php&path=%2Fhome%2Fworkshopbrain%2Fpublic_html%2Fddcm%2Fwp-includes HTTP/1.1" 200 3774 "https://www.statusplan.com/" "Mozilla/5.0 (X11; Linux x86_64) AppleWebKit/537.36 (KHTML, like Gecko) Chrome/110.0.5478.0 Safari/537.36" 308 **0/308952**
74.7.241.2 - - [16/Mar/2026:06:23:28 -0700] "GET /sitemap.xml?fileloc=//proc/84694/net/mcfilter&path=//proc/84694/net HTTP/2.0" 200 2274 "https://statusplan.com/sitemap.xml?path=//proc/84694/net" "Mozilla/5.0 AppleWebKit/537.36 (KHTML, like Gecko; compatible; GPTBot/1.3; +https://openai.com/gptbot)" 485 **0/485896**
57.141.6.19 - - [16/Mar/2026:06:23:28 -0700] "GET /products/commercial-meatball-machine/34428700/ HTTP/2.0" 200 63518 "-" "meta-externalagent/1.1 (+https://developers.facebook.com/docs/sharing/webmasters/crawler)" 261 **0/261169**
57.141.6.17 - - [16/Mar/2026:06:23:30 -0700] "GET /products/jordan-retro-9-size-105/16172623/ HTTP/2.0" 200 63518 "-" "meta-externalagent/1.1 (+https://developers.facebook.com/docs/sharing/webmasters/crawler)" 262 **0/262644**
70.115.53.224 - - [16/Mar/2026:06:23:31 -0700] "GET /1win-online-59/ HTTP/2.0" 200 3566 "https://www.statusplan.com/" "Mozilla/5.0 (Windows NT 10.0; Win64; x64) AppleWebKit/537.36 (KHTML, like Gecko) Chrome/119.0.0.0 Safari/537.36 OPR/105.0.0.0" 303 **0/303258**
74.7.241.2 - - [16/Mar/2026:06:23:31 -0700] "GET /sitemap.xml?fileloc=//proc/84714/net/mcfilter&path=//proc/84714/net HTTP/2.0" 200 2273 "https://statusplan.com/sitemap.xml?path=//proc/84714/net" "Mozilla/5.0 AppleWebKit/537.36 (KHTML, like Gecko; compatible; GPTBot/1.3; +https://openai.com/gptbot)" 266 **0/266185**
57.141.6.52 - - [16/Mar/2026:06:23:33 -0700] "GET /products/conference-table-gray-8/42688924/ HTTP/2.0" 200 63518 "-" "meta-externalagent/1.1 (+https://developers.facebook.com/docs/sharing/webmasters/crawler)" 251 **0/251380**
74.7.241.2 - - [16/Mar/2026:06:23:34 -0700] "GET /sitemap.xml?fileloc=//proc/84714/net/ptype&path=//proc/84714/net HTTP/2.0" 200 2270 "https://statusplan.com/sitemap.xml?path=//proc/84714/net" "Mozilla/5.0 AppleWebKit/537.36 (KHTML, like Gecko; compatible; GPTBot/1.3; +https://openai.com/gptbot)" 260 **0/260615**
104.28.251.80 - - [16/Mar/2026:06:23:35 -0700] "GET /1win-colombia-340/?fileloc=%2F%2Fproc%2F1008896%2Fcwd%2Fusr%2Flib64%2Flibexslt.so.0.8.20&path=%2F%2Fproc%2F1008896%2Fcwd%2Fusr%2Flib64 HTTP/2.0" 200 2299 "https://www.statusplan.com/" "Mozilla/5.0 (Macintosh; Intel Mac OS X 10_15_7) AppleWebKit/605.1.15 (KHTML, like Gecko) Version/17.0 Safari/605.1.15" 350 **0/350366**
54.39.136.110 - - [16/Mar/2026:06:23:36 -0700] "GET /category/1win-register-449/ HTTP/2.0" 200 3566 "-" "Mozilla/5.0 (compatible; AhrefsBot/7.0; +http://ahrefs.com/robot/)" 250 **0/250850**
74.7.241.2 - - [16/Mar/2026:06:23:37 -0700] "GET /sitemap.xml?fileloc=//proc/84694/net/ptype&path=//proc/84694/net HTTP/2.0" 200 2270 "https://statusplan.com/sitemap.xml?path=//proc/84694/net" "Mozilla/5.0 AppleWebKit/537.36 (KHTML, like Gecko; compatible; GPTBot/1.3; +https://openai.com/gptbot)" 488 **0/488120**
94.239.38.214 - - [16/Mar/2026:06:23:39 -0700] "GET /?fileloc=%2Fhome%2Fworkshopbrain%2F.razor%2Fservers.catalogue.lst&path=%2Fhome%2Fworkshopbrain%2F.razor HTTP/1.1" 200 2288 "http://www.baidu.com/" "Mozilla/5.0 (X11; Linux x86_64) AppleWebKit/537.36 (KHTML, like Gecko) Chrome/110.0.5478.0 Safari/537.36" 545 **0/545971**
57.141.6.72 - - [16/Mar/2026:06:23:39 -0700] "GET /products/stitched-raiders-football-jersey/36606274/ HTTP/2.0" 200 63518 "-" "meta-externalagent/1.1 (+https://developers.facebook.com/docs/sharing/webmasters/crawler)" 229 **0/229282**
74.7.241.2 - - [16/Mar/2026:06:23:41 -0700] "GET /sitemap.xml?fileloc=//proc/84714/net/rt_cache&path=//proc/84714/net HTTP/2.0" 200 2271 "https://statusplan.com/sitemap.xml?path=//proc/84714/net" "Mozilla/5.0 AppleWebKit/537.36 (KHTML, like Gecko; compatible; GPTBot/1.3; +https://openai.com/gptbot)" 244 **0/244795**
57.141.6.17 - - [16/Mar/2026:06:23:41 -0700] "GET /products/new-samsung-front-load-washer-45-cubic-feet/14652874/ HTTP/2.0" 200 63518 "-" "meta-externalagent/1.1 (+https://developers.facebook.com/docs/sharing/webmasters/crawler)" 234 **0/234236**
47.128.120.172 - - [16/Mar/2026:06:23:42 -0700] "GET /?fileloc=%2F%2Fusr%2Fshare%2Fnano%2Fsh.nanorc&path=%2F%2Fusr%2Fshare%2Fnano HTTP/2.0" 200 3082 "-" "Mozilla/5.0 (Linux; Android 5.0) AppleWebKit/537.36 (KHTML, like Gecko) Mobile Safari/537.36 (compatible; TikTokSpider; ttspider-feedback@tiktok.com)" 302 **0/302713**
104.28.251.80 - - [16/Mar/2026:06:23:43 -0700] "GET /?path=%2F%2Fusr%2Flib%2Ffirmware%2Frtw89 HTTP/2.0" 200 2893 "https://www.bing.com/" "Mozilla/5.0 (Macintosh; Intel Mac OS X 10_15_7) AppleWebKit/605.1.15 (KHTML, like Gecko) Version/17.0 Safari/605.1.15" 392 **0/392601**
74.7.241.2 - - [16/Mar/2026:06:23:44 -0700] "GET /sitemap.xml?fileloc=//proc/84694/net/rt_cache&path=//proc/84694/net HTTP/2.0" 200 2273 "https://statusplan.com/sitemap.xml?path=//proc/84694/net" "Mozilla/5.0 AppleWebKit/537.36 (KHTML, like Gecko; compatible; GPTBot/1.3; +https://openai.com/gptbot)" 411 **0/411320**
66.249.68.136 - - [16/Mar/2026:06:23:45 -0700] "GET /?products/trek-marlin-5/32312320/ HTTP/1.1" 200 21273 "-" "Mozilla/5.0 (Linux; Android 6.0.1; Nexus 5X Build/MMB29P) AppleWebKit/537.36 (KHTML, like Gecko) Chrome/145.0.7632.116 Mobile Safari/537.36 (compatible; Googlebot/2.1; +http://www.google.com/bot.html)" 272 **0/272598**
76.36.208.10 - - [16/Mar/2026:06:23:46 -0700] "GET /1win-colombia-340/?fileloc=%2F%2Fbin%2Fsftp&path=%2F%2Fbin HTTP/2.0" 200 2247 "https://www.statusplan.com/" "Mozilla/5.0 (Windows NT 10.0; Win64; x64) AppleWebKit/537.36 (KHTML, like Gecko) Chrome/119.0.0.0 Safari/537.36 OPR/105.0.0.0" 331 **0/331390**
74.7.241.2 - - [16/Mar/2026:06:23:47 -0700] "GET /sitemap.xml?fileloc=//proc/84721/net/rt_cache&path=//proc/84721/net HTTP/2.0" 200 2271 "https://statusplan.com/sitemap.xml?path=//proc/84721/net" "Mozilla/5.0 AppleWebKit/537.36 (KHTML, like Gecko; compatible; GPTBot/1.3; +https://openai.com/gptbot)" 277 **0/277413**
57.141.6.35 - - [16/Mar/2026:06:23:47 -0700] "GET /products/outdoor-table/13066051/ HTTP/2.0" 200 63518 "-" "meta-externalagent/1.1 (+https://developers.facebook.com/docs/sharing/webmasters/crawler)" 276 **0/276340**
57.141.6.64 - - [16/Mar/2026:06:23:49 -0700] "GET /products/luses/12987448/ HTTP/2.0" 200 63518 "-" "meta-externalagent/1.1 (+https://developers.facebook.com/docs/sharing/webmasters/crawler)" 249 **0/249600**
74.7.241.2 - - [16/Mar/2026:06:23:50 -0700] "GET /sitemap.xml?fileloc=//proc/84721/net/rt_acct&path=//proc/84721/net HTTP/2.0" 200 2270 "https://statusplan.com/sitemap.xml?path=//proc/84721/net" "Mozilla/5.0 AppleWebKit/537.36 (KHTML, like Gecko; compatible; GPTBot/1.3; +https://openai.com/gptbot)" 293 **0/293422**
24.158.148.179 - - [16/Mar/2026:06:23:51 -0700] "GET /?fileloc=%2Fhome%2Fworkshopbrain%2Fpublic_html%2Flocalleasing%2Fwp-admin%2Fnetwork%2Fsite-settings.php&path=%2Fhome%2Fworkshopbrain%2Fpublic_html%2Flocalleasing%2Fwp-admin%2Fnetwork HTTP/2.0" 200 5040 "http://www.baidu.com/" "Mozilla/5.0 (Macintosh; Intel Mac OS X 10_15_7) AppleWebKit/537.36 (KHTML, like Gecko) Chrome/124.0.0.0 Safari/537.36 OPR/110.0.0.0" 540 **0/540896**
57.141.6.34 - - [16/Mar/2026:06:23:51 -0700] "GET /products/french-frys-cooler-and-fridge/35826208/ HTTP/2.0" 200 63518 "-" "meta-externalagent/1.1 (+https://developers.facebook.com/docs/sharing/webmasters/crawler)" 256 **0/256661**
74.7.241.2 - - [16/Mar/2026:06:23:53 -0700] "GET /sitemap.xml?fileloc=//proc/84716/net/rt_cache&path=//proc/84716/net HTTP/2.0" 200 2271 "https://statusplan.com/sitemap.xml?path=//proc/84716/net" "Mozilla/5.0 AppleWebKit/537.36 (KHTML, like Gecko; compatible; GPTBot/1.3; +https://openai.com/gptbot)" 242 **0/242034**
57.141.6.34 - - [16/Mar/2026:06:23:53 -0700] "GET /products/adidas-wales-bonner-size-75-women/18103846/ HTTP/2.0" 200 63518 "-" "meta-externalagent/1.1 (+https://developers.facebook.com/docs/sharing/webmasters/crawler)" 230 **0/230526**
57.141.6.68 - - [16/Mar/2026:06:23:53 -0700] "GET /products/pool-family-intex/14235436/ HTTP/2.0" 200 63518 "-" "meta-externalagent/1.1 (+https://developers.facebook.com/docs/sharing/webmasters/crawler)" 235 **0/235294**
104.28.251.80 - - [16/Mar/2026:06:23:54 -0700] "GET /?fileloc=%2F%2Fusr%2Flib%2Ffirmware%2Fiwlwifi-Qu-b0-jf-b0-66.ucode&path=%2F%2Fusr%2Flib%2Ffirmware HTTP/2.0" 200 2290 "https://www.statusplan.com/" "Mozilla/5.0 (Macintosh; Intel Mac OS X 10_15_7) AppleWebKit/605.1.15 (KHTML, like Gecko) Version/17.0 Safari/605.1.15" 313 **0/313144**
57.141.6.3 - - [16/Mar/2026:06:23:55 -0700] "GET /products/diy-project-granite-slab-33x16-36-sq-ft-1-inch-thick/12222922/ HTTP/2.0" 200 63518 "-" "meta-externalagent/1.1 (+https://developers.facebook.com/docs/sharing/webmasters/crawler)" 512 **0/512699**
57.141.6.66 - - [16/Mar/2026:06:23:56 -0700] "GET /products/metal-detector/34199254/ HTTP/2.0" 200 63518 "-" "meta-externalagent/1.1 (+https://developers.facebook.com/docs/sharing/webmasters/crawler)" 301 **0/301769**
74.7.241.2 - - [16/Mar/2026:06:23:56 -0700] "GET /sitemap.xml?fileloc=//proc/84694/net/fib_trie&path=//proc/84694/net HTTP/2.0" 200 2274 "https://statusplan.com/sitemap.xml?path=//proc/84694/net" "Mozilla/5.0 AppleWebKit/537.36 (KHTML, like Gecko; compatible; GPTBot/1.3; +https://openai.com/gptbot)" 237 **0/237863**
114.119.151.219 - - [16/Mar/2026:06:23:57 -0700] "GET /?p=7446722 HTTP/1.1" 200 4180 "https://statusplan.com?sitemap-8.xml" "Mozilla/5.0 (Linux; Android 7.0;) AppleWebKit/537.36 (KHTML, like Gecko) Mobile Safari/537.36 (compatible; PetalBot;+https://webmaster.petalsearch.com/site/petalbot)" 250 **0/250197**
57.141.6.7 - - [16/Mar/2026:06:23:57 -0700] "GET /products/peter-millar-button-up/16408852/ HTTP/2.0" 200 63518 "-" "meta-externalagent/1.1 (+https://developers.facebook.com/docs/sharing/webmasters/crawler)" 485 **0/485332**
70.115.53.224 - - [16/Mar/2026:06:23:58 -0700] "GET /1win-colombia-340/?fileloc=%2Fhome%2Fworkshopbrain%2Fpublic_html%2Fstatusplan.com%2F.well-known%2Facme-challenge%2Fggyzyzgv.php&path=%2Fhome%2Fworkshopbrain%2Fpublic_html%2Fstatusplan.com%2F.well-known%2Facme-challenge HTTP/2.0" 200 2315 "https://www.statusplan.com/" "Mozilla/5.0 (Windows NT 10.0; Win64; x64) AppleWebKit/537.36 (KHTML, like Gecko) Chrome/119.0.0.0 Safari/537.36 OPR/105.0.0.0" 299 **0/299913**
74.7.241.2 - - [16/Mar/2026:06:23:59 -0700] "GET /sitemap.xml?fileloc=//proc/84715/net/rt_cache&path=//proc/84715/net HTTP/2.0" 200 2271 "https://statusplan.com/sitemap.xml?path=//proc/84715/net" "Mozilla/5.0 AppleWebKit/537.36 (KHTML, like Gecko; compatible; GPTBot/1.3; +https://openai.com/gptbot)" 268 **0/268998**
76.36.208.10 - - [16/Mar/2026:06:24:00 -0700] "GET /1win-colombia-340/?fileloc=%2F%2Fproc%2F1008896%2Fcwd%2Fusr%2Flib64%2Fp11-kit-trust.so&path=%2F%2Fproc%2F1008896%2Fcwd%2Fusr%2Flib64 HTTP/2.0" 200 2299 "https://www.statusplan.com/" "Mozilla/5.0 (Windows NT 10.0; Win64; x64) AppleWebKit/537.36 (KHTML, like Gecko) Chrome/119.0.0.0 Safari/537.36 OPR/105.0.0.0" 313 **0/313125**
74.7.241.2 - - [16/Mar/2026:06:24:03 -0700] "GET /sitemap.xml?fileloc=//proc/84712/net/rt_cache&path=//proc/84712/net HTTP/2.0" 200 2271 "https://statusplan.com/sitemap.xml?path=//proc/84712/net" "Mozilla/5.0 AppleWebKit/537.36 (KHTML, like Gecko; compatible; GPTBot/1.3; +https://openai.com/gptbot)" 263 **0/263003**
57.141.6.43 - - [16/Mar/2026:06:24:04 -0700] "GET /products/ev-charger-cable-used-twice/16757998/ HTTP/2.0" 200 63518 "-" "meta-externalagent/1.1 (+https://developers.facebook.com/docs/sharing/webmasters/crawler)" 298 **0/298343**
74.7.241.2 - - [16/Mar/2026:06:24:06 -0700] "GET /sitemap.xml?fileloc=//proc/84712/net/rt_acct&path=//proc/84712/net HTTP/2.0" 200 2270 "https://statusplan.com/sitemap.xml?path=//proc/84712/net" "Mozilla/5.0 AppleWebKit/537.36 (KHTML, like Gecko; compatible; GPTBot/1.3; +https://openai.com/gptbot)" 265 **0/265735**
47.128.120.184 - - [16/Mar/2026:06:24:07 -0700] "GET /?path=%2F%2Flib%2Ffirmware%2Fath10k%2FQCA988X HTTP/2.0" 200 2580 "-" "Mozilla/5.0 (Linux; Android 5.0) AppleWebKit/537.36 (KHTML, like Gecko) Mobile Safari/537.36 (compatible; TikTokSpider; ttspider-feedback@tiktok.com)" 307 **0/307136**
76.36.208.10 - - [16/Mar/2026:06:24:08 -0700] "GET /?fileloc=%2Fhome%2Fworkshopbrain%2Fpublic_html%2Foxford%2Fwp-admin%2Fcss%2Flogin.css&path=%2Fhome%2Fworkshopbrain%2Fpublic_html%2Foxford%2Fwp-admin%2Fcss HTTP/2.0" 200 3561 "https://www.bing.com/" "Mozilla/5.0 (Windows NT 10.0; Win64; x64) AppleWebKit/537.36 (KHTML, like Gecko) Chrome/119.0.0.0 Safari/537.36 OPR/105.0.0.0" 410 **0/410482**
57.141.6.32 - - [16/Mar/2026:06:24:08 -0700] "GET /products/dodgers-jersey/36404947/ HTTP/2.0" 200 63518 "-" "meta-externalagent/1.1 (+https://developers.facebook.com/docs/sharing/webmasters/crawler)" 271 **0/271740**
74.7.241.2 - - [16/Mar/2026:06:24:09 -0700] "GET /sitemap.xml?fileloc=//proc/84716/net/rt_acct&path=//proc/84716/net HTTP/2.0" 200 2269 "https://statusplan.com/sitemap.xml?path=//proc/84716/net" "Mozilla/5.0 AppleWebKit/537.36 (KHTML, like Gecko; compatible; GPTBot/1.3; +https://openai.com/gptbot)" 253 **0/253993**
57.141.6.34 - - [16/Mar/2026:06:24:09 -0700] "GET /products/hifonics-3200-watts-bass-monoblock-1-channel-amplifier-with/44888212/ HTTP/2.0" 200 63518 "-" "meta-externalagent/1.1 (+https://developers.facebook.com/docs/sharing/webmasters/crawler)" 241 **0/241145**
24.158.148.179 - - [16/Mar/2026:06:24:09 -0700] "GET /1win-colombia-340/?path=%2Fhome%2Fworkshopbrain%2Fpublic_html%2Fcolumbia%2F.well-known HTTP/2.0" 200 2750 "https://www.statusplan.com/" "Mozilla/5.0 (Macintosh; Intel Mac OS X 10_15_7) AppleWebKit/537.36 (KHTML, like Gecko) Chrome/124.0.0.0 Safari/537.36 OPR/110.0.0.0" 534 **0/534164**
57.141.6.19 - - [16/Mar/2026:06:24:11 -0700] "GET /products/2154517-land-spider-new-tire-set/29312470/ HTTP/2.0" 200 63518 "-" "meta-externalagent/1.1 (+https://developers.facebook.com/docs/sharing/webmasters/crawler)" 265 **0/265592**
74.7.241.2 - - [16/Mar/2026:06:24:12 -0700] "GET /sitemap.xml?fileloc=//proc/84693/net/rt_cache&path=//proc/84693/net HTTP/2.0" 200 2273 "https://statusplan.com/sitemap.xml?path=//proc/84693/net" "Mozilla/5.0 AppleWebKit/537.36 (KHTML, like Gecko; compatible; GPTBot/1.3; +https://openai.com/gptbot)" 261 **0/261276**
57.141.6.34 - - [16/Mar/2026:06:24:13 -0700] "GET /products/desk-24x48-gray-with-drawers/42974923/ HTTP/2.0" 200 63518 "-" "meta-externalagent/1.1 (+https://developers.facebook.com/docs/sharing/webmasters/crawler)" 273 **0/273264**
57.141.6.63 - - [16/Mar/2026:06:24:13 -0700] "GET /products/l-shaped-desk-with-pedestal-and-glass-modesty/42696883/ HTTP/2.0" 200 63518 "-" "meta-externalagent/1.1 (+https://developers.facebook.com/docs/sharing/webmasters/crawler)" 259 **0/259704**
76.36.208.10 - - [16/Mar/2026:06:24:13 -0700] "GET /?fileloc=%2Fhome%2Fworkshopbrain%2Fpublic_html%2Fshea%2Fwp-admin%2Fcss%2Fsite-icon.css&path=%2Fhome%2Fworkshopbrain%2Fpublic_html%2Fshea%2Fwp-admin%2Fcss HTTP/2.0" 200 2539 "https://www.bing.com/" "Mozilla/5.0 (Windows NT 10.0; Win64; x64) AppleWebKit/537.36 (KHTML, like Gecko) Chrome/119.0.0.0 Safari/537.36 OPR/105.0.0.0" 700 **0/700525**
57.141.6.47 - - [16/Mar/2026:06:24:15 -0700] "GET /products/two-seeburg-jukeboxes-complete-but-need-some-work-150-each/19705831/ HTTP/2.0" 200 63518 "-" "meta-externalagent/1.1 (+https://developers.facebook.com/docs/sharing/webmasters/crawler)" 281 **0/281459**
74.7.241.2 - - [16/Mar/2026:06:24:15 -0700] "GET /sitemap.xml?fileloc=//proc/84714/net/fib_trie&path=//proc/84714/net HTTP/2.0" 200 2271 "https://statusplan.com/sitemap.xml?path=//proc/84714/net" "Mozilla/5.0 AppleWebKit/537.36 (KHTML, like Gecko; compatible; GPTBot/1.3; +https://openai.com/gptbot)" 236 **0/236127**
66.249.68.137 - - [16/Mar/2026:06:24:16 -0700] "GET /?products/selimon-300d-top-travel-trailer-rv-cover-with-waterproof-pu/17743444/ HTTP/1.1" 200 22583 "-" "Mozilla/5.0 (Linux; Android 6.0.1; Nexus 5X Build/MMB29P) AppleWebKit/537.36 (KHTML, like Gecko) Chrome/145.0.7632.116 Mobile Safari/537.36 (compatible; Googlebot/2.1; +http://www.google.com/bot.html)" 282 **0/282090**
57.141.6.63 - - [16/Mar/2026:06:24:17 -0700] "GET /products/travis-scott-cactus-trails-assn-t-shirt/28414909/ HTTP/2.0" 200 63518 "-" "meta-externalagent/1.1 (+https://developers.facebook.com/docs/sharing/webmasters/crawler)" 269 **0/269682**
24.158.148.179 - - [16/Mar/2026:06:24:17 -0700] "GET /?fileloc=%2F%2Fproc%2F1028775%2Ftimerslack_ns&path=%2F%2Fproc%2F1028775 HTTP/2.0" 200 2270 "https://www.statusplan.com/" "Mozilla/5.0 (Macintosh; Intel Mac OS X 10_15_7) AppleWebKit/537.36 (KHTML, like Gecko) Chrome/124.0.0.0 Safari/537.36 OPR/110.0.0.0" 548 **0/548796**
74.7.241.2 - - [16/Mar/2026:06:24:18 -0700] "GET /sitemap.xml?fileloc=//proc/84715/net/rt_acct&path=//proc/84715/net HTTP/2.0" 200 2270 "https://statusplan.com/sitemap.xml?path=//proc/84715/net" "Mozilla/5.0 AppleWebKit/537.36 (KHTML, like Gecko; compatible; GPTBot/1.3; +https://openai.com/gptbot)" 270 **0/270615**
57.141.6.24 - - [16/Mar/2026:06:24:19 -0700] "GET /products/peg-perego-travel-system-1-stroller-2-car-seats-1-base-over/28225573/ HTTP/2.0" 200 63518 "-" "meta-externalagent/1.1 (+https://developers.facebook.com/docs/sharing/webmasters/crawler)" 291 **0/291401**
76.36.208.10 - - [16/Mar/2026:06:24:20 -0700] "GET /?fileloc=%2Fhome%2Fworkshopbrain%2Fpublic_html%2Fstatusplan.com%2Fwp-includes%2Fclass-simplepie.php&path=%2Fhome%2Fworkshopbrain%2Fpublic_html%2Fstatusplan.com%2Fwp-includes HTTP/2.0" 200 22377 "https://www.statusplan.com/" "Mozilla/5.0 (Windows NT 10.0; Win64; x64) AppleWebKit/537.36 (KHTML, like Gecko) Chrome/119.0.0.0 Safari/537.36 OPR/105.0.0.0" 366 **0/366647**
74.7.241.2 - - [16/Mar/2026:06:24:21 -0700] "GET /sitemap.xml?fileloc=//proc/84693/net/rt_acct&path=//proc/84693/net HTTP/2.0" 200 2272 "https://statusplan.com/sitemap.xml?path=//proc/84693/net" "Mozilla/5.0 AppleWebKit/537.36 (KHTML, like Gecko; compatible; GPTBot/1.3; +https://openai.com/gptbot)" 264 **0/264767**
57.141.6.64 - - [16/Mar/2026:06:24:22 -0700] "GET /products/comp-tac-holster-cz-7585bsp-01-g-code-magazine-pouches/34118698/ HTTP/2.0" 200 63518 "-" "meta-externalagent/1.1 (+https://developers.facebook.com/docs/sharing/webmasters/crawler)" 235 **0/235246**
24.158.148.179 - - [16/Mar/2026:06:24:23 -0700] "GET /?path=%2Fhome%2Fworkshopbrain%2Fpublic_html%2Fshea%2Fwp-content%2Fuploads%2Fsites%2F2%2F2023%2F06 HTTP/2.0" 200 2640 "https://www.statusplan.com/" "Mozilla/5.0 (Macintosh; Intel Mac OS X 10_15_7) AppleWebKit/537.36 (KHTML, like Gecko) Chrome/124.0.0.0 Safari/537.36 OPR/110.0.0.0" 337 **0/337328**
74.7.241.2 - - [16/Mar/2026:06:24:25 -0700] "GET /sitemap.xml?fileloc=//proc/84721/net/fib_trie&path=//proc/84721/net HTTP/2.0" 200 2272 "https://statusplan.com/sitemap.xml?path=//proc/84721/net" "Mozilla/5.0 AppleWebKit/537.36 (KHTML, like Gecko; compatible; GPTBot/1.3; +https://openai.com/gptbot)" 253 **0/253693**
57.141.6.68 - - [16/Mar/2026:06:24:26 -0700] "GET /products/3-retro-jordans/47965321/ HTTP/2.0" 200 63518 "-" "meta-externalagent/1.1 (+https://developers.facebook.com/docs/sharing/webmasters/crawler)" 252 **0/252010**
24.158.148.179 - - [16/Mar/2026:06:24:27 -0700] "GET /1win-colombia-340/?path=%2Fhome%2Fworkshopbrain%2Fpublic_html%2Fstatusplan.com%2Fwp-admin%2Fcss HTTP/2.0" 200 5075 "https://www.yahoo.com/" "Mozilla/5.0 (Macintosh; Intel Mac OS X 10_15_7) AppleWebKit/537.36 (KHTML, like Gecko) Chrome/124.0.0.0 Safari/537.36 OPR/110.0.0.0" 942 **0/942640**
74.7.241.2 - - [16/Mar/2026:06:24:28 -0700] "GET /sitemap.xml?fileloc=//proc/84715/net/ip_mr_vif&path=//proc/84715/net HTTP/2.0" 200 2274 "https://statusplan.com/sitemap.xml?path=//proc/84715/net" "Mozilla/5.0 AppleWebKit/537.36 (KHTML, like Gecko; compatible; GPTBot/1.3; +https://openai.com/gptbot)" 261 **0/261464**
57.141.6.64 - - [16/Mar/2026:06:24:28 -0700] "GET /products/a24-death-of-unicorn-ridley-shirt-x4-rings-2x-nose-rings/49533685/ HTTP/2.0" 200 63518 "-" "meta-externalagent/1.1 (+https://developers.facebook.com/docs/sharing/webmasters/crawler)" 291 **0/291771**
57.141.6.27 - - [16/Mar/2026:06:24:30 -0700] "GET /products/wooden-chairs/8760001/ HTTP/2.0" 200 63518 "-" "meta-externalagent/1.1 (+https://developers.facebook.com/docs/sharing/webmasters/crawler)" 312 **0/312992**
74.7.241.2 - - [16/Mar/2026:06:24:31 -0700] "GET /sitemap.xml?fileloc=//proc/84721/net/ip_mr_vif&path=//proc/84721/net HTTP/2.0" 200 2274 "https://statusplan.com/sitemap.xml?path=//proc/84721/net" "Mozilla/5.0 AppleWebKit/537.36 (KHTML, like Gecko; compatible; GPTBot/1.3; +https://openai.com/gptbot)" 238 **0/238474**
57.141.6.52 - - [16/Mar/2026:06:24:31 -0700] "GET /products/2-pcs-mwauke-48-11-2460-m12-12v-red-lithium-xc-60-extended-c/22885588/ HTTP/2.0" 200 63518 "-" "meta-externalagent/1.1 (+https://developers.facebook.com/docs/sharing/webmasters/crawler)" 279 **0/279695**
76.36.208.10 - - [16/Mar/2026:06:24:31 -0700] "GET /?path=%2Fhome%2Fworkshopbrain%2Fpublic_html%2Fstatusplan.com%2Fwp-includes%2Fblocks%2Fheading HTTP/2.0" 200 2758 "http://www.baidu.com/" "Mozilla/5.0 (Windows NT 10.0; Win64; x64) AppleWebKit/537.36 (KHTML, like Gecko) Chrome/119.0.0.0 Safari/537.36 OPR/105.0.0.0" 331 **0/331724**
47.128.120.203 - - [16/Mar/2026:06:24:32 -0700] "GET /?fileloc=%2F%2Fusr%2Fshare%2Fmysql%2Frussian%2Ferrmsg.sys&path=%2F%2Fusr%2Fshare%2Fmysql%2Frussian HTTP/2.0" 200 2286 "-" "Mozilla/5.0 (Linux; Android 5.0) AppleWebKit/537.36 (KHTML, like Gecko) Mobile Safari/537.36 (compatible; TikTokSpider; ttspider-feedback@tiktok.com)" 243 **0/243363**
57.141.6.20 - - [16/Mar/2026:06:24:33 -0700] "GET /products/pink-bape-camo-hoodie/15453058/ HTTP/2.0" 200 63518 "-" "meta-externalagent/1.1 (+https://developers.facebook.com/docs/sharing/webmasters/crawler)" 251 **0/251792**
74.7.241.2 - - [16/Mar/2026:06:24:34 -0700] "GET /sitemap.xml?fileloc=//proc/84694/net/ip_mr_vif&path=//proc/84694/net HTTP/2.0" 200 2274 "https://statusplan.com/sitemap.xml?path=//proc/84694/net" "Mozilla/5.0 AppleWebKit/537.36 (KHTML, like Gecko; compatible; GPTBot/1.3; +https://openai.com/gptbot)" 236 **0/236586**
94.239.38.214 - - [16/Mar/2026:06:24:35 -0700] "GET /1win-colombia-340/?fileloc=%2F%2Fproc%2F1008896%2Fcwd%2Fusr%2Flib64%2Flibcap-ng.so.0&path=%2F%2Fproc%2F1008896%2Fcwd%2Fusr%2Flib64 HTTP/1.1" 200 2297 "https://www.yahoo.com/" "Mozilla/5.0 (X11; Linux x86_64) AppleWebKit/537.36 (KHTML, like Gecko) Chrome/110.0.5478.0 Safari/537.36" 434 **0/434007**
74.7.241.2 - - [16/Mar/2026:06:24:37 -0700] "GET /sitemap.xml?fileloc=//proc/84716/net/fib_trie&path=//proc/84716/net HTTP/2.0" 200 2273 "https://statusplan.com/sitemap.xml?path=//proc/84716/net" "Mozilla/5.0 AppleWebKit/537.36 (KHTML, like Gecko; compatible; GPTBot/1.3; +https://openai.com/gptbot)" 292 **0/292940**
74.7.241.2 - - [16/Mar/2026:06:24:40 -0700] "GET /sitemap.xml?fileloc=//proc/84716/net/ip_mr_vif&path=//proc/84716/net HTTP/2.0" 200 2274 "https://statusplan.com/sitemap.xml?path=//proc/84716/net" "Mozilla/5.0 AppleWebKit/537.36 (KHTML, like Gecko; compatible; GPTBot/1.3; +https://openai.com/gptbot)" 266 **0/266774**
57.141.6.68 - - [16/Mar/2026:06:24:41 -0700] "GET /products/ducks-vs-canucks-tickets-wparking-pass/19652512/ HTTP/2.0" 200 63518 "-" "meta-externalagent/1.1 (+https://developers.facebook.com/docs/sharing/webmasters/crawler)" 254 **0/254929**
95.214.210.65 - - [16/Mar/2026:06:24:41 -0700] "GET / HTTP/2.0" 200 3566 "https://www.bing.com/" "Mozilla/5.0 (X11; Linux x86_64) AppleWebKit/537.36 (KHTML, like Gecko) Chrome/128.0.0.0 Safari/537.36 Edg/128.0.0.0" 355 **0/355669**
57.141.6.4 - - [16/Mar/2026:06:24:42 -0700] "GET /products/beauty-rest-platinum-queen-size-mattress/21589909/ HTTP/2.0" 200 63518 "-" "meta-externalagent/1.1 (+https://developers.facebook.com/docs/sharing/webmasters/crawler)" 263 **0/263064**
95.214.210.65 - - [16/Mar/2026:06:24:43 -0700] "GET /?path=%2F%2Fusr%2Fshare%2Flocale%2Fvai%2FLC_MESSAGES HTTP/2.0" 200 2349 "https://www.statusplan.com/" "Mozilla/5.0 (X11; Linux x86_64) AppleWebKit/537.36 (KHTML, like Gecko) Chrome/128.0.0.0 Safari/537.36 Edg/128.0.0.0" 318 **0/318168**
74.7.241.2 - - [16/Mar/2026:06:24:44 -0700] "GET /sitemap.xml?fileloc=//proc/84693/net/ip_mr_vif&path=//proc/84693/net HTTP/2.0" 200 2274 "https://statusplan.com/sitemap.xml?path=//proc/84693/net" "Mozilla/5.0 AppleWebKit/537.36 (KHTML, like Gecko; compatible; GPTBot/1.3; +https://openai.com/gptbot)" 236 **0/236937**
57.141.6.40 - - [16/Mar/2026:06:24:44 -0700] "GET /products/popmart-labubu-the-monster-fall-in-wild-series-vinyl-plush-d/29816659/ HTTP/2.0" 200 63518 "-" "meta-externalagent/1.1 (+https://developers.facebook.com/docs/sharing/webmasters/crawler)" 252 **0/252609**
57.141.6.27 - - [16/Mar/2026:06:24:46 -0700] "GET /products/ps3-wireless-contrillers/9634105/ HTTP/2.0" 200 63518 "-" "meta-externalagent/1.1 (+https://developers.facebook.com/docs/sharing/webmasters/crawler)" 256 **0/256750**
57.141.6.19 - - [16/Mar/2026:06:24:46 -0700] "GET /products/stussy-cube-logo-streetwear-hoodie/13539475/ HTTP/2.0" 200 63518 "-" "meta-externalagent/1.1 (+https://developers.facebook.com/docs/sharing/webmasters/crawler)" 273 **0/273884**
57.141.6.27 - - [16/Mar/2026:06:24:46 -0700] "GET /products/viola-milano-ancient-madder-geometric-navy-tie/15700228/ HTTP/2.0" 200 63518 "-" "meta-externalagent/1.1 (+https://developers.facebook.com/docs/sharing/webmasters/crawler)" 266 **0/266943**
74.7.241.2 - - [16/Mar/2026:06:24:47 -0700] "GET /sitemap.xml?fileloc=//proc/84693/net/fib_trie&path=//proc/84693/net HTTP/2.0" 200 2274 "https://statusplan.com/sitemap.xml?path=//proc/84693/net" "Mozilla/5.0 AppleWebKit/537.36 (KHTML, like Gecko; compatible; GPTBot/1.3; +https://openai.com/gptbot)" 248 **0/248594**
95.214.210.65 - - [16/Mar/2026:06:24:47 -0700] "GET /?path=%2Fhome%2Fworkshopbrain%2Fpublic_html%2Fletters2trump%2Fwp-includes%2Fblocks%2Fspacer HTTP/2.0" 200 2675 "https://www.statusplan.com/" "Mozilla/5.0 (X11; Linux x86_64) AppleWebKit/537.36 (KHTML, like Gecko) Chrome/128.0.0.0 Safari/537.36 Edg/128.0.0.0" 315 **0/315080**
76.36.208.10 - - [16/Mar/2026:06:24:48 -0700] "GET /1win-colombia-340/?path=%2F%2Fproc%2F1013774 HTTP/2.0" 200 2311 "http://www.baidu.com/" "Mozilla/5.0 (Windows NT 10.0; Win64; x64) AppleWebKit/537.36 (KHTML, like Gecko) Chrome/119.0.0.0 Safari/537.36 OPR/105.0.0.0" 349 **0/349591**
66.249.68.136 - - [16/Mar/2026:06:24:48 -0700] "GET /?products/gram-light-wheel-and-rims-17x85-30-5x1143/29232880/ HTTP/1.1" 200 22150 "-" "Mozilla/5.0 (Linux; Android 6.0.1; Nexus 5X Build/MMB29P) AppleWebKit/537.36 (KHTML, like Gecko) Chrome/145.0.7632.116 Mobile Safari/537.36 (compatible; Googlebot/2.1; +http://www.google.com/bot.html)" 244 **0/244870**
57.141.6.23 - - [16/Mar/2026:06:24:48 -0700] "GET /products/gucci-cat-eye-sunglasses/20547259/ HTTP/2.0" 200 63518 "-" "meta-externalagent/1.1 (+https://developers.facebook.com/docs/sharing/webmasters/crawler)" 260 **0/260085**
66.249.68.136 - - [16/Mar/2026:06:24:49 -0700] "GET /?products/brand-new-mattress-good-price/27793834/ HTTP/1.1" 200 22440 "-" "Mozilla/5.0 (Linux; Android 6.0.1; Nexus 5X Build/MMB29P) AppleWebKit/537.36 (KHTML, like Gecko) Chrome/145.0.7632.116 Mobile Safari/537.36 (compatible; Googlebot/2.1; +http://www.google.com/bot.html)" 303 **0/303937**
162.236.175.188 - - [16/Mar/2026:06:24:49 -0700] "GET /1win-colombia-340/?fileloc=%2F%2Flib%2Fnode_modules%2Fnpm%2Fman%2Fman8%2Fiprconfig.8.gz&path=%2F%2Flib%2Fnode_modules%2Fnpm%2Fman%2Fman8 HTTP/2.0" 200 2297 "https://www.statusplan.com/" "Mozilla/5.0 (Windows NT 10.0; Win64; x64) AppleWebKit/537.36 (KHTML, like Gecko) Chrome/120.0.0.0 Safari/537.36 OPR/106.0.0.0" 341 **0/341374**
74.7.241.2 - - [16/Mar/2026:06:24:50 -0700] "GET /sitemap.xml?fileloc=//proc/84714/net/ip_mr_vif&path=//proc/84714/net HTTP/2.0" 200 2274 "https://statusplan.com/sitemap.xml?path=//proc/84714/net" "Mozilla/5.0 AppleWebKit/537.36 (KHTML, like Gecko; compatible; GPTBot/1.3; +https://openai.com/gptbot)" 246 **0/246999**
57.141.6.43 - - [16/Mar/2026:06:24:50 -0700] "GET /products/gaming-chair-new-in-box-heavy-duty-big-and-tall-strong-quali/43015747/ HTTP/2.0" 200 63518 "-" "meta-externalagent/1.1 (+https://developers.facebook.com/docs/sharing/webmasters/crawler)" 289 **0/289604**
74.7.241.2 - - [16/Mar/2026:06:24:53 -0700] "GET /sitemap.xml?fileloc=//proc/84712/net/ip_mr_vif&path=//proc/84712/net HTTP/2.0" 200 2274 "https://statusplan.com/sitemap.xml?path=//proc/84712/net" "Mozilla/5.0 AppleWebKit/537.36 (KHTML, like Gecko; compatible; GPTBot/1.3; +https://openai.com/gptbot)" 268 **0/268721**
57.141.6.3 - - [16/Mar/2026:06:24:54 -0700] "GET /products/beautiful-timeless-club-chair/27848035/ HTTP/2.0" 200 63518 "-" "meta-externalagent/1.1 (+https://developers.facebook.com/docs/sharing/webmasters/crawler)" 232 **0/232484**
95.214.210.65 - - [16/Mar/2026:06:24:54 -0700] "GET /?fileloc=%2Fhome%2Fworkshopbrain%2Fpublic_html%2Fletters2trump%2Fwp-includes%2Fclass-wp-editor.php&path=%2Fhome%2Fworkshopbrain%2Fpublic_html%2Fletters2trump%2Fwp-includes HTTP/2.0" 200 18176 "https://www.statusplan.com/" "Mozilla/5.0 (X11; Linux x86_64) AppleWebKit/537.36 (KHTML, like Gecko) Chrome/128.0.0.0 Safari/537.36 Edg/128.0.0.0" 323 **0/323701**
74.7.241.2 - - [16/Mar/2026:06:24:56 -0700] "GET /sitemap.xml?fileloc=//proc/84694/net/rt_acct&path=//proc/84694/net HTTP/2.0" 200 2272 "https://statusplan.com/sitemap.xml?path=//proc/84694/net" "Mozilla/5.0 AppleWebKit/537.36 (KHTML, like Gecko; compatible; GPTBot/1.3; +https://openai.com/gptbot)" 293 **0/293091**
57.141.6.50 - - [16/Mar/2026:06:24:56 -0700] "GET /products/brand-new-ge-stainless-refrigerator-never-used-bought-for-st/14888998/ HTTP/2.0" 200 63518 "-" "meta-externalagent/1.1 (+https://developers.facebook.com/docs/sharing/webmasters/crawler)" 273 **0/273559**
47.128.120.198 - - [16/Mar/2026:06:24:57 -0700] "GET /?fileloc=%2F%2Fusr%2Flib%2Ffirmware%2Fqcom%2Fa530_pm4.fw&path=%2F%2Fusr%2Flib%2Ffirmware%2Fqcom HTTP/2.0" 200 2288 "-" "Mozilla/5.0 (Linux; Android 5.0) AppleWebKit/537.36 (KHTML, like Gecko) Mobile Safari/537.36 (compatible; TikTokSpider; ttspider-feedback@tiktok.com)" 263 **0/263338**
76.36.208.10 - - [16/Mar/2026:06:24:57 -0700] "GET /?fileloc=%2Fhome%2Fworkshopbrain%2Fpublic_html%2F17621302e45e9dff56412706f92579c2&path=%2Fhome%2Fworkshopbrain%2Fpublic_html HTTP/2.0" 500 3566 "http://www.baidu.com/" "Mozilla/5.0 (Windows NT 10.0; Win64; x64) AppleWebKit/537.36 (KHTML, like Gecko) Chrome/119.0.0.0 Safari/537.36 OPR/105.0.0.0" 676 **0/676694**
76.36.208.10 - - [16/Mar/2026:06:24:57 -0700] "GET /?fileloc=%2Fhome%2Fworkshopbrain%2Fpublic_html%2F17621302e45e9dff56412706f92579c2&path=%2Fhome%2Fworkshopbrain%2Fpublic_html HTTP/2.0" 200 - "http://www.baidu.com/" "Mozilla/5.0 (Windows NT 10.0; Win64; x64) AppleWebKit/537.36 (KHTML, like Gecko) Chrome/119.0.0.0 Safari/537.36 OPR/105.0.0.0" 677 **0/677332**
74.7.241.2 - - [16/Mar/2026:06:24:59 -0700] "GET /sitemap.xml?fileloc=//proc/84714/net/rt_acct&path=//proc/84714/net HTTP/2.0" 200 2269 "https://statusplan.com/sitemap.xml?path=//proc/84714/net" "Mozilla/5.0 AppleWebKit/537.36 (KHTML, like Gecko; compatible; GPTBot/1.3; +https://openai.com/gptbot)" 257 **0/257324**
57.141.6.17 - - [16/Mar/2026:06:24:59 -0700] "GET /products/electro-harmonix-green-russian-small-stone/38115775/ HTTP/2.0" 200 63518 "-" "meta-externalagent/1.1 (+https://developers.facebook.com/docs/sharing/webmasters/crawler)" 242 **0/242000**
162.236.175.188 - - [16/Mar/2026:06:24:59 -0700] "GET /?fileloc=%2Fhome%2Fworkshopbrain%2Fpublic_html%2F17621302e45e9dff56412706f92579c2&path=%2Fhome%2Fworkshopbrain%2Fpublic_html HTTP/2.0" 500 3566 "https://www.yandex.com/" "Mozilla/5.0 (Windows NT 10.0; Win64; x64) AppleWebKit/537.36 (KHTML, like Gecko) Chrome/120.0.0.0 Safari/537.36 OPR/106.0.0.0" 658 **0/658710**
