57.141.6.63 - - [16/Mar/2026:06:01:29 -0700] "GET /products/tommy-hilfiger-puffer-size-l/48966412/ HTTP/2.0" 200 63518 "-" "meta-externalagent/1.1 (+https://developers.facebook.com/docs/sharing/webmasters/crawler)" 518 **0/518038**
74.7.241.2 - - [16/Mar/2026:06:01:30 -0700] "GET /sitemap.xml?path=//tmp/e04822 HTTP/2.0" 200 2298 "https://statusplan.com/sitemap.xml?path=//tmp" "Mozilla/5.0 AppleWebKit/537.36 (KHTML, like Gecko; compatible; GPTBot/1.3; +https://openai.com/gptbot)" 262 **0/262799**
24.131.112.140 - - [16/Mar/2026:06:01:30 -0700] "GET /1win-colombia-340/?fileloc=%2Fhome%2Fworkshopbrain%2Fpublic_html%2Fstatusplan.com%2Fwp-includes%2Fwidgets%2Fclass-wp-widget-categories.php&path=%2Fhome%2Fworkshopbrain%2Fpublic_html%2Fstatusplan.com%2Fwp-includes%2Fwidgets HTTP/2.0" 200 4322 "https://www.statusplan.com/" "Mozilla/5.0 (Windows NT 10.0; Win64; x64) AppleWebKit/537.36 (KHTML, like Gecko) Chrome/121.0.0.0 Safari/537.36 OPR/107.0.0.0" 577 **0/577096**
57.141.6.53 - - [16/Mar/2026:06:01:32 -0700] "GET /products/sofa-love-set-2pcs-fabric-ash-black-82x60/21340954/ HTTP/2.0" 200 63518 "-" "meta-externalagent/1.1 (+https://developers.facebook.com/docs/sharing/webmasters/crawler)" 242 **0/242319**
24.131.112.140 - - [16/Mar/2026:06:01:33 -0700] "GET /1win-colombia-340/?path=%2F%2Flib%2Fnode_modules%2Fnpm%2Fnode_modules%2Fworker-farm%2Fexamples HTTP/2.0" 200 2622 "https://www.statusplan.com/" "Mozilla/5.0 (Windows NT 10.0; Win64; x64) AppleWebKit/537.36 (KHTML, like Gecko) Chrome/121.0.0.0 Safari/537.36 OPR/107.0.0.0" 328 **0/328244**
74.7.241.2 - - [16/Mar/2026:06:01:33 -0700] "GET /sitemap.xml?fileloc=//tmp/.post&path=//tmp HTTP/2.0" 200 2289 "https://statusplan.com/sitemap.xml?path=//tmp" "Mozilla/5.0 AppleWebKit/537.36 (KHTML, like Gecko; compatible; GPTBot/1.3; +https://openai.com/gptbot)" 243 **0/243837**
65.111.12.157 - - [16/Mar/2026:06:01:34 -0700] "GET /wp-login.php?wp_lang=en_US HTTP/2.0" 200 3561 "-" "Mozilla/5.0 (Windows NT 10.0; Win64; x64) AppleWebKit/537.36 (KHTML, like Gecko) Chrome/124.0.6367.207 Safari/537.36" 29 **0/29022**
57.141.6.31 - - [16/Mar/2026:06:01:33 -0700] "GET /products/26-mongoose-bicycle/39511729/ HTTP/2.0" 200 63518 "-" "meta-externalagent/1.1 (+https://developers.facebook.com/docs/sharing/webmasters/crawler)" 512 **0/512053**
57.141.6.46 - - [16/Mar/2026:06:01:35 -0700] "GET /products/antique-wash-stand/24077653/ HTTP/2.0" 200 63518 "-" "meta-externalagent/1.1 (+https://developers.facebook.com/docs/sharing/webmasters/crawler)" 310 **0/310073**
74.7.241.2 - - [16/Mar/2026:06:01:37 -0700] "GET /sitemap.xml?path=//proc HTTP/2.0" 200 4467 "https://statusplan.com/sitemap.xml?path=/" "Mozilla/5.0 AppleWebKit/537.36 (KHTML, like Gecko; compatible; GPTBot/1.3; +https://openai.com/gptbot)" 731 **0/731104**
57.141.6.66 - - [16/Mar/2026:06:01:37 -0700] "GET /products/counter-height-set/36042403/ HTTP/2.0" 200 63518 "-" "meta-externalagent/1.1 (+https://developers.facebook.com/docs/sharing/webmasters/crawler)" 726 **0/726453**
45.3.35.238 - - [16/Mar/2026:06:01:38 -0700] "GET /wp-login.php?wp_lang=en_US HTTP/2.0" 200 3561 "-" "Mozilla/5.0 (Windows NT 10.0; Win64; x64) AppleWebKit/537.36 (KHTML, like Gecko) Chrome/124.0.6367.207 Safari/537.36" 19 **0/19561**
57.141.6.11 - - [16/Mar/2026:06:01:38 -0700] "GET /products/bike-beach-cruise-24/39800878/ HTTP/2.0" 200 63518 "-" "meta-externalagent/1.1 (+https://developers.facebook.com/docs/sharing/webmasters/crawler)" 273 **0/273935**
181.43.32.91 - - [16/Mar/2026:06:01:39 -0700] "GET /1win-colombia-340/?fileloc=%2F%2Fproc%2F1008896%2Fcwd%2Fusr%2Flib64%2Flibssh.so.4.8.7&path=%2F%2Fproc%2F1008896%2Fcwd%2Fusr%2Flib64 HTTP/2.0" 200 2297 "https://www.statusplan.com/" "Mozilla/5.0 (X11; Linux x86_64; rv:124.0) Gecko/20100101 Firefox/124.0" 362 **0/362283**
74.7.241.2 - - [16/Mar/2026:06:01:40 -0700] "GET /sitemap.xml?path=//run HTTP/2.0" 200 2838 "https://statusplan.com/sitemap.xml?path=/" "Mozilla/5.0 AppleWebKit/537.36 (KHTML, like Gecko; compatible; GPTBot/1.3; +https://openai.com/gptbot)" 253 **0/253021**
57.141.6.36 - - [16/Mar/2026:06:01:40 -0700] "GET /products/compact-router/42169825/ HTTP/2.0" 200 63518 "-" "meta-externalagent/1.1 (+https://developers.facebook.com/docs/sharing/webmasters/crawler)" 507 **0/507468**
216.26.254.33 - - [16/Mar/2026:06:01:40 -0700] "GET /wp-login.php?wp_lang=en_US HTTP/2.0" 200 3561 "-" "Mozilla/5.0 (Windows NT 10.0; Win64; x64) AppleWebKit/537.36 (KHTML, like Gecko) Chrome/124.0.6367.207 Safari/537.36" 23 **0/23934**
24.131.112.140 - - [16/Mar/2026:06:01:40 -0700] "GET /1win-colombia-340/?fileloc=%2Fhome%2Fworkshopbrain%2Fpublic_html%2Fstatusplan.com%2Fwp-includes%2Fload.php&path=%2Fhome%2Fworkshopbrain%2Fpublic_html%2Fstatusplan.com%2Fwp-includes HTTP/2.0" 200 16632 "https://www.statusplan.com/" "Mozilla/5.0 (Windows NT 10.0; Win64; x64) AppleWebKit/537.36 (KHTML, like Gecko) Chrome/121.0.0.0 Safari/537.36 OPR/107.0.0.0" 385 **0/385346**
57.141.6.69 - - [16/Mar/2026:06:01:42 -0700] "GET /products/new-refrigerator-payments-available/40446901/ HTTP/2.0" 200 63518 "-" "meta-externalagent/1.1 (+https://developers.facebook.com/docs/sharing/webmasters/crawler)" 277 **0/277544**
57.141.6.36 - - [16/Mar/2026:06:01:42 -0700] "GET /products/shiny-gyarados/29642002/ HTTP/2.0" 200 63518 "-" "meta-externalagent/1.1 (+https://developers.facebook.com/docs/sharing/webmasters/crawler)" 269 **0/269251**
74.7.241.2 - - [16/Mar/2026:06:01:43 -0700] "GET /sitemap.xml?fileloc=//tmp/.content&path=//tmp HTTP/2.0" 200 2296 "https://statusplan.com/sitemap.xml?path=//tmp" "Mozilla/5.0 AppleWebKit/537.36 (KHTML, like Gecko; compatible; GPTBot/1.3; +https://openai.com/gptbot)" 241 **0/241669**
57.141.6.20 - - [16/Mar/2026:06:01:44 -0700] "GET /products/new-never-wore/48614893/ HTTP/2.0" 200 63518 "-" "meta-externalagent/1.1 (+https://developers.facebook.com/docs/sharing/webmasters/crawler)" 495 **0/495648**
24.131.112.140 - - [16/Mar/2026:06:01:45 -0700] "GET /1win-colombia-340/?fileloc=%2Fhome%2Fworkshopbrain%2Fpublic_html%2Fcolumbia%2Fwp-includes%2Fcustomize%2Fclass-wp-customize-nav-menu-auto-add-control.php&path=%2Fhome%2Fworkshopbrain%2Fpublic_html%2Fcolumbia%2Fwp-includes%2Fcustomize HTTP/2.0" 200 2791 "https://www.bing.com/" "Mozilla/5.0 (Windows NT 10.0; Win64; x64) AppleWebKit/537.36 (KHTML, like Gecko) Chrome/121.0.0.0 Safari/537.36 OPR/107.0.0.0" 388 **0/388949**
74.7.241.2 - - [16/Mar/2026:06:01:46 -0700] "GET /sitemap.xml?path=//var/imunify360 HTTP/2.0" 200 2553 "https://statusplan.com/sitemap.xml?path=//var" "Mozilla/5.0 AppleWebKit/537.36 (KHTML, like Gecko; compatible; GPTBot/1.3; +https://openai.com/gptbot)" 288 **0/288654**
57.141.6.37 - - [16/Mar/2026:06:01:47 -0700] "GET /products/bowflex/26635537/ HTTP/2.0" 200 63518 "-" "meta-externalagent/1.1 (+https://developers.facebook.com/docs/sharing/webmasters/crawler)" 283 **0/283183**
45.3.33.23 - - [16/Mar/2026:06:01:47 -0700] "GET /wp-login.php?wp_lang=en_US HTTP/2.0" 200 3561 "-" "Mozilla/5.0 (Windows NT 10.0; Win64; x64) AppleWebKit/537.36 (KHTML, like Gecko) Chrome/124.0.6367.207 Safari/537.36" 31 **0/31842**
57.141.6.24 - - [16/Mar/2026:06:01:48 -0700] "GET /products/grey-alocsxasaali-zip-up-s-m-l/38732965/ HTTP/2.0" 200 63518 "-" "meta-externalagent/1.1 (+https://developers.facebook.com/docs/sharing/webmasters/crawler)" 396 **0/396859**
24.131.112.140 - - [16/Mar/2026:06:01:48 -0700] "GET /1win-colombia-340/?fileloc=%2F%2Flib%2Fsystemd%2Fsystemd-hostnamed&path=%2F%2Flib%2Fsystemd HTTP/2.0" 200 2266 "https://www.statusplan.com/" "Mozilla/5.0 (Windows NT 10.0; Win64; x64) AppleWebKit/537.36 (KHTML, like Gecko) Chrome/121.0.0.0 Safari/537.36 OPR/107.0.0.0" 340 **0/340979**
74.7.241.2 - - [16/Mar/2026:06:01:49 -0700] "GET /sitemap.xml?path=//etc/cl.php.d HTTP/2.0" 200 2714 "https://statusplan.com/sitemap.xml?path=//etc" "Mozilla/5.0 AppleWebKit/537.36 (KHTML, like Gecko; compatible; GPTBot/1.3; +https://openai.com/gptbot)" 309 **0/309471**
57.141.6.37 - - [16/Mar/2026:06:01:50 -0700] "GET /products/bicicleta-doble/33881671/ HTTP/2.0" 200 63518 "-" "meta-externalagent/1.1 (+https://developers.facebook.com/docs/sharing/webmasters/crawler)" 286 **0/286704**
51.161.37.215 - - [16/Mar/2026:06:01:50 -0700] "GET /category/rizk-casino-online-357/ HTTP/2.0" 200 3566 "-" "Mozilla/5.0 (compatible; AhrefsBot/7.0; +http://ahrefs.com/robot/)" 241 **0/241643**
47.128.120.224 - - [16/Mar/2026:06:01:52 -0700] "GET /?path=%2F%2Flib%2Ffirmware%2Fgo7007 HTTP/2.0" 200 2803 "-" "Mozilla/5.0 (Linux; Android 5.0) AppleWebKit/537.36 (KHTML, like Gecko) Mobile Safari/537.36 (compatible; TikTokSpider; ttspider-feedback@tiktok.com)" 272 **0/272735**
74.7.241.2 - - [16/Mar/2026:06:01:52 -0700] "GET /sitemap.xml?fileloc=//bin/ps2pdf14&path=//bin HTTP/2.0" 200 2388 "https://statusplan.com/sitemap.xml?path=//bin" "Mozilla/5.0 AppleWebKit/537.36 (KHTML, like Gecko; compatible; GPTBot/1.3; +https://openai.com/gptbot)" 268 **0/268154**
57.141.6.37 - - [16/Mar/2026:06:01:52 -0700] "GET /products/sdl/38441464/ HTTP/2.0" 200 63518 "-" "meta-externalagent/1.1 (+https://developers.facebook.com/docs/sharing/webmasters/crawler)" 242 **0/242639**
181.43.32.91 - - [16/Mar/2026:06:01:53 -0700] "GET /?path=%2Fhome%2Fworkshopbrain%2Fpublic_html%2Fletters2trump%2Fwp-content%2Fuploads%2F2017%2F01 HTTP/2.0" 200 7713 "https://www.yandex.com/" "Mozilla/5.0 (X11; Linux x86_64; rv:124.0) Gecko/20100101 Firefox/124.0" 330 **0/330322**
57.141.6.29 - - [16/Mar/2026:06:01:53 -0700] "GET /products/billiards-pool-table/36769360/ HTTP/2.0" 200 63518 "-" "meta-externalagent/1.1 (+https://developers.facebook.com/docs/sharing/webmasters/crawler)" 266 **0/266566**
24.131.112.140 - - [16/Mar/2026:06:01:55 -0700] "GET /1win-colombia-340/?fileloc=%2Fhome%2Fworkshopbrain%2Fpublic_html%2Fbradford%2Fwp-includes%2Fclass-wp-recovery-mode-email-service.php&path=%2Fhome%2Fworkshopbrain%2Fpublic_html%2Fbradford%2Fwp-includes HTTP/2.0" 200 5741 "https://www.statusplan.com/" "Mozilla/5.0 (Windows NT 10.0; Win64; x64) AppleWebKit/537.36 (KHTML, like Gecko) Chrome/121.0.0.0 Safari/537.36 OPR/107.0.0.0" 322 **0/322702**
57.141.6.61 - - [16/Mar/2026:06:01:55 -0700] "GET /products/portable-restrooms/11098519/ HTTP/2.0" 200 63518 "-" "meta-externalagent/1.1 (+https://developers.facebook.com/docs/sharing/webmasters/crawler)" 243 **0/243420**
57.141.6.15 - - [16/Mar/2026:06:01:55 -0700] "GET /products/nike-greenorange-size-15/24770065/ HTTP/2.0" 200 63518 "-" "meta-externalagent/1.1 (+https://developers.facebook.com/docs/sharing/webmasters/crawler)" 254 **0/254297**
74.7.241.2 - - [16/Mar/2026:06:01:55 -0700] "GET /sitemap.xml?fileloc=//bin/ps2pdf12&path=//bin HTTP/2.0" 200 2388 "https://statusplan.com/sitemap.xml?path=//bin" "Mozilla/5.0 AppleWebKit/537.36 (KHTML, like Gecko; compatible; GPTBot/1.3; +https://openai.com/gptbot)" 232 **0/232182**
57.141.6.4 - - [16/Mar/2026:06:01:57 -0700] "GET /products/antique-end-table-you-said-20x20x29/35168110/ HTTP/2.0" 200 63518 "-" "meta-externalagent/1.1 (+https://developers.facebook.com/docs/sharing/webmasters/crawler)" 238 **0/238917**
57.141.6.37 - - [16/Mar/2026:06:01:58 -0700] "GET /products/golf-gods-forged-wedges-set-of-3-52-56-and-60-right-handed/16578175/ HTTP/2.0" 200 63518 "-" "meta-externalagent/1.1 (+https://developers.facebook.com/docs/sharing/webmasters/crawler)" 267 **0/267881**
74.7.241.2 - - [16/Mar/2026:06:01:58 -0700] "GET /sitemap.xml?fileloc=//bin/zcat&path=//bin HTTP/2.0" 200 3193 "https://statusplan.com/sitemap.xml?path=//bin" "Mozilla/5.0 AppleWebKit/537.36 (KHTML, like Gecko; compatible; GPTBot/1.3; +https://openai.com/gptbot)" 274 **0/274198**
24.131.112.140 - - [16/Mar/2026:06:02:00 -0700] "GET /1win-colombia-340/?fileloc=%2Fhome%2Fworkshopbrain%2Fpublic_html%2Fwhitmanfamilydevelopment%2Fwp-admin%2Fincludes%2Fclass-wp-filesystem-ssh2.php&path=%2Fhome%2Fworkshopbrain%2Fpublic_html%2Fwhitmanfamilydevelopment%2Fwp-admin%2Fincludes HTTP/2.0" 200 7456 "https://www.bing.com/" "Mozilla/5.0 (Windows NT 10.0; Win64; x64) AppleWebKit/537.36 (KHTML, like Gecko) Chrome/121.0.0.0 Safari/537.36 OPR/107.0.0.0" 428 **0/428522**
57.141.6.45 - - [16/Mar/2026:06:02:00 -0700] "GET /products/counter-height-set/46595218/ HTTP/2.0" 200 63518 "-" "meta-externalagent/1.1 (+https://developers.facebook.com/docs/sharing/webmasters/crawler)" 278 **0/278278**
74.7.241.2 - - [16/Mar/2026:06:02:02 -0700] "GET /sitemap.xml?fileloc=//bin/xxd&path=//bin HTTP/2.0" 200 2249 "https://statusplan.com/sitemap.xml?path=//bin" "Mozilla/5.0 AppleWebKit/537.36 (KHTML, like Gecko; compatible; GPTBot/1.3; +https://openai.com/gptbot)" 350 **0/350804**
57.141.6.43 - - [16/Mar/2026:06:02:03 -0700] "GET /products/barstoolscounterstools/10630135/ HTTP/2.0" 200 63518 "-" "meta-externalagent/1.1 (+https://developers.facebook.com/docs/sharing/webmasters/crawler)" 271 **0/271154**
74.7.241.2 - - [16/Mar/2026:06:02:05 -0700] "GET /sitemap.xml?fileloc=//bin/gs&path=//bin HTTP/2.0" 200 2247 "https://statusplan.com/sitemap.xml?path=//bin" "Mozilla/5.0 AppleWebKit/537.36 (KHTML, like Gecko; compatible; GPTBot/1.3; +https://openai.com/gptbot)" 305 **0/305485**
181.43.32.91 - - [16/Mar/2026:06:02:05 -0700] "GET /1win-colombia-340/?fileloc=%2Fhome%2Fworkshopbrain%2Fpublic_html%2Fstatusplan.com%2Fwp-includes%2Fblocks%2Fwidget-group.php&path=%2Fhome%2Fworkshopbrain%2Fpublic_html%2Fstatusplan.com%2Fwp-includes%2Fblocks HTTP/2.0" 200 2982 "https://www.yandex.com/" "Mozilla/5.0 (X11; Linux x86_64; rv:124.0) Gecko/20100101 Firefox/124.0" 297 **0/297667**
57.141.6.7 - - [16/Mar/2026:06:02:06 -0700] "GET /products/small-essentials-shorts/49021726/ HTTP/2.0" 200 63518 "-" "meta-externalagent/1.1 (+https://developers.facebook.com/docs/sharing/webmasters/crawler)" 275 **0/275289**
57.141.6.27 - - [16/Mar/2026:06:02:07 -0700] "GET /products/specialized-tires-29-x-23-new-tan-wall/39374263/ HTTP/2.0" 200 63518 "-" "meta-externalagent/1.1 (+https://developers.facebook.com/docs/sharing/webmasters/crawler)" 517 **0/517317**
57.141.6.37 - - [16/Mar/2026:06:02:07 -0700] "GET /products/techorbits/42992920/ HTTP/2.0" 200 63518 "-" "meta-externalagent/1.1 (+https://developers.facebook.com/docs/sharing/webmasters/crawler)" 274 **0/274907**
108.30.170.197 - - [16/Mar/2026:06:02:07 -0700] "GET / HTTP/2.0" 200 3566 "https://www.yahoo.com/" "Mozilla/5.0 (X11; Linux x86_64) AppleWebKit/537.36 (KHTML, like Gecko) Chrome/117.0.0.0 Safari/537.36 OPR/89.0.0.0" 449 **0/449310**
74.7.241.2 - - [16/Mar/2026:06:02:08 -0700] "GET /sitemap.xml?fileloc=//bin/perlbug&path=//bin HTTP/2.0" 200 17935 "https://statusplan.com/sitemap.xml?path=//bin" "Mozilla/5.0 AppleWebKit/537.36 (KHTML, like Gecko; compatible; GPTBot/1.3; +https://openai.com/gptbot)" 258 **0/258361**
108.30.170.197 - - [16/Mar/2026:06:02:09 -0700] "GET /1win-colombia-340/?fileloc=%2Fhome%2Fworkshopbrain%2Fpublic_html%2Fbradford%2Fwp-includes%2Fspl-autoload-compat.php&path=%2Fhome%2Fworkshopbrain%2Fpublic_html%2Fbradford%2Fwp-includes HTTP/2.0" 200 2547 "https://www.statusplan.com/" "Mozilla/5.0 (X11; Linux x86_64) AppleWebKit/537.36 (KHTML, like Gecko) Chrome/117.0.0.0 Safari/537.36 OPR/89.0.0.0" 325 **0/325694**
57.141.6.14 - - [16/Mar/2026:06:02:09 -0700] "GET /products/raiders-devante-adams-jersey/47358316/ HTTP/2.0" 200 63518 "-" "meta-externalagent/1.1 (+https://developers.facebook.com/docs/sharing/webmasters/crawler)" 245 **0/245251**
158.115.179.44 - - [16/Mar/2026:06:02:10 -0700] "GET /1win-colombia-340/?fileloc=%2Fhome%2Fworkshopbrain%2Fpublic_html%2Fcolumbia%2Fwp-admin%2Fjs%2Ftheme-plugin-editor.js&path=%2Fhome%2Fworkshopbrain%2Fpublic_html%2Fcolumbia%2Fwp-admin%2Fjs HTTP/2.0" 200 8579 "-" "Mozilla/5.0 (Windows NT 10.0; Win64; x64) AppleWebKit/537.36 (KHTML, like Gecko) Chrome/117.0.0.0 Safari/537.36 OPR/90.0.0.0" 359 **0/359088**
74.7.241.2 - - [16/Mar/2026:06:02:11 -0700] "GET /sitemap.xml?path=//proc/net HTTP/2.0" 200 3686 "https://statusplan.com/sitemap.xml?path=//proc" "Mozilla/5.0 AppleWebKit/537.36 (KHTML, like Gecko; compatible; GPTBot/1.3; +https://openai.com/gptbot)" 487 **0/487642**
57.141.6.47 - - [16/Mar/2026:06:02:12 -0700] "GET /products/yeezy-slides/43941637/ HTTP/2.0" 200 63518 "-" "meta-externalagent/1.1 (+https://developers.facebook.com/docs/sharing/webmasters/crawler)" 293 **0/293947**
57.141.6.14 - - [16/Mar/2026:06:02:14 -0700] "GET /products/nuevas-botas-de-piel-para-trabajar-marca-establo/19583569/ HTTP/2.0" 200 63518 "-" "meta-externalagent/1.1 (+https://developers.facebook.com/docs/sharing/webmasters/crawler)" 265 **0/265875**
74.7.241.2 - - [16/Mar/2026:06:02:14 -0700] "GET /sitemap.xml?path=//run/sepermit HTTP/2.0" 200 2310 "https://statusplan.com/sitemap.xml?path=//run" "Mozilla/5.0 AppleWebKit/537.36 (KHTML, like Gecko; compatible; GPTBot/1.3; +https://openai.com/gptbot)" 268 **0/268393**
108.30.170.197 - - [16/Mar/2026:06:02:15 -0700] "GET /1win-colombia-340/?fileloc=%2Fhome%2Fworkshopbrain%2Fpublic_html%2Fned%2Fwp-admin%2Fjs%2Fupdates.min.js&path=%2Fhome%2Fworkshopbrain%2Fpublic_html%2Fned%2Fwp-admin%2Fjs HTTP/2.0" 200 11680 "https://www.statusplan.com/" "Mozilla/5.0 (X11; Linux x86_64) AppleWebKit/537.36 (KHTML, like Gecko) Chrome/117.0.0.0 Safari/537.36 OPR/89.0.0.0" 320 **0/320754**
57.141.6.15 - - [16/Mar/2026:06:02:15 -0700] "GET /products/bedframe-light-gray-bedframe-with-led-lights-last-one-floor/46499416/ HTTP/2.0" 200 63518 "-" "meta-externalagent/1.1 (+https://developers.facebook.com/docs/sharing/webmasters/crawler)" 250 **0/250701**
47.128.120.227 - - [16/Mar/2026:06:02:16 -0700] "GET /?fileloc=%2F%2Fproc%2F1028325%2Froot%2Fusr%2Fbin%2Fcompare&path=%2F%2Fproc%2F1028325%2Froot%2Fusr%2Fbin HTTP/2.0" 200 2293 "-" "Mozilla/5.0 (Linux; Android 5.0) AppleWebKit/537.36 (KHTML, like Gecko) Mobile Safari/537.36 (compatible; TikTokSpider; ttspider-feedback@tiktok.com)" 515 **0/515308**
57.141.6.42 - - [16/Mar/2026:06:02:17 -0700] "GET /products/milwaukee-corded-heat-gun-new/22664017/ HTTP/2.0" 200 63518 "-" "meta-externalagent/1.1 (+https://developers.facebook.com/docs/sharing/webmasters/crawler)" 256 **0/256811**
74.7.241.2 - - [16/Mar/2026:06:02:17 -0700] "GET /sitemap.xml?fileloc=//bin/mariadb-show&path=//bin HTTP/2.0" 200 2253 "https://statusplan.com/sitemap.xml?path=//bin" "Mozilla/5.0 AppleWebKit/537.36 (KHTML, like Gecko; compatible; GPTBot/1.3; +https://openai.com/gptbot)" 266 **0/266839**
57.141.6.63 - - [16/Mar/2026:06:02:18 -0700] "GET /products/nike-roshe-shoes/17921104/ HTTP/2.0" 200 63518 "-" "meta-externalagent/1.1 (+https://developers.facebook.com/docs/sharing/webmasters/crawler)" 264 **0/264246**
158.115.179.44 - - [16/Mar/2026:06:02:19 -0700] "GET /1win-colombia-340/?fileloc=%2Fhome%2Fworkshopbrain%2Fpublic_html%2Fstatusplan.com%2Fwp-includes%2Fregistration-functions.php&path=%2Fhome%2Fworkshopbrain%2Fpublic_html%2Fstatusplan.com%2Fwp-includes HTTP/2.0" 200 2422 "https://www.statusplan.com/" "Mozilla/5.0 (Windows NT 10.0; Win64; x64) AppleWebKit/537.36 (KHTML, like Gecko) Chrome/117.0.0.0 Safari/537.36 OPR/90.0.0.0" 340 **0/340192**
57.141.6.72 - - [16/Mar/2026:06:02:19 -0700] "GET /products/wolf-grey-pink-jordans/26931343/ HTTP/2.0" 200 63518 "-" "meta-externalagent/1.1 (+https://developers.facebook.com/docs/sharing/webmasters/crawler)" 235 **0/235727**
57.141.6.50 - - [16/Mar/2026:06:02:20 -0700] "GET /products/twin-bed-with-trundle/46752655/ HTTP/2.0" 200 63518 "-" "meta-externalagent/1.1 (+https://developers.facebook.com/docs/sharing/webmasters/crawler)" 295 **0/295939**
74.7.241.2 - - [16/Mar/2026:06:02:20 -0700] "GET /sitemap.xml?path=//proc/36113 HTTP/2.0" 200 3890 "https://statusplan.com/sitemap.xml?path=//proc" "Mozilla/5.0 AppleWebKit/537.36 (KHTML, like Gecko; compatible; GPTBot/1.3; +https://openai.com/gptbot)" 251 **0/251476**
57.141.6.38 - - [16/Mar/2026:06:02:21 -0700] "GET /products/princess-bed/41603707/ HTTP/2.0" 200 63518 "-" "meta-externalagent/1.1 (+https://developers.facebook.com/docs/sharing/webmasters/crawler)" 480 **0/480369**
57.141.6.52 - - [16/Mar/2026:06:02:23 -0700] "GET /products/beige-w-brown-blue-gold-circle-patterns-accent-chair-w-match/42412060/ HTTP/2.0" 200 63518 "-" "meta-externalagent/1.1 (+https://developers.facebook.com/docs/sharing/webmasters/crawler)" 257 **0/257800**
74.7.241.2 - - [16/Mar/2026:06:02:24 -0700] "GET /sitemap.xml?path=//proc/37673 HTTP/2.0" 200 3875 "https://statusplan.com/sitemap.xml?path=//proc" "Mozilla/5.0 AppleWebKit/537.36 (KHTML, like Gecko; compatible; GPTBot/1.3; +https://openai.com/gptbot)" 274 **0/274834**
66.249.68.137 - - [16/Mar/2026:06:02:20 -0700] "GET /?products/new-globe-xxbowl-08-8-qt-mixer-bowl-for-globe-sp8-mixer/20336629/ HTTP/1.1" 200 22285 "-" "Mozilla/5.0 (Linux; Android 6.0.1; Nexus 5X Build/MMB29P) AppleWebKit/537.36 (KHTML, like Gecko) Chrome/145.0.7632.116 Mobile Safari/537.36 (compatible; Googlebot/2.1; +http://www.google.com/bot.html)" 5270 **5/5270279**
57.141.6.50 - - [16/Mar/2026:06:02:25 -0700] "GET /products/21555r17-four-brand-new-tires/25123348/ HTTP/2.0" 200 63518 "-" "meta-externalagent/1.1 (+https://developers.facebook.com/docs/sharing/webmasters/crawler)" 233 **0/233686**
74.7.241.2 - - [16/Mar/2026:06:02:27 -0700] "GET /sitemap.xml?path=//proc/84720 HTTP/2.0" 200 3796 "https://statusplan.com/sitemap.xml?path=//proc" "Mozilla/5.0 AppleWebKit/537.36 (KHTML, like Gecko; compatible; GPTBot/1.3; +https://openai.com/gptbot)" 255 **0/255694**
57.141.6.15 - - [16/Mar/2026:06:02:27 -0700] "GET /products/nike-dunk-low-dusty-cactus/32085646/ HTTP/2.0" 200 63518 "-" "meta-externalagent/1.1 (+https://developers.facebook.com/docs/sharing/webmasters/crawler)" 274 **0/274450**
57.141.6.26 - - [16/Mar/2026:06:02:28 -0700] "GET /products/air-force-1-07-lv8-floral-sz-11/24861163/ HTTP/2.0" 200 63518 "-" "meta-externalagent/1.1 (+https://developers.facebook.com/docs/sharing/webmasters/crawler)" 270 **0/270275**
181.43.32.91 - - [16/Mar/2026:06:02:29 -0700] "GET /?fileloc=%2F%2Fproc%2F1028325%2Froot%2Fusr%2Finclude%2Flocale.h&path=%2F%2Fproc%2F1028325%2Froot%2Fusr%2Finclude HTTP/2.0" 200 2293 "https://www.yandex.com/" "Mozilla/5.0 (X11; Linux x86_64; rv:124.0) Gecko/20100101 Firefox/124.0" 312 **0/312320**
114.119.140.250 - - [16/Mar/2026:06:02:29 -0700] "GET /merkur-registrace-bonus/ HTTP/1.1" 200 4180 "https://www.statusplan.com/?feed=xmlsitemap562" "Mozilla/5.0 (Linux; Android 7.0;) AppleWebKit/537.36 (KHTML, like Gecko) Mobile Safari/537.36 (compatible; PetalBot;+https://webmaster.petalsearch.com/site/petalbot)" 229 **0/229998**
74.7.241.2 - - [16/Mar/2026:06:02:30 -0700] "GET /sitemap.xml?path=//proc/36824 HTTP/2.0" 200 3874 "https://statusplan.com/sitemap.xml?path=//proc" "Mozilla/5.0 AppleWebKit/537.36 (KHTML, like Gecko; compatible; GPTBot/1.3; +https://openai.com/gptbot)" 292 **0/292072**
57.141.6.52 - - [16/Mar/2026:06:02:30 -0700] "GET /products/vestido/48728440/ HTTP/2.0" 200 63518 "-" "meta-externalagent/1.1 (+https://developers.facebook.com/docs/sharing/webmasters/crawler)" 498 **0/498923**
158.115.179.44 - - [16/Mar/2026:06:02:32 -0700] "GET /?path=%2Fhome%2Fworkshopbrain%2Fpublic_html%2Flocalleasing%2Fwp-includes%2FRequests%2FException HTTP/2.0" 200 2788 "https://www.statusplan.com/" "Mozilla/5.0 (Windows NT 10.0; Win64; x64) AppleWebKit/537.36 (KHTML, like Gecko) Chrome/117.0.0.0 Safari/537.36 OPR/90.0.0.0" 327 **0/327393**
74.7.241.2 - - [16/Mar/2026:06:02:33 -0700] "GET /sitemap.xml?path=//proc/35426 HTTP/2.0" 200 3874 "https://statusplan.com/sitemap.xml?path=//proc" "Mozilla/5.0 AppleWebKit/537.36 (KHTML, like Gecko; compatible; GPTBot/1.3; +https://openai.com/gptbot)" 256 **0/256843**
57.141.6.47 - - [16/Mar/2026:06:02:34 -0700] "GET /products/nike-air-vapor-max/43959970/ HTTP/2.0" 200 63518 "-" "meta-externalagent/1.1 (+https://developers.facebook.com/docs/sharing/webmasters/crawler)" 502 **0/502268**
57.141.6.64 - - [16/Mar/2026:06:02:35 -0700] "GET /products/nightstands/45290845/ HTTP/2.0" 200 63518 "-" "meta-externalagent/1.1 (+https://developers.facebook.com/docs/sharing/webmasters/crawler)" 267 **0/267155**
74.7.241.2 - - [16/Mar/2026:06:02:36 -0700] "GET /sitemap.xml?path=//proc/36078 HTTP/2.0" 200 3874 "https://statusplan.com/sitemap.xml?path=//proc" "Mozilla/5.0 AppleWebKit/537.36 (KHTML, like Gecko; compatible; GPTBot/1.3; +https://openai.com/gptbot)" 249 **0/249604**
57.141.6.52 - - [16/Mar/2026:06:02:36 -0700] "GET /products/nintendo-game-boy-advance-sp-handheld-game-console-ags-001-c/12470806/ HTTP/2.0" 200 63518 "-" "meta-externalagent/1.1 (+https://developers.facebook.com/docs/sharing/webmasters/crawler)" 255 **0/255744**
158.115.179.44 - - [16/Mar/2026:06:02:37 -0700] "GET /?fileloc=%2Fhome%2Fworkshopbrain%2Fpublic_html%2Fshea%2Fwp-includes%2Fclass-wp-metadata-lazyloader.php&path=%2Fhome%2Fworkshopbrain%2Fpublic_html%2Fshea%2Fwp-includes HTTP/2.0" 200 4125 "https://www.statusplan.com/" "Mozilla/5.0 (Windows NT 10.0; Win64; x64) AppleWebKit/537.36 (KHTML, like Gecko) Chrome/117.0.0.0 Safari/537.36 OPR/90.0.0.0" 584 **0/584108**
57.141.6.19 - - [16/Mar/2026:06:02:39 -0700] "GET /products/hellstar-shirt/48999865/ HTTP/2.0" 200 63518 "-" "meta-externalagent/1.1 (+https://developers.facebook.com/docs/sharing/webmasters/crawler)" 486 **0/486950**
74.7.241.2 - - [16/Mar/2026:06:02:39 -0700] "GET /sitemap.xml?path=//proc/84719 HTTP/2.0" 200 3797 "https://statusplan.com/sitemap.xml?path=//proc" "Mozilla/5.0 AppleWebKit/537.36 (KHTML, like Gecko; compatible; GPTBot/1.3; +https://openai.com/gptbot)" 467 **0/467151**
47.128.120.162 - - [16/Mar/2026:06:02:41 -0700] "GET /?fileloc=%2F%2Fusr%2Flib%2Ffirmware%2Fbrcm%2Fbrcmfmac43242a.bin&path=%2F%2Fusr%2Flib%2Ffirmware%2Fbrcm HTTP/2.0" 200 2290 "-" "Mozilla/5.0 (Linux; Android 5.0) AppleWebKit/537.36 (KHTML, like Gecko) Mobile Safari/537.36 (compatible; TikTokSpider; ttspider-feedback@tiktok.com)" 246 **0/246029**
57.141.6.46 - - [16/Mar/2026:06:02:41 -0700] "GET /products/dog-pet-cage-kennel-size-43-with-divider-and-feedin-bowls-ne/24352291/ HTTP/2.0" 200 63518 "-" "meta-externalagent/1.1 (+https://developers.facebook.com/docs/sharing/webmasters/crawler)" 247 **0/247888**
57.141.6.35 - - [16/Mar/2026:06:02:43 -0700] "GET /products/mens-guess-jacket-quilted-xl-chamarra-black/13507786/ HTTP/2.0" 200 63518 "-" "meta-externalagent/1.1 (+https://developers.facebook.com/docs/sharing/webmasters/crawler)" 309 **0/309225**
74.7.241.2 - - [16/Mar/2026:06:02:43 -0700] "GET /sitemap.xml?path=//proc/84713 HTTP/2.0" 200 3797 "https://statusplan.com/sitemap.xml?path=//proc" "Mozilla/5.0 AppleWebKit/537.36 (KHTML, like Gecko; compatible; GPTBot/1.3; +https://openai.com/gptbot)" 272 **0/272983**
57.141.6.52 - - [16/Mar/2026:06:02:43 -0700] "GET /products/trailer-for-sell/17560576/ HTTP/2.0" 200 63518 "-" "meta-externalagent/1.1 (+https://developers.facebook.com/docs/sharing/webmasters/crawler)" 266 **0/266317**
57.141.6.71 - - [16/Mar/2026:06:02:45 -0700] "GET /products/new-rayban-sunglasses-with-original-ray-ban-packaging/8210956/ HTTP/2.0" 200 63518 "-" "meta-externalagent/1.1 (+https://developers.facebook.com/docs/sharing/webmasters/crawler)" 278 **0/278455**
179.6.171.239 - - [16/Mar/2026:06:02:35 -0700] "GET /?fileloc=%2Fhome%2Fworkshopbrain%2Fpublic_html%2Fstatusplan.com%2Fwp-includes%2Fjs%2Fcustomize-preview-nav-menus.min.js&path=%2Fhome%2Fworkshopbrain%2Fpublic_html%2Fstatusplan.com%2Fwp-includes%2Fjs HTTP/2.0" 200 3992 "https://www.yahoo.com/" "Mozilla/5.0 (X11; Linux x86_64) AppleWebKit/537.36 (KHTML, like Gecko) Chrome/99.0.4844.51 Safari/537.36 Edg/99.0.1150.30" 10424 **10/10424470**
158.115.179.44 - - [16/Mar/2026:06:02:40 -0700] "GET /?fileloc=%2Fhome%2Fworkshopbrain%2Fpublic_html%2Fwp-content%2Fthemes%2Ftwentynineteen%2Fscreenshot.png&path=%2Fhome%2Fworkshopbrain%2Fpublic_html%2Fwp-content%2Fthemes%2Ftwentynineteen HTTP/2.0" 200 2305 "https://www.google.com/" "Mozilla/5.0 (Windows NT 10.0; Win64; x64) AppleWebKit/537.36 (KHTML, like Gecko) Chrome/117.0.0.0 Safari/537.36 OPR/90.0.0.0" 5437 **5/5437694**
102.102.84.81 - - [16/Mar/2026:06:02:46 -0700] "GET /?fileloc=%2Fhome%2Fworkshopbrain%2Fpublic_html%2Fwp-content%2Fthemes%2Ftwentytwelve%2Freadme.txt&path=%2Fhome%2Fworkshopbrain%2Fpublic_html%2Fwp-content%2Fthemes%2Ftwentytwelve HTTP/2.0" 200 3926 "https://www.statusplan.com/" "Mozilla/5.0 (X11; Linux x86_64) AppleWebKit/537.36 (KHTML, like Gecko) Chrome/123.0.0.0 Safari/537.36" 298 **0/298508**
74.7.241.2 - - [16/Mar/2026:06:02:46 -0700] "GET /sitemap.xml?fileloc=//proc/net/if_inet6&path=//proc/net HTTP/2.0" 200 2262 "https://statusplan.com/sitemap.xml?path=//proc/net" "Mozilla/5.0 AppleWebKit/537.36 (KHTML, like Gecko; compatible; GPTBot/1.3; +https://openai.com/gptbot)" 247 **0/247983**
57.141.6.27 - - [16/Mar/2026:06:02:47 -0700] "GET /products/sturdy-metal-table-with-glass-top/10708339/ HTTP/2.0" 200 63518 "-" "meta-externalagent/1.1 (+https://developers.facebook.com/docs/sharing/webmasters/crawler)" 240 **0/240115**
57.141.6.26 - - [16/Mar/2026:06:02:48 -0700] "GET /products/singer-electric-differential-feed/15090787/ HTTP/2.0" 200 63518 "-" "meta-externalagent/1.1 (+https://developers.facebook.com/docs/sharing/webmasters/crawler)" 262 **0/262610**
74.7.241.2 - - [16/Mar/2026:06:02:49 -0700] "GET /sitemap.xml?fileloc=//proc/net/rt_acct&path=//proc/net HTTP/2.0" 200 2262 "https://statusplan.com/sitemap.xml?path=//proc/net" "Mozilla/5.0 AppleWebKit/537.36 (KHTML, like Gecko; compatible; GPTBot/1.3; +https://openai.com/gptbot)" 272 **0/272567**
102.102.84.81 - - [16/Mar/2026:06:02:49 -0700] "GET /?fileloc=%2Fhome%2Fworkshopbrain%2Fpublic_html%2Fbatteryatl%2Fwp-includes%2Fcss%2Fwp-pointer-rtl.min.css&path=%2Fhome%2Fworkshopbrain%2Fpublic_html%2Fbatteryatl%2Fwp-includes%2Fcss HTTP/2.0" 200 3076 "https://www.statusplan.com/" "Mozilla/5.0 (X11; Linux x86_64) AppleWebKit/537.36 (KHTML, like Gecko) Chrome/123.0.0.0 Safari/537.36" 340 **0/340267**
57.141.6.43 - - [16/Mar/2026:06:02:50 -0700] "GET /products/double-bridge-blaze-new-rayban-sunglasses-with-original-ray/43139668/ HTTP/2.0" 200 63518 "-" "meta-externalagent/1.1 (+https://developers.facebook.com/docs/sharing/webmasters/crawler)" 421 **0/421074**
57.141.6.32 - - [16/Mar/2026:06:02:50 -0700] "GET /products/vtg-rawik-endurance-mens-ski-suit-one-piece-lined-not-insula/28534126/ HTTP/2.0" 200 63518 "-" "meta-externalagent/1.1 (+https://developers.facebook.com/docs/sharing/webmasters/crawler)" 652 **0/652269**
74.7.241.2 - - [16/Mar/2026:06:02:52 -0700] "GET /sitemap.xml?fileloc=//proc/net/ip6_mr_cache&path=//proc/net HTTP/2.0" 200 2265 "https://statusplan.com/sitemap.xml?path=//proc/net" "Mozilla/5.0 AppleWebKit/537.36 (KHTML, like Gecko; compatible; GPTBot/1.3; +https://openai.com/gptbot)" 289 **0/289213**
57.141.6.3 - - [16/Mar/2026:06:02:54 -0700] "GET /products/garage-storage-containers/40284109/ HTTP/2.0" 200 63518 "-" "meta-externalagent/1.1 (+https://developers.facebook.com/docs/sharing/webmasters/crawler)" 1092 **1/1092346**
108.30.170.197 - - [16/Mar/2026:06:02:54 -0700] "GET /?fileloc=%2Fhome%2Fworkshopbrain%2Fpublic_html%2Fstatusplan.com%2F.well-known%2Fntsnkldu.php&path=%2Fhome%2Fworkshopbrain%2Fpublic_html%2Fstatusplan.com%2F.well-known HTTP/2.0" 200 2298 "https://www.statusplan.com/" "Mozilla/5.0 (X11; Linux x86_64) AppleWebKit/537.36 (KHTML, like Gecko) Chrome/117.0.0.0 Safari/537.36 OPR/89.0.0.0" 727 **0/727283**
74.7.241.2 - - [16/Mar/2026:06:02:55 -0700] "GET /sitemap.xml?fileloc=//proc/net/nf_conntrack_expect&path=//proc/net HTTP/2.0" 200 2272 "https://statusplan.com/sitemap.xml?path=//proc/net" "Mozilla/5.0 AppleWebKit/537.36 (KHTML, like Gecko; compatible; GPTBot/1.3; +https://openai.com/gptbot)" 304 **0/304686**
57.141.6.8 - - [16/Mar/2026:06:02:55 -0700] "GET /products/mobil-detail/19361326/ HTTP/2.0" 200 63518 "-" "meta-externalagent/1.1 (+https://developers.facebook.com/docs/sharing/webmasters/crawler)" 297 **0/297228**
57.141.6.48 - - [16/Mar/2026:06:02:57 -0700] "GET /products/honey-reclining-sofa/21566389/ HTTP/2.0" 200 63518 "-" "meta-externalagent/1.1 (+https://developers.facebook.com/docs/sharing/webmasters/crawler)" 310 **0/310616**
158.115.179.44 - - [16/Mar/2026:06:02:57 -0700] "GET /?fileloc=%2Fhome%2Fworkshopbrain%2Fpublic_html%2Fwp-content%2Fthemes%2Ftwentytwelve%2Fcomments.php&path=%2Fhome%2Fworkshopbrain%2Fpublic_html%2Fwp-content%2Fthemes%2Ftwentytwelve HTTP/2.0" 200 3286 "https://www.statusplan.com/" "Mozilla/5.0 (Windows NT 10.0; Win64; x64) AppleWebKit/537.36 (KHTML, like Gecko) Chrome/117.0.0.0 Safari/537.36 OPR/90.0.0.0" 541 **0/541937**
74.7.241.2 - - [16/Mar/2026:06:02:58 -0700] "GET /sitemap.xml?fileloc=//proc/37673/oom_score_adj&path=//proc/37673 HTTP/2.0" 200 2270 "https://statusplan.com/sitemap.xml?path=//proc/37673" "Mozilla/5.0 AppleWebKit/537.36 (KHTML, like Gecko; compatible; GPTBot/1.3; +https://openai.com/gptbot)" 254 **0/254780**
57.141.6.68 - - [16/Mar/2026:06:02:59 -0700] "GET /products/pair-of-oriental-porcelain-chinese-vases/23975593/ HTTP/2.0" 200 63518 "-" "meta-externalagent/1.1 (+https://developers.facebook.com/docs/sharing/webmasters/crawler)" 273 **0/273239**
158.115.179.44 - - [16/Mar/2026:06:02:59 -0700] "GET /?fileloc=%2Fhome%2Fworkshopbrain%2Fpublic_html%2Fstatusplan.com%2Fwp-admin%2Fcss%2Fthemes.min.css&path=%2Fhome%2Fworkshopbrain%2Fpublic_html%2Fstatusplan.com%2Fwp-admin%2Fcss HTTP/2.0" 200 8241 "https://www.statusplan.com/" "Mozilla/5.0 (Windows NT 10.0; Win64; x64) AppleWebKit/537.36 (KHTML, like Gecko) Chrome/117.0.0.0 Safari/537.36 OPR/90.0.0.0" 321 **0/321438**
57.141.6.53 - - [16/Mar/2026:06:03:00 -0700] "GET /products/ultra-precision-digital-baby-scale/41701000/ HTTP/2.0" 200 63518 "-" "meta-externalagent/1.1 (+https://developers.facebook.com/docs/sharing/webmasters/crawler)" 500 **0/500258**
74.7.241.2 - - [16/Mar/2026:06:03:02 -0700] "GET /sitemap.xml?fileloc=//proc/net/rt_cache&path=//proc/net HTTP/2.0" 200 2259 "https://statusplan.com/sitemap.xml?path=//proc/net" "Mozilla/5.0 AppleWebKit/537.36 (KHTML, like Gecko; compatible; GPTBot/1.3; +https://openai.com/gptbot)" 274 **0/274433**
57.141.6.52 - - [16/Mar/2026:06:03:02 -0700] "GET /products/22-velocity-rims-with-tires/49825900/ HTTP/2.0" 200 63518 "-" "meta-externalagent/1.1 (+https://developers.facebook.com/docs/sharing/webmasters/crawler)" 281 **0/281894**
57.141.6.40 - - [16/Mar/2026:06:03:02 -0700] "GET /products/odyssey-trips-track-10/36487456/ HTTP/2.0" 200 63518 "-" "meta-externalagent/1.1 (+https://developers.facebook.com/docs/sharing/webmasters/crawler)" 514 **0/514463**
102.102.84.81 - - [16/Mar/2026:06:03:04 -0700] "GET /?fileloc=%2Fhome%2Fworkshopbrain%2Fpublic_html%2Fstatusplan.co%2Fwp-includes%2FID3%2Fmodule.tag.lyrics3.php&path=%2Fhome%2Fworkshopbrain%2Fpublic_html%2Fstatusplan.co%2Fwp-includes%2FID3 HTTP/2.0" 200 5083 "https://www.statusplan.com/" "Mozilla/5.0 (X11; Linux x86_64) AppleWebKit/537.36 (KHTML, like Gecko) Chrome/123.0.0.0 Safari/537.36" 328 **0/328883**
57.141.6.19 - - [16/Mar/2026:06:03:04 -0700] "GET /products/2018-gmc-sierra-headlight-right-side/33283318/ HTTP/2.0" 200 63518 "-" "meta-externalagent/1.1 (+https://developers.facebook.com/docs/sharing/webmasters/crawler)" 488 **0/488587**
74.7.241.2 - - [16/Mar/2026:06:03:05 -0700] "GET /sitemap.xml?fileloc=//proc/net/fib_trie&path=//proc/net HTTP/2.0" 200 2260 "https://statusplan.com/sitemap.xml?path=//proc/net" "Mozilla/5.0 AppleWebKit/537.36 (KHTML, like Gecko; compatible; GPTBot/1.3; +https://openai.com/gptbot)" 258 **0/258847**
47.128.120.157 - - [16/Mar/2026:06:03:06 -0700] "GET /?fileloc=%2F%2Flib%2F.build-id%2F04%2Fd035f31787a0e708bc791586d8b1ca3b9edd28&path=%2F%2Flib%2F.build-id%2F04 HTTP/2.0" 200 2296 "-" "Mozilla/5.0 (Linux; Android 5.0) AppleWebKit/537.36 (KHTML, like Gecko) Mobile Safari/537.36 (compatible; TikTokSpider; ttspider-feedback@tiktok.com)" 269 **0/269896**
57.141.6.61 - - [16/Mar/2026:06:03:06 -0700] "GET /products/stream-light/30665311/ HTTP/2.0" 200 63518 "-" "meta-externalagent/1.1 (+https://developers.facebook.com/docs/sharing/webmasters/crawler)" 267 **0/267392**
74.7.241.2 - - [16/Mar/2026:06:03:08 -0700] "GET /sitemap.xml?path=//proc/35426/cwd HTTP/2.0" 200 2319 "https://statusplan.com/sitemap.xml?path=//proc/35426" "Mozilla/5.0 AppleWebKit/537.36 (KHTML, like Gecko; compatible; GPTBot/1.3; +https://openai.com/gptbot)" 253 **0/253524**
57.141.6.5 - - [16/Mar/2026:06:03:09 -0700] "GET /products/dining-room-set/21280159/ HTTP/2.0" 200 63518 "-" "meta-externalagent/1.1 (+https://developers.facebook.com/docs/sharing/webmasters/crawler)" 275 **0/275145**
74.7.241.2 - - [16/Mar/2026:06:03:11 -0700] "GET /sitemap.xml?fileloc=//proc/net/ip_mr_cache&path=//proc/net HTTP/2.0" 200 2265 "https://statusplan.com/sitemap.xml?path=//proc/net" "Mozilla/5.0 AppleWebKit/537.36 (KHTML, like Gecko; compatible; GPTBot/1.3; +https://openai.com/gptbot)" 247 **0/247582**
57.141.6.24 - - [16/Mar/2026:06:03:11 -0700] "GET /products/dual-recliner-sofa/21474535/ HTTP/2.0" 200 63518 "-" "meta-externalagent/1.1 (+https://developers.facebook.com/docs/sharing/webmasters/crawler)" 492 **0/492069**
102.102.84.81 - - [16/Mar/2026:06:03:12 -0700] "GET /?fileloc=%2Fhome%2Fworkshopbrain%2Fpublic_html%2Flocalleasing%2Fwp-admin%2Finstall.php&path=%2Fhome%2Fworkshopbrain%2Fpublic_html%2Flocalleasing%2Fwp-admin HTTP/2.0" 200 7076 "https://www.statusplan.com/" "Mozilla/5.0 (X11; Linux x86_64) AppleWebKit/537.36 (KHTML, like Gecko) Chrome/123.0.0.0 Safari/537.36" 298 **0/298792**
179.6.171.239 - - [16/Mar/2026:06:03:07 -0700] "GET /1win-colombia-340/?fileloc=%2Fhome%2Fworkshopbrain%2Fpublic_html%2Fbradford%2Fwp-includes%2Fblock-patterns%2Fsocial-links-shared-background-color.php&path=%2Fhome%2Fworkshopbrain%2Fpublic_html%2Fbradford%2Fwp-includes%2Fblock-patterns HTTP/2.0" 200 2636 "https://www.yahoo.com/" "Mozilla/5.0 (X11; Linux x86_64) AppleWebKit/537.36 (KHTML, like Gecko) Chrome/99.0.4844.51 Safari/537.36 Edg/99.0.1150.30" 5478 **5/5478779**
57.141.6.71 - - [16/Mar/2026:06:03:13 -0700] "GET /products/rustic-barnhouse-boho-chic-end-table-nightstand/46630057/ HTTP/2.0" 200 63518 "-" "meta-externalagent/1.1 (+https://developers.facebook.com/docs/sharing/webmasters/crawler)" 376 **0/376892**
74.7.241.2 - - [16/Mar/2026:06:03:14 -0700] "GET /sitemap.xml?fileloc=//proc/net/tcp&path=//proc/net HTTP/2.0" 200 8384 "https://statusplan.com/sitemap.xml?path=//proc/net" "Mozilla/5.0 AppleWebKit/537.36 (KHTML, like Gecko; compatible; GPTBot/1.3; +https://openai.com/gptbot)" 281 **0/281074**
57.141.6.26 - - [16/Mar/2026:06:03:14 -0700] "GET /products/tesla-model-x-rear-liftgate-lid-wire-harness-cable-2016-201/29182711/ HTTP/2.0" 403 63518 "-" "meta-externalagent/1.1 (+https://developers.facebook.com/docs/sharing/webmasters/crawler)" 243 **0/243127**
108.30.170.197 - - [16/Mar/2026:06:03:14 -0700] "GET /1win-colombia-340/?fileloc=%2Fhome%2Fworkshopbrain%2Fpublic_html%2Fmis%2Fwp-admin%2F.htaccess&path=%2Fhome%2Fworkshopbrain%2Fpublic_html%2Fmis%2Fwp-admin HTTP/2.0" 200 2391 "https://www.statusplan.com/" "Mozilla/5.0 (X11; Linux x86_64) AppleWebKit/537.36 (KHTML, like Gecko) Chrome/117.0.0.0 Safari/537.36 OPR/89.0.0.0" 338 **0/338807**
57.141.6.12 - - [16/Mar/2026:06:03:17 -0700] "GET /products/blaupunkt-sun-7-inch-stereo-with-bluetooth-on-sale-for-8999/43639216/ HTTP/2.0" 403 63518 "-" "meta-externalagent/1.1 (+https://developers.facebook.com/docs/sharing/webmasters/crawler)" 274 **0/274815**
74.7.241.2 - - [16/Mar/2026:06:03:17 -0700] "GET /sitemap.xml?fileloc=//proc/net/arp&path=//proc/net HTTP/2.0" 200 2258 "https://statusplan.com/sitemap.xml?path=//proc/net" "Mozilla/5.0 AppleWebKit/537.36 (KHTML, like Gecko; compatible; GPTBot/1.3; +https://openai.com/gptbot)" 275 **0/275853**
108.30.170.197 - - [16/Mar/2026:06:03:18 -0700] "GET /1win-colombia-340/?fileloc=%2Fhome%2Fworkshopbrain%2Fpublic_html%2Fcolumbia%2Fwp-includes%2Ffeed-rss.php&path=%2Fhome%2Fworkshopbrain%2Fpublic_html%2Fcolumbia%2Fwp-includes HTTP/2.0" 200 2837 "http://www.baidu.com/" "Mozilla/5.0 (X11; Linux x86_64) AppleWebKit/537.36 (KHTML, like Gecko) Chrome/117.0.0.0 Safari/537.36 OPR/89.0.0.0" 322 **0/322195**
57.141.6.40 - - [16/Mar/2026:06:03:18 -0700] "GET /products/california-king-bed/27452227/ HTTP/2.0" 403 63518 "-" "meta-externalagent/1.1 (+https://developers.facebook.com/docs/sharing/webmasters/crawler)" 262 **0/262777**
74.7.241.2 - - [16/Mar/2026:06:03:20 -0700] "GET /sitemap.xml?fileloc=//proc/net/icmp&path=//proc/net HTTP/2.0" 200 2259 "https://statusplan.com/sitemap.xml?path=//proc/net" "Mozilla/5.0 AppleWebKit/537.36 (KHTML, like Gecko; compatible; GPTBot/1.3; +https://openai.com/gptbot)" 487 **0/487600**
108.30.170.197 - - [16/Mar/2026:06:03:23 -0700] "GET /?path=%2F%2Fproc%2F1028731%2Froot%2Fusr%2Fshare%2Flocale%2Ffan HTTP/2.0" 200 2360 "http://www.baidu.com/" "Mozilla/5.0 (X11; Linux x86_64) AppleWebKit/537.36 (KHTML, like Gecko) Chrome/117.0.0.0 Safari/537.36 OPR/89.0.0.0" 328 **0/328642**
57.141.6.61 - - [16/Mar/2026:06:03:23 -0700] "GET /products/holster/14190034/ HTTP/2.0" 403 63518 "-" "meta-externalagent/1.1 (+https://developers.facebook.com/docs/sharing/webmasters/crawler)" 253 **0/253972**
74.7.241.2 - - [16/Mar/2026:06:03:24 -0700] "GET /sitemap.xml?fileloc=//proc/net/snmp&path=//proc/net HTTP/2.0" 200 2259 "https://statusplan.com/sitemap.xml?path=//proc/net" "Mozilla/5.0 AppleWebKit/537.36 (KHTML, like Gecko; compatible; GPTBot/1.3; +https://openai.com/gptbot)" 243 **0/243589**
108.30.170.197 - - [16/Mar/2026:06:03:26 -0700] "GET /?path=%2F%2Fusr%2Fshare%2Flocale%2Fagr HTTP/2.0" 200 2579 "https://www.google.com/" "Mozilla/5.0 (X11; Linux x86_64) AppleWebKit/537.36 (KHTML, like Gecko) Chrome/117.0.0.0 Safari/537.36 OPR/89.0.0.0" 434 **0/434534**
57.141.6.46 - - [16/Mar/2026:06:03:26 -0700] "GET /products/milwaukeem12-12-volt-lithium-ion-cordless-soldering-iron-too/45644569/ HTTP/2.0" 403 63518 "-" "meta-externalagent/1.1 (+https://developers.facebook.com/docs/sharing/webmasters/crawler)" 267 **0/267971**
74.7.241.2 - - [16/Mar/2026:06:03:27 -0700] "GET /sitemap.xml?fileloc=//proc/net/ip6_mr_vif&path=//proc/net HTTP/2.0" 200 2263 "https://statusplan.com/sitemap.xml?path=//proc/net" "Mozilla/5.0 AppleWebKit/537.36 (KHTML, like Gecko; compatible; GPTBot/1.3; +https://openai.com/gptbot)" 240 **0/240356**
57.141.6.71 - - [16/Mar/2026:06:03:28 -0700] "GET /products/12-sony-subwoofer/43859947/ HTTP/2.0" 200 63518 "-" "meta-externalagent/1.1 (+https://developers.facebook.com/docs/sharing/webmasters/crawler)" 239 **0/239685**
57.141.6.38 - - [16/Mar/2026:06:03:29 -0700] "GET /products/cabbage-patch-doll-space-outfit/23767147/ HTTP/2.0" 200 63518 "-" "meta-externalagent/1.1 (+https://developers.facebook.com/docs/sharing/webmasters/crawler)" 268 **0/268699**
74.7.241.2 - - [16/Mar/2026:06:03:30 -0700] "GET /sitemap.xml?fileloc=//proc/net/tcp6&path=//proc/net HTTP/2.0" 200 2709 "https://statusplan.com/sitemap.xml?path=//proc/net" "Mozilla/5.0 AppleWebKit/537.36 (KHTML, like Gecko; compatible; GPTBot/1.3; +https://openai.com/gptbot)" 272 **0/272957**
47.128.120.152 - - [16/Mar/2026:06:03:30 -0700] "GET /?path=%2Fhome%2Fworkshopbrain%2Fpublic_html%2Fned%2Fwp-includes%2Fblocks%2Flist-item HTTP/2.0" 200 2662 "-" "Mozilla/5.0 (Linux; Android 5.0) AppleWebKit/537.36 (KHTML, like Gecko) Mobile Safari/537.36 (compatible; TikTokSpider; ttspider-feedback@tiktok.com)" 253 **0/253939**
57.141.6.11 - - [16/Mar/2026:06:03:31 -0700] "GET /products/gray-tufted-couch/27224272/ HTTP/2.0" 403 63518 "-" "meta-externalagent/1.1 (+https://developers.facebook.com/docs/sharing/webmasters/crawler)" 244 **0/244685**
108.30.170.197 - - [16/Mar/2026:06:03:31 -0700] "GET /1win-colombia-340/?fileloc=%2F%2Fproc%2F1008896%2Fcwd%2Fusr%2Flib64%2Flibpcprofile.so&path=%2F%2Fproc%2F1008896%2Fcwd%2Fusr%2Flib64 HTTP/2.0" 200 2295 "https://www.google.com/" "Mozilla/5.0 (X11; Linux x86_64) AppleWebKit/537.36 (KHTML, like Gecko) Chrome/117.0.0.0 Safari/537.36 OPR/89.0.0.0" 446 **0/446799**
74.7.241.2 - - [16/Mar/2026:06:03:33 -0700] "GET /sitemap.xml?fileloc=//proc/net/raw6&path=//proc/net HTTP/2.0" 200 2377 "https://statusplan.com/sitemap.xml?path=//proc/net" "Mozilla/5.0 AppleWebKit/537.36 (KHTML, like Gecko; compatible; GPTBot/1.3; +https://openai.com/gptbot)" 248 **0/248055**
57.141.6.63 - - [16/Mar/2026:06:03:33 -0700] "GET /products/commercial-freezer/34390543/ HTTP/2.0" 403 63518 "-" "meta-externalagent/1.1 (+https://developers.facebook.com/docs/sharing/webmasters/crawler)" 235 **0/235420**
57.141.6.43 - - [16/Mar/2026:06:03:34 -0700] "GET /products/fm-modulator-bluetooth/43770907/ HTTP/2.0" 403 63518 "-" "meta-externalagent/1.1 (+https://developers.facebook.com/docs/sharing/webmasters/crawler)" 300 **0/300227**
57.141.6.71 - - [16/Mar/2026:06:03:35 -0700] "GET /products/jordans/24932962/ HTTP/2.0" 403 63518 "-" "meta-externalagent/1.1 (+https://developers.facebook.com/docs/sharing/webmasters/crawler)" 272 **0/272735**
74.7.241.2 - - [16/Mar/2026:06:03:36 -0700] "GET /sitemap.xml?fileloc=//proc/net/unix&path=//proc/net HTTP/2.0" 200 6538 "https://statusplan.com/sitemap.xml?path=//proc/net" "Mozilla/5.0 AppleWebKit/537.36 (KHTML, like Gecko; compatible; GPTBot/1.3; +https://openai.com/gptbot)" 249 **0/249724**
102.102.84.81 - - [16/Mar/2026:06:03:36 -0700] "GET /1win-colombia-340/?fileloc=%2Fhome%2Fworkshopbrain%2Fpublic_html%2Fstatusplan.com%2F.well-known%2Fpki-validation%2Fmhdwjjzx.php&path=%2Fhome%2Fworkshopbrain%2Fpublic_html%2Fstatusplan.com%2F.well-known%2Fpki-validation HTTP/2.0" 200 2317 "https://www.statusplan.com/" "Mozilla/5.0 (X11; Linux x86_64) AppleWebKit/537.36 (KHTML, like Gecko) Chrome/123.0.0.0 Safari/537.36" 473 **0/473850**
57.141.6.26 - - [16/Mar/2026:06:03:37 -0700] "GET /products/ac-aire-acondicionado/12055321/ HTTP/2.0" 403 63518 "-" "meta-externalagent/1.1 (+https://developers.facebook.com/docs/sharing/webmasters/crawler)" 348 **0/348538**
74.7.241.2 - - [16/Mar/2026:06:03:39 -0700] "GET /sitemap.xml?fileloc=//proc/net/igmp&path=//proc/net HTTP/2.0" 200 2259 "https://statusplan.com/sitemap.xml?path=//proc/net" "Mozilla/5.0 AppleWebKit/537.36 (KHTML, like Gecko; compatible; GPTBot/1.3; +https://openai.com/gptbot)" 266 **0/266874**
108.30.170.197 - - [16/Mar/2026:06:03:39 -0700] "GET /1win-colombia-340/?fileloc=%2F%2Flib%2Fnode_modules%2Fnpm%2Fman%2Fman8%2Fdnssec-signzone.8.gz&path=%2F%2Flib%2Fnode_modules%2Fnpm%2Fman%2Fman8 HTTP/2.0" 200 2300 "https://www.statusplan.com/" "Mozilla/5.0 (X11; Linux x86_64) AppleWebKit/537.36 (KHTML, like Gecko) Chrome/117.0.0.0 Safari/537.36 OPR/89.0.0.0" 360 **0/360095**
57.141.6.69 - - [16/Mar/2026:06:03:40 -0700] "GET /products/mickey-and-minnie-with-stands/28046590/ HTTP/2.0" 403 63518 "-" "meta-externalagent/1.1 (+https://developers.facebook.com/docs/sharing/webmasters/crawler)" 307 **0/307913**
108.30.170.197 - - [16/Mar/2026:06:03:42 -0700] "GET /?fileloc=%2F%2Fusr%2Flib%2Ffirmware%2Fbrcm%2Fbrcmfmac4330-sdio.bin&path=%2F%2Fusr%2Flib%2Ffirmware%2Fbrcm HTTP/2.0" 200 2292 "https://www.yandex.com/" "Mozilla/5.0 (X11; Linux x86_64) AppleWebKit/537.36 (KHTML, like Gecko) Chrome/117.0.0.0 Safari/537.36 OPR/89.0.0.0" 322 **0/322522**
74.7.241.2 - - [16/Mar/2026:06:03:42 -0700] "GET /sitemap.xml?fileloc=//proc/net/raw&path=//proc/net HTTP/2.0" 200 2369 "https://statusplan.com/sitemap.xml?path=//proc/net" "Mozilla/5.0 AppleWebKit/537.36 (KHTML, like Gecko; compatible; GPTBot/1.3; +https://openai.com/gptbot)" 255 **0/255938**
57.141.6.64 - - [16/Mar/2026:06:03:42 -0700] "GET /products/swimming-pool/14294467/ HTTP/2.0" 403 63518 "-" "meta-externalagent/1.1 (+https://developers.facebook.com/docs/sharing/webmasters/crawler)" 292 **0/292260**
74.7.241.2 - - [16/Mar/2026:06:03:45 -0700] "GET /sitemap.xml?fileloc=//proc/net/udp&path=//proc/net HTTP/2.0" 200 2688 "https://statusplan.com/sitemap.xml?path=//proc/net" "Mozilla/5.0 AppleWebKit/537.36 (KHTML, like Gecko; compatible; GPTBot/1.3; +https://openai.com/gptbot)" 274 **0/274059**
57.141.6.52 - - [16/Mar/2026:06:03:47 -0700] "GET /products/bride-replica-computer-chair/19210882/ HTTP/2.0" 403 63518 "-" "meta-externalagent/1.1 (+https://developers.facebook.com/docs/sharing/webmasters/crawler)" 262 **0/262436**
158.115.179.44 - - [16/Mar/2026:06:03:47 -0700] "GET /?path=%2Fhome%2Fworkshopbrain%2Fpublic_html%2Flocalleasing%2Fwp-includes%2Fimages%2Fsmilies HTTP/2.0" 200 3335 "http://www.baidu.com/" "Mozilla/5.0 (Windows NT 10.0; Win64; x64) AppleWebKit/537.36 (KHTML, like Gecko) Chrome/117.0.0.0 Safari/537.36 OPR/90.0.0.0" 324 **0/324261**
74.7.241.2 - - [16/Mar/2026:06:03:48 -0700] "GET /sitemap.xml?fileloc=//proc/net/udp6&path=//proc/net HTTP/2.0" 200 2399 "https://statusplan.com/sitemap.xml?path=//proc/net" "Mozilla/5.0 AppleWebKit/537.36 (KHTML, like Gecko; compatible; GPTBot/1.3; +https://openai.com/gptbot)" 247 **0/247354**
57.141.6.35 - - [16/Mar/2026:06:03:49 -0700] "GET /products/caldero-de-11-qt-con-tapa-coladora-rincess-house/20358847/ HTTP/2.0" 403 63518 "-" "meta-externalagent/1.1 (+https://developers.facebook.com/docs/sharing/webmasters/crawler)" 262 **0/262895**
57.141.6.27 - - [16/Mar/2026:06:03:51 -0700] "GET /products/4-new-tires-and-rims/9186364/ HTTP/2.0" 200 63518 "-" "meta-externalagent/1.1 (+https://developers.facebook.com/docs/sharing/webmasters/crawler)" 275 **0/275716**
179.6.171.239 - - [16/Mar/2026:06:03:51 -0700] "GET /1win-colombia-340/?fileloc=%2Fhome%2Fworkshopbrain%2Fpublic_html%2Fstatusplan.com%2Fcgi-bin%2Flicsoujn.php&path=%2Fhome%2Fworkshopbrain%2Fpublic_html%2Fstatusplan.com%2Fcgi-bin HTTP/2.0" 200 2292 "https://www.yahoo.com/" "Mozilla/5.0 (X11; Linux x86_64) AppleWebKit/537.36 (KHTML, like Gecko) Chrome/99.0.4844.51 Safari/537.36 Edg/99.0.1150.30" 392 **0/392030**
74.7.241.2 - - [16/Mar/2026:06:03:51 -0700] "GET /sitemap.xml?fileloc=//proc/net/connector&path=//proc/net HTTP/2.0" 200 2261 "https://statusplan.com/sitemap.xml?path=//proc/net" "Mozilla/5.0 AppleWebKit/537.36 (KHTML, like Gecko; compatible; GPTBot/1.3; +https://openai.com/gptbot)" 257 **0/257474**
57.141.6.26 - - [16/Mar/2026:06:03:53 -0700] "GET /products/fit-video-exercise-machine/40104958/ HTTP/2.0" 200 63518 "-" "meta-externalagent/1.1 (+https://developers.facebook.com/docs/sharing/webmasters/crawler)" 249 **0/249153**
