216.73.216.178 - - [16/Mar/2026:06:26:45 -0700] "GET /?fileloc=%2Fhome%2Fworkshopbrain%2Fpublic_html%2Fstatusplan.com%2Fwp-admin%2Fedit-comments.php&path=%2Fhome%2Fworkshopbrain%2Fpublic_html%2Fstatusplan.com%2Fwp-admin HTTP/2.0" 200 6227 "-" "Mozilla/5.0 AppleWebKit/537.36 (KHTML, like Gecko; compatible; ClaudeBot/1.0; +claudebot@anthropic.com)" 266 **0/266639**
57.141.6.40 - - [16/Mar/2026:06:26:45 -0700] "GET /products/newell-fishing-reel/31167610/ HTTP/2.0" 200 63518 "-" "meta-externalagent/1.1 (+https://developers.facebook.com/docs/sharing/webmasters/crawler)" 268 **0/268432**
57.141.6.64 - - [16/Mar/2026:06:26:47 -0700] "GET /products/250-base-loads-class-2-base-crushed-recycled-rock/40697221/ HTTP/2.0" 200 63518 "-" "meta-externalagent/1.1 (+https://developers.facebook.com/docs/sharing/webmasters/crawler)" 285 **0/285881**
74.7.241.2 - - [16/Mar/2026:06:26:47 -0700] "GET /sitemap.xml?fileloc=//proc/84694/net/rt6_stats&path=//proc/84694/net HTTP/2.0" 200 2274 "https://statusplan.com/sitemap.xml?path=//proc/84694/net" "Mozilla/5.0 AppleWebKit/537.36 (KHTML, like Gecko; compatible; GPTBot/1.3; +https://openai.com/gptbot)" 244 **0/244606**
57.141.6.40 - - [16/Mar/2026:06:26:48 -0700] "GET /products/2009-2013-honda-fit-front-bumper-cover-oem/39121339/ HTTP/2.0" 403 63518 "-" "meta-externalagent/1.1 (+https://developers.facebook.com/docs/sharing/webmasters/crawler)" 265 **0/265521**
216.73.216.178 - - [16/Mar/2026:06:26:48 -0700] "GET /?fileloc=%2Fhome%2Fworkshopbrain%2Fpublic_html%2Fstatusplan.com%2Fwp-admin%2Fadmin-post.php&path=%2Fhome%2Fworkshopbrain%2Fpublic_html%2Fstatusplan.com%2Fwp-admin HTTP/2.0" 200 2950 "-" "Mozilla/5.0 AppleWebKit/537.36 (KHTML, like Gecko; compatible; ClaudeBot/1.0; +claudebot@anthropic.com)" 285 **0/285399**
172.58.180.234 - - [16/Mar/2026:06:26:49 -0700] "GET /?fileloc=%2Fhome%2Fworkshopbrain%2Fpublic_html%2Foxford%2Fwp-admin%2Fpress-this.php&path=%2Fhome%2Fworkshopbrain%2Fpublic_html%2Foxford%2Fwp-admin HTTP/2.0" 200 3179 "https://www.yandex.com/" "Mozilla/5.0 (X11; Ubuntu; Linux x86_64; rv:123.0) Gecko/20100101 Firefox/123.0" 330 **0/330733**
57.141.6.24 - - [16/Mar/2026:06:26:49 -0700] "GET /products/stranger-things-loungefly/35415343/ HTTP/2.0" 200 63518 "-" "meta-externalagent/1.1 (+https://developers.facebook.com/docs/sharing/webmasters/crawler)" 255 **0/255892**
46.210.176.76 - - [16/Mar/2026:06:26:45 -0700] "GET /?fileloc=%2F%2Fproc%2F1028325%2Froot%2Fusr%2Finclude%2Fetip.h&path=%2F%2Fproc%2F1028325%2Froot%2Fusr%2Finclude HTTP/1.1" 200 2292 "https://www.yahoo.com/" "Mozilla/5.0 (Windows NT 10.0; Win64; x64) AppleWebKit/537.36 (KHTML, like Gecko) Chrome/124.0.0.0 Safari/537.36 Edg/124.0.0.0" 5431 **5/5431022**
74.7.241.2 - - [16/Mar/2026:06:26:50 -0700] "GET /sitemap.xml?fileloc=//proc/84714/net/rt6_stats&path=//proc/84714/net HTTP/2.0" 200 2272 "https://statusplan.com/sitemap.xml?path=//proc/84714/net" "Mozilla/5.0 AppleWebKit/537.36 (KHTML, like Gecko; compatible; GPTBot/1.3; +https://openai.com/gptbot)" 251 **0/251427**
216.73.216.178 - - [16/Mar/2026:06:26:51 -0700] "GET /sitemap.xml?fileloc=%2F%2Fbin%2Fpaste&path=%2F%2Fbin HTTP/2.0" 200 2248 "-" "Mozilla/5.0 AppleWebKit/537.36 (KHTML, like Gecko; compatible; ClaudeBot/1.0; +claudebot@anthropic.com)" 332 **0/332133**
172.58.180.234 - - [16/Mar/2026:06:26:51 -0700] "GET /1win-colombia-340/?fileloc=%2F%2Flib%2Fnode_modules%2Fnpm%2Fman%2Fman8%2Frmmod.8.gz&path=%2F%2Flib%2Fnode_modules%2Fnpm%2Fman%2Fman8 HTTP/2.0" 200 2296 "https://www.yandex.com/" "Mozilla/5.0 (X11; Ubuntu; Linux x86_64; rv:123.0) Gecko/20100101 Firefox/123.0" 315 **0/315790**
57.141.6.4 - - [16/Mar/2026:06:26:53 -0700] "GET /products/ps4-2-controllers/9538555/ HTTP/2.0" 200 63518 "-" "meta-externalagent/1.1 (+https://developers.facebook.com/docs/sharing/webmasters/crawler)" 250 **0/250975**
74.7.241.2 - - [16/Mar/2026:06:26:54 -0700] "GET /sitemap.xml?fileloc=//proc/84693/net/rt6_stats&path=//proc/84693/net HTTP/2.0" 200 2274 "https://statusplan.com/sitemap.xml?path=//proc/84693/net" "Mozilla/5.0 AppleWebKit/537.36 (KHTML, like Gecko; compatible; GPTBot/1.3; +https://openai.com/gptbot)" 256 **0/256302**
216.73.216.178 - - [16/Mar/2026:06:26:54 -0700] "GET /sitemap.xml?fileloc=%2F%2Fbin%2Fc++&path=%2F%2Fbin HTTP/2.0" 200 2246 "-" "Mozilla/5.0 AppleWebKit/537.36 (KHTML, like Gecko; compatible; ClaudeBot/1.0; +claudebot@anthropic.com)" 270 **0/270908**
57.141.6.71 - - [16/Mar/2026:06:26:56 -0700] "GET /products/oven-hood/34635088/ HTTP/2.0" 403 63518 "-" "meta-externalagent/1.1 (+https://developers.facebook.com/docs/sharing/webmasters/crawler)" 320 **0/320589**
74.7.241.2 - - [16/Mar/2026:06:26:57 -0700] "GET /sitemap.xml?fileloc=//proc/84716/net/rt6_stats&path=//proc/84716/net HTTP/2.0" 200 2272 "https://statusplan.com/sitemap.xml?path=//proc/84716/net" "Mozilla/5.0 AppleWebKit/537.36 (KHTML, like Gecko; compatible; GPTBot/1.3; +https://openai.com/gptbot)" 274 **0/274160**
57.141.6.69 - - [16/Mar/2026:06:26:58 -0700] "GET /products/full-face-respirator-3m/19694680/ HTTP/2.0" 403 63518 "-" "meta-externalagent/1.1 (+https://developers.facebook.com/docs/sharing/webmasters/crawler)" 234 **0/234217**
47.128.120.232 - - [16/Mar/2026:06:27:00 -0700] "GET /?fileloc=%2F%2Fusr%2Fbin%2Fps2pdf12&path=%2F%2Fusr%2Fbin HTTP/2.0" 200 2400 "-" "Mozilla/5.0 (Linux; Android 5.0) AppleWebKit/537.36 (KHTML, like Gecko) Mobile Safari/537.36 (compatible; TikTokSpider; ttspider-feedback@tiktok.com)" 297 **0/297184**
74.7.241.2 - - [16/Mar/2026:06:27:00 -0700] "GET /sitemap.xml?fileloc=//proc/84693/net/ip_mr_cache&path=//proc/84693/net HTTP/2.0" 200 2275 "https://statusplan.com/sitemap.xml?path=//proc/84693/net" "Mozilla/5.0 AppleWebKit/537.36 (KHTML, like Gecko; compatible; GPTBot/1.3; +https://openai.com/gptbot)" 251 **0/251857**
216.73.216.178 - - [16/Mar/2026:06:27:00 -0700] "GET /sitemap.xml?fileloc=%2F%2Fbin%2Ffc-validate&path=%2F%2Fbin HTTP/2.0" 200 2251 "-" "Mozilla/5.0 AppleWebKit/537.36 (KHTML, like Gecko; compatible; ClaudeBot/1.0; +claudebot@anthropic.com)" 263 **0/263995**
57.141.6.44 - - [16/Mar/2026:06:27:01 -0700] "GET /products/brand-new-patio-outdoor-bbq-propane/22176061/ HTTP/2.0" 200 63518 "-" "meta-externalagent/1.1 (+https://developers.facebook.com/docs/sharing/webmasters/crawler)" 262 **0/262786**
172.58.180.234 - - [16/Mar/2026:06:27:01 -0700] "GET /?fileloc=%2F%2Fusr%2Flib%2Ffirmware%2Fmellanox%2Fmlxsw_spectrum4-34.2012.1012.mfa2&path=%2F%2Fusr%2Flib%2Ffirmware%2Fmellanox HTTP/2.0" 200 2306 "https://www.yandex.com/" "Mozilla/5.0 (X11; Ubuntu; Linux x86_64; rv:123.0) Gecko/20100101 Firefox/123.0" 343 **0/343820**
46.210.176.76 - - [16/Mar/2026:06:26:57 -0700] "GET /1win-colombia-340/?fileloc=%2Fhome%2Fworkshopbrain%2Fpublic_html%2Fletters2trump%2Fwp-includes%2Fclass-wp-http-requests-hooks.php&path=%2Fhome%2Fworkshopbrain%2Fpublic_html%2Fletters2trump%2Fwp-includes HTTP/1.1" 200 3022 "https://www.google.com/" "Mozilla/5.0 (Windows NT 10.0; Win64; x64) AppleWebKit/537.36 (KHTML, like Gecko) Chrome/124.0.0.0 Safari/537.36 Edg/124.0.0.0" 5638 **5/5638724**
57.141.6.17 - - [16/Mar/2026:06:27:02 -0700] "GET /products/honda-prelude-h-series-intake-manifold/28950262/ HTTP/2.0" 200 63518 "-" "meta-externalagent/1.1 (+https://developers.facebook.com/docs/sharing/webmasters/crawler)" 291 **0/291931**
57.141.6.53 - - [16/Mar/2026:06:27:02 -0700] "GET /products/belkin-3-1-charger/16756885/ HTTP/2.0" 200 63518 "-" "meta-externalagent/1.1 (+https://developers.facebook.com/docs/sharing/webmasters/crawler)" 266 **0/266552**
67.172.219.132 - - [16/Mar/2026:06:27:02 -0700] "GET /1win-colombia-340/?fileloc=%2Fhome%2Fworkshopbrain%2Fpublic_html%2Fstatusplan.com%2Fwp-admin%2Fjs%2Fadmin.php&path=%2Fhome%2Fworkshopbrain%2Fpublic_html%2Fstatusplan.com%2Fwp-admin%2Fjs HTTP/2.0" 200 2299 "https://www.statusplan.com/" "Mozilla/5.0 (Macintosh; Intel Mac OS X 10_15_7) AppleWebKit/537.36 (KHTML, like Gecko) Chrome/125.0.0.0 Safari/537.36" 373 **0/373440**
74.7.241.2 - - [16/Mar/2026:06:27:03 -0700] "GET /sitemap.xml?fileloc=//proc/84721/net/ip_mr_cache&path=//proc/84721/net HTTP/2.0" 200 2275 "https://statusplan.com/sitemap.xml?path=//proc/84721/net" "Mozilla/5.0 AppleWebKit/537.36 (KHTML, like Gecko; compatible; GPTBot/1.3; +https://openai.com/gptbot)" 279 **0/279745**
216.73.216.178 - - [16/Mar/2026:06:27:03 -0700] "GET /?fileloc=%2Fhome%2Fworkshopbrain%2Fpublic_html%2Fstatusplan.com%2Fwp-admin%2Fsetup-config.php&path=%2Fhome%2Fworkshopbrain%2Fpublic_html%2Fstatusplan.com%2Fwp-admin HTTP/2.0" 200 7832 "-" "Mozilla/5.0 AppleWebKit/537.36 (KHTML, like Gecko; compatible; ClaudeBot/1.0; +claudebot@anthropic.com)" 283 **0/283399**
57.141.6.52 - - [16/Mar/2026:06:27:03 -0700] "GET /products/beautiful-5-pc-counter-height-dining-set-319-no-tax/10438027/ HTTP/2.0" 200 63518 "-" "meta-externalagent/1.1 (+https://developers.facebook.com/docs/sharing/webmasters/crawler)" 249 **0/249921**
57.141.6.11 - - [16/Mar/2026:06:27:05 -0700] "GET /products/7pc-dining-table-set-on-sale/26193592/ HTTP/2.0" 200 63518 "-" "meta-externalagent/1.1 (+https://developers.facebook.com/docs/sharing/webmasters/crawler)" 287 **0/287968**
216.73.216.178 - - [16/Mar/2026:06:27:06 -0700] "GET /?fileloc=%2Fhome%2Fworkshopbrain%2Fpublic_html%2Fstatusplan.com%2Fwp-admin%2Fedit-link-form.php&path=%2Fhome%2Fworkshopbrain%2Fpublic_html%2Fstatusplan.com%2Fwp-admin HTTP/2.0" 200 4311 "-" "Mozilla/5.0 AppleWebKit/537.36 (KHTML, like Gecko; compatible; ClaudeBot/1.0; +claudebot@anthropic.com)" 279 **0/279518**
74.7.241.2 - - [16/Mar/2026:06:27:06 -0700] "GET /sitemap.xml?fileloc=//proc/84712/net/ip_mr_cache&path=//proc/84712/net HTTP/2.0" 200 2275 "https://statusplan.com/sitemap.xml?path=//proc/84712/net" "Mozilla/5.0 AppleWebKit/537.36 (KHTML, like Gecko; compatible; GPTBot/1.3; +https://openai.com/gptbot)" 257 **0/257619**
57.141.6.54 - - [16/Mar/2026:06:27:07 -0700] "GET /products/bose-audio-sunglasses-for-iphone/16929631/ HTTP/2.0" 403 63518 "-" "meta-externalagent/1.1 (+https://developers.facebook.com/docs/sharing/webmasters/crawler)" 470 **0/470297**
46.210.176.76 - - [16/Mar/2026:06:27:07 -0700] "GET /1win-colombia-340/?fileloc=%2F%2Flib%2Fnode_modules%2Fnpm%2Fman%2Fman8%2Fsystemd-growfs.8.gz&path=%2F%2Flib%2Fnode_modules%2Fnpm%2Fman%2Fman8 HTTP/1.1" 200 2301 "https://www.yahoo.com/" "Mozilla/5.0 (Windows NT 10.0; Win64; x64) AppleWebKit/537.36 (KHTML, like Gecko) Chrome/124.0.0.0 Safari/537.36 Edg/124.0.0.0" 405 **0/405027**
216.73.216.178 - - [16/Mar/2026:06:27:09 -0700] "GET /?fileloc=%2Fhome%2Fworkshopbrain%2Fpublic_html%2Fstatusplan.com%2Fwp-admin%2Fuser-edit.php&path=%2Fhome%2Fworkshopbrain%2Fpublic_html%2Fstatusplan.com%2Fwp-admin HTTP/2.0" 200 12061 "-" "Mozilla/5.0 AppleWebKit/537.36 (KHTML, like Gecko; compatible; ClaudeBot/1.0; +claudebot@anthropic.com)" 312 **0/312228**
74.7.241.2 - - [16/Mar/2026:06:27:09 -0700] "GET /sitemap.xml?fileloc=//proc/84716/net/ip_mr_cache&path=//proc/84716/net HTTP/2.0" 200 2275 "https://statusplan.com/sitemap.xml?path=//proc/84716/net" "Mozilla/5.0 AppleWebKit/537.36 (KHTML, like Gecko; compatible; GPTBot/1.3; +https://openai.com/gptbot)" 537 **0/537200**
57.141.6.50 - - [16/Mar/2026:06:27:10 -0700] "GET /products/total-gym/26357203/ HTTP/2.0" 200 63518 "-" "meta-externalagent/1.1 (+https://developers.facebook.com/docs/sharing/webmasters/crawler)" 247 **0/247885**
172.58.180.234 - - [16/Mar/2026:06:27:10 -0700] "GET /1win-colombia-340/?fileloc=%2Fhome%2Fworkshopbrain%2Fpublic_html%2Fned%2Fwp-admin%2Fincludes%2Fclass-wp-filesystem-ftpsockets.php&path=%2Fhome%2Fworkshopbrain%2Fpublic_html%2Fned%2Fwp-admin%2Fincludes HTTP/2.0" 200 6325 "https://www.yandex.com/" "Mozilla/5.0 (X11; Ubuntu; Linux x86_64; rv:123.0) Gecko/20100101 Firefox/123.0" 312 **0/312212**
57.141.6.4 - - [16/Mar/2026:06:27:11 -0700] "GET /products/hurley-mini-swell-e-bike/49475347/ HTTP/2.0" 200 63518 "-" "meta-externalagent/1.1 (+https://developers.facebook.com/docs/sharing/webmasters/crawler)" 265 **0/265710**
216.73.216.178 - - [16/Mar/2026:06:27:12 -0700] "GET /sitemap.xml?fileloc=%2F%2Fbin%2Fvmstat&path=%2F%2Fbin HTTP/2.0" 200 2250 "-" "Mozilla/5.0 AppleWebKit/537.36 (KHTML, like Gecko; compatible; ClaudeBot/1.0; +claudebot@anthropic.com)" 262 **0/262052**
74.7.241.2 - - [16/Mar/2026:06:27:12 -0700] "GET /sitemap.xml?fileloc=//proc/84715/net/ip_mr_cache&path=//proc/84715/net HTTP/2.0" 200 2275 "https://statusplan.com/sitemap.xml?path=//proc/84715/net" "Mozilla/5.0 AppleWebKit/537.36 (KHTML, like Gecko; compatible; GPTBot/1.3; +https://openai.com/gptbot)" 244 **0/244624**
216.73.216.178 - - [16/Mar/2026:06:27:15 -0700] "GET /?fileloc=%2Fhome%2Fworkshopbrain%2Fpublic_html%2Fstatusplan.com%2Fwp-admin%2Fexport-personal-data.php&path=%2Fhome%2Fworkshopbrain%2Fpublic_html%2Fstatusplan.com%2Fwp-admin HTTP/2.0" 200 5063 "-" "Mozilla/5.0 AppleWebKit/537.36 (KHTML, like Gecko; compatible; ClaudeBot/1.0; +claudebot@anthropic.com)" 504 **0/504404**
74.7.241.2 - - [16/Mar/2026:06:27:15 -0700] "GET /sitemap.xml?fileloc=//proc/84715/net/rt6_stats&path=//proc/84715/net HTTP/2.0" 200 2272 "https://statusplan.com/sitemap.xml?path=//proc/84715/net" "Mozilla/5.0 AppleWebKit/537.36 (KHTML, like Gecko; compatible; GPTBot/1.3; +https://openai.com/gptbot)" 259 **0/259559**
67.172.219.132 - - [16/Mar/2026:06:27:16 -0700] "GET /?fileloc=%2Fhome%2Fworkshopbrain%2Fpublic_html%2Fstatusplan.com%2Fwp-includes%2Fwidgets%2Fclass-wp-widget-search.php&path=%2Fhome%2Fworkshopbrain%2Fpublic_html%2Fstatusplan.com%2Fwp-includes%2Fwidgets HTTP/2.0" 200 3226 "https://www.google.com/" "Mozilla/5.0 (Macintosh; Intel Mac OS X 10_15_7) AppleWebKit/537.36 (KHTML, like Gecko) Chrome/125.0.0.0 Safari/537.36" 443 **0/443895**
57.141.6.38 - - [16/Mar/2026:06:27:17 -0700] "GET /products/zhiyun-crane-v1/37275271/ HTTP/2.0" 403 63518 "-" "meta-externalagent/1.1 (+https://developers.facebook.com/docs/sharing/webmasters/crawler)" 273 **0/273556**
216.73.216.178 - - [16/Mar/2026:06:27:18 -0700] "GET /?fileloc=%2Fhome%2Fworkshopbrain%2Fpublic_html%2Fstatusplan.com%2Fcgi-bin%2Foptions.php&path=%2Fhome%2Fworkshopbrain%2Fpublic_html%2Fstatusplan.com%2Fcgi-bin HTTP/2.0" 200 2289 "-" "Mozilla/5.0 AppleWebKit/537.36 (KHTML, like Gecko; compatible; ClaudeBot/1.0; +claudebot@anthropic.com)" 280 **0/280238**
74.7.241.2 - - [16/Mar/2026:06:27:19 -0700] "GET /sitemap.xml?fileloc=//proc/84721/net/rt6_stats&path=//proc/84721/net HTTP/2.0" 200 2272 "https://statusplan.com/sitemap.xml?path=//proc/84721/net" "Mozilla/5.0 AppleWebKit/537.36 (KHTML, like Gecko; compatible; GPTBot/1.3; +https://openai.com/gptbot)" 266 **0/266428**
172.58.180.234 - - [16/Mar/2026:06:27:19 -0700] "GET /?path=%2F%2Fproc%2F1028731%2Froot%2Fusr%2Fshare%2Flocale%2Fes_GT HTTP/2.0" 200 2362 "https://www.yandex.com/" "Mozilla/5.0 (X11; Ubuntu; Linux x86_64; rv:123.0) Gecko/20100101 Firefox/123.0" 344 **0/344146**
57.141.6.61 - - [16/Mar/2026:06:27:19 -0700] "GET /products/new-custom-ezgo-rxv-48volt-golf-cart/16245052/ HTTP/2.0" 403 63518 "-" "meta-externalagent/1.1 (+https://developers.facebook.com/docs/sharing/webmasters/crawler)" 254 **0/254830**
57.141.6.46 - - [16/Mar/2026:06:27:21 -0700] "GET /products/bayc/39728323/ HTTP/2.0" 403 63518 "-" "meta-externalagent/1.1 (+https://developers.facebook.com/docs/sharing/webmasters/crawler)" 305 **0/305543**
216.73.216.178 - - [16/Mar/2026:06:27:21 -0700] "GET /?fileloc=%2Fhome%2Fworkshopbrain%2F.bash_profile&path=%2Fhome%2Fworkshopbrain HTTP/2.0" 200 2393 "-" "Mozilla/5.0 AppleWebKit/537.36 (KHTML, like Gecko; compatible; ClaudeBot/1.0; +claudebot@anthropic.com)" 257 **0/257522**
74.7.241.2 - - [16/Mar/2026:06:27:22 -0700] "GET /sitemap.xml?fileloc=//proc/84712/net/rt6_stats&path=//proc/84712/net HTTP/2.0" 200 2272 "https://statusplan.com/sitemap.xml?path=//proc/84712/net" "Mozilla/5.0 AppleWebKit/537.36 (KHTML, like Gecko; compatible; GPTBot/1.3; +https://openai.com/gptbot)" 257 **0/257381**
216.73.216.178 - - [16/Mar/2026:06:27:24 -0700] "GET /sitemap.xml?fileloc=%2F%2Fbin%2Fpgrep&path=%2F%2Fbin HTTP/2.0" 200 2248 "-" "Mozilla/5.0 AppleWebKit/537.36 (KHTML, like Gecko; compatible; ClaudeBot/1.0; +claudebot@anthropic.com)" 258 **0/258543**
47.128.120.173 - - [16/Mar/2026:06:27:25 -0700] "GET /?fileloc=%2F%2Fusr%2Fshare%2Fterminfo%2Fe%2Feterm-color&path=%2F%2Fusr%2Fshare%2Fterminfo%2Fe HTTP/2.0" 200 2279 "-" "Mozilla/5.0 (Linux; Android 5.0) AppleWebKit/537.36 (KHTML, like Gecko) Mobile Safari/537.36 (compatible; TikTokSpider; ttspider-feedback@tiktok.com)" 259 **0/259108**
74.7.241.2 - - [16/Mar/2026:06:27:25 -0700] "GET /sitemap.xml?fileloc=//proc/84715/net/ipv6_route&path=//proc/84715/net HTTP/2.0" 200 2274 "https://statusplan.com/sitemap.xml?path=//proc/84715/net" "Mozilla/5.0 AppleWebKit/537.36 (KHTML, like Gecko; compatible; GPTBot/1.3; +https://openai.com/gptbot)" 489 **0/489873**
172.58.180.234 - - [16/Mar/2026:06:27:25 -0700] "GET /1win-colombia-340/?fileloc=%2F%2Fproc%2F1008896%2Fcwd%2Fusr%2Flib64%2Flibauparse.so&path=%2F%2Fproc%2F1008896%2Fcwd%2Fusr%2Flib64 HTTP/2.0" 200 2297 "https://www.yandex.com/" "Mozilla/5.0 (X11; Ubuntu; Linux x86_64; rv:123.0) Gecko/20100101 Firefox/123.0" 317 **0/317391**
57.141.6.38 - - [16/Mar/2026:06:27:25 -0700] "GET /products/nike-air-max-torch-4-shoe-ci2202-001/18193705/ HTTP/2.0" 200 63518 "-" "meta-externalagent/1.1 (+https://developers.facebook.com/docs/sharing/webmasters/crawler)" 482 **0/482065**
57.141.6.64 - - [16/Mar/2026:06:27:27 -0700] "GET /products/mockingbird-double-stroller/28117759/ HTTP/2.0" 403 63518 "-" "meta-externalagent/1.1 (+https://developers.facebook.com/docs/sharing/webmasters/crawler)" 258 **0/258585**
216.73.216.178 - - [16/Mar/2026:06:27:27 -0700] "GET /?fileloc=%2Fhome%2Fworkshopbrain%2Fpublic_html%2Fstatusplan.com%2Fcgi-bin%2Ftxets.php&path=%2Fhome%2Fworkshopbrain%2Fpublic_html%2Fstatusplan.com%2Fcgi-bin HTTP/2.0" 200 2313 "-" "Mozilla/5.0 AppleWebKit/537.36 (KHTML, like Gecko; compatible; ClaudeBot/1.0; +claudebot@anthropic.com)" 251 **0/251974**
74.7.241.2 - - [16/Mar/2026:06:27:28 -0700] "GET /sitemap.xml?fileloc=//proc/84721/net/ipv6_route&path=//proc/84721/net HTTP/2.0" 200 2274 "https://statusplan.com/sitemap.xml?path=//proc/84721/net" "Mozilla/5.0 AppleWebKit/537.36 (KHTML, like Gecko; compatible; GPTBot/1.3; +https://openai.com/gptbot)" 235 **0/235485**
46.210.176.76 - - [16/Mar/2026:06:27:28 -0700] "GET /1win-colombia-340/?fileloc=%2Fhome%2Fworkshopbrain%2Fpublic_html%2Fddcm%2Fwp-includes%2Fclass-wp-term-query.php&path=%2Fhome%2Fworkshopbrain%2Fpublic_html%2Fddcm%2Fwp-includes HTTP/1.1" 200 10850 "https://www.statusplan.com/" "Mozilla/5.0 (Windows NT 10.0; Win64; x64) AppleWebKit/537.36 (KHTML, like Gecko) Chrome/124.0.0.0 Safari/537.36 Edg/124.0.0.0" 320 **0/320639**
67.172.219.132 - - [16/Mar/2026:06:27:25 -0700] "GET /?fileloc=%2Fhome%2Fworkshopbrain%2Fpublic_html%2Fstatusplan.com%2F.well-known%2Fwalepcsu.php&path=%2Fhome%2Fworkshopbrain%2Fpublic_html%2Fstatusplan.com%2F.well-known HTTP/2.0" 200 2299 "https://www.google.com/" "Mozilla/5.0 (Macintosh; Intel Mac OS X 10_15_7) AppleWebKit/537.36 (KHTML, like Gecko) Chrome/125.0.0.0 Safari/537.36" 5424 **5/5424309**
216.73.216.178 - - [16/Mar/2026:06:27:30 -0700] "GET /?fileloc=%2Fhome%2Fworkshopbrain%2F.bash_logout&path=%2Fhome%2Fworkshopbrain HTTP/2.0" 200 2291 "-" "Mozilla/5.0 AppleWebKit/537.36 (KHTML, like Gecko; compatible; ClaudeBot/1.0; +claudebot@anthropic.com)" 264 **0/264713**
66.249.68.128 - - [16/Mar/2026:06:27:31 -0700] "GET /?products/2-all-terrain-scooters/14101813/ HTTP/1.1" 200 22589 "-" "Mozilla/5.0 (Linux; Android 6.0.1; Nexus 5X Build/MMB29P) AppleWebKit/537.36 (KHTML, like Gecko) Chrome/145.0.7632.116 Mobile Safari/537.36 (compatible; Googlebot/2.1; +http://www.google.com/bot.html)" 223 **0/223704**
74.7.241.2 - - [16/Mar/2026:06:27:31 -0700] "GET /sitemap.xml?fileloc=//proc/84712/net/ipv6_route&path=//proc/84712/net HTTP/2.0" 200 2274 "https://statusplan.com/sitemap.xml?path=//proc/84712/net" "Mozilla/5.0 AppleWebKit/537.36 (KHTML, like Gecko; compatible; GPTBot/1.3; +https://openai.com/gptbot)" 272 **0/272565**
57.141.6.63 - - [16/Mar/2026:06:27:31 -0700] "GET /products/psa-10-ceruledge-197/29659873/ HTTP/2.0" 403 63518 "-" "meta-externalagent/1.1 (+https://developers.facebook.com/docs/sharing/webmasters/crawler)" 507 **0/507206**
172.58.180.234 - - [16/Mar/2026:06:27:32 -0700] "GET /1win-colombia-340/?fileloc=%2F%2Flib%2Fnode_modules%2Fnpm%2Fman%2Fman5%2Fvirtual_image_context.5.gz&path=%2F%2Flib%2Fnode_modules%2Fnpm%2Fman%2Fman5 HTTP/2.0" 200 2305 "https://www.google.com/" "Mozilla/5.0 (X11; Ubuntu; Linux x86_64; rv:123.0) Gecko/20100101 Firefox/123.0" 374 **0/374266**
216.73.216.178 - - [16/Mar/2026:06:27:33 -0700] "GET /?fileloc=%2Fhome%2Fworkshopbrain%2Fpublic_html%2Fstatusplan.com%2Fwp-admin%2Fcustomize.php&path=%2Fhome%2Fworkshopbrain%2Fpublic_html%2Fstatusplan.com%2Fwp-admin HTTP/2.0" 200 5747 "-" "Mozilla/5.0 AppleWebKit/537.36 (KHTML, like Gecko; compatible; ClaudeBot/1.0; +claudebot@anthropic.com)" 254 **0/254170**
57.141.6.37 - - [16/Mar/2026:06:27:33 -0700] "GET /products/iphone-11-pro-max-64g-att/16792249/ HTTP/2.0" 200 63518 "-" "meta-externalagent/1.1 (+https://developers.facebook.com/docs/sharing/webmasters/crawler)" 291 **0/291075**
74.7.241.2 - - [16/Mar/2026:06:27:35 -0700] "GET /sitemap.xml?fileloc=//proc/84694/net/if_inet6&path=//proc/84694/net HTTP/2.0" 200 2273 "https://statusplan.com/sitemap.xml?path=//proc/84694/net" "Mozilla/5.0 AppleWebKit/537.36 (KHTML, like Gecko; compatible; GPTBot/1.3; +https://openai.com/gptbot)" 241 **0/241169**
57.141.6.10 - - [16/Mar/2026:06:27:35 -0700] "GET /products/drilled-slotted-rotors-98-tacoma-100/39250783/ HTTP/2.0" 403 63518 "-" "meta-externalagent/1.1 (+https://developers.facebook.com/docs/sharing/webmasters/crawler)" 272 **0/272015**
216.73.216.178 - - [16/Mar/2026:06:27:36 -0700] "GET /?fileloc=%2Fhome%2Fworkshopbrain%2Fpublic_html%2Fstatusplan.com%2Fwp-admin%2Fauthorize-application.php&path=%2Fhome%2Fworkshopbrain%2Fpublic_html%2Fstatusplan.com%2Fwp-admin HTTP/2.0" 200 5221 "-" "Mozilla/5.0 AppleWebKit/537.36 (KHTML, like Gecko; compatible; ClaudeBot/1.0; +claudebot@anthropic.com)" 264 **0/264742**
67.172.219.132 - - [16/Mar/2026:06:27:36 -0700] "GET /1win-colombia-340/?path=%2Fhome%2Fworkshopbrain%2Fpublic_html%2Fwhitmanfamilydevelopment%2Fwp-content%2Fmu-plugins HTTP/2.0" 200 2681 "https://www.google.com/" "Mozilla/5.0 (Macintosh; Intel Mac OS X 10_15_7) AppleWebKit/537.36 (KHTML, like Gecko) Chrome/125.0.0.0 Safari/537.36" 423 **0/423998**
74.7.241.2 - - [16/Mar/2026:06:27:38 -0700] "GET /sitemap.xml?fileloc=//proc/84714/net/if_inet6&path=//proc/84714/net HTTP/2.0" 200 2272 "https://statusplan.com/sitemap.xml?path=//proc/84714/net" "Mozilla/5.0 AppleWebKit/537.36 (KHTML, like Gecko; compatible; GPTBot/1.3; +https://openai.com/gptbot)" 263 **0/263620**
57.141.6.42 - - [16/Mar/2026:06:27:39 -0700] "GET /products/elliptical/26464219/ HTTP/2.0" 403 63518 "-" "meta-externalagent/1.1 (+https://developers.facebook.com/docs/sharing/webmasters/crawler)" 281 **0/281128**
216.73.216.178 - - [16/Mar/2026:06:27:39 -0700] "GET /?fileloc=%2Fhome%2Fworkshopbrain%2Fpublic_html%2Fstatusplan.com%2Fwp-admin%2Fwidgets.php&path=%2Fhome%2Fworkshopbrain%2Fpublic_html%2Fstatusplan.com%2Fwp-admin HTTP/2.0" 200 2798 "-" "Mozilla/5.0 AppleWebKit/537.36 (KHTML, like Gecko; compatible; ClaudeBot/1.0; +claudebot@anthropic.com)" 277 **0/277079**
172.58.180.234 - - [16/Mar/2026:06:27:40 -0700] "GET /?path=%2F%2Fproc%2F1028731%2Froot%2Fusr%2Fshare%2Flocale%2Fgba%2FLC_MESSAGES HTTP/2.0" 200 2380 "https://www.statusplan.com/" "Mozilla/5.0 (X11; Ubuntu; Linux x86_64; rv:123.0) Gecko/20100101 Firefox/123.0" 362 **0/362826**
74.7.241.2 - - [16/Mar/2026:06:27:41 -0700] "GET /sitemap.xml?fileloc=//proc/84714/net/ip6_mr_vif&path=//proc/84714/net HTTP/2.0" 200 2275 "https://statusplan.com/sitemap.xml?path=//proc/84714/net" "Mozilla/5.0 AppleWebKit/537.36 (KHTML, like Gecko; compatible; GPTBot/1.3; +https://openai.com/gptbot)" 259 **0/259779**
216.73.216.178 - - [16/Mar/2026:06:27:42 -0700] "GET /sitemap.xml?fileloc=%2F%2Fbin%2Ftoe&path=%2F%2Fbin HTTP/2.0" 200 2249 "-" "Mozilla/5.0 AppleWebKit/537.36 (KHTML, like Gecko; compatible; ClaudeBot/1.0; +claudebot@anthropic.com)" 240 **0/240040**
57.141.6.10 - - [16/Mar/2026:06:27:43 -0700] "GET /products/dog-car-seat/24235447/ HTTP/2.0" 403 63518 "-" "meta-externalagent/1.1 (+https://developers.facebook.com/docs/sharing/webmasters/crawler)" 492 **0/492979**
74.7.241.2 - - [16/Mar/2026:06:27:44 -0700] "GET /sitemap.xml?fileloc=//proc/84712/net/if_inet6&path=//proc/84712/net HTTP/2.0" 200 2273 "https://statusplan.com/sitemap.xml?path=//proc/84712/net" "Mozilla/5.0 AppleWebKit/537.36 (KHTML, like Gecko; compatible; GPTBot/1.3; +https://openai.com/gptbot)" 258 **0/258449**
172.58.180.234 - - [16/Mar/2026:06:27:44 -0700] "GET /?fileloc=%2F%2Fproc%2F1028325%2Froot%2Fusr%2Fbin%2Fgit-receive-pack&path=%2F%2Fproc%2F1028325%2Froot%2Fusr%2Fbin HTTP/2.0" 200 2300 "https://www.statusplan.com/" "Mozilla/5.0 (X11; Ubuntu; Linux x86_64; rv:123.0) Gecko/20100101 Firefox/123.0" 326 **0/326595**
57.141.6.12 - - [16/Mar/2026:06:27:45 -0700] "GET /products/exercycle-all-body-action-executive-model/33728287/ HTTP/2.0" 200 63518 "-" "meta-externalagent/1.1 (+https://developers.facebook.com/docs/sharing/webmasters/crawler)" 237 **0/237588**
216.73.216.178 - - [16/Mar/2026:06:27:45 -0700] "GET /?fileloc=%2Fhome%2Fworkshopbrain%2Fpublic_html%2Fstatusplan.com%2Fwp-admin%2Fnetwork.php&path=%2Fhome%2Fworkshopbrain%2Fpublic_html%2Fstatusplan.com%2Fwp-admin HTTP/2.0" 200 4342 "-" "Mozilla/5.0 AppleWebKit/537.36 (KHTML, like Gecko; compatible; ClaudeBot/1.0; +claudebot@anthropic.com)" 275 **0/275966**
74.7.241.2 - - [16/Mar/2026:06:27:47 -0700] "GET /sitemap.xml?fileloc=//proc/84721/net/if_inet6&path=//proc/84721/net HTTP/2.0" 200 2273 "https://statusplan.com/sitemap.xml?path=//proc/84721/net" "Mozilla/5.0 AppleWebKit/537.36 (KHTML, like Gecko; compatible; GPTBot/1.3; +https://openai.com/gptbot)" 269 **0/269338**
57.141.6.28 - - [16/Mar/2026:06:27:47 -0700] "GET /products/gardena-leaf-collector-manual/22364893/ HTTP/2.0" 403 63518 "-" "meta-externalagent/1.1 (+https://developers.facebook.com/docs/sharing/webmasters/crawler)" 246 **0/246179**
216.73.216.178 - - [16/Mar/2026:06:27:48 -0700] "GET /?fileloc=%2Fhome%2Fworkshopbrain%2Fradio.php&path=%2Fhome%2Fworkshopbrain HTTP/2.0" 200 2249 "-" "Mozilla/5.0 AppleWebKit/537.36 (KHTML, like Gecko; compatible; ClaudeBot/1.0; +claudebot@anthropic.com)" 244 **0/244097**
172.58.180.234 - - [16/Mar/2026:06:27:49 -0700] "GET /?fileloc=%2Fhome%2Fworkshopbrain%2Fpublic_html%2Fshea%2Fwp-admin%2Fimages%2Fprivacy.svg&path=%2Fhome%2Fworkshopbrain%2Fpublic_html%2Fshea%2Fwp-admin%2Fimages HTTP/2.0" 200 2949 "https://www.google.com/" "Mozilla/5.0 (X11; Ubuntu; Linux x86_64; rv:123.0) Gecko/20100101 Firefox/123.0" 401 **0/401599**
47.128.120.195 - - [16/Mar/2026:06:27:49 -0700] "GET /1win-colombia-340/?path=%2F%2Fproc%2F1008896%2Fcwd%2Ftmp HTTP/2.0" 200 2330 "-" "Mozilla/5.0 (Linux; Android 5.0) AppleWebKit/537.36 (KHTML, like Gecko) Mobile Safari/537.36 (compatible; TikTokSpider; ttspider-feedback@tiktok.com)" 260 **0/260658**
74.7.241.2 - - [16/Mar/2026:06:27:50 -0700] "GET /sitemap.xml?fileloc=//proc/84694/net/ip6_mr_vif&path=//proc/84694/net HTTP/2.0" 200 2275 "https://statusplan.com/sitemap.xml?path=//proc/84694/net" "Mozilla/5.0 AppleWebKit/537.36 (KHTML, like Gecko; compatible; GPTBot/1.3; +https://openai.com/gptbot)" 258 **0/258056**
216.73.216.178 - - [16/Mar/2026:06:27:51 -0700] "GET /sitemap.xml?fileloc=%2F%2Fbin%2Fsort&path=%2F%2Fbin HTTP/2.0" 200 2248 "-" "Mozilla/5.0 AppleWebKit/537.36 (KHTML, like Gecko; compatible; ClaudeBot/1.0; +claudebot@anthropic.com)" 253 **0/253187**
67.172.219.132 - - [16/Mar/2026:06:27:52 -0700] "GET /1win-colombia-340/?fileloc=%2Fhome%2Fworkshopbrain%2Fpublic_html%2Fletters2trump%2Fradio.php&path=%2Fhome%2Fworkshopbrain%2Fpublic_html%2Fletters2trump HTTP/2.0" 200 2281 "https://www.statusplan.com/" "Mozilla/5.0 (Macintosh; Intel Mac OS X 10_15_7) AppleWebKit/537.36 (KHTML, like Gecko) Chrome/125.0.0.0 Safari/537.36" 304 **0/304788**
74.7.241.2 - - [16/Mar/2026:06:27:53 -0700] "GET /sitemap.xml?fileloc=//proc/84715/net/if_inet6&path=//proc/84715/net HTTP/2.0" 200 2273 "https://statusplan.com/sitemap.xml?path=//proc/84715/net" "Mozilla/5.0 AppleWebKit/537.36 (KHTML, like Gecko; compatible; GPTBot/1.3; +https://openai.com/gptbot)" 251 **0/251206**
216.73.216.178 - - [16/Mar/2026:06:27:54 -0700] "GET /?fileloc=%2Fhome%2Fworkshopbrain%2Fpublic_html%2Fstatusplan.com%2Fcgi-bin%2Ftmksrgns.php&path=%2Fhome%2Fworkshopbrain%2Fpublic_html%2Fstatusplan.com%2Fcgi-bin HTTP/2.0" 200 2292 "-" "Mozilla/5.0 AppleWebKit/537.36 (KHTML, like Gecko; compatible; ClaudeBot/1.0; +claudebot@anthropic.com)" 262 **0/262592**
46.210.176.76 - - [16/Mar/2026:06:27:55 -0700] "GET /?path=%2F%2Fusr%2Fshare%2Fgroff%2F1.22.3%2Ffont%2Fdevhtml HTTP/1.1" 200 2809 "https://www.statusplan.com/" "Mozilla/5.0 (Windows NT 10.0; Win64; x64) AppleWebKit/537.36 (KHTML, like Gecko) Chrome/124.0.0.0 Safari/537.36 Edg/124.0.0.0" 304 **0/304745**
57.141.6.44 - - [16/Mar/2026:06:27:55 -0700] "GET /products/pokmon-charizard-charmeleon-holographic/15040177/ HTTP/2.0" 200 63518 "-" "meta-externalagent/1.1 (+https://developers.facebook.com/docs/sharing/webmasters/crawler)" 473 **0/473972**
74.7.241.2 - - [16/Mar/2026:06:27:56 -0700] "GET /sitemap.xml?fileloc=//proc/84693/net/if_inet6&path=//proc/84693/net HTTP/2.0" 200 2273 "https://statusplan.com/sitemap.xml?path=//proc/84693/net" "Mozilla/5.0 AppleWebKit/537.36 (KHTML, like Gecko; compatible; GPTBot/1.3; +https://openai.com/gptbot)" 494 **0/494763**
57.141.6.47 - - [16/Mar/2026:06:27:57 -0700] "GET /products/dewalt-battery-20-voltios-8-ah-nuevo-100/22557253/ HTTP/2.0" 200 63518 "-" "meta-externalagent/1.1 (+https://developers.facebook.com/docs/sharing/webmasters/crawler)" 287 **0/287228**
216.73.216.178 - - [16/Mar/2026:06:27:57 -0700] "GET /sitemap.xml?fileloc=%2F%2Fbin%2Fkill&path=%2F%2Fbin HTTP/2.0" 200 2248 "-" "Mozilla/5.0 AppleWebKit/537.36 (KHTML, like Gecko; compatible; ClaudeBot/1.0; +claudebot@anthropic.com)" 466 **0/466849**
74.7.241.2 - - [16/Mar/2026:06:27:59 -0700] "GET /sitemap.xml?fileloc=//proc/84716/net/ip6_mr_vif&path=//proc/84716/net HTTP/2.0" 200 2275 "https://statusplan.com/sitemap.xml?path=//proc/84716/net" "Mozilla/5.0 AppleWebKit/537.36 (KHTML, like Gecko; compatible; GPTBot/1.3; +https://openai.com/gptbot)" 238 **0/238061**
67.172.219.132 - - [16/Mar/2026:06:27:59 -0700] "GET /1win-colombia-340/?fileloc=%2Fhome%2Fworkshopbrain%2Fpublic_html%2Fstatusplan.com%2Fwp-includes%2Fclass-wp-customize-panel.php&path=%2Fhome%2Fworkshopbrain%2Fpublic_html%2Fstatusplan.com%2Fwp-includes HTTP/2.0" 200 5252 "https://www.google.com/" "Mozilla/5.0 (Macintosh; Intel Mac OS X 10_15_7) AppleWebKit/537.36 (KHTML, like Gecko) Chrome/125.0.0.0 Safari/537.36" 413 **0/413962**
216.73.216.178 - - [16/Mar/2026:06:28:00 -0700] "GET /?fileloc=%2Fhome%2Fworkshopbrain%2Fpublic_html%2Fstatusplan.com%2Fwp-admin%2Fcomment.php&path=%2Fhome%2Fworkshopbrain%2Fpublic_html%2Fstatusplan.com%2Fwp-admin HTTP/2.0" 200 5418 "-" "Mozilla/5.0 AppleWebKit/537.36 (KHTML, like Gecko; compatible; ClaudeBot/1.0; +claudebot@anthropic.com)" 238 **0/238782**
57.141.6.19 - - [16/Mar/2026:06:28:01 -0700] "GET /products/wolverine/49170490/ HTTP/2.0" 200 63518 "-" "meta-externalagent/1.1 (+https://developers.facebook.com/docs/sharing/webmasters/crawler)" 474 **0/474702**
57.141.6.66 - - [16/Mar/2026:06:28:01 -0700] "GET /products/los-angeles-demon-slayer-snap-back-promo-hat/17070940/ HTTP/2.0" 200 63518 "-" "meta-externalagent/1.1 (+https://developers.facebook.com/docs/sharing/webmasters/crawler)" 755 **0/755380**
91.177.210.127 - - [16/Mar/2026:06:28:02 -0700] "GET /?fileloc=%2F%2Fusr%2Flib%2Fpython2.7%2Fsite-packages%2Fchardet%2Fjpcntx.py&path=%2F%2Fusr%2Flib%2Fpython2.7%2Fsite-packages%2Fchardet HTTP/1.1" 200 7053 "https://www.bing.com/" "Mozilla/5.0 (Macintosh; Intel Mac OS X 10_13_0; rv:133.660.024) Gecko/20100101 Firefox/133.660.024" 446 **0/446288**
74.7.241.2 - - [16/Mar/2026:06:28:03 -0700] "GET /sitemap.xml?fileloc=//proc/84716/net/if_inet6&path=//proc/84716/net HTTP/2.0" 200 2272 "https://statusplan.com/sitemap.xml?path=//proc/84716/net" "Mozilla/5.0 AppleWebKit/537.36 (KHTML, like Gecko; compatible; GPTBot/1.3; +https://openai.com/gptbot)" 313 **0/313426**
57.141.6.45 - - [16/Mar/2026:06:28:04 -0700] "GET /products/carpa-canopy/47638120/ HTTP/2.0" 200 63518 "-" "meta-externalagent/1.1 (+https://developers.facebook.com/docs/sharing/webmasters/crawler)" 380 **0/380831**
216.73.216.178 - - [16/Mar/2026:06:28:06 -0700] "GET /?fileloc=%2Fhome%2Fworkshopbrain%2Fpublic_html%2Fstatusplan.com%2Fcgi-bin%2Fgnmsfywl.php&path=%2Fhome%2Fworkshopbrain%2Fpublic_html%2Fstatusplan.com%2Fcgi-bin HTTP/2.0" 200 2292 "-" "Mozilla/5.0 AppleWebKit/537.36 (KHTML, like Gecko; compatible; ClaudeBot/1.0; +claudebot@anthropic.com)" 240 **0/240854**
74.7.241.2 - - [16/Mar/2026:06:28:06 -0700] "GET /sitemap.xml?fileloc=//proc/84693/net/ip6_mr_vif&path=//proc/84693/net HTTP/2.0" 200 2275 "https://statusplan.com/sitemap.xml?path=//proc/84693/net" "Mozilla/5.0 AppleWebKit/537.36 (KHTML, like Gecko; compatible; GPTBot/1.3; +https://openai.com/gptbot)" 237 **0/237758**
67.172.219.132 - - [16/Mar/2026:06:28:06 -0700] "GET /?fileloc=%2Fhome%2Fworkshopbrain%2Fpublic_html%2Fstatusplan.co%2Fwp-includes%2Fjs%2Fwp-sanitize.min.js&path=%2Fhome%2Fworkshopbrain%2Fpublic_html%2Fstatusplan.co%2Fwp-includes%2Fjs HTTP/2.0" 200 2507 "https://www.google.com/" "Mozilla/5.0 (Macintosh; Intel Mac OS X 10_15_7) AppleWebKit/537.36 (KHTML, like Gecko) Chrome/125.0.0.0 Safari/537.36" 405 **0/405491**
216.73.216.178 - - [16/Mar/2026:06:28:08 -0700] "GET /sitemap.xml?fileloc=%2F%2Fbin%2Fdisplay&path=%2F%2Fbin HTTP/2.0" 200 2248 "-" "Mozilla/5.0 AppleWebKit/537.36 (KHTML, like Gecko; compatible; ClaudeBot/1.0; +claudebot@anthropic.com)" 245 **0/245245**
57.141.6.40 - - [16/Mar/2026:06:28:09 -0700] "GET /products/look-leo-2-max-pedals/24994933/ HTTP/2.0" 200 63518 "-" "meta-externalagent/1.1 (+https://developers.facebook.com/docs/sharing/webmasters/crawler)" 240 **0/240815**
57.141.6.37 - - [16/Mar/2026:06:28:09 -0700] "GET /products/certified-jadeite-guan-yin-pendant/17424769/ HTTP/2.0" 200 63518 "-" "meta-externalagent/1.1 (+https://developers.facebook.com/docs/sharing/webmasters/crawler)" 231 **0/231021**
74.7.241.2 - - [16/Mar/2026:06:28:09 -0700] "GET /sitemap.xml?fileloc=//proc/84721/net/ip6_mr_vif&path=//proc/84721/net HTTP/2.0" 200 2275 "https://statusplan.com/sitemap.xml?path=//proc/84721/net" "Mozilla/5.0 AppleWebKit/537.36 (KHTML, like Gecko; compatible; GPTBot/1.3; +https://openai.com/gptbot)" 229 **0/229096**
172.58.180.234 - - [16/Mar/2026:06:28:10 -0700] "GET /?fileloc=%2F%2Fusr%2Flib%2Flocale%2Fen_BW.utf8%2FLC_IDENTIFICATION&path=%2F%2Fusr%2Flib%2Flocale%2Fen_BW.utf8 HTTP/2.0" 200 2305 "https://www.statusplan.com/" "Mozilla/5.0 (X11; Ubuntu; Linux x86_64; rv:123.0) Gecko/20100101 Firefox/123.0" 302 **0/302429**
216.73.216.178 - - [16/Mar/2026:06:28:11 -0700] "GET /sitemap.xml?fileloc=%2F%2Fbin%2Fimport&path=%2F%2Fbin HTTP/2.0" 200 2247 "-" "Mozilla/5.0 AppleWebKit/537.36 (KHTML, like Gecko; compatible; ClaudeBot/1.0; +claudebot@anthropic.com)" 241 **0/241685**
74.7.241.2 - - [16/Mar/2026:06:28:12 -0700] "GET /sitemap.xml?fileloc=//proc/84712/net/ip6_mr_vif&path=//proc/84712/net HTTP/2.0" 200 2275 "https://statusplan.com/sitemap.xml?path=//proc/84712/net" "Mozilla/5.0 AppleWebKit/537.36 (KHTML, like Gecko; compatible; GPTBot/1.3; +https://openai.com/gptbot)" 509 **0/509502**
57.141.6.43 - - [16/Mar/2026:06:28:13 -0700] "GET /products/valentine-red-heart-costume-for-sale-or-rent-proposals-rings/21909886/ HTTP/2.0" 200 63518 "-" "meta-externalagent/1.1 (+https://developers.facebook.com/docs/sharing/webmasters/crawler)" 260 **0/260897**
47.128.120.240 - - [16/Mar/2026:06:28:13 -0700] "GET /?path=%2F%2Flib%2Fdracut%2Fmodules.d%2F90dm HTTP/2.0" 200 2749 "-" "Mozilla/5.0 (Linux; Android 5.0) AppleWebKit/537.36 (KHTML, like Gecko) Mobile Safari/537.36 (compatible; TikTokSpider; ttspider-feedback@tiktok.com)" 249 **0/249721**
67.172.219.132 - - [16/Mar/2026:06:28:14 -0700] "GET /1win-colombia-340/?fileloc=%2Fhome%2Fworkshopbrain%2Fpublic_html%2Fcolumbia%2Fwp-includes%2Fjs%2Futils.js&path=%2Fhome%2Fworkshopbrain%2Fpublic_html%2Fcolumbia%2Fwp-includes%2Fjs HTTP/2.0" 200 3871 "https://www.google.com/" "Mozilla/5.0 (Macintosh; Intel Mac OS X 10_15_7) AppleWebKit/537.36 (KHTML, like Gecko) Chrome/125.0.0.0 Safari/537.36" 390 **0/390307**
216.73.216.178 - - [16/Mar/2026:06:28:14 -0700] "GET /sitemap.xml?fileloc=%2F%2Fbin%2Ftail&path=%2F%2Fbin HTTP/2.0" 200 2248 "-" "Mozilla/5.0 AppleWebKit/537.36 (KHTML, like Gecko; compatible; ClaudeBot/1.0; +claudebot@anthropic.com)" 225 **0/225198**
74.7.241.2 - - [16/Mar/2026:06:28:15 -0700] "GET /sitemap.xml?fileloc=//proc/84715/net/ip6_mr_vif&path=//proc/84715/net HTTP/2.0" 200 2275 "https://statusplan.com/sitemap.xml?path=//proc/84715/net" "Mozilla/5.0 AppleWebKit/537.36 (KHTML, like Gecko; compatible; GPTBot/1.3; +https://openai.com/gptbot)" 244 **0/244554**
67.172.219.132 - - [16/Mar/2026:06:28:16 -0700] "GET /1win-colombia-340/?fileloc=%2Fhome%2Fworkshopbrain%2Fpublic_html%2Fmis%2Fwp-admin%2Fadmin-ajax.php&path=%2Fhome%2Fworkshopbrain%2Fpublic_html%2Fmis%2Fwp-admin HTTP/2.0" 200 3801 "https://www.statusplan.com/" "Mozilla/5.0 (Macintosh; Intel Mac OS X 10_15_7) AppleWebKit/537.36 (KHTML, like Gecko) Chrome/125.0.0.0 Safari/537.36" 298 **0/298990**
216.73.216.178 - - [16/Mar/2026:06:28:17 -0700] "GET /sitemap.xml?fileloc=%2F%2Fbin%2Fnproc&path=%2F%2Fbin HTTP/2.0" 200 2249 "-" "Mozilla/5.0 AppleWebKit/537.36 (KHTML, like Gecko; compatible; ClaudeBot/1.0; +claudebot@anthropic.com)" 240 **0/240052**
74.7.241.2 - - [16/Mar/2026:06:28:18 -0700] "GET /sitemap.xml?fileloc=//proc/84694/net/mcfilter6&path=//proc/84694/net HTTP/2.0" 200 2275 "https://statusplan.com/sitemap.xml?path=//proc/84694/net" "Mozilla/5.0 AppleWebKit/537.36 (KHTML, like Gecko; compatible; GPTBot/1.3; +https://openai.com/gptbot)" 245 **0/245102**
57.141.6.27 - - [16/Mar/2026:06:28:19 -0700] "GET /products/coffee-table/10675663/ HTTP/2.0" 200 63518 "-" "meta-externalagent/1.1 (+https://developers.facebook.com/docs/sharing/webmasters/crawler)" 254 **0/254823**
66.249.68.137 - - [16/Mar/2026:06:28:19 -0700] "GET /?products/beaba-baby-food-steamer-and-blender/28023301/ HTTP/1.1" 200 23509 "-" "Mozilla/5.0 (Linux; Android 6.0.1; Nexus 5X Build/MMB29P) AppleWebKit/537.36 (KHTML, like Gecko) Chrome/145.0.7632.116 Mobile Safari/537.36 (compatible; Googlebot/2.1; +http://www.google.com/bot.html)" 235 **0/235633**
91.177.210.127 - - [16/Mar/2026:06:28:19 -0700] "GET /1win-colombia-340/?fileloc=%2F%2Flib%2Flocale%2Fen_SG%2FLC_CTYPE&path=%2F%2Flib%2Flocale%2Fen_SG HTTP/1.1" 200 2273 "https://www.statusplan.com/" "Mozilla/5.0 (Macintosh; Intel Mac OS X 10_13_0; rv:133.660.024) Gecko/20100101 Firefox/133.660.024" 335 **0/335223**
74.7.241.2 - - [16/Mar/2026:06:28:22 -0700] "GET /sitemap.xml?fileloc=//proc/84694/net/tcp6&path=//proc/84694/net HTTP/2.0" 200 2646 "https://statusplan.com/sitemap.xml?path=//proc/84694/net" "Mozilla/5.0 AppleWebKit/537.36 (KHTML, like Gecko; compatible; GPTBot/1.3; +https://openai.com/gptbot)" 277 **0/277402**
216.73.216.178 - - [16/Mar/2026:06:28:22 -0700] "GET /sitemap.xml?fileloc=%2F%2Fbin%2Ffc-scan&path=%2F%2Fbin HTTP/2.0" 200 2250 "-" "Mozilla/5.0 AppleWebKit/537.36 (KHTML, like Gecko; compatible; ClaudeBot/1.0; +claudebot@anthropic.com)" 455 **0/455051**
91.177.210.127 - - [16/Mar/2026:06:28:23 -0700] "GET /?fileloc=%2Fhome%2Fworkshopbrain%2Fpublic_html%2Foxford%2Fwp-admin%2Fcss%2Fcolor-picker.min.css&path=%2Fhome%2Fworkshopbrain%2Fpublic_html%2Foxford%2Fwp-admin%2Fcss HTTP/1.1" 200 2960 "https://www.statusplan.com/" "Mozilla/5.0 (Macintosh; Intel Mac OS X 10_13_0; rv:133.660.024) Gecko/20100101 Firefox/133.660.024" 313 **0/313997**
57.141.6.72 - - [16/Mar/2026:06:28:23 -0700] "GET /products/glass-top-coffee-table/32906641/ HTTP/2.0" 200 63518 "-" "meta-externalagent/1.1 (+https://developers.facebook.com/docs/sharing/webmasters/crawler)" 267 **0/267664**
66.249.68.137 - - [16/Mar/2026:06:28:19 -0700] "GET /?products/zavor-stainless-steel-preeshure-cooker-brand-new-never-open/20134798/ HTTP/1.1" 200 22270 "-" "Mozilla/5.0 (Linux; Android 6.0.1; Nexus 5X Build/MMB29P) AppleWebKit/537.36 (KHTML, like Gecko) Chrome/145.0.7632.116 Mobile Safari/537.36 (compatible; Googlebot/2.1; +http://www.google.com/bot.html)" 5258 **5/5258658**
74.7.241.2 - - [16/Mar/2026:06:28:25 -0700] "GET /sitemap.xml?fileloc=//proc/84693/net/tcp6&path=//proc/84693/net HTTP/2.0" 200 2647 "https://statusplan.com/sitemap.xml?path=//proc/84693/net" "Mozilla/5.0 AppleWebKit/537.36 (KHTML, like Gecko; compatible; GPTBot/1.3; +https://openai.com/gptbot)" 248 **0/248794**
216.73.216.178 - - [16/Mar/2026:06:28:25 -0700] "GET /?fileloc=%2Fhome%2Fworkshopbrain%2Fpublic_html%2Fwp-mail.php&path=%2Fhome%2Fworkshopbrain%2Fpublic_html HTTP/2.0" 200 5163 "-" "Mozilla/5.0 AppleWebKit/537.36 (KHTML, like Gecko; compatible; ClaudeBot/1.0; +claudebot@anthropic.com)" 233 **0/233585**
57.141.6.37 - - [16/Mar/2026:06:28:28 -0700] "GET /products/multi-gym-station-citybirds/33523558/ HTTP/2.0" 200 63518 "-" "meta-externalagent/1.1 (+https://developers.facebook.com/docs/sharing/webmasters/crawler)" 266 **0/266567**
67.172.219.132 - - [16/Mar/2026:06:28:28 -0700] "GET /?fileloc=%2F%2Fproc%2Flocks&path=%2F%2Fproc HTTP/2.0" 200 2249 "https://www.statusplan.com/" "Mozilla/5.0 (Macintosh; Intel Mac OS X 10_15_7) AppleWebKit/537.36 (KHTML, like Gecko) Chrome/125.0.0.0 Safari/537.36" 317 **0/317901**
74.7.241.2 - - [16/Mar/2026:06:28:28 -0700] "GET /sitemap.xml?fileloc=//proc/84716/net/tcp6&path=//proc/84716/net HTTP/2.0" 200 2645 "https://statusplan.com/sitemap.xml?path=//proc/84716/net" "Mozilla/5.0 AppleWebKit/537.36 (KHTML, like Gecko; compatible; GPTBot/1.3; +https://openai.com/gptbot)" 567 **0/567006**
216.73.216.178 - - [16/Mar/2026:06:28:28 -0700] "GET /?fileloc=%2Fhome%2Fworkshopbrain%2Fpublic_html%2Ferror_log&path=%2Fhome%2Fworkshopbrain%2Fpublic_html HTTP/2.0" 200 2205 "-" "Mozilla/5.0 AppleWebKit/537.36 (KHTML, like Gecko; compatible; ClaudeBot/1.0; +claudebot@anthropic.com)" 413 **0/413235**
149.102.233.47 - - [16/Mar/2026:06:28:29 -0700] "POST /xmlrpc.php HTTP/1.1" 403 63518 "-" "Mozilla/5.0 (Windows NT 10.0; Win64; x64) AppleWebKit/537.36 (KHTML, like Gecko) Chrome/79.0.3945.130 Safari/537.36 OPR/66.0.3515.103" 344 **0/344617**
57.141.6.5 - - [16/Mar/2026:06:28:30 -0700] "GET /products/hello-kitty/29873254/ HTTP/2.0" 200 63518 "-" "meta-externalagent/1.1 (+https://developers.facebook.com/docs/sharing/webmasters/crawler)" 265 **0/265693**
74.7.241.2 - - [16/Mar/2026:06:28:31 -0700] "GET /sitemap.xml?fileloc=//proc/84694/net/raw6&path=//proc/84694/net HTTP/2.0" 200 2388 "https://statusplan.com/sitemap.xml?path=//proc/84694/net" "Mozilla/5.0 AppleWebKit/537.36 (KHTML, like Gecko; compatible; GPTBot/1.3; +https://openai.com/gptbot)" 264 **0/264481**
216.73.216.178 - - [16/Mar/2026:06:28:31 -0700] "GET /?fileloc=%2Fhome%2Fworkshopbrain%2Fpublic_html%2Fstatusplan.com%2Fwp-admin%2Fmedia-upload.php&path=%2Fhome%2Fworkshopbrain%2Fpublic_html%2Fstatusplan.com%2Fwp-admin HTTP/2.0" 200 3592 "-" "Mozilla/5.0 AppleWebKit/537.36 (KHTML, like Gecko; compatible; ClaudeBot/1.0; +claudebot@anthropic.com)" 419 **0/419122**
67.172.219.132 - - [16/Mar/2026:06:28:31 -0700] "GET /?path=%2F%2Fproc%2F1028775%2Fnet%2Fstat HTTP/2.0" 200 2329 "https://www.statusplan.com/" "Mozilla/5.0 (Macintosh; Intel Mac OS X 10_15_7) AppleWebKit/537.36 (KHTML, like Gecko) Chrome/125.0.0.0 Safari/537.36" 545 **0/545196**
57.141.6.28 - - [16/Mar/2026:06:28:33 -0700] "GET /products/loungefly-pumpkin-minnie-mouse-mini-backpack/20491189/ HTTP/2.0" 200 63518 "-" "meta-externalagent/1.1 (+https://developers.facebook.com/docs/sharing/webmasters/crawler)" 242 **0/242441**
216.73.216.178 - - [16/Mar/2026:06:28:34 -0700] "GET /sitemap.xml?fileloc=%2F%2Fbin%2Fls&path=%2F%2Fbin HTTP/2.0" 200 2246 "-" "Mozilla/5.0 AppleWebKit/537.36 (KHTML, like Gecko; compatible; ClaudeBot/1.0; +claudebot@anthropic.com)" 253 **0/253469**
74.7.241.2 - - [16/Mar/2026:06:28:34 -0700] "GET /sitemap.xml?fileloc=//proc/84712/net/tcp6&path=//proc/84712/net HTTP/2.0" 200 2657 "https://statusplan.com/sitemap.xml?path=//proc/84712/net" "Mozilla/5.0 AppleWebKit/537.36 (KHTML, like Gecko; compatible; GPTBot/1.3; +https://openai.com/gptbot)" 262 **0/262934**
57.141.6.5 - - [16/Mar/2026:06:28:36 -0700] "GET /products/sdl-pants/48975925/ HTTP/2.0" 200 63518 "-" "meta-externalagent/1.1 (+https://developers.facebook.com/docs/sharing/webmasters/crawler)" 246 **0/246110**
57.141.6.23 - - [16/Mar/2026:06:28:36 -0700] "GET /products/stove/14552179/ HTTP/2.0" 200 63518 "-" "meta-externalagent/1.1 (+https://developers.facebook.com/docs/sharing/webmasters/crawler)" 249 **0/249214**
216.73.216.178 - - [16/Mar/2026:06:28:37 -0700] "GET /?fileloc=%2Fhome%2Fworkshopbrain%2Fpublic_html%2Fstatusplan.com%2Fwp-admin%2Fms-delete-site.php&path=%2Fhome%2Fworkshopbrain%2Fpublic_html%2Fstatusplan.com%2Fwp-admin HTTP/2.0" 200 4035 "-" "Mozilla/5.0 AppleWebKit/537.36 (KHTML, like Gecko; compatible; ClaudeBot/1.0; +claudebot@anthropic.com)" 265 **0/265057**
67.172.219.132 - - [16/Mar/2026:06:28:37 -0700] "GET /?fileloc=%2Fhome%2Fworkshopbrain%2Fpublic_html%2Fstatusplan.com%2Fwp-includes%2Fblocks%2Fcomment-content.php&path=%2Fhome%2Fworkshopbrain%2Fpublic_html%2Fstatusplan.com%2Fwp-includes%2Fblocks HTTP/2.0" 200 3121 "https://www.statusplan.com/" "Mozilla/5.0 (Macintosh; Intel Mac OS X 10_15_7) AppleWebKit/537.36 (KHTML, like Gecko) Chrome/125.0.0.0 Safari/537.36" 337 **0/337581**
74.7.241.2 - - [16/Mar/2026:06:28:37 -0700] "GET /sitemap.xml?fileloc=//proc/84715/net/tcp6&path=//proc/84715/net HTTP/2.0" 200 2644 "https://statusplan.com/sitemap.xml?path=//proc/84715/net" "Mozilla/5.0 AppleWebKit/537.36 (KHTML, like Gecko; compatible; GPTBot/1.3; +https://openai.com/gptbot)" 299 **0/299916**
47.128.120.164 - - [16/Mar/2026:06:28:38 -0700] "GET /?fileloc=%2F%2Fusr%2Flib%2Ffirmware%2Fqca%2Frampatch_usb_00130200.bin&path=%2F%2Fusr%2Flib%2Ffirmware%2Fqca HTTP/2.0" 200 2297 "-" "Mozilla/5.0 (Linux; Android 5.0) AppleWebKit/537.36 (KHTML, like Gecko) Mobile Safari/537.36 (compatible; TikTokSpider; ttspider-feedback@tiktok.com)" 261 **0/261304**
57.141.6.34 - - [16/Mar/2026:06:28:38 -0700] "GET /products/4-pice-seating-set/40297087/ HTTP/2.0" 200 63518 "-" "meta-externalagent/1.1 (+https://developers.facebook.com/docs/sharing/webmasters/crawler)" 253 **0/253506**
216.73.216.178 - - [16/Mar/2026:06:28:40 -0700] "GET /sitemap.xml?fileloc=%2F%2Fbin%2Feps2eps&path=%2F%2Fbin HTTP/2.0" 200 2663 "-" "Mozilla/5.0 AppleWebKit/537.36 (KHTML, like Gecko; compatible; ClaudeBot/1.0; +claudebot@anthropic.com)" 243 **0/243616**
74.7.241.2 - - [16/Mar/2026:06:28:40 -0700] "GET /sitemap.xml?fileloc=//proc/84714/net/raw6&path=//proc/84714/net HTTP/2.0" 200 2388 "https://statusplan.com/sitemap.xml?path=//proc/84714/net" "Mozilla/5.0 AppleWebKit/537.36 (KHTML, like Gecko; compatible; GPTBot/1.3; +https://openai.com/gptbot)" 274 **0/274181**
67.172.219.132 - - [16/Mar/2026:06:28:41 -0700] "GET /?fileloc=%2Fhome%2Fworkshopbrain%2Fpublic_html%2Fshea%2Fwp-includes%2Fuser.php&path=%2Fhome%2Fworkshopbrain%2Fpublic_html%2Fshea%2Fwp-includes HTTP/2.0" 200 36106 "https://www.statusplan.com/" "Mozilla/5.0 (Macintosh; Intel Mac OS X 10_15_7) AppleWebKit/537.36 (KHTML, like Gecko) Chrome/125.0.0.0 Safari/537.36" 337 **0/337814**
57.141.6.29 - - [16/Mar/2026:06:28:41 -0700] "GET /products/security-systems/19706587/ HTTP/2.0" 200 63518 "-" "meta-externalagent/1.1 (+https://developers.facebook.com/docs/sharing/webmasters/crawler)" 278 **0/278338**
57.141.6.3 - - [16/Mar/2026:06:28:41 -0700] "GET /products/exercise-bike/13084573/ HTTP/2.0" 200 63518 "-" "meta-externalagent/1.1 (+https://developers.facebook.com/docs/sharing/webmasters/crawler)" 575 **0/575015**
216.73.216.178 - - [16/Mar/2026:06:28:43 -0700] "GET /sitemap.xml?fileloc=%2F%2Fbin%2Fsed&path=%2F%2Fbin HTTP/2.0" 200 2249 "-" "Mozilla/5.0 AppleWebKit/537.36 (KHTML, like Gecko; compatible; ClaudeBot/1.0; +claudebot@anthropic.com)" 257 **0/257454**
74.7.241.2 - - [16/Mar/2026:06:28:43 -0700] "GET /sitemap.xml?fileloc=//proc/84721/net/tcp6&path=//proc/84721/net HTTP/2.0" 200 2644 "https://statusplan.com/sitemap.xml?path=//proc/84721/net" "Mozilla/5.0 AppleWebKit/537.36 (KHTML, like Gecko; compatible; GPTBot/1.3; +https://openai.com/gptbot)" 256 **0/256439**
57.141.6.10 - - [16/Mar/2026:06:28:44 -0700] "GET /products/mens-bracelet-stainless-steel-with-zirconias-all-around/15526537/ HTTP/2.0" 200 63518 "-" "meta-externalagent/1.1 (+https://developers.facebook.com/docs/sharing/webmasters/crawler)" 248 **0/248517**
149.102.233.47 - - [16/Mar/2026:06:28:45 -0700] "POST /xmlrpc.php HTTP/1.1" 403 63518 "-" "Mozilla/5.0 (Windows NT 10.0; Win64; x64) AppleWebKit/537.36 (KHTML, like Gecko) Chrome/79.0.3945.130 Safari/537.36 OPR/66.0.3515.103" 303 **0/303729**
67.172.219.132 - - [16/Mar/2026:06:28:45 -0700] "GET /?path=%2F%2Fproc%2F1028325%2Froot%2Fusr%2Fshare%2Fautoconf HTTP/2.0" 200 2352 "https://www.statusplan.com/" "Mozilla/5.0 (Macintosh; Intel Mac OS X 10_15_7) AppleWebKit/537.36 (KHTML, like Gecko) Chrome/125.0.0.0 Safari/537.36" 341 **0/341872**
216.73.216.178 - - [16/Mar/2026:06:28:46 -0700] "GET /sitemap.xml?fileloc=%2F%2Fbin%2Frm&path=%2F%2Fbin HTTP/2.0" 200 2246 "-" "Mozilla/5.0 AppleWebKit/537.36 (KHTML, like Gecko; compatible; ClaudeBot/1.0; +claudebot@anthropic.com)" 246 **0/246171**
57.141.6.48 - - [16/Mar/2026:06:28:46 -0700] "GET /products/gracefield-5-pc-walnutbrown-dining-table-chair-set/10428220/ HTTP/2.0" 200 63518 "-" "meta-externalagent/1.1 (+https://developers.facebook.com/docs/sharing/webmasters/crawler)" 240 **0/240426**
