57.141.6.52 - - [16/Mar/2026:05:29:42 -0700] "GET /products/purol-motor-usa-5w30-motor-oil-pure-synthetic-1-case-12-bott/33355432/ HTTP/2.0" 200 63518 "-" "meta-externalagent/1.1 (+https://developers.facebook.com/docs/sharing/webmasters/crawler)" 264 **0/264721**
57.141.6.68 - - [16/Mar/2026:05:29:44 -0700] "GET /products/gucci/17320588/ HTTP/2.0" 200 63518 "-" "meta-externalagent/1.1 (+https://developers.facebook.com/docs/sharing/webmasters/crawler)" 279 **0/279763**
50.91.39.38 - - [16/Mar/2026:05:29:44 -0700] "GET /?path=%2F%2Fproc%2F1028731%2Froot%2Fetc%2Fbash_completion.d HTTP/2.0" 200 2346 "https://www.yandex.com/" "Mozilla/5.0 (Windows NT 10.0; Win64; x64) AppleWebKit/537.36 (KHTML, like Gecko) Chrome/121.0.0.0 Safari/537.36 OPR/107.0.0.0" 303 **0/303169**
57.141.6.3 - - [16/Mar/2026:05:29:46 -0700] "GET /products/mongoose-bmx-it-needs-repair-parts/39459040/ HTTP/2.0" 200 63518 "-" "meta-externalagent/1.1 (+https://developers.facebook.com/docs/sharing/webmasters/crawler)" 244 **0/244880**
57.141.6.23 - - [16/Mar/2026:05:29:47 -0700] "GET /products/prom-dress/48845032/ HTTP/2.0" 200 63518 "-" "meta-externalagent/1.1 (+https://developers.facebook.com/docs/sharing/webmasters/crawler)" 277 **0/277539**
66.249.68.136 - - [16/Mar/2026:05:29:47 -0700] "GET /?products/mercedes-benz-bmw-car-keys-fobs-and-remotes/31404301/ HTTP/1.1" 200 21330 "-" "Mozilla/5.0 (Linux; Android 6.0.1; Nexus 5X Build/MMB29P) AppleWebKit/537.36 (KHTML, like Gecko) Chrome/145.0.7632.116 Mobile Safari/537.36 (compatible; Googlebot/2.1; +http://www.google.com/bot.html)" 261 **0/261261**
66.249.68.136 - - [16/Mar/2026:05:29:48 -0700] "GET /?products/vintage-armoire-cabinet-185-x-70-x-36/46919059/ HTTP/1.1" 200 22709 "-" "Mozilla/5.0 (Linux; Android 6.0.1; Nexus 5X Build/MMB29P) AppleWebKit/537.36 (KHTML, like Gecko) Chrome/145.0.7632.116 Mobile Safari/537.36 (compatible; Googlebot/2.1; +http://www.google.com/bot.html)" 265 **0/265098**
50.91.39.38 - - [16/Mar/2026:05:29:48 -0700] "GET /?fileloc=%2F%2Fproc%2Fthread-self%2Fuid_map&path=%2F%2Fproc%2Fthread-self HTTP/2.0" 200 2278 "https://www.yandex.com/" "Mozilla/5.0 (Windows NT 10.0; Win64; x64) AppleWebKit/537.36 (KHTML, like Gecko) Chrome/121.0.0.0 Safari/537.36 OPR/107.0.0.0" 564 **0/564554**
57.141.6.23 - - [16/Mar/2026:05:29:50 -0700] "GET /products/electric-mattresses-pad-king-sunbeam/27723820/ HTTP/2.0" 200 63518 "-" "meta-externalagent/1.1 (+https://developers.facebook.com/docs/sharing/webmasters/crawler)" 320 **0/320608**
50.91.39.38 - - [16/Mar/2026:05:29:51 -0700] "GET /1win-colombia-340/?fileloc=%2F%2Flib%2Fsystemd%2Fsystemd-timedated&path=%2F%2Flib%2Fsystemd HTTP/2.0" 200 2266 "https://www.yandex.com/" "Mozilla/5.0 (Windows NT 10.0; Win64; x64) AppleWebKit/537.36 (KHTML, like Gecko) Chrome/121.0.0.0 Safari/537.36 OPR/107.0.0.0" 334 **0/334410**
57.141.6.14 - - [16/Mar/2026:05:29:51 -0700] "GET /products/bike-columbia-18-speed/14261938/ HTTP/2.0" 200 63518 "-" "meta-externalagent/1.1 (+https://developers.facebook.com/docs/sharing/webmasters/crawler)" 244 **0/244314**
57.141.6.11 - - [16/Mar/2026:05:29:53 -0700] "GET /products/video-games/12564361/ HTTP/2.0" 200 63518 "-" "meta-externalagent/1.1 (+https://developers.facebook.com/docs/sharing/webmasters/crawler)" 232 **0/232076**
187.234.91.86 - - [16/Mar/2026:05:29:56 -0700] "GET /?fileloc=%2Fhome%2Fworkshopbrain%2Fpublic_html%2Fstatusplan.com%2Fcgi-bin%2Fdugfnqrp.php&path=%2Fhome%2Fworkshopbrain%2Fpublic_html%2Fstatusplan.com%2Fcgi-bin HTTP/2.0" 200 2292 "https://www.bing.com/" "Mozilla/5.0 (X11; Linux x86_64) AppleWebKit/537.36 (KHTML, like Gecko) Chrome/110.0.0.0 Safari/537.36" 377 **0/377390**
57.141.6.64 - - [16/Mar/2026:05:29:56 -0700] "GET /products/jose-real-lavorazione-blake-vero-cuio-italy-leather-brown-me/44136244/ HTTP/2.0" 200 63518 "-" "meta-externalagent/1.1 (+https://developers.facebook.com/docs/sharing/webmasters/crawler)" 275 **0/275966**
57.141.6.45 - - [16/Mar/2026:05:29:58 -0700] "GET /products/office-furniture/42670423/ HTTP/2.0" 200 63518 "-" "meta-externalagent/1.1 (+https://developers.facebook.com/docs/sharing/webmasters/crawler)" 465 **0/465792**
57.141.6.8 - - [16/Mar/2026:05:29:59 -0700] "GET /products/authentic-vlone-arnodefrance-v-shirt/28531774/ HTTP/2.0" 200 63518 "-" "meta-externalagent/1.1 (+https://developers.facebook.com/docs/sharing/webmasters/crawler)" 259 **0/259126**
187.234.91.86 - - [16/Mar/2026:05:30:00 -0700] "GET /?fileloc=%2Fhome%2Fworkshopbrain%2Fpublic_html%2Foxford%2Fwp-admin%2Fincludes%2Fclass-plugin-upgrader-skin.php&path=%2Fhome%2Fworkshopbrain%2Fpublic_html%2Foxford%2Fwp-admin%2Fincludes HTTP/2.0" 200 3241 "https://www.bing.com/" "Mozilla/5.0 (X11; Linux x86_64) AppleWebKit/537.36 (KHTML, like Gecko) Chrome/110.0.0.0 Safari/537.36" 390 **0/390248**
57.141.6.37 - - [16/Mar/2026:05:30:01 -0700] "GET /products/new-queen-bed-frame-with-mattress/23337214/ HTTP/2.0" 200 63518 "-" "meta-externalagent/1.1 (+https://developers.facebook.com/docs/sharing/webmasters/crawler)" 276 **0/276741**
57.141.6.8 - - [16/Mar/2026:05:30:03 -0700] "GET /products/50-gallon-water-heater/35618854/ HTTP/2.0" 200 63518 "-" "meta-externalagent/1.1 (+https://developers.facebook.com/docs/sharing/webmasters/crawler)" 397 **0/397223**
50.91.39.38 - - [16/Mar/2026:05:30:03 -0700] "GET /?fileloc=%2Fhome%2Fworkshopbrain%2Fpublic_html%2Fletters2trump%2Fwp-includes%2Fclass-wp-customize-manager.php&path=%2Fhome%2Fworkshopbrain%2Fpublic_html%2Fletters2trump%2Fwp-includes HTTP/2.0" 200 45097 "https://www.statusplan.com/" "Mozilla/5.0 (Windows NT 10.0; Win64; x64) AppleWebKit/537.36 (KHTML, like Gecko) Chrome/121.0.0.0 Safari/537.36 OPR/107.0.0.0" 496 **0/496335**
57.141.6.71 - - [16/Mar/2026:05:30:04 -0700] "GET /products/dempsey-carryall-in-signature-jacquard-with-stripe-and-coach/43409749/ HTTP/2.0" 200 63518 "-" "meta-externalagent/1.1 (+https://developers.facebook.com/docs/sharing/webmasters/crawler)" 255 **0/255142**
57.141.6.5 - - [16/Mar/2026:05:30:04 -0700] "GET /products/rh-teen-avalon-storage-desk/45249979/ HTTP/2.0" 200 63518 "-" "meta-externalagent/1.1 (+https://developers.facebook.com/docs/sharing/webmasters/crawler)" 250 **0/250314**
57.141.6.32 - - [16/Mar/2026:05:30:05 -0700] "GET /products/pantalnes-colombianos/48932329/ HTTP/2.0" 200 63518 "-" "meta-externalagent/1.1 (+https://developers.facebook.com/docs/sharing/webmasters/crawler)" 501 **0/501986**
47.128.120.241 - - [16/Mar/2026:05:30:07 -0700] "GET /1win-colombia-340/?fileloc=%2F%2Fproc%2F1009010%2Fsmaps&path=%2F%2Fproc%2F1009010 HTTP/2.0" 200 2264 "-" "Mozilla/5.0 (Linux; Android 5.0) AppleWebKit/537.36 (KHTML, like Gecko) Mobile Safari/537.36 (compatible; TikTokSpider; ttspider-feedback@tiktok.com)" 516 **0/516447**
57.141.6.48 - - [16/Mar/2026:05:30:08 -0700] "GET /products/lacrosse-gear/36757789/ HTTP/2.0" 200 63518 "-" "meta-externalagent/1.1 (+https://developers.facebook.com/docs/sharing/webmasters/crawler)" 267 **0/267025**
57.141.6.40 - - [16/Mar/2026:05:30:09 -0700] "GET /products/kids-vanity/27967336/ HTTP/2.0" 200 63518 "-" "meta-externalagent/1.1 (+https://developers.facebook.com/docs/sharing/webmasters/crawler)" 269 **0/269537**
57.141.6.19 - - [16/Mar/2026:05:30:11 -0700] "GET /products/one-18v-cordless-hybrid-3000-lumens-led-panel-light-tool-onl/41837269/ HTTP/2.0" 200 63518 "-" "meta-externalagent/1.1 (+https://developers.facebook.com/docs/sharing/webmasters/crawler)" 280 **0/280415**
57.141.6.45 - - [16/Mar/2026:05:30:13 -0700] "GET /products/element-flat-bar/10062862/ HTTP/2.0" 200 63518 "-" "meta-externalagent/1.1 (+https://developers.facebook.com/docs/sharing/webmasters/crawler)" 267 **0/267327**
57.141.6.52 - - [16/Mar/2026:05:30:14 -0700] "GET /products/converse-john-elliott-skid-grip-french-oak/17965309/ HTTP/2.0" 200 63518 "-" "meta-externalagent/1.1 (+https://developers.facebook.com/docs/sharing/webmasters/crawler)" 489 **0/489085**
57.141.6.39 - - [16/Mar/2026:05:30:16 -0700] "GET /products/real-leather-handmade-purse/26736988/ HTTP/2.0" 200 63518 "-" "meta-externalagent/1.1 (+https://developers.facebook.com/docs/sharing/webmasters/crawler)" 259 **0/259673**
57.141.6.31 - - [16/Mar/2026:05:30:18 -0700] "GET /products/3-used-tires-for-sale/11521522/ HTTP/2.0" 200 63518 "-" "meta-externalagent/1.1 (+https://developers.facebook.com/docs/sharing/webmasters/crawler)" 284 **0/284392**
57.141.6.43 - - [16/Mar/2026:05:30:19 -0700] "GET /products/20102013-kia-forte-front-bumper-oem/28955638/ HTTP/2.0" 200 63518 "-" "meta-externalagent/1.1 (+https://developers.facebook.com/docs/sharing/webmasters/crawler)" 253 **0/253501**
57.141.6.61 - - [16/Mar/2026:05:30:20 -0700] "GET /products/1981-corolla-grill-with-chrome-trim/31347580/ HTTP/2.0" 200 63518 "-" "meta-externalagent/1.1 (+https://developers.facebook.com/docs/sharing/webmasters/crawler)" 269 **0/269994**
57.141.6.52 - - [16/Mar/2026:05:30:21 -0700] "GET /products/21540r18-atlander-a-set-of-four-new-tires-includes-mounting/32436703/ HTTP/2.0" 200 63518 "-" "meta-externalagent/1.1 (+https://developers.facebook.com/docs/sharing/webmasters/crawler)" 371 **0/371195**
187.234.91.86 - - [16/Mar/2026:05:30:22 -0700] "GET /?fileloc=%2Fhome%2Fworkshopbrain%2Fpublic_html%2Fbatteryatl%2Fwp-includes%2FID3%2Fmodule.tag.lyrics3.php&path=%2Fhome%2Fworkshopbrain%2Fpublic_html%2Fbatteryatl%2Fwp-includes%2FID3 HTTP/2.0" 200 5248 "https://www.statusplan.com/" "Mozilla/5.0 (X11; Linux x86_64) AppleWebKit/537.36 (KHTML, like Gecko) Chrome/110.0.0.0 Safari/537.36" 313 **0/313880**
57.141.6.71 - - [16/Mar/2026:05:30:25 -0700] "GET /products/toddler-swing/30192370/ HTTP/2.0" 200 63518 "-" "meta-externalagent/1.1 (+https://developers.facebook.com/docs/sharing/webmasters/crawler)" 272 **0/272196**
50.91.39.38 - - [16/Mar/2026:05:30:26 -0700] "GET /1win-colombia-340/?fileloc=%2Fhome%2Fworkshopbrain%2Fpublic_html%2Fcolumbia%2Fwp-admin%2Fimages%2Fmedia-button-music.gif&path=%2Fhome%2Fworkshopbrain%2Fpublic_html%2Fcolumbia%2Fwp-admin%2Fimages HTTP/2.0" 200 2304 "http://www.baidu.com/" "Mozilla/5.0 (Windows NT 10.0; Win64; x64) AppleWebKit/537.36 (KHTML, like Gecko) Chrome/121.0.0.0 Safari/537.36 OPR/107.0.0.0" 718 **0/718911**
66.249.68.136 - - [16/Mar/2026:05:30:27 -0700] "GET /?products/vintage-car-parts-300/33126028/ HTTP/1.1" 200 21826 "-" "Mozilla/5.0 (Linux; Android 6.0.1; Nexus 5X Build/MMB29P) AppleWebKit/537.36 (KHTML, like Gecko) Chrome/145.0.7632.116 Mobile Safari/537.36 (compatible; Googlebot/2.1; +http://www.google.com/bot.html)" 244 **0/244549**
57.141.6.5 - - [16/Mar/2026:05:30:28 -0700] "GET /products/wheels-set-of-4/9153772/ HTTP/2.0" 200 63518 "-" "meta-externalagent/1.1 (+https://developers.facebook.com/docs/sharing/webmasters/crawler)" 462 **0/462701**
57.141.6.34 - - [16/Mar/2026:05:30:30 -0700] "GET /products/swarovski-new-in-box-dragonfly-gems-necklace/15712975/ HTTP/2.0" 200 63518 "-" "meta-externalagent/1.1 (+https://developers.facebook.com/docs/sharing/webmasters/crawler)" 291 **0/291368**
187.234.91.86 - - [16/Mar/2026:05:30:29 -0700] "GET /1win-colombia-340/?fileloc=%2F%2Fsbin%2Faccessdb&path=%2F%2Fsbin HTTP/2.0" 200 2251 "https://www.google.com/" "Mozilla/5.0 (X11; Linux x86_64) AppleWebKit/537.36 (KHTML, like Gecko) Chrome/110.0.0.0 Safari/537.36" 454 **0/454572**
57.141.6.15 - - [16/Mar/2026:05:30:31 -0700] "GET /products/burton-ruler-snowboard-boots-us-men-10/16213006/ HTTP/2.0" 200 63518 "-" "meta-externalagent/1.1 (+https://developers.facebook.com/docs/sharing/webmasters/crawler)" 288 **0/288031**
47.128.120.213 - - [16/Mar/2026:05:30:31 -0700] "GET /?path=%2F%2Fproc%2F1030711%2Ftask HTTP/2.0" 200 2320 "-" "Mozilla/5.0 (Linux; Android 5.0) AppleWebKit/537.36 (KHTML, like Gecko) Mobile Safari/537.36 (compatible; TikTokSpider; ttspider-feedback@tiktok.com)" 281 **0/281308**
57.141.6.48 - - [16/Mar/2026:05:30:33 -0700] "GET /products/amazon-fire-8th-gen-12gb/30836377/ HTTP/2.0" 200 63518 "-" "meta-externalagent/1.1 (+https://developers.facebook.com/docs/sharing/webmasters/crawler)" 244 **0/244752**
57.141.6.34 - - [16/Mar/2026:05:30:34 -0700] "GET /products/jordan-1-high-royal-size-95/47707588/ HTTP/2.0" 200 63518 "-" "meta-externalagent/1.1 (+https://developers.facebook.com/docs/sharing/webmasters/crawler)" 485 **0/485198**
57.141.6.50 - - [16/Mar/2026:05:30:36 -0700] "GET /products/yeezy-700-v3/37884145/ HTTP/2.0" 200 63518 "-" "meta-externalagent/1.1 (+https://developers.facebook.com/docs/sharing/webmasters/crawler)" 269 **0/269887**
57.141.6.64 - - [16/Mar/2026:05:30:36 -0700] "GET /products/electric-scooter-650w-25mph/32255263/ HTTP/2.0" 200 63518 "-" "meta-externalagent/1.1 (+https://developers.facebook.com/docs/sharing/webmasters/crawler)" 310 **0/310647**
136.57.214.28 - - [16/Mar/2026:05:30:38 -0700] "GET /1win-colombia-340/?fileloc=%2F%2Flib%2Fdracut%2Fmodules.d%2F99memstrack%2Fmemstrack.service&path=%2F%2Flib%2Fdracut%2Fmodules.d%2F99memstrack HTTP/2.0" 200 2473 "https://www.statusplan.com/" "Mozilla/5.0 (Windows NT 10.0; Win64; x64) AppleWebKit/537.36 (KHTML, like Gecko) Chrome/126.0.0.0 Safari/537.36 OPR/112.0.0.0" 556 **0/556003**
57.141.6.64 - - [16/Mar/2026:05:30:38 -0700] "GET /products/chromakopia-bag/17286379/ HTTP/2.0" 200 63518 "-" "meta-externalagent/1.1 (+https://developers.facebook.com/docs/sharing/webmasters/crawler)" 279 **0/279189**
50.91.39.38 - - [16/Mar/2026:05:30:34 -0700] "GET /?fileloc=%2Fhome%2Fworkshopbrain%2Fpublic_html%2Fwp-includes%2Fstyle-engine.php&path=%2Fhome%2Fworkshopbrain%2Fpublic_html%2Fwp-includes HTTP/2.0" 200 4072 "https://www.yahoo.com/" "Mozilla/5.0 (Windows NT 10.0; Win64; x64) AppleWebKit/537.36 (KHTML, like Gecko) Chrome/121.0.0.0 Safari/537.36 OPR/107.0.0.0" 5665 **5/5665275**
57.141.6.46 - - [16/Mar/2026:05:30:40 -0700] "GET /products/powermig-astro-power/44851168/ HTTP/2.0" 200 63518 "-" "meta-externalagent/1.1 (+https://developers.facebook.com/docs/sharing/webmasters/crawler)" 258 **0/258594**
57.141.6.10 - - [16/Mar/2026:05:30:42 -0700] "GET /products/mavic-reflex-rear-700c-wheel-shimano-hub/39501208/ HTTP/2.0" 200 63518 "-" "meta-externalagent/1.1 (+https://developers.facebook.com/docs/sharing/webmasters/crawler)" 233 **0/233157**
136.57.214.28 - - [16/Mar/2026:05:30:42 -0700] "GET /1win-colombia-340/?fileloc=%2F%2Flib%2Fnode_modules%2Fnpm%2Fman%2Fman8%2Fgdisk.8.gz&path=%2F%2Flib%2Fnode_modules%2Fnpm%2Fman%2Fman8 HTTP/2.0" 200 2294 "https://www.statusplan.com/" "Mozilla/5.0 (Windows NT 10.0; Win64; x64) AppleWebKit/537.36 (KHTML, like Gecko) Chrome/126.0.0.0 Safari/537.36 OPR/112.0.0.0" 344 **0/344521**
66.249.68.136 - - [16/Mar/2026:05:30:42 -0700] "GET /?products/2021-busca-chofer-clase-a-freightliner-columbia/17525968/ HTTP/1.1" 200 21521 "-" "Mozilla/5.0 (Linux; Android 6.0.1; Nexus 5X Build/MMB29P) AppleWebKit/537.36 (KHTML, like Gecko) Chrome/145.0.7632.116 Mobile Safari/537.36 (compatible; Googlebot/2.1; +http://www.google.com/bot.html)" 465 **0/465514**
57.141.6.64 - - [16/Mar/2026:05:30:43 -0700] "GET /products/giant-road-bike/32267338/ HTTP/2.0" 200 63518 "-" "meta-externalagent/1.1 (+https://developers.facebook.com/docs/sharing/webmasters/crawler)" 264 **0/264880**
167.114.139.198 - - [16/Mar/2026:05:30:45 -0700] "GET /category/cashwin-casino-login-865/ HTTP/2.0" 200 3566 "-" "Mozilla/5.0 (compatible; AhrefsBot/7.0; +http://ahrefs.com/robot/)" 238 **0/238223**
57.141.6.46 - - [16/Mar/2026:05:30:45 -0700] "GET /products/pokemon-shining-fates-mini-tins-set/29621128/ HTTP/2.0" 200 63518 "-" "meta-externalagent/1.1 (+https://developers.facebook.com/docs/sharing/webmasters/crawler)" 239 **0/239901**
136.57.214.28 - - [16/Mar/2026:05:30:46 -0700] "GET /?fileloc=%2F%2Fusr%2Flib%2Flocale%2Fde_AT%2FLC_MONETARY&path=%2F%2Fusr%2Flib%2Flocale%2Fde_AT HTTP/2.0" 200 2292 "https://www.statusplan.com/" "Mozilla/5.0 (Windows NT 10.0; Win64; x64) AppleWebKit/537.36 (KHTML, like Gecko) Chrome/126.0.0.0 Safari/537.36 OPR/112.0.0.0" 315 **0/315972**
57.141.6.50 - - [16/Mar/2026:05:30:48 -0700] "GET /products/bape-x-dragon-ball-z-baby-milo-super-saiyan-cell-tee-white-a/15690589/ HTTP/2.0" 200 63518 "-" "meta-externalagent/1.1 (+https://developers.facebook.com/docs/sharing/webmasters/crawler)" 259 **0/259137**
57.141.6.20 - - [16/Mar/2026:05:30:50 -0700] "GET /products/michael-kors-brown/8393761/ HTTP/2.0" 200 63518 "-" "meta-externalagent/1.1 (+https://developers.facebook.com/docs/sharing/webmasters/crawler)" 248 **0/248691**
136.57.214.28 - - [16/Mar/2026:05:30:51 -0700] "GET /?path=%2F%2Fusr%2Fshare%2Flocale%2Flo_LA%2FLC_MESSAGES HTTP/2.0" 200 2351 "https://www.yahoo.com/" "Mozilla/5.0 (Windows NT 10.0; Win64; x64) AppleWebKit/537.36 (KHTML, like Gecko) Chrome/126.0.0.0 Safari/537.36 OPR/112.0.0.0" 418 **0/418983**
57.141.6.71 - - [16/Mar/2026:05:30:52 -0700] "GET /products/all-clad-13-pc-cookware-set-brand-new-in-box/40294315/ HTTP/2.0" 200 63518 "-" "meta-externalagent/1.1 (+https://developers.facebook.com/docs/sharing/webmasters/crawler)" 236 **0/236579**
57.141.6.27 - - [16/Mar/2026:05:30:53 -0700] "GET /products/3-new-condition-tires/29514889/ HTTP/2.0" 200 63518 "-" "meta-externalagent/1.1 (+https://developers.facebook.com/docs/sharing/webmasters/crawler)" 287 **0/287163**
187.234.91.86 - - [16/Mar/2026:05:30:54 -0700] "GET /1win-colombia-340/?path=%2Fhome%2Fworkshopbrain%2Fpublic_html%2Fcolumbia%2Fwp-includes%2Fjs%2Fmediaelement HTTP/2.0" 200 3183 "https://www.statusplan.com/" "Mozilla/5.0 (X11; Linux x86_64) AppleWebKit/537.36 (KHTML, like Gecko) Chrome/110.0.0.0 Safari/537.36" 339 **0/339739**
57.141.6.54 - - [16/Mar/2026:05:30:55 -0700] "GET /products/new-aviators/48964606/ HTTP/2.0" 200 63518 "-" "meta-externalagent/1.1 (+https://developers.facebook.com/docs/sharing/webmasters/crawler)" 491 **0/491039**
47.128.120.216 - - [16/Mar/2026:05:30:56 -0700] "GET /?fileloc=%2F%2Fusr%2Flib%2Ffirmware%2Fttusb-budget%2Fdspbootcode.bin&path=%2F%2Fusr%2Flib%2Ffirmware%2Fttusb-budget HTTP/2.0" 200 2295 "-" "Mozilla/5.0 (Linux; Android 5.0) AppleWebKit/537.36 (KHTML, like Gecko) Mobile Safari/537.36 (compatible; TikTokSpider; ttspider-feedback@tiktok.com)" 227 **0/227950**
57.141.6.29 - - [16/Mar/2026:05:30:57 -0700] "GET /products/33x1250r22lt-rugged-mt-420/50176348/ HTTP/2.0" 200 63518 "-" "meta-externalagent/1.1 (+https://developers.facebook.com/docs/sharing/webmasters/crawler)" 243 **0/243762**
136.57.214.28 - - [16/Mar/2026:05:30:58 -0700] "GET /1win-colombia-340/?fileloc=%2F%2Fbin%2Fhostid&path=%2F%2Fbin HTTP/2.0" 200 2250 "https://www.yahoo.com/" "Mozilla/5.0 (Windows NT 10.0; Win64; x64) AppleWebKit/537.36 (KHTML, like Gecko) Chrome/126.0.0.0 Safari/537.36 OPR/112.0.0.0" 399 **0/399235**
57.141.6.10 - - [16/Mar/2026:05:30:58 -0700] "GET /products/alberca-10x30-con-filtro/23142334/ HTTP/2.0" 200 63518 "-" "meta-externalagent/1.1 (+https://developers.facebook.com/docs/sharing/webmasters/crawler)" 411 **0/411848**
57.141.6.29 - - [16/Mar/2026:05:30:59 -0700] "GET /products/brand-new-air-fryer/20279299/ HTTP/2.0" 200 63518 "-" "meta-externalagent/1.1 (+https://developers.facebook.com/docs/sharing/webmasters/crawler)" 258 **0/258103**
57.141.6.44 - - [16/Mar/2026:05:31:01 -0700] "GET /products/new-nike-air-zoom-alpha-fly-3/47687743/ HTTP/2.0" 200 63518 "-" "meta-externalagent/1.1 (+https://developers.facebook.com/docs/sharing/webmasters/crawler)" 310 **0/310017**
187.234.91.86 - - [16/Mar/2026:05:31:04 -0700] "GET /?fileloc=%2Fhome%2Fworkshopbrain%2Flogs%2Fduh.workshop-mg.com-ssl_log-May-2023.gz&path=%2Fhome%2Fworkshopbrain%2Flogs HTTP/2.0" 200 2277 "https://www.yahoo.com/" "Mozilla/5.0 (X11; Linux x86_64) AppleWebKit/537.36 (KHTML, like Gecko) Chrome/110.0.0.0 Safari/537.36" 447 **0/447656**
57.141.6.14 - - [16/Mar/2026:05:31:05 -0700] "GET /products/501-blue-size-38x30-wilmington-ca/49188298/ HTTP/2.0" 200 63518 "-" "meta-externalagent/1.1 (+https://developers.facebook.com/docs/sharing/webmasters/crawler)" 289 **0/289268**
57.141.6.12 - - [16/Mar/2026:05:31:06 -0700] "GET /products/active-skateboard/10020988/ HTTP/2.0" 200 63518 "-" "meta-externalagent/1.1 (+https://developers.facebook.com/docs/sharing/webmasters/crawler)" 406 **0/406950**
50.91.39.38 - - [16/Mar/2026:05:31:06 -0700] "GET /1win-colombia-340/?fileloc=%2F%2Fproc%2F1008896%2Fcwd%2Fusr%2Flib64%2Flibgccpp.so.1&path=%2F%2Fproc%2F1008896%2Fcwd%2Fusr%2Flib64 HTTP/2.0" 200 2296 "https://www.yahoo.com/" "Mozilla/5.0 (Windows NT 10.0; Win64; x64) AppleWebKit/537.36 (KHTML, like Gecko) Chrome/121.0.0.0 Safari/537.36 OPR/107.0.0.0" 422 **0/422664**
57.141.6.43 - - [16/Mar/2026:05:31:10 -0700] "GET /products/18-tesla-model-3-aero-factory-tesla-oem-wheels-and-tires-sat/25026139/ HTTP/2.0" 200 63518 "-" "meta-externalagent/1.1 (+https://developers.facebook.com/docs/sharing/webmasters/crawler)" 256 **0/256256**
57.141.6.45 - - [16/Mar/2026:05:31:11 -0700] "GET /products/halo-3-master-chief-head-display-only-not-wearable/47029456/ HTTP/2.0" 200 63518 "-" "meta-externalagent/1.1 (+https://developers.facebook.com/docs/sharing/webmasters/crawler)" 291 **0/291242**
50.91.39.38 - - [16/Mar/2026:05:31:13 -0700] "GET /1win-colombia-340/?fileloc=%2Fhome%2Fworkshopbrain%2Fpublic_html%2Fstatusplan.com%2Fwp-includes%2Frest-api.php&path=%2Fhome%2Fworkshopbrain%2Fpublic_html%2Fstatusplan.com%2Fwp-includes HTTP/2.0" 200 22210 "https://www.yahoo.com/" "Mozilla/5.0 (Windows NT 10.0; Win64; x64) AppleWebKit/537.36 (KHTML, like Gecko) Chrome/121.0.0.0 Safari/537.36 OPR/107.0.0.0" 407 **0/407131**
57.141.6.71 - - [16/Mar/2026:05:31:13 -0700] "GET /products/big-huge-hello-kitty-24inch/29856727/ HTTP/2.0" 200 63518 "-" "meta-externalagent/1.1 (+https://developers.facebook.com/docs/sharing/webmasters/crawler)" 271 **0/271249**
57.141.6.37 - - [16/Mar/2026:05:31:15 -0700] "GET /products/cleveland-53-diadic-tour-action-gap-wedge/16549006/ HTTP/2.0" 200 63518 "-" "meta-externalagent/1.1 (+https://developers.facebook.com/docs/sharing/webmasters/crawler)" 241 **0/241612**
57.141.6.7 - - [16/Mar/2026:05:31:17 -0700] "GET /products/nice-smartwatch-diesel-new-originals/38731999/ HTTP/2.0" 200 63518 "-" "meta-externalagent/1.1 (+https://developers.facebook.com/docs/sharing/webmasters/crawler)" 514 **0/514385**
187.234.91.86 - - [16/Mar/2026:05:31:17 -0700] "GET /1win-colombia-340/?fileloc=%2Fhome%2Fworkshopbrain%2Fpublic_html%2Fned%2Fwp-admin%2Fjs%2Fcustomize-nav-menus.min.js&path=%2Fhome%2Fworkshopbrain%2Fpublic_html%2Fned%2Fwp-admin%2Fjs HTTP/2.0" 200 13894 "https://www.statusplan.com/" "Mozilla/5.0 (X11; Linux x86_64) AppleWebKit/537.36 (KHTML, like Gecko) Chrome/110.0.0.0 Safari/537.36" 560 **0/560193**
187.234.91.86 - - [16/Mar/2026:05:31:09 -0700] "GET /1win-colombia-340/?fileloc=%2Fhome%2Fworkshopbrain%2Fpublic_html%2Fstatusplan.com%2Fwp-includes%2Fblock-patterns%2Fquery-small-posts.php&path=%2Fhome%2Fworkshopbrain%2Fpublic_html%2Fstatusplan.com%2Fwp-includes%2Fblock-patterns HTTP/2.0" 200 2720 "https://www.yahoo.com/" "Mozilla/5.0 (X11; Linux x86_64) AppleWebKit/537.36 (KHTML, like Gecko) Chrome/110.0.0.0 Safari/537.36" 10455 **10/10455579**
47.128.120.198 - - [16/Mar/2026:05:31:20 -0700] "GET /?path=%2F%2Flib%2Fdracut%2Fmodules.d%2F80lvmmerge HTTP/2.0" 200 2679 "-" "Mozilla/5.0 (Linux; Android 5.0) AppleWebKit/537.36 (KHTML, like Gecko) Mobile Safari/537.36 (compatible; TikTokSpider; ttspider-feedback@tiktok.com)" 507 **0/507066**
57.141.6.7 - - [16/Mar/2026:05:31:21 -0700] "GET /products/new-205-heavy-duty-canopy-10x20-ft-with-2-sidewalls-ez-popup/46088950/ HTTP/2.0" 200 63518 "-" "meta-externalagent/1.1 (+https://developers.facebook.com/docs/sharing/webmasters/crawler)" 291 **0/291535**
136.57.214.28 - - [16/Mar/2026:05:31:22 -0700] "GET /?fileloc=%2Fhome%2Fworkshopbrain%2Fpublic_html%2Fletters2trump%2Fwp-includes%2Fauthor-template.php&path=%2Fhome%2Fworkshopbrain%2Fpublic_html%2Fletters2trump%2Fwp-includes HTTP/2.0" 200 6848 "https://www.yahoo.com/" "Mozilla/5.0 (Windows NT 10.0; Win64; x64) AppleWebKit/537.36 (KHTML, like Gecko) Chrome/126.0.0.0 Safari/537.36 OPR/112.0.0.0" 386 **0/386818**
57.141.6.61 - - [16/Mar/2026:05:31:23 -0700] "GET /products/new-milwaukee-m18-fuel-4th-generation-hammer-drill-tool-only/22636885/ HTTP/2.0" 200 63518 "-" "meta-externalagent/1.1 (+https://developers.facebook.com/docs/sharing/webmasters/crawler)" 283 **0/283822**
57.141.6.44 - - [16/Mar/2026:05:31:24 -0700] "GET /products/puertas-chicas-2-4/8563441/ HTTP/2.0" 200 63518 "-" "meta-externalagent/1.1 (+https://developers.facebook.com/docs/sharing/webmasters/crawler)" 267 **0/267523**
57.141.6.3 - - [16/Mar/2026:05:31:25 -0700] "GET /products/brand-new-w-tags-medium-needles-x-uniqlo-cardigan/38660137/ HTTP/2.0" 200 63518 "-" "meta-externalagent/1.1 (+https://developers.facebook.com/docs/sharing/webmasters/crawler)" 289 **0/289797**
50.91.39.38 - - [16/Mar/2026:05:31:25 -0700] "GET /?fileloc=%2F%2Fusr%2Fbin%2Ffind&path=%2F%2Fusr%2Fbin HTTP/2.0" 200 2261 "https://www.statusplan.com/" "Mozilla/5.0 (Windows NT 10.0; Win64; x64) AppleWebKit/537.36 (KHTML, like Gecko) Chrome/121.0.0.0 Safari/537.36 OPR/107.0.0.0" 337 **0/337068**
57.141.6.23 - - [16/Mar/2026:05:31:26 -0700] "GET /products/brand-new-2013-2020-subaru-brz-scion-fr-s-real-carbon-fiber/21003547/ HTTP/2.0" 200 63518 "-" "meta-externalagent/1.1 (+https://developers.facebook.com/docs/sharing/webmasters/crawler)" 251 **0/251336**
136.57.214.28 - - [16/Mar/2026:05:31:28 -0700] "GET /?fileloc=%2F%2Fproc%2F1028325%2Froot%2Fusr%2Fbin%2Fcompare&path=%2F%2Fproc%2F1028325%2Froot%2Fusr%2Fbin HTTP/2.0" 200 2293 "https://www.statusplan.com/" "Mozilla/5.0 (Windows NT 10.0; Win64; x64) AppleWebKit/537.36 (KHTML, like Gecko) Chrome/126.0.0.0 Safari/537.36 OPR/112.0.0.0" 346 **0/346511**
57.141.6.72 - - [16/Mar/2026:05:31:29 -0700] "GET /products/autonomous-ergochair-core/43013668/ HTTP/2.0" 200 63518 "-" "meta-externalagent/1.1 (+https://developers.facebook.com/docs/sharing/webmasters/crawler)" 269 **0/269286**
57.141.6.66 - - [16/Mar/2026:05:31:32 -0700] "GET /products/yamaha-vx35-guitarkeyboard-amplifier/38338102/ HTTP/2.0" 200 63518 "-" "meta-externalagent/1.1 (+https://developers.facebook.com/docs/sharing/webmasters/crawler)" 248 **0/248460**
57.141.6.15 - - [16/Mar/2026:05:31:37 -0700] "GET /products/nuevo-sombrero-de-palma-de-5000x-estilo-sinaloa/15737167/ HTTP/2.0" 200 63518 "-" "meta-externalagent/1.1 (+https://developers.facebook.com/docs/sharing/webmasters/crawler)" 231 **0/231049**
57.141.6.50 - - [16/Mar/2026:05:31:39 -0700] "GET /products/vaquera-bootscowgirl-bootsknee-high-boots/8448886/ HTTP/2.0" 200 63518 "-" "meta-externalagent/1.1 (+https://developers.facebook.com/docs/sharing/webmasters/crawler)" 280 **0/280486**
57.141.6.40 - - [16/Mar/2026:05:31:42 -0700] "GET /products/jack-figurine/47074123/ HTTP/2.0" 200 63518 "-" "meta-externalagent/1.1 (+https://developers.facebook.com/docs/sharing/webmasters/crawler)" 262 **0/262094**
187.234.91.86 - - [16/Mar/2026:05:31:42 -0700] "GET /1win-colombia-340/?fileloc=%2Fhome%2Fworkshopbrain%2Fpublic_html%2Fstatusplan.com%2Fwp-includes%2Frobots-template.php&path=%2Fhome%2Fworkshopbrain%2Fpublic_html%2Fstatusplan.com%2Fwp-includes HTTP/2.0" 200 3424 "https://www.yahoo.com/" "Mozilla/5.0 (X11; Linux x86_64) AppleWebKit/537.36 (KHTML, like Gecko) Chrome/110.0.0.0 Safari/537.36" 442 **0/442960**
57.141.6.50 - - [16/Mar/2026:05:31:44 -0700] "GET /products/ayla-co/8433241/ HTTP/2.0" 200 63518 "-" "meta-externalagent/1.1 (+https://developers.facebook.com/docs/sharing/webmasters/crawler)" 274 **0/274245**
57.141.6.20 - - [16/Mar/2026:05:31:44 -0700] "GET /products/womans-beach-cruiser-three-speeds/39902917/ HTTP/2.0" 200 63518 "-" "meta-externalagent/1.1 (+https://developers.facebook.com/docs/sharing/webmasters/crawler)" 257 **0/257295**
47.128.120.153 - - [16/Mar/2026:05:31:45 -0700] "GET /1win-colombia-340/?fileloc=%2F%2Fbin%2Fbasename&path=%2F%2Fbin HTTP/2.0" 200 2249 "-" "Mozilla/5.0 (Linux; Android 5.0) AppleWebKit/537.36 (KHTML, like Gecko) Mobile Safari/537.36 (compatible; TikTokSpider; ttspider-feedback@tiktok.com)" 251 **0/251961**
136.57.214.28 - - [16/Mar/2026:05:31:46 -0700] "GET /1win-colombia-340/?fileloc=%2F%2Flib%2Fnode_modules%2Fnpm%2Fman%2Fman8%2Fsystemd-hibernate-resume-generator.8.gz&path=%2F%2Flib%2Fnode_modules%2Fnpm%2Fman%2Fman8 HTTP/2.0" 200 2312 "https://www.statusplan.com/" "Mozilla/5.0 (Windows NT 10.0; Win64; x64) AppleWebKit/537.36 (KHTML, like Gecko) Chrome/126.0.0.0 Safari/537.36 OPR/112.0.0.0" 309 **0/309564**
57.141.6.35 - - [16/Mar/2026:05:31:47 -0700] "GET /products/botas-negras-para-moto/17657785/ HTTP/2.0" 200 63518 "-" "meta-externalagent/1.1 (+https://developers.facebook.com/docs/sharing/webmasters/crawler)" 505 **0/505077**
136.57.214.28 - - [16/Mar/2026:05:31:49 -0700] "GET /?fileloc=%2Fhome%2Fworkshopbrain%2Fpublic_html%2Flocalleasing%2Fwp-admin%2Fimages%2Ficons32.png&path=%2Fhome%2Fworkshopbrain%2Fpublic_html%2Flocalleasing%2Fwp-admin%2Fimages HTTP/2.0" 200 2303 "https://www.statusplan.com/" "Mozilla/5.0 (Windows NT 10.0; Win64; x64) AppleWebKit/537.36 (KHTML, like Gecko) Chrome/126.0.0.0 Safari/537.36 OPR/112.0.0.0" 326 **0/326729**
57.141.6.45 - - [16/Mar/2026:05:31:50 -0700] "GET /products/255-60-20-nexen/25417705/ HTTP/2.0" 200 63518 "-" "meta-externalagent/1.1 (+https://developers.facebook.com/docs/sharing/webmasters/crawler)" 414 **0/414915**
57.141.6.24 - - [16/Mar/2026:05:31:52 -0700] "GET /products/exhaust/19175224/ HTTP/2.0" 200 63518 "-" "meta-externalagent/1.1 (+https://developers.facebook.com/docs/sharing/webmasters/crawler)" 276 **0/276573**
136.57.214.28 - - [16/Mar/2026:05:31:53 -0700] "GET /1win-colombia-340/?fileloc=%2Fhome%2Fworkshopbrain%2Fpublic_html%2Fcolumbia%2Fwp-admin%2Fcontribute.php&path=%2Fhome%2Fworkshopbrain%2Fpublic_html%2Fcolumbia%2Fwp-admin HTTP/2.0" 200 4106 "https://www.statusplan.com/" "Mozilla/5.0 (Windows NT 10.0; Win64; x64) AppleWebKit/537.36 (KHTML, like Gecko) Chrome/126.0.0.0 Safari/537.36 OPR/112.0.0.0" 339 **0/339666**
57.141.6.72 - - [16/Mar/2026:05:31:57 -0700] "GET /products/never-used-vintage-denmark-wyoming-saw/23799550/ HTTP/2.0" 200 63518 "-" "meta-externalagent/1.1 (+https://developers.facebook.com/docs/sharing/webmasters/crawler)" 285 **0/285736**
57.141.6.38 - - [16/Mar/2026:05:31:59 -0700] "GET /products/bianchi-2014-imola-italian-rod-bike-local-pick-up-only/32251420/ HTTP/2.0" 200 63518 "-" "meta-externalagent/1.1 (+https://developers.facebook.com/docs/sharing/webmasters/crawler)" 238 **0/238837**
67.230.79.57 - - [16/Mar/2026:05:31:59 -0700] "GET /1win-colombia-340/?fileloc=%2F%2Fopt%2Fcpanel%2Fea-brotli%2Flib64%2Flibbrotlidec.so&path=%2F%2Fopt%2Fcpanel%2Fea-brotli%2Flib64 HTTP/2.0" 200 2286 "http://www.baidu.com/" "Mozilla/5.0 (Macintosh; Intel Mac OS X 10_15_7) AppleWebKit/537.36 (KHTML, like Gecko) Chrome/126.0.0.0 Safari/537.36 OPR/112.0.0.0" 553 **0/553431**
66.249.68.128 - - [16/Mar/2026:05:32:00 -0700] "GET /?products/2017-2020-toyota-86-2013-2016-scion-fr-s-rh-passenger-side-f/38961319/ HTTP/1.1" 200 22567 "-" "Mozilla/5.0 (Linux; Android 6.0.1; Nexus 5X Build/MMB29P) AppleWebKit/537.36 (KHTML, like Gecko) Chrome/145.0.7632.116 Mobile Safari/537.36 (compatible; Googlebot/2.1; +http://www.google.com/bot.html)" 249 **0/249762**
57.141.6.50 - - [16/Mar/2026:05:32:01 -0700] "GET /products/uag-monarch-pro-kevlar-iphone-17-pro-case/16766104/ HTTP/2.0" 200 63518 "-" "meta-externalagent/1.1 (+https://developers.facebook.com/docs/sharing/webmasters/crawler)" 276 **0/276429**
73.182.52.139 - - [16/Mar/2026:05:32:02 -0700] "GET /1win-colombia-340/?fileloc=%2Fhome%2Fworkshopbrain%2Fpublic_html%2Fwhitmanfamilydevelopment%2Fwp-admin%2Fload-scripts.php&path=%2Fhome%2Fworkshopbrain%2Fpublic_html%2Fwhitmanfamilydevelopment%2Fwp-admin HTTP/2.0" 200 3056 "-" "Mozilla/5.0 (X11; Linux x86_64) AppleWebKit/537.36 (KHTML, like Gecko) Chrome/122.0.0.0 Safari/537.36" 368 **0/368405**
57.141.6.32 - - [16/Mar/2026:05:32:03 -0700] "GET /products/welcome-sign-perfect-for-any-event-50/21843169/ HTTP/2.0" 200 63518 "-" "meta-externalagent/1.1 (+https://developers.facebook.com/docs/sharing/webmasters/crawler)" 527 **0/527019**
73.182.52.139 - - [16/Mar/2026:05:32:05 -0700] "GET /1win-colombia-340/?path=%2Fhome%2Fworkshopbrain%2Fpublic_html%2Fcolumbia%2Fwp-includes%2FRequests HTTP/2.0" 200 2701 "-" "Mozilla/5.0 (X11; Linux x86_64) AppleWebKit/537.36 (KHTML, like Gecko) Chrome/122.0.0.0 Safari/537.36" 292 **0/292515**
57.141.6.29 - - [16/Mar/2026:05:32:06 -0700] "GET /products/hard-to-find-squishmallow/29839024/ HTTP/2.0" 200 63518 "-" "meta-externalagent/1.1 (+https://developers.facebook.com/docs/sharing/webmasters/crawler)" 264 **0/264591**
57.141.6.52 - - [16/Mar/2026:05:32:08 -0700] "GET /products/jerseys/36590377/ HTTP/2.0" 200 63518 "-" "meta-externalagent/1.1 (+https://developers.facebook.com/docs/sharing/webmasters/crawler)" 239 **0/239999**
73.182.52.139 - - [16/Mar/2026:05:32:10 -0700] "GET /1win-colombia-340/?path=%2F%2Fproc%2F1008896%2Fcwd%2Fetc%2Fpam.d HTTP/2.0" 200 2340 "-" "Mozilla/5.0 (X11; Linux x86_64) AppleWebKit/537.36 (KHTML, like Gecko) Chrome/122.0.0.0 Safari/537.36" 321 **0/321368**
47.128.120.219 - - [16/Mar/2026:05:32:10 -0700] "GET /1win-colombia-340/?fileloc=%2F%2Flib%2Flocale%2Fen_GB%2FLC_NUMERIC&path=%2F%2Flib%2Flocale%2Fen_GB HTTP/2.0" 200 2327 "-" "Mozilla/5.0 (Linux; Android 5.0) AppleWebKit/537.36 (KHTML, like Gecko) Mobile Safari/537.36 (compatible; TikTokSpider; ttspider-feedback@tiktok.com)" 262 **0/262201**
57.141.6.14 - - [16/Mar/2026:05:32:12 -0700] "GET /products/coffee-table-set-3-pc-new-especial-price/23388328/ HTTP/2.0" 200 63518 "-" "meta-externalagent/1.1 (+https://developers.facebook.com/docs/sharing/webmasters/crawler)" 268 **0/268967**
57.141.6.28 - - [16/Mar/2026:05:32:13 -0700] "GET /products/deep-freezer/44453995/ HTTP/2.0" 200 63518 "-" "meta-externalagent/1.1 (+https://developers.facebook.com/docs/sharing/webmasters/crawler)" 283 **0/283094**
73.182.52.139 - - [16/Mar/2026:05:32:14 -0700] "GET /1win-colombia-340/?fileloc=%2Fhome%2Fworkshopbrain%2Fpublic_html%2Fwp-admin%2Fedit-form-comment.php&path=%2Fhome%2Fworkshopbrain%2Fpublic_html%2Fwp-admin HTTP/2.0" 200 4890 "-" "Mozilla/5.0 (X11; Linux x86_64) AppleWebKit/537.36 (KHTML, like Gecko) Chrome/122.0.0.0 Safari/537.36" 309 **0/309355**
57.141.6.23 - - [16/Mar/2026:05:32:16 -0700] "GET /products/fisher-system-mc530-and-ds826/28074919/ HTTP/2.0" 200 63518 "-" "meta-externalagent/1.1 (+https://developers.facebook.com/docs/sharing/webmasters/crawler)" 536 **0/536628**
57.141.6.48 - - [16/Mar/2026:05:32:17 -0700] "GET /products/brand-new-50x50x27-large-baby-playpen-with-safety-mat-balls/30070213/ HTTP/2.0" 200 63518 "-" "meta-externalagent/1.1 (+https://developers.facebook.com/docs/sharing/webmasters/crawler)" 275 **0/275040**
73.182.52.139 - - [16/Mar/2026:05:32:18 -0700] "GET /?fileloc=%2Fhome%2Fworkshopbrain%2Fpublic_html%2Fstatusplan.co%2Fwp-includes%2Ftaxonomy.php&path=%2Fhome%2Fworkshopbrain%2Fpublic_html%2Fstatusplan.co%2Fwp-includes HTTP/2.0" 200 35104 "https://www.yandex.com/" "Mozilla/5.0 (X11; Linux x86_64) AppleWebKit/537.36 (KHTML, like Gecko) Chrome/122.0.0.0 Safari/537.36" 387 **0/387110**
57.141.6.54 - - [16/Mar/2026:05:32:20 -0700] "GET /products/guitar-foot-peddle/38209771/ HTTP/2.0" 200 63518 "-" "meta-externalagent/1.1 (+https://developers.facebook.com/docs/sharing/webmasters/crawler)" 251 **0/251896**
57.141.6.15 - - [16/Mar/2026:05:32:21 -0700] "GET /products/2013-2019-nissan-sentra-right-rear-door/31578412/ HTTP/2.0" 200 63518 "-" "meta-externalagent/1.1 (+https://developers.facebook.com/docs/sharing/webmasters/crawler)" 472 **0/472895**
73.182.52.139 - - [16/Mar/2026:05:32:21 -0700] "GET /1win-colombia-340/?fileloc=%2F%2Flib%2Fnode_modules%2Fnpm%2Fman%2Fman8%2Fvdpa-mgmtdev.8.gz&path=%2F%2Flib%2Fnode_modules%2Fnpm%2Fman%2Fman8 HTTP/2.0" 200 2298 "https://www.statusplan.com/" "Mozilla/5.0 (X11; Linux x86_64) AppleWebKit/537.36 (KHTML, like Gecko) Chrome/122.0.0.0 Safari/537.36" 325 **0/325493**
57.141.6.23 - - [16/Mar/2026:05:32:25 -0700] "GET /products/nike-air-more-uptempo-i-got-next-2022/17930197/ HTTP/2.0" 200 63518 "-" "meta-externalagent/1.1 (+https://developers.facebook.com/docs/sharing/webmasters/crawler)" 235 **0/235468**
73.182.52.139 - - [16/Mar/2026:05:32:25 -0700] "GET /?fileloc=%2F%2Fusr%2Flib%2Ffirmware%2Fintel%2Fiwlwifi%2Fiwlwifi-QuZ-a0-hr-b0-77.ucode&path=%2F%2Fusr%2Flib%2Ffirmware%2Fintel%2Fiwlwifi HTTP/2.0" 200 2311 "https://www.statusplan.com/" "Mozilla/5.0 (X11; Linux x86_64) AppleWebKit/537.36 (KHTML, like Gecko) Chrome/122.0.0.0 Safari/537.36" 338 **0/338073**
57.141.6.72 - - [16/Mar/2026:05:32:27 -0700] "GET /products/scooter-viro-rides-vega-pro-stylish-speedy-2-in-1-electric/29929114/ HTTP/2.0" 200 63518 "-" "meta-externalagent/1.1 (+https://developers.facebook.com/docs/sharing/webmasters/crawler)" 253 **0/253882**
73.182.52.139 - - [16/Mar/2026:05:32:28 -0700] "GET /1win-colombia-340/?fileloc=%2Fhome%2Fworkshopbrain%2Fpublic_html%2Fletters2trump%2Fwp-includes%2FID3%2Freadme.txt&path=%2Fhome%2Fworkshopbrain%2Fpublic_html%2Fletters2trump%2Fwp-includes%2FID3 HTTP/2.0" 200 12308 "https://www.statusplan.com/" "Mozilla/5.0 (X11; Linux x86_64) AppleWebKit/537.36 (KHTML, like Gecko) Chrome/122.0.0.0 Safari/537.36" 309 **0/309554**
57.141.6.14 - - [16/Mar/2026:05:32:29 -0700] "GET /products/lapdesk/45619936/ HTTP/2.0" 200 63518 "-" "meta-externalagent/1.1 (+https://developers.facebook.com/docs/sharing/webmasters/crawler)" 229 **0/229999**
57.141.6.11 - - [16/Mar/2026:05:32:30 -0700] "GET /products/professional-trumpet-1915-iwyork-and-sons-it-does-play-askin/29915065/ HTTP/2.0" 200 63518 "-" "meta-externalagent/1.1 (+https://developers.facebook.com/docs/sharing/webmasters/crawler)" 250 **0/250741**
57.141.6.37 - - [16/Mar/2026:05:32:32 -0700] "GET /products/sapphire-r9-290x-4gb-tri-x-graphics-card-pc/37540564/ HTTP/2.0" 200 63518 "-" "meta-externalagent/1.1 (+https://developers.facebook.com/docs/sharing/webmasters/crawler)" 257 **0/257950**
57.141.6.34 - - [16/Mar/2026:05:32:32 -0700] "GET /products/timberland-boots/37993639/ HTTP/2.0" 200 63518 "-" "meta-externalagent/1.1 (+https://developers.facebook.com/docs/sharing/webmasters/crawler)" 249 **0/249666**
73.182.52.139 - - [16/Mar/2026:05:32:32 -0700] "GET /1win-colombia-340/?fileloc=%2F%2Fproc%2F1008896%2Fcwd%2Fusr%2Flib64%2Flibcurl.so.4.5.0&path=%2F%2Fproc%2F1008896%2Fcwd%2Fusr%2Flib64 HTTP/2.0" 200 2299 "https://www.statusplan.com/" "Mozilla/5.0 (X11; Linux x86_64) AppleWebKit/537.36 (KHTML, like Gecko) Chrome/122.0.0.0 Safari/537.36" 305 **0/305103**
57.141.6.63 - - [16/Mar/2026:05:32:34 -0700] "GET /products/new-jordan-3-powder-blue-sz9/47822017/ HTTP/2.0" 200 63518 "-" "meta-externalagent/1.1 (+https://developers.facebook.com/docs/sharing/webmasters/crawler)" 260 **0/260034**
47.128.120.204 - - [16/Mar/2026:05:32:35 -0700] "GET /?fileloc=%2F%2Fusr%2Fshare%2Fi18n%2Fcharmaps%2FIBM038.gz&path=%2F%2Fusr%2Fshare%2Fi18n%2Fcharmaps HTTP/2.0" 200 2287 "-" "Mozilla/5.0 (Linux; Android 5.0) AppleWebKit/537.36 (KHTML, like Gecko) Mobile Safari/537.36 (compatible; TikTokSpider; ttspider-feedback@tiktok.com)" 234 **0/234736**
73.182.52.139 - - [16/Mar/2026:05:32:35 -0700] "GET /1win-colombia-340/?fileloc=%2Fhome%2Fworkshopbrain%2Fpublic_html%2Fwhitmanfamilydevelopment%2Fwp-admin%2Fjs%2Fplugin-install.js&path=%2Fhome%2Fworkshopbrain%2Fpublic_html%2Fwhitmanfamilydevelopment%2Fwp-admin%2Fjs HTTP/2.0" 200 4780 "https://www.yahoo.com/" "Mozilla/5.0 (X11; Linux x86_64) AppleWebKit/537.36 (KHTML, like Gecko) Chrome/122.0.0.0 Safari/537.36" 804 **0/804964**
57.141.6.37 - - [16/Mar/2026:05:32:37 -0700] "GET /products/a-girl-on-the-limberlost-gene-stratton-porter-1909-1st-editi/23744782/ HTTP/2.0" 200 63518 "-" "meta-externalagent/1.1 (+https://developers.facebook.com/docs/sharing/webmasters/crawler)" 275 **0/275649**
57.141.6.12 - - [16/Mar/2026:05:32:39 -0700] "GET /products/ford-raptor-17-rims/9095035/ HTTP/2.0" 200 63518 "-" "meta-externalagent/1.1 (+https://developers.facebook.com/docs/sharing/webmasters/crawler)" 244 **0/244801**
73.182.52.139 - - [16/Mar/2026:05:32:40 -0700] "GET /1win-colombia-340/?fileloc=%2Fhome%2Fworkshopbrain%2Fpublic_html%2Fletters2trump%2Fwp-includes%2Fclass-wp-list-util.php&path=%2Fhome%2Fworkshopbrain%2Fpublic_html%2Fletters2trump%2Fwp-includes HTTP/2.0" 200 4135 "https://www.statusplan.com/" "Mozilla/5.0 (X11; Linux x86_64) AppleWebKit/537.36 (KHTML, like Gecko) Chrome/122.0.0.0 Safari/537.36" 311 **0/311923**
57.141.6.43 - - [16/Mar/2026:05:32:41 -0700] "GET /products/saint-laurent-sunglasses-sl-m94/15339994/ HTTP/2.0" 200 63518 "-" "meta-externalagent/1.1 (+https://developers.facebook.com/docs/sharing/webmasters/crawler)" 257 **0/257981**
57.141.6.36 - - [16/Mar/2026:05:32:44 -0700] "GET /products/jordan-11-bred-size-11/31781923/ HTTP/2.0" 200 63518 "-" "meta-externalagent/1.1 (+https://developers.facebook.com/docs/sharing/webmasters/crawler)" 249 **0/249883**
57.141.6.38 - - [16/Mar/2026:05:32:44 -0700] "GET /products/rogar-estate-corkmaster-wine-opener/20291290/ HTTP/2.0" 200 63518 "-" "meta-externalagent/1.1 (+https://developers.facebook.com/docs/sharing/webmasters/crawler)" 241 **0/241301**
100.12.42.176 - - [16/Mar/2026:05:32:45 -0700] "GET /?fileloc=%2F%2Fusr%2Flib%2Ffirmware%2Fqcom%2Fsm8550%2FSM8550-HDK-tplg.bin&path=%2F%2Fusr%2Flib%2Ffirmware%2Fqcom%2Fsm8550 HTTP/2.0" 200 2305 "https://www.statusplan.com/" "Mozilla/5.0 (Windows NT 10.0; Win64; x64; rv:135.0) Gecko/20100101 Firefox/141.0" 322 **0/322125**
100.12.42.176 - - [16/Mar/2026:05:32:48 -0700] "GET /?fileloc=%2Fhome%2Fworkshopbrain%2Fpublic_html%2Fwp-content%2Fmu-plugins%2F.htaccess&path=%2Fhome%2Fworkshopbrain%2Fpublic_html%2Fwp-content%2Fmu-plugins HTTP/2.0" 200 2289 "https://www.statusplan.com/" "Mozilla/5.0 (Windows NT 10.0; Win64; x64; rv:135.0) Gecko/20100101 Firefox/141.0" 339 **0/339353**
57.141.6.40 - - [16/Mar/2026:05:32:48 -0700] "GET /products/w-h-grindley-cpl-dinner-set/20200423/ HTTP/2.0" 200 63518 "-" "meta-externalagent/1.1 (+https://developers.facebook.com/docs/sharing/webmasters/crawler)" 296 **0/296874**
57.141.6.63 - - [16/Mar/2026:05:32:50 -0700] "GET /products/versace-eros-energy/35079469/ HTTP/2.0" 200 63518 "-" "meta-externalagent/1.1 (+https://developers.facebook.com/docs/sharing/webmasters/crawler)" 296 **0/296035**
57.141.6.20 - - [16/Mar/2026:05:32:51 -0700] "GET /products/frigidaire-50-pt-1200-sq-ft-dehumidifier-in-white-with-built/35746765/ HTTP/2.0" 200 63518 "-" "meta-externalagent/1.1 (+https://developers.facebook.com/docs/sharing/webmasters/crawler)" 241 **0/241167**
57.141.6.27 - - [16/Mar/2026:05:32:51 -0700] "GET /products/dewalt-dw235g-mixer/23664646/ HTTP/2.0" 200 63518 "-" "meta-externalagent/1.1 (+https://developers.facebook.com/docs/sharing/webmasters/crawler)" 247 **0/247747**
100.12.42.176 - - [16/Mar/2026:05:32:51 -0700] "GET /?fileloc=%2Fhome%2Fworkshopbrain%2Fpublic_html%2Fbatteryatl%2Fwp-includes%2Fclass-wp-recovery-mode.php&path=%2Fhome%2Fworkshopbrain%2Fpublic_html%2Fbatteryatl%2Fwp-includes HTTP/2.0" 200 5316 "https://www.statusplan.com/" "Mozilla/5.0 (Windows NT 10.0; Win64; x64; rv:135.0) Gecko/20100101 Firefox/141.0" 565 **0/565887**
67.230.79.57 - - [16/Mar/2026:05:32:55 -0700] "GET /1win-colombia-340/?fileloc=%2Fhome%2Fworkshopbrain%2Fpublic_html%2Fstatusplan.com%2Fwp-includes%2Fms-load.php&path=%2Fhome%2Fworkshopbrain%2Fpublic_html%2Fstatusplan.com%2Fwp-includes HTTP/2.0" 200 8294 "https://www.bing.com/" "Mozilla/5.0 (Macintosh; Intel Mac OS X 10_15_7) AppleWebKit/537.36 (KHTML, like Gecko) Chrome/126.0.0.0 Safari/537.36 OPR/112.0.0.0" 650 **0/650407**
57.141.6.45 - - [16/Mar/2026:05:32:55 -0700] "GET /products/511-27l-burns-surfboards-shortboard/23254327/ HTTP/2.0" 200 63518 "-" "meta-externalagent/1.1 (+https://developers.facebook.com/docs/sharing/webmasters/crawler)" 255 **0/255075**
57.141.6.32 - - [16/Mar/2026:05:32:57 -0700] "GET /products/minnie-floral-loungefly/20457316/ HTTP/2.0" 200 63518 "-" "meta-externalagent/1.1 (+https://developers.facebook.com/docs/sharing/webmasters/crawler)" 282 **0/282078**
57.141.6.28 - - [16/Mar/2026:05:32:58 -0700] "GET /products/chairs-6-available-7900-each/27715693/ HTTP/2.0" 200 63518 "-" "meta-externalagent/1.1 (+https://developers.facebook.com/docs/sharing/webmasters/crawler)" 255 **0/255585**
100.12.42.176 - - [16/Mar/2026:05:32:59 -0700] "GET /?path=%2F%2Fusr%2Fshare%2Flocale%2Fro HTTP/2.0" 200 2608 "https://www.google.com/" "Mozilla/5.0 (Windows NT 10.0; Win64; x64; rv:135.0) Gecko/20100101 Firefox/141.0" 400 **0/400305**
47.128.120.233 - - [16/Mar/2026:05:33:00 -0700] "GET /?fileloc=%2F%2Flib%2F.build-id%2Fc7%2Fcf2c73804ada2c96c897f3e3f27120793de6a3&path=%2F%2Flib%2F.build-id%2Fc7 HTTP/2.0" 200 2296 "-" "Mozilla/5.0 (Linux; Android 5.0) AppleWebKit/537.36 (KHTML, like Gecko) Mobile Safari/537.36 (compatible; TikTokSpider; ttspider-feedback@tiktok.com)" 253 **0/253292**
57.141.6.19 - - [16/Mar/2026:05:33:00 -0700] "GET /products/diving-fins/23083387/ HTTP/2.0" 200 63518 "-" "meta-externalagent/1.1 (+https://developers.facebook.com/docs/sharing/webmasters/crawler)" 264 **0/264551**
67.230.79.57 - - [16/Mar/2026:05:33:03 -0700] "GET /?fileloc=%2Fhome%2Fworkshopbrain%2Fpublic_html%2Fnap%2Fwp-admin%2Fprofile.php&path=%2Fhome%2Fworkshopbrain%2Fpublic_html%2Fnap%2Fwp-admin HTTP/2.0" 200 2449 "https://www.bing.com/" "Mozilla/5.0 (Macintosh; Intel Mac OS X 10_15_7) AppleWebKit/537.36 (KHTML, like Gecko) Chrome/126.0.0.0 Safari/537.36 OPR/112.0.0.0" 416 **0/416902**
57.141.6.46 - - [16/Mar/2026:05:33:03 -0700] "GET /products/best-choice-products-6v-kids-ride-on-car/41307544/ HTTP/2.0" 200 63518 "-" "meta-externalagent/1.1 (+https://developers.facebook.com/docs/sharing/webmasters/crawler)" 268 **0/268387**
57.141.6.14 - - [16/Mar/2026:05:33:04 -0700] "GET /products/cajonera/46776700/ HTTP/2.0" 200 63518 "-" "meta-externalagent/1.1 (+https://developers.facebook.com/docs/sharing/webmasters/crawler)" 240 **0/240311**
100.12.42.176 - - [16/Mar/2026:05:33:06 -0700] "GET /?fileloc=%2F%2Fusr%2Flib%2Ffirmware%2Fqca%2Fnvm_usb_00190200_0104.bin&path=%2F%2Fusr%2Flib%2Ffirmware%2Fqca HTTP/2.0" 200 2299 "https://www.google.com/" "Mozilla/5.0 (Windows NT 10.0; Win64; x64; rv:135.0) Gecko/20100101 Firefox/141.0" 414 **0/414952**
57.141.6.61 - - [16/Mar/2026:05:33:06 -0700] "GET /products/purse/26919730/ HTTP/2.0" 200 63518 "-" "meta-externalagent/1.1 (+https://developers.facebook.com/docs/sharing/webmasters/crawler)" 244 **0/244483**
57.141.6.64 - - [16/Mar/2026:05:33:07 -0700] "GET /products/restaurant-stainless-steel-heavy-duty-prep-table/34590442/ HTTP/2.0" 200 63518 "-" "meta-externalagent/1.1 (+https://developers.facebook.com/docs/sharing/webmasters/crawler)" 716 **0/716406**
57.141.6.23 - - [16/Mar/2026:05:33:10 -0700] "GET /products/unc-jordan-5/47913367/ HTTP/2.0" 200 63518 "-" "meta-externalagent/1.1 (+https://developers.facebook.com/docs/sharing/webmasters/crawler)" 242 **0/242725**
57.141.6.50 - - [16/Mar/2026:05:33:11 -0700] "GET /products/kids-bike/39693652/ HTTP/2.0" 200 63518 "-" "meta-externalagent/1.1 (+https://developers.facebook.com/docs/sharing/webmasters/crawler)" 268 **0/268386**
67.230.79.57 - - [16/Mar/2026:05:33:11 -0700] "GET /?fileloc=%2Fhome%2Fworkshopbrain%2Fpublic_html%2Fstatusplan.com%2Fwp-admin%2Foptions-writing.php&path=%2Fhome%2Fworkshopbrain%2Fpublic_html%2Fstatusplan.com%2Fwp-admin HTTP/2.0" 200 5171 "https://www.statusplan.com/" "Mozilla/5.0 (Macintosh; Intel Mac OS X 10_15_7) AppleWebKit/537.36 (KHTML, like Gecko) Chrome/126.0.0.0 Safari/537.36 OPR/112.0.0.0" 299 **0/299155**
57.141.6.61 - - [16/Mar/2026:05:33:13 -0700] "GET /products/brand-new/32119204/ HTTP/2.0" 200 63518 "-" "meta-externalagent/1.1 (+https://developers.facebook.com/docs/sharing/webmasters/crawler)" 252 **0/252466**
67.230.79.57 - - [16/Mar/2026:05:33:14 -0700] "GET /?fileloc=%2F%2Fusr%2Fshare%2Flocale%2Fda%2FLC_MESSAGES%2Fbfd.mo&path=%2F%2Fusr%2Fshare%2Flocale%2Fda%2FLC_MESSAGES HTTP/2.0" 200 2298 "https://www.statusplan.com/" "Mozilla/5.0 (Macintosh; Intel Mac OS X 10_15_7) AppleWebKit/537.36 (KHTML, like Gecko) Chrome/126.0.0.0 Safari/537.36 OPR/112.0.0.0" 294 **0/294324**
57.141.6.26 - - [16/Mar/2026:05:33:14 -0700] "GET /products/halo-essentia-brand-new-bassinest/41512315/ HTTP/2.0" 200 63518 "-" "meta-externalagent/1.1 (+https://developers.facebook.com/docs/sharing/webmasters/crawler)" 489 **0/489687**
57.141.6.61 - - [16/Mar/2026:05:33:16 -0700] "GET /products/jordan-size-7y/24858811/ HTTP/2.0" 200 63518 "-" "meta-externalagent/1.1 (+https://developers.facebook.com/docs/sharing/webmasters/crawler)" 269 **0/269469**
100.12.42.176 - - [16/Mar/2026:05:33:16 -0700] "GET /?fileloc=%2Fhome%2Fworkshopbrain%2Fpublic_html%2Fshea%2Fwp-includes%2Fembed-template.php&path=%2Fhome%2Fworkshopbrain%2Fpublic_html%2Fshea%2Fwp-includes HTTP/2.0" 200 2459 "https://www.google.com/" "Mozilla/5.0 (Windows NT 10.0; Win64; x64; rv:135.0) Gecko/20100101 Firefox/141.0" 404 **0/404730**
66.249.68.136 - - [16/Mar/2026:05:33:17 -0700] "GET /?products/logitech-video-conference-call-system-group/42740458/ HTTP/1.1" 200 21880 "-" "Mozilla/5.0 (Linux; Android 6.0.1; Nexus 5X Build/MMB29P) AppleWebKit/537.36 (KHTML, like Gecko) Chrome/145.0.7632.116 Mobile Safari/537.36 (compatible; Googlebot/2.1; +http://www.google.com/bot.html)" 245 **0/245116**
57.141.6.5 - - [16/Mar/2026:05:33:20 -0700] "GET /products/toddler-nike-dunks/18227389/ HTTP/2.0" 200 63518 "-" "meta-externalagent/1.1 (+https://developers.facebook.com/docs/sharing/webmasters/crawler)" 269 **0/269313**
100.12.42.176 - - [16/Mar/2026:05:33:20 -0700] "GET /1win-colombia-340/?fileloc=%2Fhome%2Fworkshopbrain%2Fpublic_html%2Fddcm%2Fwp-mail.php&path=%2Fhome%2Fworkshopbrain%2Fpublic_html%2Fddcm HTTP/2.0" 200 5172 "https://www.statusplan.com/" "Mozilla/5.0 (Windows NT 10.0; Win64; x64; rv:135.0) Gecko/20100101 Firefox/141.0" 331 **0/331158**
66.249.68.128 - - [16/Mar/2026:05:33:21 -0700] "GET /ads.txt HTTP/1.1" 200 21088 "-" "Mozilla/5.0 (compatible; Googlebot/2.1; +http://www.google.com/bot.html)" 258 **0/258630**
