74.7.241.2 - - [16/Mar/2026:06:47:00 -0700] "GET /sitemap.xml?path=//proc/4105076/root/lib/.build-id/a6 HTTP/2.0" 200 3188 "https://statusplan.com/sitemap.xml?path=//proc/4105076/root/lib/.build-id" "Mozilla/5.0 AppleWebKit/537.36 (KHTML, like Gecko; compatible; GPTBot/1.3; +https://openai.com/gptbot)" 252 **0/252685**
57.141.6.38 - - [16/Mar/2026:06:47:01 -0700] "GET /products/billy-goat-industry-vacuum/19728070/ HTTP/2.0" 200 63518 "-" "meta-externalagent/1.1 (+https://developers.facebook.com/docs/sharing/webmasters/crawler)" 283 **0/283419**
66.249.68.137 - - [16/Mar/2026:06:47:03 -0700] "GET /?products/central-machinery1500-watt-steam-cleaner-kit/40799029/ HTTP/1.1" 200 21763 "-" "Mozilla/5.0 (Linux; Android 6.0.1; Nexus 5X Build/MMB29P) AppleWebKit/537.36 (KHTML, like Gecko) Chrome/145.0.7632.116 Mobile Safari/537.36 (compatible; Googlebot/2.1; +http://www.google.com/bot.html)" 289 **0/289674**
74.7.241.2 - - [16/Mar/2026:06:47:03 -0700] "GET /sitemap.xml?path=//proc/4105076/root/lib/.build-id/b1 HTTP/2.0" 200 3188 "https://statusplan.com/sitemap.xml?path=//proc/4105076/root/lib/.build-id" "Mozilla/5.0 AppleWebKit/537.36 (KHTML, like Gecko; compatible; GPTBot/1.3; +https://openai.com/gptbot)" 257 **0/257021**
68.54.90.112 - - [16/Mar/2026:06:47:05 -0700] "GET /?fileloc=%2F%2Fproc%2Fthread-self%2Ffd%2F4%2Fb8036f6d836ac99a1a2d5b021298b6a936575df5ccab1f80ee1f1414741aba72&path=%2F%2Fproc%2Fthread-self%2Ffd%2F4 HTTP/2.0" 200 2321 "https://www.yandex.com/" "Mozilla/5.0 (Macintosh; Intel Mac OS X 10_15_7) AppleWebKit/605.1.15 (KHTML, like Gecko) Version/17.3 Safari/605.1.15" 321 **0/321756**
57.141.6.69 - - [16/Mar/2026:06:47:06 -0700] "GET /products/chest-5-drawers-in-any-characters-new/42392992/ HTTP/2.0" 200 63518 "-" "meta-externalagent/1.1 (+https://developers.facebook.com/docs/sharing/webmasters/crawler)" 262 **0/262004**
74.7.241.2 - - [16/Mar/2026:06:47:06 -0700] "GET /sitemap.xml?path=//proc/4105076/root/lib/.build-id/a8 HTTP/2.0" 200 3341 "https://statusplan.com/sitemap.xml?path=//proc/4105076/root/lib/.build-id" "Mozilla/5.0 AppleWebKit/537.36 (KHTML, like Gecko; compatible; GPTBot/1.3; +https://openai.com/gptbot)" 278 **0/278457**
57.141.6.42 - - [16/Mar/2026:06:47:07 -0700] "GET /products/alpinestars-shoes/31722829/ HTTP/2.0" 200 63518 "-" "meta-externalagent/1.1 (+https://developers.facebook.com/docs/sharing/webmasters/crawler)" 258 **0/258796**
216.73.216.178 - - [16/Mar/2026:06:47:08 -0700] "GET /sitemap.xml?path=%2Fhome%2Fworkshopbrain%2Fpublic_html%2Fstatusplan.com%2Fwp-content%2Fupgrade-temp-backup HTTP/2.0" 200 2628 "-" "Mozilla/5.0 AppleWebKit/537.36 (KHTML, like Gecko; compatible; ClaudeBot/1.0; +claudebot@anthropic.com)" 270 **0/270807**
57.141.6.50 - - [16/Mar/2026:06:47:09 -0700] "GET /products/michelin-tires-and-momo-rims/29387776/ HTTP/2.0" 200 63518 "-" "meta-externalagent/1.1 (+https://developers.facebook.com/docs/sharing/webmasters/crawler)" 247 **0/247112**
47.128.120.175 - - [16/Mar/2026:06:47:09 -0700] "GET /?fileloc=%2F%2Flib%2Ffirmware%2Frtlwifi%2Frtl8192eu_wowlan.bin&path=%2F%2Flib%2Ffirmware%2Frtlwifi HTTP/2.0" 200 2287 "-" "Mozilla/5.0 (Linux; Android 5.0) AppleWebKit/537.36 (KHTML, like Gecko) Mobile Safari/537.36 (compatible; TikTokSpider; ttspider-feedback@tiktok.com)" 350 **0/350230**
74.7.241.2 - - [16/Mar/2026:06:47:09 -0700] "GET /sitemap.xml?path=//proc/4105076/root/lib/.build-id/d6 HTTP/2.0" 200 3256 "https://statusplan.com/sitemap.xml?path=//proc/4105076/root/lib/.build-id" "Mozilla/5.0 AppleWebKit/537.36 (KHTML, like Gecko; compatible; GPTBot/1.3; +https://openai.com/gptbot)" 265 **0/265275**
68.54.90.112 - - [16/Mar/2026:06:47:10 -0700] "GET /?fileloc=%2F%2Fusr%2Fshare%2Fcrypto-policies%2FDEFAULT%2Fgnutls.txt&path=%2F%2Fusr%2Fshare%2Fcrypto-policies%2FDEFAULT HTTP/2.0" 200 2530 "https://www.statusplan.com/" "Mozilla/5.0 (Macintosh; Intel Mac OS X 10_15_7) AppleWebKit/605.1.15 (KHTML, like Gecko) Version/17.3 Safari/605.1.15" 335 **0/335904**
216.73.216.178 - - [16/Mar/2026:06:47:11 -0700] "GET /sitemap.xml?fileloc=%2Fhome%2Fworkshopbrain%2Fpublic_html%2Fstatusplan.com%2Fwp-includes%2Ftheme-previews.php&path=%2Fhome%2Fworkshopbrain%2Fpublic_html%2Fstatusplan.com%2Fwp-includes HTTP/2.0" 200 3349 "-" "Mozilla/5.0 AppleWebKit/537.36 (KHTML, like Gecko; compatible; ClaudeBot/1.0; +claudebot@anthropic.com)" 254 **0/254178**
57.141.6.15 - - [16/Mar/2026:06:47:11 -0700] "GET /products/gucci-bucket-hat/26795788/ HTTP/2.0" 200 63518 "-" "meta-externalagent/1.1 (+https://developers.facebook.com/docs/sharing/webmasters/crawler)" 304 **0/304496**
74.7.241.2 - - [16/Mar/2026:06:47:12 -0700] "GET /sitemap.xml?fileloc=//proc/4105076/root/lib/.build-id/8d/3bac1a698c72bd111cb08980f2b7f61958bf30&path=//proc/4105076/root/lib/.build-id/8d HTTP/2.0" 200 2326 "https://statusplan.com/sitemap.xml?path=//proc/4105076/root/lib/.build-id/8d" "Mozilla/5.0 AppleWebKit/537.36 (KHTML, like Gecko; compatible; GPTBot/1.3; +https://openai.com/gptbot)" 300 **0/300057**
151.67.38.65 - - [16/Mar/2026:06:47:12 -0700] "GET /?fileloc=%2Fhome%2Fworkshopbrain%2Fpublic_html%2Fletters2trump%2Fwp-includes%2Fpost.php&path=%2Fhome%2Fworkshopbrain%2Fpublic_html%2Fletters2trump%2Fwp-includes HTTP/2.0" 200 53579 "https://www.statusplan.com/" "Mozilla/5.0 (X11; Linux x86_64) AppleWebKit/537.36 (KHTML, like Gecko) Chrome/110.0.0.0 Safari/537.36" 367 **0/367385**
216.73.216.178 - - [16/Mar/2026:06:47:14 -0700] "GET /sitemap.xml?fileloc=%2Fhome%2Fworkshopbrain%2Fpublic_html%2Fstatusplan.com%2Fwp-includes%2Fclass-wp-network.php&path=%2Fhome%2Fworkshopbrain%2Fpublic_html%2Fstatusplan.com%2Fwp-includes HTTP/2.0" 200 5869 "-" "Mozilla/5.0 AppleWebKit/537.36 (KHTML, like Gecko; compatible; ClaudeBot/1.0; +claudebot@anthropic.com)" 276 **0/276687**
74.7.241.2 - - [16/Mar/2026:06:47:15 -0700] "GET /sitemap.xml?path=//proc/4105076/root/lib/.build-id/7c HTTP/2.0" 200 3050 "https://statusplan.com/sitemap.xml?path=//proc/4105076/root/lib/.build-id" "Mozilla/5.0 AppleWebKit/537.36 (KHTML, like Gecko; compatible; GPTBot/1.3; +https://openai.com/gptbot)" 255 **0/255002**
57.141.6.52 - - [16/Mar/2026:06:47:16 -0700] "GET /products/womens-nike-huaraches/18074761/ HTTP/2.0" 200 63518 "-" "meta-externalagent/1.1 (+https://developers.facebook.com/docs/sharing/webmasters/crawler)" 480 **0/480703**
57.141.6.17 - - [16/Mar/2026:06:47:17 -0700] "GET /products/2011-neca-iggy-pop/41019487/ HTTP/2.0" 200 63518 "-" "meta-externalagent/1.1 (+https://developers.facebook.com/docs/sharing/webmasters/crawler)" 262 **0/262841**
216.73.216.178 - - [16/Mar/2026:06:47:17 -0700] "GET /sitemap.xml?fileloc=%2Fhome%2Fworkshopbrain%2Fpublic_html%2Fstatusplan.com%2Fwp-admin%2Fwidgets-form.php&path=%2Fhome%2Fworkshopbrain%2Fpublic_html%2Fstatusplan.com%2Fwp-admin HTTP/2.0" 200 7990 "-" "Mozilla/5.0 AppleWebKit/537.36 (KHTML, like Gecko; compatible; ClaudeBot/1.0; +claudebot@anthropic.com)" 288 **0/288805**
57.141.6.61 - - [16/Mar/2026:06:47:19 -0700] "GET /products/2026-01-gmc-acadia-at4-door-panel/31329709/ HTTP/2.0" 200 63518 "-" "meta-externalagent/1.1 (+https://developers.facebook.com/docs/sharing/webmasters/crawler)" 300 **0/300443**
57.141.6.27 - - [16/Mar/2026:06:47:19 -0700] "GET /products/2026-01-skybox-e-x2000-kobe-bryant-rookie-rc-30-lakers/23849110/ HTTP/2.0" 200 63518 "-" "meta-externalagent/1.1 (+https://developers.facebook.com/docs/sharing/webmasters/crawler)" 261 **0/261439**
74.7.241.2 - - [16/Mar/2026:06:47:19 -0700] "GET /sitemap.xml?path=//proc/4105076/root/lib/.build-id/5d HTTP/2.0" 200 3137 "https://statusplan.com/sitemap.xml?path=//proc/4105076/root/lib/.build-id" "Mozilla/5.0 AppleWebKit/537.36 (KHTML, like Gecko; compatible; GPTBot/1.3; +https://openai.com/gptbot)" 765 **0/765093**
216.73.216.178 - - [16/Mar/2026:06:47:20 -0700] "GET /sitemap.xml?fileloc=%2Fhome%2Fworkshopbrain%2Fpublic_html%2Fstatusplan.com%2Fwp-includes%2Fwidgets.php&path=%2Fhome%2Fworkshopbrain%2Fpublic_html%2Fstatusplan.com%2Fwp-includes HTTP/2.0" 200 17488 "-" "Mozilla/5.0 AppleWebKit/537.36 (KHTML, like Gecko; compatible; ClaudeBot/1.0; +claudebot@anthropic.com)" 293 **0/293650**
57.141.6.63 - - [16/Mar/2026:06:47:21 -0700] "GET /products/pelican-cooler-18l-backpack/47666407/ HTTP/2.0" 200 63518 "-" "meta-externalagent/1.1 (+https://developers.facebook.com/docs/sharing/webmasters/crawler)" 295 **0/295197**
74.7.241.2 - - [16/Mar/2026:06:47:22 -0700] "GET /sitemap.xml?path=//proc/4105076/root/lib/.build-id/8a HTTP/2.0" 200 3142 "https://statusplan.com/sitemap.xml?path=//proc/4105076/root/lib/.build-id" "Mozilla/5.0 AppleWebKit/537.36 (KHTML, like Gecko; compatible; GPTBot/1.3; +https://openai.com/gptbot)" 252 **0/252503**
57.141.6.4 - - [16/Mar/2026:06:47:22 -0700] "GET /products/queen-mattress/27150709/ HTTP/2.0" 200 63518 "-" "meta-externalagent/1.1 (+https://developers.facebook.com/docs/sharing/webmasters/crawler)" 278 **0/278719**
57.141.6.38 - - [16/Mar/2026:06:47:22 -0700] "GET /products/dewalt-circular-saw-brushless-20v-612-blade-100-tool-only-pi/22513825/ HTTP/2.0" 200 63518 "-" "meta-externalagent/1.1 (+https://developers.facebook.com/docs/sharing/webmasters/crawler)" 248 **0/248336**
216.73.216.178 - - [16/Mar/2026:06:47:23 -0700] "GET /sitemap.xml?fileloc=%2Fhome%2Fworkshopbrain%2Fpublic_html%2Fstatusplan.com%2Fwp-includes%2Fembed-template.php&path=%2Fhome%2Fworkshopbrain%2Fpublic_html%2Fstatusplan.com%2Fwp-includes HTTP/2.0" 200 2466 "-" "Mozilla/5.0 AppleWebKit/537.36 (KHTML, like Gecko; compatible; ClaudeBot/1.0; +claudebot@anthropic.com)" 247 **0/247437**
57.141.6.20 - - [16/Mar/2026:06:47:23 -0700] "GET /products/pipe-wrench/23679073/ HTTP/2.0" 200 63518 "-" "meta-externalagent/1.1 (+https://developers.facebook.com/docs/sharing/webmasters/crawler)" 254 **0/254597**
57.141.6.36 - - [16/Mar/2026:06:47:24 -0700] "GET /products/2026-02-2013-toyota-camry-tailight-lh-side-driver-side/19442722/ HTTP/2.0" 200 63518 "-" "meta-externalagent/1.1 (+https://developers.facebook.com/docs/sharing/webmasters/crawler)" 244 **0/244728**
74.7.241.2 - - [16/Mar/2026:06:47:25 -0700] "GET /sitemap.xml?fileloc=//proc/4105076/root/lib/.build-id/5b/bcd763967864827186f5329091076201a82cb7&path=//proc/4105076/root/lib/.build-id/5b HTTP/2.0" 200 2325 "https://statusplan.com/sitemap.xml?path=//proc/4105076/root/lib/.build-id/5b" "Mozilla/5.0 AppleWebKit/537.36 (KHTML, like Gecko; compatible; GPTBot/1.3; +https://openai.com/gptbot)" 268 **0/268515**
57.141.6.54 - - [16/Mar/2026:06:47:26 -0700] "GET /products/vintage-mitchell-ness-atlanta-falcons-michael-vick-jersey-si/24032272/ HTTP/2.0" 200 63518 "-" "meta-externalagent/1.1 (+https://developers.facebook.com/docs/sharing/webmasters/crawler)" 241 **0/241407**
216.73.216.178 - - [16/Mar/2026:06:47:26 -0700] "GET /sitemap.xml?fileloc=%2Fhome%2Fworkshopbrain%2Fpublic_html%2Fstatusplan.com%2Fwp-admin%2Fupload.php&path=%2Fhome%2Fworkshopbrain%2Fpublic_html%2Fstatusplan.com%2Fwp-admin HTTP/2.0" 200 6181 "-" "Mozilla/5.0 AppleWebKit/537.36 (KHTML, like Gecko; compatible; ClaudeBot/1.0; +claudebot@anthropic.com)" 466 **0/466687**
57.141.6.43 - - [16/Mar/2026:06:47:27 -0700] "GET /products/dji-mic-2/37422439/ HTTP/2.0" 200 63518 "-" "meta-externalagent/1.1 (+https://developers.facebook.com/docs/sharing/webmasters/crawler)" 288 **0/288194**
74.7.241.2 - - [16/Mar/2026:06:47:28 -0700] "GET /sitemap.xml?path=//proc/4105076/root/lib/.build-id/d8 HTTP/2.0" 200 3388 "https://statusplan.com/sitemap.xml?path=//proc/4105076/root/lib/.build-id" "Mozilla/5.0 AppleWebKit/537.36 (KHTML, like Gecko; compatible; GPTBot/1.3; +https://openai.com/gptbot)" 281 **0/281876**
216.73.216.178 - - [16/Mar/2026:06:47:29 -0700] "GET /sitemap.xml?fileloc=%2Fhome%2Fworkshopbrain%2Fpublic_html%2Fstatusplan.com%2Fwp-admin%2Fcustom-background.php&path=%2Fhome%2Fworkshopbrain%2Fpublic_html%2Fstatusplan.com%2Fwp-admin HTTP/2.0" 200 2463 "-" "Mozilla/5.0 AppleWebKit/537.36 (KHTML, like Gecko; compatible; ClaudeBot/1.0; +claudebot@anthropic.com)" 238 **0/238249**
57.141.6.69 - - [16/Mar/2026:06:47:29 -0700] "GET /products/rims/29293696/ HTTP/2.0" 200 63518 "-" "meta-externalagent/1.1 (+https://developers.facebook.com/docs/sharing/webmasters/crawler)" 266 **0/266289**
74.7.241.2 - - [16/Mar/2026:06:47:31 -0700] "GET /sitemap.xml?path=//proc/4105076/root/lib/.build-id/8b HTTP/2.0" 200 3048 "https://statusplan.com/sitemap.xml?path=//proc/4105076/root/lib/.build-id" "Mozilla/5.0 AppleWebKit/537.36 (KHTML, like Gecko; compatible; GPTBot/1.3; +https://openai.com/gptbot)" 240 **0/240618**
216.73.216.178 - - [16/Mar/2026:06:47:32 -0700] "GET /sitemap.xml?fileloc=%2Fhome%2Fworkshopbrain%2Fpublic_html%2Fstatusplan.com%2Fwp-includes%2Fclass-wp-customize-widgets.php&path=%2Fhome%2Fworkshopbrain%2Fpublic_html%2Fstatusplan.com%2Fwp-includes HTTP/2.0" 200 18082 "-" "Mozilla/5.0 AppleWebKit/537.36 (KHTML, like Gecko; compatible; ClaudeBot/1.0; +claudebot@anthropic.com)" 275 **0/275688**
57.141.6.31 - - [16/Mar/2026:06:47:33 -0700] "GET /products/used-la-dodgers-gray-2018-world-series-jersey/47409724/ HTTP/2.0" 200 63518 "-" "meta-externalagent/1.1 (+https://developers.facebook.com/docs/sharing/webmasters/crawler)" 246 **0/246411**
47.128.120.173 - - [16/Mar/2026:06:47:33 -0700] "GET /1win-colombia-340/?path=%2Fhome%2Fworkshopbrain%2Fpublic_html%2Fpdc%2Fwp-content%2Fuploads%2F2015 HTTP/2.0" 200 2616 "-" "Mozilla/5.0 (Linux; Android 5.0) AppleWebKit/537.36 (KHTML, like Gecko) Mobile Safari/537.36 (compatible; TikTokSpider; ttspider-feedback@tiktok.com)" 348 **0/348703**
74.7.241.2 - - [16/Mar/2026:06:47:35 -0700] "GET /sitemap.xml?path=//proc/4105076/root/lib/.build-id/e5 HTTP/2.0" 200 3167 "https://statusplan.com/sitemap.xml?path=//proc/4105076/root/lib/.build-id" "Mozilla/5.0 AppleWebKit/537.36 (KHTML, like Gecko; compatible; GPTBot/1.3; +https://openai.com/gptbot)" 250 **0/250340**
216.73.216.178 - - [16/Mar/2026:06:47:35 -0700] "GET /sitemap.xml?fileloc=%2Fhome%2Fworkshopbrain%2Fpublic_html%2Fstatusplan.com%2Fwp-includes%2Fsession.php&path=%2Fhome%2Fworkshopbrain%2Fpublic_html%2Fstatusplan.com%2Fwp-includes HTTP/2.0" 200 2428 "-" "Mozilla/5.0 AppleWebKit/537.36 (KHTML, like Gecko; compatible; ClaudeBot/1.0; +claudebot@anthropic.com)" 251 **0/251026**
57.141.6.38 - - [16/Mar/2026:06:47:35 -0700] "GET /products/nike-hurricanes-dunk-size-11/15961363/ HTTP/2.0" 200 63518 "-" "meta-externalagent/1.1 (+https://developers.facebook.com/docs/sharing/webmasters/crawler)" 465 **0/465493**
57.141.6.14 - - [16/Mar/2026:06:47:36 -0700] "GET /products/frigidaire-top-mount-stainless-steel/14881921/ HTTP/2.0" 200 63518 "-" "meta-externalagent/1.1 (+https://developers.facebook.com/docs/sharing/webmasters/crawler)" 235 **0/235897**
74.7.241.2 - - [16/Mar/2026:06:47:38 -0700] "GET /sitemap.xml?path=//proc/4105076/root/lib/.build-id/a1 HTTP/2.0" 200 3254 "https://statusplan.com/sitemap.xml?path=//proc/4105076/root/lib/.build-id" "Mozilla/5.0 AppleWebKit/537.36 (KHTML, like Gecko; compatible; GPTBot/1.3; +https://openai.com/gptbot)" 262 **0/262625**
57.141.6.5 - - [16/Mar/2026:06:47:38 -0700] "GET /products/nuevas-botas-vaqueras-de-piel-punta-cuadrada-para-hombre/16042234/ HTTP/2.0" 200 63518 "-" "meta-externalagent/1.1 (+https://developers.facebook.com/docs/sharing/webmasters/crawler)" 281 **0/281965**
216.73.216.178 - - [16/Mar/2026:06:47:38 -0700] "GET /sitemap.xml?path=%2Fhome%2Fworkshopbrain%2Fpublic_html%2Fstatusplan.com%2Fwp-content%2Fplugins%2Fwp-compat HTTP/2.0" 200 2665 "-" "Mozilla/5.0 AppleWebKit/537.36 (KHTML, like Gecko; compatible; ClaudeBot/1.0; +claudebot@anthropic.com)" 237 **0/237854**
74.7.241.2 - - [16/Mar/2026:06:47:41 -0700] "GET /sitemap.xml?fileloc=//proc/4105076/root/lib/.build-id/a8/0763f9b254a1cb41f389e11194ab87d4705736&path=//proc/4105076/root/lib/.build-id/a8 HTTP/2.0" 200 2327 "https://statusplan.com/sitemap.xml?path=//proc/4105076/root/lib/.build-id/a8" "Mozilla/5.0 AppleWebKit/537.36 (KHTML, like Gecko; compatible; GPTBot/1.3; +https://openai.com/gptbot)" 264 **0/264095**
57.141.6.47 - - [16/Mar/2026:06:47:41 -0700] "GET /products/big-n-tall-5-la-windbreaker-pull-over/49138780/ HTTP/2.0" 200 63518 "-" "meta-externalagent/1.1 (+https://developers.facebook.com/docs/sharing/webmasters/crawler)" 234 **0/234138**
148.113.128.145 - - [16/Mar/2026:06:47:42 -0700] "GET /category/1win-online-92/ HTTP/2.0" 200 3566 "-" "Mozilla/5.0 (compatible; AhrefsBot/7.0; +http://ahrefs.com/robot/)" 274 **0/274033**
66.249.68.136 - - [16/Mar/2026:06:47:42 -0700] "GET /?products/beats-solo-3/45029647/ HTTP/1.1" 200 22433 "-" "Mozilla/5.0 (Linux; Android 6.0.1; Nexus 5X Build/MMB29P) AppleWebKit/537.36 (KHTML, like Gecko) Chrome/145.0.7632.116 Mobile Safari/537.36 (compatible; Googlebot/2.1; +http://www.google.com/bot.html)" 280 **0/280792**
57.141.6.37 - - [16/Mar/2026:06:47:43 -0700] "GET /products/chanel-bleu-de-chanel-34-fl-oz-mens-eau-de-toilette/34754746/ HTTP/2.0" 200 63518 "-" "meta-externalagent/1.1 (+https://developers.facebook.com/docs/sharing/webmasters/crawler)" 243 **0/243430**
74.7.241.2 - - [16/Mar/2026:06:47:44 -0700] "GET /sitemap.xml?path=//proc/4105076/root/lib/.build-id/c6 HTTP/2.0" 200 3181 "https://statusplan.com/sitemap.xml?path=//proc/4105076/root/lib/.build-id" "Mozilla/5.0 AppleWebKit/537.36 (KHTML, like Gecko; compatible; GPTBot/1.3; +https://openai.com/gptbot)" 261 **0/261777**
57.141.6.12 - - [16/Mar/2026:06:47:47 -0700] "GET /products/63-in-rectangular-grey-2-drawers-l-shaped-computer-desk-stor/10621294/ HTTP/2.0" 200 63518 "-" "meta-externalagent/1.1 (+https://developers.facebook.com/docs/sharing/webmasters/crawler)" 282 **0/282914**
74.7.241.2 - - [16/Mar/2026:06:47:47 -0700] "GET /sitemap.xml?path=//proc/4105076/root/lib/.build-id/0f HTTP/2.0" 200 3019 "https://statusplan.com/sitemap.xml?path=//proc/4105076/root/lib/.build-id" "Mozilla/5.0 AppleWebKit/537.36 (KHTML, like Gecko; compatible; GPTBot/1.3; +https://openai.com/gptbot)" 269 **0/269987**
57.141.6.47 - - [16/Mar/2026:06:47:49 -0700] "GET /products/14-karat-white-gold-ring-with-diamonds-and-aquamarine-stone/49584484/ HTTP/2.0" 200 63518 "-" "meta-externalagent/1.1 (+https://developers.facebook.com/docs/sharing/webmasters/crawler)" 462 **0/462244**
66.249.68.136 - - [16/Mar/2026:06:47:49 -0700] "GET /?products/mason-margiela-jazz-club-34/34708714/ HTTP/1.1" 200 21826 "-" "Mozilla/5.0 (Linux; Android 6.0.1; Nexus 5X Build/MMB29P) AppleWebKit/537.36 (KHTML, like Gecko) Chrome/145.0.7632.116 Mobile Safari/537.36 (compatible; Googlebot/2.1; +http://www.google.com/bot.html)" 251 **0/251536**
74.7.241.2 - - [16/Mar/2026:06:47:50 -0700] "GET /sitemap.xml?path=//proc/4105076/root/lib/.build-id/d7 HTTP/2.0" 200 3194 "https://statusplan.com/sitemap.xml?path=//proc/4105076/root/lib/.build-id" "Mozilla/5.0 AppleWebKit/537.36 (KHTML, like Gecko; compatible; GPTBot/1.3; +https://openai.com/gptbot)" 274 **0/274670**
57.141.6.23 - - [16/Mar/2026:06:47:51 -0700] "GET /products/big-into-energy-loyalty-labubu/41019970/ HTTP/2.0" 200 63518 "-" "meta-externalagent/1.1 (+https://developers.facebook.com/docs/sharing/webmasters/crawler)" 259 **0/259456**
57.141.6.72 - - [16/Mar/2026:06:47:52 -0700] "GET /products/gold-glass-geometric-coffee-table/27244978/ HTTP/2.0" 200 63518 "-" "meta-externalagent/1.1 (+https://developers.facebook.com/docs/sharing/webmasters/crawler)" 260 **0/260897**
57.141.6.61 - - [16/Mar/2026:06:47:53 -0700] "GET /products/lightsaber-2007-hasbro/36762808/ HTTP/2.0" 200 63518 "-" "meta-externalagent/1.1 (+https://developers.facebook.com/docs/sharing/webmasters/crawler)" 261 **0/261069**
74.7.241.2 - - [16/Mar/2026:06:47:53 -0700] "GET /sitemap.xml?path=//proc/4105076/root/lib/.build-id/b3 HTTP/2.0" 200 3149 "https://statusplan.com/sitemap.xml?path=//proc/4105076/root/lib/.build-id" "Mozilla/5.0 AppleWebKit/537.36 (KHTML, like Gecko; compatible; GPTBot/1.3; +https://openai.com/gptbot)" 267 **0/267909**
57.141.6.69 - - [16/Mar/2026:06:47:56 -0700] "GET /products/2-tires-225-40-19-pirrelli-pzero/50020024/ HTTP/2.0" 200 63518 "-" "meta-externalagent/1.1 (+https://developers.facebook.com/docs/sharing/webmasters/crawler)" 231 **0/231190**
74.7.241.2 - - [16/Mar/2026:06:47:56 -0700] "GET /sitemap.xml?path=//proc/4105076/root/lib/.build-id/b2 HTTP/2.0" 200 3463 "https://statusplan.com/sitemap.xml?path=//proc/4105076/root/lib/.build-id" "Mozilla/5.0 AppleWebKit/537.36 (KHTML, like Gecko; compatible; GPTBot/1.3; +https://openai.com/gptbot)" 245 **0/245136**
57.141.6.43 - - [16/Mar/2026:06:47:57 -0700] "GET /products/toy-nerf-gun/29971030/ HTTP/2.0" 200 63518 "-" "meta-externalagent/1.1 (+https://developers.facebook.com/docs/sharing/webmasters/crawler)" 236 **0/236130**
47.128.120.164 - - [16/Mar/2026:06:47:58 -0700] "GET /?path=%2Fhome%2Fworkshopbrain%2Fpublic_html%2Fcolumbia%2Fwp-content%2Fplugins%2Fcaptcha%2Flogo%2Fthumb HTTP/2.0" 200 2858 "-" "Mozilla/5.0 (Linux; Android 5.0) AppleWebKit/537.36 (KHTML, like Gecko) Mobile Safari/537.36 (compatible; TikTokSpider; ttspider-feedback@tiktok.com)" 255 **0/255847**
57.141.6.3 - - [16/Mar/2026:06:47:58 -0700] "GET /products/beautiful-floral-2-foldable-chair-with-cushion/48115072/ HTTP/2.0" 200 63518 "-" "meta-externalagent/1.1 (+https://developers.facebook.com/docs/sharing/webmasters/crawler)" 263 **0/263657**
57.141.6.31 - - [16/Mar/2026:06:48:00 -0700] "GET /products/name-brand-mattresses/21542386/ HTTP/2.0" 200 63518 "-" "meta-externalagent/1.1 (+https://developers.facebook.com/docs/sharing/webmasters/crawler)" 287 **0/287496**
74.7.241.2 - - [16/Mar/2026:06:48:00 -0700] "GET /sitemap.xml?path=//proc/4105076/root/lib/.build-id/1c HTTP/2.0" 200 3141 "https://statusplan.com/sitemap.xml?path=//proc/4105076/root/lib/.build-id" "Mozilla/5.0 AppleWebKit/537.36 (KHTML, like Gecko; compatible; GPTBot/1.3; +https://openai.com/gptbot)" 300 **0/300245**
57.141.6.29 - - [16/Mar/2026:06:48:02 -0700] "GET /products/armoire-dresser-solid-wood-bellissimo/46684699/ HTTP/2.0" 200 63518 "-" "meta-externalagent/1.1 (+https://developers.facebook.com/docs/sharing/webmasters/crawler)" 291 **0/291466**
74.7.241.2 - - [16/Mar/2026:06:48:03 -0700] "GET /sitemap.xml?path=//proc/4105076/root/lib/.build-id/a2 HTTP/2.0" 200 3462 "https://statusplan.com/sitemap.xml?path=//proc/4105076/root/lib/.build-id" "Mozilla/5.0 AppleWebKit/537.36 (KHTML, like Gecko; compatible; GPTBot/1.3; +https://openai.com/gptbot)" 279 **0/279793**
57.141.6.61 - - [16/Mar/2026:06:48:03 -0700] "GET /products/2026-01s-chevrolet-ford-back-up-lamp/38864005/ HTTP/2.0" 200 63518 "-" "meta-externalagent/1.1 (+https://developers.facebook.com/docs/sharing/webmasters/crawler)" 252 **0/252722**
57.141.6.45 - - [16/Mar/2026:06:48:04 -0700] "GET /products/bell-motorcycle-helmet/19163821/ HTTP/2.0" 200 63518 "-" "meta-externalagent/1.1 (+https://developers.facebook.com/docs/sharing/webmasters/crawler)" 260 **0/260910**
151.67.38.65 - - [16/Mar/2026:06:48:04 -0700] "GET /?fileloc=%2Fhome%2Fworkshopbrain%2Fpublic_html%2Fbatteryatl%2Fwp-includes%2Fclass-wp-http-cookie.php&path=%2Fhome%2Fworkshopbrain%2Fpublic_html%2Fbatteryatl%2Fwp-includes HTTP/2.0" 200 4631 "https://www.statusplan.com/" "Mozilla/5.0 (X11; Linux x86_64) AppleWebKit/537.36 (KHTML, like Gecko) Chrome/110.0.0.0 Safari/537.36" 344 **0/344321**
74.7.241.2 - - [16/Mar/2026:06:48:06 -0700] "GET /sitemap.xml?fileloc=//proc/4105076/root/lib/.build-id/8b/194688ddb54ae043ce0fb500bf3d1e6a085d12&path=//proc/4105076/root/lib/.build-id/8b HTTP/2.0" 200 2324 "https://statusplan.com/sitemap.xml?path=//proc/4105076/root/lib/.build-id/8b" "Mozilla/5.0 AppleWebKit/537.36 (KHTML, like Gecko; compatible; GPTBot/1.3; +https://openai.com/gptbot)" 263 **0/263954**
57.141.6.31 - - [16/Mar/2026:06:48:08 -0700] "GET /products/modern-l-sectional-sofa-with-pull-out-bed-and-storage-includ/21603454/ HTTP/2.0" 200 63518 "-" "meta-externalagent/1.1 (+https://developers.facebook.com/docs/sharing/webmasters/crawler)" 255 **0/255412**
74.7.241.2 - - [16/Mar/2026:06:48:09 -0700] "GET /sitemap.xml?path=//proc/4105076/root/lib/.build-id/6e HTTP/2.0" 200 3214 "https://statusplan.com/sitemap.xml?path=//proc/4105076/root/lib/.build-id" "Mozilla/5.0 AppleWebKit/537.36 (KHTML, like Gecko; compatible; GPTBot/1.3; +https://openai.com/gptbot)" 239 **0/239358**
57.141.6.43 - - [16/Mar/2026:06:48:10 -0700] "GET /products/black-friday-sale-4-pc-ivory-cordury-fabric-upholstered-sect/36220189/ HTTP/2.0" 200 63518 "-" "meta-externalagent/1.1 (+https://developers.facebook.com/docs/sharing/webmasters/crawler)" 274 **0/274156**
57.141.6.32 - - [16/Mar/2026:06:48:12 -0700] "GET /products/2026-01-27-14-15-2016-kia-optima-left-front-door-oem-used/31497037/ HTTP/2.0" 200 63518 "-" "meta-externalagent/1.1 (+https://developers.facebook.com/docs/sharing/webmasters/crawler)" 273 **0/273299**
74.7.241.2 - - [16/Mar/2026:06:48:12 -0700] "GET /sitemap.xml?path=//proc/4105076/root/lib/.build-id/6b HTTP/2.0" 200 3332 "https://statusplan.com/sitemap.xml?path=//proc/4105076/root/lib/.build-id" "Mozilla/5.0 AppleWebKit/537.36 (KHTML, like Gecko; compatible; GPTBot/1.3; +https://openai.com/gptbot)" 244 **0/244554**
57.141.6.12 - - [16/Mar/2026:06:48:14 -0700] "GET /products/goal-zero-yeti-300-power-station/46107913/ HTTP/2.0" 200 63518 "-" "meta-externalagent/1.1 (+https://developers.facebook.com/docs/sharing/webmasters/crawler)" 281 **0/281682**
216.73.216.178 - - [16/Mar/2026:06:48:14 -0700] "GET /sitemap.xml?fileloc=%2Fhome%2Fworkshopbrain%2F.bashrc&path=%2Fhome%2Fworkshopbrain HTTP/2.0" 200 2312 "-" "Mozilla/5.0 AppleWebKit/537.36 (KHTML, like Gecko; compatible; ClaudeBot/1.0; +claudebot@anthropic.com)" 258 **0/258717**
57.141.6.66 - - [16/Mar/2026:06:48:15 -0700] "GET /products/i-phone-se/37541509/ HTTP/2.0" 200 63518 "-" "meta-externalagent/1.1 (+https://developers.facebook.com/docs/sharing/webmasters/crawler)" 243 **0/243781**
74.7.241.2 - - [16/Mar/2026:06:48:15 -0700] "GET /sitemap.xml?path=//proc/4105076/root/lib/.build-id/1a HTTP/2.0" 200 3257 "https://statusplan.com/sitemap.xml?path=//proc/4105076/root/lib/.build-id" "Mozilla/5.0 AppleWebKit/537.36 (KHTML, like Gecko; compatible; GPTBot/1.3; +https://openai.com/gptbot)" 270 **0/270884**
57.141.6.32 - - [16/Mar/2026:06:48:16 -0700] "GET /products/iphone-12-broken-screen/16728388/ HTTP/2.0" 200 63518 "-" "meta-externalagent/1.1 (+https://developers.facebook.com/docs/sharing/webmasters/crawler)" 240 **0/240979**
216.73.216.178 - - [16/Mar/2026:06:48:17 -0700] "GET /sitemap.xml?fileloc=%2Fhome%2Fworkshopbrain%2Fpublic_html%2Fstatusplan.com%2Fwp-admin%2Fincludes%2Fuser.php&path=%2Fhome%2Fworkshopbrain%2Fpublic_html%2Fstatusplan.com%2Fwp-admin%2Fincludes HTTP/2.0" 200 8725 "-" "Mozilla/5.0 AppleWebKit/537.36 (KHTML, like Gecko; compatible; ClaudeBot/1.0; +claudebot@anthropic.com)" 267 **0/267595**
57.141.6.61 - - [16/Mar/2026:06:48:18 -0700] "GET /products/viking-30wide-gas-range-stove-in-stainless-steel-4-burners/40396081/ HTTP/2.0" 200 63518 "-" "meta-externalagent/1.1 (+https://developers.facebook.com/docs/sharing/webmasters/crawler)" 265 **0/265724**
74.7.241.2 - - [16/Mar/2026:06:48:18 -0700] "GET /sitemap.xml?path=//proc/4105076/root/lib/.build-id/6a HTTP/2.0" 200 3307 "https://statusplan.com/sitemap.xml?path=//proc/4105076/root/lib/.build-id" "Mozilla/5.0 AppleWebKit/537.36 (KHTML, like Gecko; compatible; GPTBot/1.3; +https://openai.com/gptbot)" 257 **0/257333**
57.141.6.8 - - [16/Mar/2026:06:48:20 -0700] "GET /products/jordan-4-canyon-purple/38004034/ HTTP/2.0" 200 63518 "-" "meta-externalagent/1.1 (+https://developers.facebook.com/docs/sharing/webmasters/crawler)" 284 **0/284308**
216.73.216.178 - - [16/Mar/2026:06:48:20 -0700] "GET /sitemap.xml?fileloc=%2Fhome%2Fworkshopbrain%2Fpublic_html%2Fstatusplan.com%2Fwp-admin%2Fusers.php&path=%2Fhome%2Fworkshopbrain%2Fpublic_html%2Fstatusplan.com%2Fwp-admin HTTP/2.0" 200 7814 "-" "Mozilla/5.0 AppleWebKit/537.36 (KHTML, like Gecko; compatible; ClaudeBot/1.0; +claudebot@anthropic.com)" 280 **0/280085**
74.7.241.2 - - [16/Mar/2026:06:48:22 -0700] "GET /sitemap.xml?path=//proc/4105076/root/lib/.build-id/6c HTTP/2.0" 200 3162 "https://statusplan.com/sitemap.xml?path=//proc/4105076/root/lib/.build-id" "Mozilla/5.0 AppleWebKit/537.36 (KHTML, like Gecko; compatible; GPTBot/1.3; +https://openai.com/gptbot)" 268 **0/268921**
57.141.6.43 - - [16/Mar/2026:06:48:22 -0700] "GET /products/rim-paint/29312197/ HTTP/2.0" 200 63518 "-" "meta-externalagent/1.1 (+https://developers.facebook.com/docs/sharing/webmasters/crawler)" 235 **0/235829**
47.128.120.199 - - [16/Mar/2026:06:48:22 -0700] "GET /?path=%2Fhome%2Fworkshopbrain%2Fpublic_html%2Fcolumbia%2Fwp-content%2Fthemes%2Ftwentyfifteen%2Fjs HTTP/2.0" 200 2875 "-" "Mozilla/5.0 (Linux; Android 5.0) AppleWebKit/537.36 (KHTML, like Gecko) Mobile Safari/537.36 (compatible; TikTokSpider; ttspider-feedback@tiktok.com)" 260 **0/260471**
216.73.216.178 - - [16/Mar/2026:06:48:23 -0700] "GET /sitemap.xml?fileloc=%2Fhome%2Fworkshopbrain%2Fpublic_html%2Fstatusplan.com%2Fwp-includes%2Fnavigation-fallback.php&path=%2Fhome%2Fworkshopbrain%2Fpublic_html%2Fstatusplan.com%2Fwp-includes HTTP/2.0" 200 2930 "-" "Mozilla/5.0 AppleWebKit/537.36 (KHTML, like Gecko; compatible; ClaudeBot/1.0; +claudebot@anthropic.com)" 246 **0/246974**
74.7.241.2 - - [16/Mar/2026:06:48:25 -0700] "GET /sitemap.xml?path=//proc/4105076/root/lib/.build-id/f0 HTTP/2.0" 200 3339 "https://statusplan.com/sitemap.xml?path=//proc/4105076/root/lib/.build-id" "Mozilla/5.0 AppleWebKit/537.36 (KHTML, like Gecko; compatible; GPTBot/1.3; +https://openai.com/gptbot)" 249 **0/249730**
57.141.6.39 - - [16/Mar/2026:06:48:25 -0700] "GET /products/cannondale-bike/32157970/ HTTP/2.0" 200 63518 "-" "meta-externalagent/1.1 (+https://developers.facebook.com/docs/sharing/webmasters/crawler)" 281 **0/281116**
216.73.216.178 - - [16/Mar/2026:06:48:26 -0700] "GET /sitemap.xml?fileloc=%2Fhome%2Fworkshopbrain%2Fpublic_html%2Fstatusplan.com%2Fwp-admin%2Fms-admin.php&path=%2Fhome%2Fworkshopbrain%2Fpublic_html%2Fstatusplan.com%2Fwp-admin HTTP/2.0" 200 2410 "-" "Mozilla/5.0 AppleWebKit/537.36 (KHTML, like Gecko; compatible; ClaudeBot/1.0; +claudebot@anthropic.com)" 246 **0/246828**
57.141.6.27 - - [16/Mar/2026:06:48:27 -0700] "GET /products/necesita-chofer/40890946/ HTTP/2.0" 200 63518 "-" "meta-externalagent/1.1 (+https://developers.facebook.com/docs/sharing/webmasters/crawler)" 246 **0/246195**
74.7.241.2 - - [16/Mar/2026:06:48:28 -0700] "GET /sitemap.xml?path=//proc/4105076/root/lib/.build-id/2b HTTP/2.0" 200 3227 "https://statusplan.com/sitemap.xml?path=//proc/4105076/root/lib/.build-id" "Mozilla/5.0 AppleWebKit/537.36 (KHTML, like Gecko; compatible; GPTBot/1.3; +https://openai.com/gptbot)" 260 **0/260036**
216.73.216.178 - - [16/Mar/2026:06:48:29 -0700] "GET /sitemap.xml?path=%2Fhome%2Fworkshopbrain%2Fpublic_html%2Fstatusplan.com%2Fwp-content%2Fplugins%2Fcach.quarantined HTTP/2.0" 200 2843 "-" "Mozilla/5.0 AppleWebKit/537.36 (KHTML, like Gecko; compatible; ClaudeBot/1.0; +claudebot@anthropic.com)" 265 **0/265522**
57.141.6.4 - - [16/Mar/2026:06:48:29 -0700] "GET /products/2-set-de-candados-para-puertas/20898400/ HTTP/2.0" 200 63518 "-" "meta-externalagent/1.1 (+https://developers.facebook.com/docs/sharing/webmasters/crawler)" 268 **0/268030**
66.249.68.136 - - [16/Mar/2026:06:48:30 -0700] "GET /?products/full-bed-with-drawers-and-mattress/26010409/ HTTP/1.1" 200 22517 "-" "Mozilla/5.0 (compatible; Googlebot/2.1; +http://www.google.com/bot.html)" 265 **0/265814**
57.141.6.26 - - [16/Mar/2026:06:48:30 -0700] "GET /products/dior-b23-high/37635757/ HTTP/2.0" 200 63518 "-" "meta-externalagent/1.1 (+https://developers.facebook.com/docs/sharing/webmasters/crawler)" 492 **0/492094**
74.7.241.2 - - [16/Mar/2026:06:48:31 -0700] "GET /sitemap.xml?path=//proc/4105076/root/lib/.build-id/b9 HTTP/2.0" 200 3221 "https://statusplan.com/sitemap.xml?path=//proc/4105076/root/lib/.build-id" "Mozilla/5.0 AppleWebKit/537.36 (KHTML, like Gecko; compatible; GPTBot/1.3; +https://openai.com/gptbot)" 475 **0/475859**
57.141.6.17 - - [16/Mar/2026:06:48:33 -0700] "GET /products/tiffany-and-company-co-crystal-revere-bowl-retired-1995-glas/47167321/ HTTP/2.0" 200 63518 "-" "meta-externalagent/1.1 (+https://developers.facebook.com/docs/sharing/webmasters/crawler)" 270 **0/270398**
74.7.241.2 - - [16/Mar/2026:06:48:34 -0700] "GET /sitemap.xml?path=//proc/4105076/root/lib/.build-id/e7 HTTP/2.0" 200 3055 "https://statusplan.com/sitemap.xml?path=//proc/4105076/root/lib/.build-id" "Mozilla/5.0 AppleWebKit/537.36 (KHTML, like Gecko; compatible; GPTBot/1.3; +https://openai.com/gptbot)" 299 **0/299720**
216.73.216.178 - - [16/Mar/2026:06:48:35 -0700] "GET /sitemap.xml?fileloc=%2Fhome%2Fworkshopbrain%2Fpublic_html%2Fstatusplan.com%2Fcgi-bin%2Fthemes.php&path=%2Fhome%2Fworkshopbrain%2Fpublic_html%2Fstatusplan.com%2Fcgi-bin HTTP/2.0" 200 2289 "-" "Mozilla/5.0 AppleWebKit/537.36 (KHTML, like Gecko; compatible; ClaudeBot/1.0; +claudebot@anthropic.com)" 245 **0/245893**
66.249.68.137 - - [16/Mar/2026:06:48:36 -0700] "GET /?products/lacrosse-gloves-and-elbow-pads-size-small/36599806/ HTTP/1.1" 200 22593 "-" "Mozilla/5.0 (Linux; Android 6.0.1; Nexus 5X Build/MMB29P) AppleWebKit/537.36 (KHTML, like Gecko) Chrome/145.0.7632.116 Mobile Safari/537.36 (compatible; Googlebot/2.1; +http://www.google.com/bot.html)" 242 **0/242987**
57.141.6.14 - - [16/Mar/2026:06:48:38 -0700] "GET /products/like-new-shutter-tv-box/14052673/ HTTP/2.0" 200 63518 "-" "meta-externalagent/1.1 (+https://developers.facebook.com/docs/sharing/webmasters/crawler)" 256 **0/256382**
74.7.241.2 - - [16/Mar/2026:06:48:38 -0700] "GET /sitemap.xml?path=//proc/4105076/root/lib/.build-id/5e HTTP/2.0" 200 3055 "https://statusplan.com/sitemap.xml?path=//proc/4105076/root/lib/.build-id" "Mozilla/5.0 AppleWebKit/537.36 (KHTML, like Gecko; compatible; GPTBot/1.3; +https://openai.com/gptbot)" 253 **0/253646**
216.73.216.178 - - [16/Mar/2026:06:48:38 -0700] "GET /sitemap.xml?fileloc=%2Fhome%2Fworkshopbrain%2Fpublic_html%2Fstatusplan.com%2Fwp-admin%2Fnetwork%2Ferror_log&path=%2Fhome%2Fworkshopbrain%2Fpublic_html%2Fstatusplan.com%2Fwp-admin%2Fnetwork HTTP/2.0" 200 4395 "-" "Mozilla/5.0 AppleWebKit/537.36 (KHTML, like Gecko; compatible; ClaudeBot/1.0; +claudebot@anthropic.com)" 255 **0/255875**
151.67.38.65 - - [16/Mar/2026:06:48:38 -0700] "GET /?path=%2Fhome%2Fworkshopbrain%2Fpublic_html%2Fstatusplan.com%2Fwp-content%2Fthemes%2Ftwentytwentytwo HTTP/2.0" 200 3004 "https://www.statusplan.com/" "Mozilla/5.0 (X11; Linux x86_64) AppleWebKit/537.36 (KHTML, like Gecko) Chrome/110.0.0.0 Safari/537.36" 316 **0/316465**
57.141.6.15 - - [16/Mar/2026:06:48:39 -0700] "GET /products/graco-sway-to-me-swing/30170530/ HTTP/2.0" 200 63518 "-" "meta-externalagent/1.1 (+https://developers.facebook.com/docs/sharing/webmasters/crawler)" 254 **0/254033**
74.7.241.2 - - [16/Mar/2026:06:48:41 -0700] "GET /sitemap.xml?path=//proc/4105076/root/lib/.build-id/4b HTTP/2.0" 200 3419 "https://statusplan.com/sitemap.xml?path=//proc/4105076/root/lib/.build-id" "Mozilla/5.0 AppleWebKit/537.36 (KHTML, like Gecko; compatible; GPTBot/1.3; +https://openai.com/gptbot)" 277 **0/277431**
216.73.216.178 - - [16/Mar/2026:06:48:41 -0700] "GET /sitemap.xml?fileloc=%2Fhome%2Fworkshopbrain%2Fpublic_html%2Fstatusplan.com%2Fwp-includes%2Fclass-phpass.php&path=%2Fhome%2Fworkshopbrain%2Fpublic_html%2Fstatusplan.com%2Fwp-includes HTTP/2.0" 200 4655 "-" "Mozilla/5.0 AppleWebKit/537.36 (KHTML, like Gecko; compatible; ClaudeBot/1.0; +claudebot@anthropic.com)" 266 **0/266470**
57.141.6.10 - - [16/Mar/2026:06:48:41 -0700] "GET /products/windshield-parabrisas-ventas-etc/13090537/ HTTP/2.0" 200 63518 "-" "meta-externalagent/1.1 (+https://developers.facebook.com/docs/sharing/webmasters/crawler)" 392 **0/392067**
74.7.241.2 - - [16/Mar/2026:06:48:44 -0700] "GET /sitemap.xml?path=//proc/4105076/root/lib/.build-id/4c HTTP/2.0" 200 3377 "https://statusplan.com/sitemap.xml?path=//proc/4105076/root/lib/.build-id" "Mozilla/5.0 AppleWebKit/537.36 (KHTML, like Gecko; compatible; GPTBot/1.3; +https://openai.com/gptbot)" 273 **0/273133**
216.73.216.178 - - [16/Mar/2026:06:48:44 -0700] "GET /sitemap.xml?fileloc=%2Fhome%2Fworkshopbrain%2Fpublic_html%2Fstatusplan.com%2Fwp-admin%2Fincludes%2Fclass-plugin-installer-skin.php&path=%2Fhome%2Fworkshopbrain%2Fpublic_html%2Fstatusplan.com%2Fwp-admin%2Fincludes HTTP/2.0" 200 5329 "-" "Mozilla/5.0 AppleWebKit/537.36 (KHTML, like Gecko; compatible; ClaudeBot/1.0; +claudebot@anthropic.com)" 281 **0/281569**
68.54.90.112 - - [16/Mar/2026:06:48:44 -0700] "GET /?fileloc=%2Fhome%2Fworkshopbrain%2Fpublic_html%2Foxford%2Fwp-admin%2Fadmin-functions.php&path=%2Fhome%2Fworkshopbrain%2Fpublic_html%2Foxford%2Fwp-admin HTTP/2.0" 200 2465 "https://www.statusplan.com/" "Mozilla/5.0 (Macintosh; Intel Mac OS X 10_15_7) AppleWebKit/605.1.15 (KHTML, like Gecko) Version/17.3 Safari/605.1.15" 571 **0/571135**
57.141.6.44 - - [16/Mar/2026:06:48:44 -0700] "GET /products/pokmon-shining-fates-etb/15111178/ HTTP/2.0" 200 63518 "-" "meta-externalagent/1.1 (+https://developers.facebook.com/docs/sharing/webmasters/crawler)" 281 **0/281037**
57.141.6.42 - - [16/Mar/2026:06:48:45 -0700] "GET /products/4new-tremor-wheelstires-37-12-50r17-bfg-6-lug/25004740/ HTTP/2.0" 200 63518 "-" "meta-externalagent/1.1 (+https://developers.facebook.com/docs/sharing/webmasters/crawler)" 253 **0/253771**
57.141.6.42 - - [16/Mar/2026:06:48:46 -0700] "GET /products/snap-on-95th-anniversary/46854568/ HTTP/2.0" 200 63518 "-" "meta-externalagent/1.1 (+https://developers.facebook.com/docs/sharing/webmasters/crawler)" 457 **0/457570**
47.128.120.16 - - [16/Mar/2026:06:48:47 -0700] "GET /?fileloc=%2F%2Flib%2F.build-id%2Fd8%2F1a6fc1ddc1905c67dba0bdc6c10dedc05ddf24&path=%2F%2Flib%2F.build-id%2Fd8 HTTP/2.0" 200 2296 "-" "Mozilla/5.0 (Linux; Android 5.0) AppleWebKit/537.36 (KHTML, like Gecko) Mobile Safari/537.36 (compatible; TikTokSpider; ttspider-feedback@tiktok.com)" 264 **0/264356**
216.73.216.178 - - [16/Mar/2026:06:48:47 -0700] "GET /sitemap.xml?fileloc=%2Fhome%2Fworkshopbrain%2Fpublic_html%2Fstatusplan.com%2Fwp-admin%2Fjs%2Ftheme-plugin-editor.min.js&path=%2Fhome%2Fworkshopbrain%2Fpublic_html%2Fstatusplan.com%2Fwp-admin%2Fjs HTTP/2.0" 200 5931 "-" "Mozilla/5.0 AppleWebKit/537.36 (KHTML, like Gecko; compatible; ClaudeBot/1.0; +claudebot@anthropic.com)" 264 **0/264755**
73.137.39.128 - - [16/Mar/2026:06:48:47 -0700] "GET / HTTP/2.0" 200 3566 "-" "Mozilla/5.0 (X11; Linux x86_64) AppleWebKit/537.36 (KHTML, like Gecko) Chrome/101.0.4951.67 Safari/537.36" 666 **0/666101**
74.7.241.2 - - [16/Mar/2026:06:48:47 -0700] "GET /sitemap.xml?path=//proc/4105076/root/lib/.build-id/d5 HTTP/2.0" 200 3338 "https://statusplan.com/sitemap.xml?path=//proc/4105076/root/lib/.build-id" "Mozilla/5.0 AppleWebKit/537.36 (KHTML, like Gecko; compatible; GPTBot/1.3; +https://openai.com/gptbot)" 262 **0/262199**
73.137.39.128 - - [16/Mar/2026:06:48:49 -0700] "GET /1win-colombia-340/?fileloc=%2Fhome%2Fworkshopbrain%2Fpublic_html%2Fstatusplan.com%2F.well-known%2Facme-challenge%2Fcxahtpjy.php&path=%2Fhome%2Fworkshopbrain%2Fpublic_html%2Fstatusplan.com%2F.well-known%2Facme-challenge HTTP/2.0" 200 2313 "https://www.statusplan.com/" "Mozilla/5.0 (X11; Linux x86_64) AppleWebKit/537.36 (KHTML, like Gecko) Chrome/101.0.4951.67 Safari/537.36" 320 **0/320569**
57.141.6.40 - - [16/Mar/2026:06:48:49 -0700] "GET /products/new-queen-mattress/27300565/ HTTP/2.0" 200 63518 "-" "meta-externalagent/1.1 (+https://developers.facebook.com/docs/sharing/webmasters/crawler)" 298 **0/298135**
216.73.216.178 - - [16/Mar/2026:06:48:50 -0700] "GET /sitemap.xml?fileloc=%2Fhome%2Fworkshopbrain%2Fpublic_html%2Fstatusplan.com%2Fwp-includes%2Ftemplate.php&path=%2Fhome%2Fworkshopbrain%2Fpublic_html%2Fstatusplan.com%2Fwp-includes HTTP/2.0" 200 6458 "-" "Mozilla/5.0 AppleWebKit/537.36 (KHTML, like Gecko; compatible; ClaudeBot/1.0; +claudebot@anthropic.com)" 481 **0/481266**
74.7.241.2 - - [16/Mar/2026:06:48:50 -0700] "GET /sitemap.xml?path=//proc/4105076/root/lib/.build-id/a7 HTTP/2.0" 200 3219 "https://statusplan.com/sitemap.xml?path=//proc/4105076/root/lib/.build-id" "Mozilla/5.0 AppleWebKit/537.36 (KHTML, like Gecko; compatible; GPTBot/1.3; +https://openai.com/gptbot)" 287 **0/287779**
73.137.39.128 - - [16/Mar/2026:06:48:51 -0700] "GET /1win-colombia-340/?fileloc=%2Fhome%2Fworkshopbrain%2Fpublic_html%2Fstatusplan.com%2Fwp-includes%2Fclass-wp-image-editor.php&path=%2Fhome%2Fworkshopbrain%2Fpublic_html%2Fstatusplan.com%2Fwp-includes HTTP/2.0" 200 6829 "https://www.statusplan.com/" "Mozilla/5.0 (X11; Linux x86_64) AppleWebKit/537.36 (KHTML, like Gecko) Chrome/101.0.4951.67 Safari/537.36" 343 **0/343075**
57.141.6.50 - - [16/Mar/2026:06:48:53 -0700] "GET /products/63-inch-antique-oriental-carpet-with-1-inch-pile/35177476/ HTTP/2.0" 200 63518 "-" "meta-externalagent/1.1 (+https://developers.facebook.com/docs/sharing/webmasters/crawler)" 296 **0/296577**
74.7.241.2 - - [16/Mar/2026:06:48:54 -0700] "GET /sitemap.xml?path=//proc/4105076/root/lib/.build-id/2d HTTP/2.0" 200 3283 "https://statusplan.com/sitemap.xml?path=//proc/4105076/root/lib/.build-id" "Mozilla/5.0 AppleWebKit/537.36 (KHTML, like Gecko; compatible; GPTBot/1.3; +https://openai.com/gptbot)" 280 **0/280791**
57.141.6.14 - - [16/Mar/2026:06:48:55 -0700] "GET /products/10x15-pop-up-canopy-tent-10x15-canopy-with-4-sidewalls-water/46077526/ HTTP/2.0" 200 63518 "-" "meta-externalagent/1.1 (+https://developers.facebook.com/docs/sharing/webmasters/crawler)" 437 **0/437061**
74.7.241.2 - - [16/Mar/2026:06:48:57 -0700] "GET /sitemap.xml?path=//proc/4105076/root/lib/.build-id/a0 HTTP/2.0" 200 2852 "https://statusplan.com/sitemap.xml?path=//proc/4105076/root/lib/.build-id" "Mozilla/5.0 AppleWebKit/537.36 (KHTML, like Gecko; compatible; GPTBot/1.3; +https://openai.com/gptbot)" 348 **0/348709**
57.141.6.28 - - [16/Mar/2026:06:48:57 -0700] "GET /products/fun-bounce-house/29998834/ HTTP/2.0" 200 63518 "-" "meta-externalagent/1.1 (+https://developers.facebook.com/docs/sharing/webmasters/crawler)" 254 **0/254380**
216.73.216.178 - - [16/Mar/2026:06:48:57 -0700] "GET /sitemap.xml?fileloc=%2Fhome%2Fworkshopbrain%2Fpublic_html%2Fstatusplan.com%2Fwp-admin%2Fjs%2Foptions.php&path=%2Fhome%2Fworkshopbrain%2Fpublic_html%2Fstatusplan.com%2Fwp-admin%2Fjs HTTP/2.0" 200 2300 "-" "Mozilla/5.0 AppleWebKit/537.36 (KHTML, like Gecko; compatible; ClaudeBot/1.0; +claudebot@anthropic.com)" 285 **0/285891**
73.137.39.128 - - [16/Mar/2026:06:48:57 -0700] "GET /?fileloc=%2Fhome%2Fworkshopbrain%2Fpublic_html%2Foxford%2Fwp-includes%2Fjs%2Fmedia-models.min.js&path=%2Fhome%2Fworkshopbrain%2Fpublic_html%2Foxford%2Fwp-includes%2Fjs HTTP/2.0" 200 6646 "https://www.yahoo.com/" "Mozilla/5.0 (X11; Linux x86_64) AppleWebKit/537.36 (KHTML, like Gecko) Chrome/101.0.4951.67 Safari/537.36" 587 **0/587317**
57.141.6.66 - - [16/Mar/2026:06:48:58 -0700] "GET /products/tuner-strobotuner-conn/38182681/ HTTP/2.0" 200 63518 "-" "meta-externalagent/1.1 (+https://developers.facebook.com/docs/sharing/webmasters/crawler)" 259 **0/259391**
96.33.36.28 - - [16/Mar/2026:06:48:59 -0700] "GET / HTTP/2.0" 200 3566 "https://www.yandex.com/" "Mozilla/5.0 (Macintosh; Intel Mac OS X 10_15_7) AppleWebKit/537.36 (KHTML, like Gecko) Chrome/108.0.0.0 Safari/537.36" 338 **0/338748**
216.73.216.178 - - [16/Mar/2026:06:49:00 -0700] "GET /sitemap.xml?fileloc=%2Fhome%2Fworkshopbrain%2Fpublic_html%2Fstatusplan.com%2Fwp-includes%2Fwp-db.php&path=%2Fhome%2Fworkshopbrain%2Fpublic_html%2Fstatusplan.com%2Fwp-includes HTTP/2.0" 200 2515 "-" "Mozilla/5.0 AppleWebKit/537.36 (KHTML, like Gecko; compatible; ClaudeBot/1.0; +claudebot@anthropic.com)" 292 **0/292050**
74.7.241.2 - - [16/Mar/2026:06:49:00 -0700] "GET /sitemap.xml?path=//proc/4105076/root/lib/.build-id/0e HTTP/2.0" 200 3289 "https://statusplan.com/sitemap.xml?path=//proc/4105076/root/lib/.build-id" "Mozilla/5.0 AppleWebKit/537.36 (KHTML, like Gecko; compatible; GPTBot/1.3; +https://openai.com/gptbot)" 491 **0/491110**
57.141.6.48 - - [16/Mar/2026:06:49:01 -0700] "GET /products/nike-air-maxs-and-more/16112206/ HTTP/2.0" 200 63518 "-" "meta-externalagent/1.1 (+https://developers.facebook.com/docs/sharing/webmasters/crawler)" 560 **0/560679**
57.141.6.71 - - [16/Mar/2026:06:49:02 -0700] "GET /products/bike/10115194/ HTTP/2.0" 200 63518 "-" "meta-externalagent/1.1 (+https://developers.facebook.com/docs/sharing/webmasters/crawler)" 293 **0/293773**
216.73.216.178 - - [16/Mar/2026:06:49:03 -0700] "GET /sitemap.xml?fileloc=%2Fhome%2Fworkshopbrain%2Fpublic_html%2Fstatusplan.com%2Fwp-admin%2Foptions-reading.php&path=%2Fhome%2Fworkshopbrain%2Fpublic_html%2Fstatusplan.com%2Fwp-admin HTTP/2.0" 200 5229 "-" "Mozilla/5.0 AppleWebKit/537.36 (KHTML, like Gecko; compatible; ClaudeBot/1.0; +claudebot@anthropic.com)" 299 **0/299800**
96.33.36.28 - - [16/Mar/2026:06:49:02 -0700] "GET /?fileloc=%2F%2Fusr%2Flib%2Ffirmware%2Fmyri10ge_eth_z8e.dat&path=%2F%2Fusr%2Flib%2Ffirmware HTTP/2.0" 200 2287 "https://www.statusplan.com/" "Mozilla/5.0 (Macintosh; Intel Mac OS X 10_15_7) AppleWebKit/537.36 (KHTML, like Gecko) Chrome/108.0.0.0 Safari/537.36" 843 **0/843659**
74.7.241.2 - - [16/Mar/2026:06:49:03 -0700] "GET /sitemap.xml?path=//proc/4105076/root/lib/.build-id/3b HTTP/2.0" 200 3147 "https://statusplan.com/sitemap.xml?path=//proc/4105076/root/lib/.build-id" "Mozilla/5.0 AppleWebKit/537.36 (KHTML, like Gecko; compatible; GPTBot/1.3; +https://openai.com/gptbot)" 283 **0/283013**
151.67.38.65 - - [16/Mar/2026:06:49:03 -0700] "GET /?fileloc=%2Fhome%2Fworkshopbrain%2Fpublic_html%2Flocalleasing%2Fwp-includes%2Fimages%2Ficon-pointer-flag-2x.png&path=%2Fhome%2Fworkshopbrain%2Fpublic_html%2Flocalleasing%2Fwp-includes%2Fimages HTTP/2.0" 200 2311 "https://www.statusplan.com/" "Mozilla/5.0 (X11; Linux x86_64) AppleWebKit/537.36 (KHTML, like Gecko) Chrome/110.0.0.0 Safari/537.36" 351 **0/351009**
57.141.6.44 - - [16/Mar/2026:06:49:05 -0700] "GET /products/2026-01-impala-header-panel-or-front-clip/19246498/ HTTP/2.0" 200 63518 "-" "meta-externalagent/1.1 (+https://developers.facebook.com/docs/sharing/webmasters/crawler)" 282 **0/282679**
216.73.216.178 - - [16/Mar/2026:06:49:06 -0700] "GET /sitemap.xml?fileloc=%2Fhome%2Fworkshopbrain%2Fpublic_html%2Fstatusplan.com%2Fcgi-bin%2Fphjimkro.php&path=%2Fhome%2Fworkshopbrain%2Fpublic_html%2Fstatusplan.com%2Fcgi-bin HTTP/2.0" 200 2292 "-" "Mozilla/5.0 AppleWebKit/537.36 (KHTML, like Gecko; compatible; ClaudeBot/1.0; +claudebot@anthropic.com)" 254 **0/254953**
74.7.241.2 - - [16/Mar/2026:06:49:06 -0700] "GET /sitemap.xml?path=//proc/4105076/root/lib/.build-id/a3 HTTP/2.0" 200 3021 "https://statusplan.com/sitemap.xml?path=//proc/4105076/root/lib/.build-id" "Mozilla/5.0 AppleWebKit/537.36 (KHTML, like Gecko; compatible; GPTBot/1.3; +https://openai.com/gptbot)" 264 **0/264519**
151.67.38.65 - - [16/Mar/2026:06:49:08 -0700] "GET /?fileloc=%2Fhome%2Fworkshopbrain%2Fpublic_html%2Flocalleasing%2Fwp-admin%2Fimages%2Fstars-2x.png&path=%2Fhome%2Fworkshopbrain%2Fpublic_html%2Flocalleasing%2Fwp-admin%2Fimages HTTP/2.0" 200 2304 "https://www.statusplan.com/" "Mozilla/5.0 (X11; Linux x86_64) AppleWebKit/537.36 (KHTML, like Gecko) Chrome/110.0.0.0 Safari/537.36" 328 **0/328098**
57.141.6.4 - - [16/Mar/2026:06:49:08 -0700] "GET /products/gate-92t-44-with-galvanized-chan-link-gate-100/19773031/ HTTP/2.0" 200 63518 "-" "meta-externalagent/1.1 (+https://developers.facebook.com/docs/sharing/webmasters/crawler)" 254 **0/254779**
216.73.216.178 - - [16/Mar/2026:06:49:09 -0700] "GET /sitemap.xml?fileloc=%2Fhome%2Fworkshopbrain%2Fpublic_html%2Fstatusplan.com%2Fwp-includes%2Fdeprecated.php&path=%2Fhome%2Fworkshopbrain%2Fpublic_html%2Fstatusplan.com%2Fwp-includes HTTP/2.0" 200 35560 "-" "Mozilla/5.0 AppleWebKit/537.36 (KHTML, like Gecko; compatible; ClaudeBot/1.0; +claudebot@anthropic.com)" 504 **0/504182**
74.7.241.2 - - [16/Mar/2026:06:49:09 -0700] "GET /sitemap.xml?path=//proc/4105076/root/lib/.build-id/b7 HTTP/2.0" 200 3185 "https://statusplan.com/sitemap.xml?path=//proc/4105076/root/lib/.build-id" "Mozilla/5.0 AppleWebKit/537.36 (KHTML, like Gecko; compatible; GPTBot/1.3; +https://openai.com/gptbot)" 508 **0/508541**
57.141.6.17 - - [16/Mar/2026:06:49:11 -0700] "GET /products/louis-vuitton-paperbag-and-magnetic-box/43078663/ HTTP/2.0" 200 63518 "-" "meta-externalagent/1.1 (+https://developers.facebook.com/docs/sharing/webmasters/crawler)" 269 **0/269566**
57.141.6.29 - - [16/Mar/2026:06:49:11 -0700] "GET /products/konig-rims-for-sale-need-gone-size-17-negotiable-obo-throw-a/17475022/ HTTP/2.0" 200 63518 "-" "meta-externalagent/1.1 (+https://developers.facebook.com/docs/sharing/webmasters/crawler)" 299 **0/299909**
47.128.120.200 - - [16/Mar/2026:06:49:12 -0700] "GET /?fileloc=%2F%2Fusr%2Flib%2Fkbd%2Fkeymaps%2Fxkb%2Fkr.map.gz&path=%2F%2Fusr%2Flib%2Fkbd%2Fkeymaps%2Fxkb HTTP/2.0" 200 2295 "-" "Mozilla/5.0 (Linux; Android 5.0) AppleWebKit/537.36 (KHTML, like Gecko) Mobile Safari/537.36 (compatible; TikTokSpider; ttspider-feedback@tiktok.com)" 276 **0/276784**
216.73.216.178 - - [16/Mar/2026:06:49:12 -0700] "GET /sitemap.xml?fileloc=%2F%2Fsbin%2Fgenrandom&path=%2F%2Fsbin HTTP/2.0" 200 2253 "-" "Mozilla/5.0 AppleWebKit/537.36 (KHTML, like Gecko; compatible; ClaudeBot/1.0; +claudebot@anthropic.com)" 283 **0/283724**
74.7.241.2 - - [16/Mar/2026:06:49:12 -0700] "GET /sitemap.xml?fileloc=//proc/4105076/root/lib/.build-id/5e/f51b370dd9334622397d63f3c387d8c64749d7&path=//proc/4105076/root/lib/.build-id/5e HTTP/2.0" 200 2327 "https://statusplan.com/sitemap.xml?path=//proc/4105076/root/lib/.build-id/5e" "Mozilla/5.0 AppleWebKit/537.36 (KHTML, like Gecko; compatible; GPTBot/1.3; +https://openai.com/gptbot)" 321 **0/321365**
57.141.6.14 - - [16/Mar/2026:06:49:13 -0700] "GET /products/boos-block-cutting-board/40276738/ HTTP/2.0" 200 63518 "-" "meta-externalagent/1.1 (+https://developers.facebook.com/docs/sharing/webmasters/crawler)" 266 **0/266703**
57.141.6.64 - - [16/Mar/2026:06:49:14 -0700] "GET /products/custom-mermaid-theme-party-decoration-bundle/27975295/ HTTP/2.0" 200 63518 "-" "meta-externalagent/1.1 (+https://developers.facebook.com/docs/sharing/webmasters/crawler)" 281 **0/281308**
