74.7.241.2 - - [16/Mar/2026:06:49:15 -0700] "GET /sitemap.xml?path=//proc/4105076/root/lib/.build-id/d2 HTTP/2.0" 200 3048 "https://statusplan.com/sitemap.xml?path=//proc/4105076/root/lib/.build-id" "Mozilla/5.0 AppleWebKit/537.36 (KHTML, like Gecko; compatible; GPTBot/1.3; +https://openai.com/gptbot)" 250 **0/250847**
57.141.6.20 - - [16/Mar/2026:06:49:16 -0700] "GET /products/nike-zoom-victory-xc-track-spike-shoes/43958836/ HTTP/2.0" 200 63518 "-" "meta-externalagent/1.1 (+https://developers.facebook.com/docs/sharing/webmasters/crawler)" 271 **0/271858**
57.141.6.72 - - [16/Mar/2026:06:49:17 -0700] "GET /products/valentines-gifts-regalos-san-valentn/21793084/ HTTP/2.0" 200 63518 "-" "meta-externalagent/1.1 (+https://developers.facebook.com/docs/sharing/webmasters/crawler)" 245 **0/245088**
57.141.6.54 - - [16/Mar/2026:06:49:18 -0700] "GET /products/etai-drori-louis-vuitton-sling-bag/49493449/ HTTP/2.0" 200 63518 "-" "meta-externalagent/1.1 (+https://developers.facebook.com/docs/sharing/webmasters/crawler)" 264 **0/264406**
74.7.241.2 - - [16/Mar/2026:06:49:18 -0700] "GET /sitemap.xml?path=//proc/4105076/root/lib/.build-id/f8 HTTP/2.0" 200 3102 "https://statusplan.com/sitemap.xml?path=//proc/4105076/root/lib/.build-id" "Mozilla/5.0 AppleWebKit/537.36 (KHTML, like Gecko; compatible; GPTBot/1.3; +https://openai.com/gptbot)" 304 **0/304607**
57.141.6.15 - - [16/Mar/2026:06:49:19 -0700] "GET /products/wickerbill-spoiler-for-dodge-challenger/19445830/ HTTP/2.0" 200 63518 "-" "meta-externalagent/1.1 (+https://developers.facebook.com/docs/sharing/webmasters/crawler)" 292 **0/292454**
74.7.241.2 - - [16/Mar/2026:06:49:21 -0700] "GET /sitemap.xml?path=//proc/4105076/root/lib/.build-id/2f HTTP/2.0" 200 3215 "https://statusplan.com/sitemap.xml?path=//proc/4105076/root/lib/.build-id" "Mozilla/5.0 AppleWebKit/537.36 (KHTML, like Gecko; compatible; GPTBot/1.3; +https://openai.com/gptbot)" 270 **0/270412**
57.141.6.61 - - [16/Mar/2026:06:49:22 -0700] "GET /products/queen-bed-frame-regular-mattress-promo/46618465/ HTTP/2.0" 200 63518 "-" "meta-externalagent/1.1 (+https://developers.facebook.com/docs/sharing/webmasters/crawler)" 260 **0/260704**
57.141.6.52 - - [16/Mar/2026:06:49:23 -0700] "GET /products/floor-cleaner/40774606/ HTTP/2.0" 200 63518 "-" "meta-externalagent/1.1 (+https://developers.facebook.com/docs/sharing/webmasters/crawler)" 254 **0/254077**
66.249.68.136 - - [16/Mar/2026:06:49:23 -0700] "GET /?products/crimson-trace-cts-1500-red-dot-sight-new-5-moa/34100890/ HTTP/1.1" 200 22277 "-" "Mozilla/5.0 (Linux; Android 6.0.1; Nexus 5X Build/MMB29P) AppleWebKit/537.36 (KHTML, like Gecko) Chrome/145.0.7632.116 Mobile Safari/537.36 (compatible; Googlebot/2.1; +http://www.google.com/bot.html)" 241 **0/241889**
74.7.241.2 - - [16/Mar/2026:06:49:25 -0700] "GET /sitemap.xml?path=//proc/4105076/root/lib/.build-id/3f HTTP/2.0" 200 3140 "https://statusplan.com/sitemap.xml?path=//proc/4105076/root/lib/.build-id" "Mozilla/5.0 AppleWebKit/537.36 (KHTML, like Gecko; compatible; GPTBot/1.3; +https://openai.com/gptbot)" 248 **0/248130**
57.141.6.36 - - [16/Mar/2026:06:49:27 -0700] "GET /products/mattress-pillow-top-12-inchesall-sizesexcellentn-mattress-qu/45199432/ HTTP/2.0" 200 63518 "-" "meta-externalagent/1.1 (+https://developers.facebook.com/docs/sharing/webmasters/crawler)" 252 **0/252230**
74.7.241.2 - - [16/Mar/2026:06:49:28 -0700] "GET /sitemap.xml?path=//proc/4105076/root/lib/.build-id/c3 HTTP/2.0" 200 3140 "https://statusplan.com/sitemap.xml?path=//proc/4105076/root/lib/.build-id" "Mozilla/5.0 AppleWebKit/537.36 (KHTML, like Gecko; compatible; GPTBot/1.3; +https://openai.com/gptbot)" 284 **0/284600**
74.7.241.2 - - [16/Mar/2026:06:49:31 -0700] "GET /sitemap.xml?path=//proc/4105076/root/lib/.build-id/c9 HTTP/2.0" 200 3299 "https://statusplan.com/sitemap.xml?path=//proc/4105076/root/lib/.build-id" "Mozilla/5.0 AppleWebKit/537.36 (KHTML, like Gecko; compatible; GPTBot/1.3; +https://openai.com/gptbot)" 234 **0/234474**
57.141.6.29 - - [16/Mar/2026:06:49:31 -0700] "GET /products/asaali-beanie/13222543/ HTTP/2.0" 200 63518 "-" "meta-externalagent/1.1 (+https://developers.facebook.com/docs/sharing/webmasters/crawler)" 267 **0/267652**
74.7.241.2 - - [16/Mar/2026:06:49:34 -0700] "GET /sitemap.xml?path=//proc/4105076/root/lib/.build-id/2c HTTP/2.0" 200 3334 "https://statusplan.com/sitemap.xml?path=//proc/4105076/root/lib/.build-id" "Mozilla/5.0 AppleWebKit/537.36 (KHTML, like Gecko; compatible; GPTBot/1.3; +https://openai.com/gptbot)" 247 **0/247742**
57.141.6.40 - - [16/Mar/2026:06:49:35 -0700] "GET /products/donner-hush-x-travel-guitar/46407121/ HTTP/2.0" 200 63518 "-" "meta-externalagent/1.1 (+https://developers.facebook.com/docs/sharing/webmasters/crawler)" 303 **0/303038**
57.141.6.54 - - [16/Mar/2026:06:49:35 -0700] "GET /products/walker/19557697/ HTTP/2.0" 200 63518 "-" "meta-externalagent/1.1 (+https://developers.facebook.com/docs/sharing/webmasters/crawler)" 250 **0/250810**
47.128.120.168 - - [16/Mar/2026:06:49:36 -0700] "GET /?path=%2F%2Fusr%2Fshare%2Flocale%2Ftum HTTP/2.0" 200 2580 "-" "Mozilla/5.0 (Linux; Android 5.0) AppleWebKit/537.36 (KHTML, like Gecko) Mobile Safari/537.36 (compatible; TikTokSpider; ttspider-feedback@tiktok.com)" 271 **0/271811**
216.73.216.178 - - [16/Mar/2026:06:49:37 -0700] "GET /sitemap.xml?fileloc=%2Fhome%2Fworkshopbrain%2Fpublic_html%2Fstatusplan.com%2Fwp-includes%2Fwidgets%2Fclass-wp-widget-media.php&path=%2Fhome%2Fworkshopbrain%2Fpublic_html%2Fstatusplan.com%2Fwp-includes%2Fwidgets HTTP/2.0" 200 6754 "-" "Mozilla/5.0 AppleWebKit/537.36 (KHTML, like Gecko; compatible; ClaudeBot/1.0; +claudebot@anthropic.com)" 275 **0/275393**
74.7.241.2 - - [16/Mar/2026:06:49:37 -0700] "GET /sitemap.xml?path=//proc/4105076/root/lib/.build-id/c2 HTTP/2.0" 200 3100 "https://statusplan.com/sitemap.xml?path=//proc/4105076/root/lib/.build-id" "Mozilla/5.0 AppleWebKit/537.36 (KHTML, like Gecko; compatible; GPTBot/1.3; +https://openai.com/gptbot)" 254 **0/254966**
57.141.6.11 - - [16/Mar/2026:06:49:37 -0700] "GET /products/dog-cage-kennel-size-37-medium-with-plastic-floor-grid-tray/24531841/ HTTP/2.0" 200 63518 "-" "meta-externalagent/1.1 (+https://developers.facebook.com/docs/sharing/webmasters/crawler)" 256 **0/256136**
57.141.6.40 - - [16/Mar/2026:06:49:38 -0700] "GET /products/canon-dw-100/37213804/ HTTP/2.0" 200 63518 "-" "meta-externalagent/1.1 (+https://developers.facebook.com/docs/sharing/webmasters/crawler)" 278 **0/278434**
216.73.216.178 - - [16/Mar/2026:06:49:39 -0700] "GET /sitemap.xml?fileloc=%2Fhome%2Fworkshopbrain%2Fpublic_html%2Fstatusplan.com%2Fwp-includes%2Fclass-wp-roles.php&path=%2Fhome%2Fworkshopbrain%2Fpublic_html%2Fstatusplan.com%2Fwp-includes HTTP/2.0" 200 4511 "-" "Mozilla/5.0 AppleWebKit/537.36 (KHTML, like Gecko; compatible; ClaudeBot/1.0; +claudebot@anthropic.com)" 246 **0/246471**
74.7.241.2 - - [16/Mar/2026:06:49:40 -0700] "GET /sitemap.xml?path=//proc/4105076/root/lib/.build-id/c8 HTTP/2.0" 200 3414 "https://statusplan.com/sitemap.xml?path=//proc/4105076/root/lib/.build-id" "Mozilla/5.0 AppleWebKit/537.36 (KHTML, like Gecko; compatible; GPTBot/1.3; +https://openai.com/gptbot)" 248 **0/248250**
57.141.6.38 - - [16/Mar/2026:06:49:41 -0700] "GET /products/glass-table/27664117/ HTTP/2.0" 200 63518 "-" "meta-externalagent/1.1 (+https://developers.facebook.com/docs/sharing/webmasters/crawler)" 241 **0/241124**
151.67.38.65 - - [16/Mar/2026:06:49:41 -0700] "GET /?fileloc=%2F%2Fusr%2Flib%2Ffirmware%2Fiwlwifi-ty-a0-gf-a0-84.ucode&path=%2F%2Fusr%2Flib%2Ffirmware HTTP/2.0" 200 2290 "https://www.statusplan.com/" "Mozilla/5.0 (X11; Linux x86_64) AppleWebKit/537.36 (KHTML, like Gecko) Chrome/110.0.0.0 Safari/537.36" 335 **0/335882**
57.141.6.52 - - [16/Mar/2026:06:49:41 -0700] "GET /products/halo-bassinet/41660386/ HTTP/2.0" 200 63518 "-" "meta-externalagent/1.1 (+https://developers.facebook.com/docs/sharing/webmasters/crawler)" 240 **0/240932**
216.73.216.178 - - [16/Mar/2026:06:49:42 -0700] "GET /sitemap.xml?fileloc=%2Fhome%2Fworkshopbrain%2Fpublic_html%2Fstatusplan.com%2Fwp-admin%2Ferase-personal-data.php&path=%2Fhome%2Fworkshopbrain%2Fpublic_html%2Fstatusplan.com%2Fwp-admin HTTP/2.0" 200 4908 "-" "Mozilla/5.0 AppleWebKit/537.36 (KHTML, like Gecko; compatible; ClaudeBot/1.0; +claudebot@anthropic.com)" 257 **0/257227**
74.7.241.2 - - [16/Mar/2026:06:49:43 -0700] "GET /sitemap.xml?path=//proc/4105076/root/lib/.build-id/9e HTTP/2.0" 200 3054 "https://statusplan.com/sitemap.xml?path=//proc/4105076/root/lib/.build-id" "Mozilla/5.0 AppleWebKit/537.36 (KHTML, like Gecko; compatible; GPTBot/1.3; +https://openai.com/gptbot)" 279 **0/279423**
57.141.6.66 - - [16/Mar/2026:06:49:44 -0700] "GET /products/radiator-and-fan/28993963/ HTTP/2.0" 200 63518 "-" "meta-externalagent/1.1 (+https://developers.facebook.com/docs/sharing/webmasters/crawler)" 245 **0/245185**
190.185.69.29 - - [16/Mar/2026:06:49:45 -0700] "GET /?path=%2Fhome%2Fworkshopbrain%2Fpublic_html%2Foxford%2Fwp-includes%2Fjs%2Ftinymce%2Fskins%2Fwordpress HTTP/2.0" 200 2754 "https://www.yandex.com/" "Mozilla/5.0 (Windows NT 10.0; Win64; x64) AppleWebKit/537.36 (KHTML, like Gecko) Chrome/132.0.0.0 Safari/537.36 Edg/132.0.0.0" 313 **0/313892**
216.73.216.178 - - [16/Mar/2026:06:49:45 -0700] "GET /sitemap.xml?fileloc=%2Fhome%2Fworkshopbrain%2Fpublic_html%2Fstatusplan.com%2Fwp-admin%2Fnetwork%2Fcredits.php&path=%2Fhome%2Fworkshopbrain%2Fpublic_html%2Fstatusplan.com%2Fwp-admin%2Fnetwork HTTP/2.0" 200 2438 "-" "Mozilla/5.0 AppleWebKit/537.36 (KHTML, like Gecko; compatible; ClaudeBot/1.0; +claudebot@anthropic.com)" 246 **0/246657**
74.7.241.2 - - [16/Mar/2026:06:49:46 -0700] "GET /sitemap.xml?path=//proc/4105076/root/lib/.build-id/e2 HTTP/2.0" 200 3183 "https://statusplan.com/sitemap.xml?path=//proc/4105076/root/lib/.build-id" "Mozilla/5.0 AppleWebKit/537.36 (KHTML, like Gecko; compatible; GPTBot/1.3; +https://openai.com/gptbot)" 269 **0/269404**
57.141.6.3 - - [16/Mar/2026:06:49:47 -0700] "GET /products/black-counter-height-dining-table-set/25917001/ HTTP/2.0" 200 63518 "-" "meta-externalagent/1.1 (+https://developers.facebook.com/docs/sharing/webmasters/crawler)" 231 **0/231989**
66.249.68.137 - - [16/Mar/2026:06:49:48 -0700] "GET /?products/pair-of-tire-225-40-19-bridgestone-85-life/25326229/ HTTP/1.1" 200 21707 "-" "Mozilla/5.0 (Linux; Android 6.0.1; Nexus 5X Build/MMB29P) AppleWebKit/537.36 (KHTML, like Gecko) Chrome/145.0.7632.116 Mobile Safari/537.36 (compatible; Googlebot/2.1; +http://www.google.com/bot.html)" 274 **0/274845**
216.73.216.178 - - [16/Mar/2026:06:49:48 -0700] "GET /sitemap.xml?fileloc=%2Fhome%2Fworkshopbrain%2Fpublic_html%2Fstatusplan.com%2Fwp-includes%2FSimplePie%2FRestriction.php&path=%2Fhome%2Fworkshopbrain%2Fpublic_html%2Fstatusplan.com%2Fwp-includes%2FSimplePie HTTP/2.0" 200 3759 "-" "Mozilla/5.0 AppleWebKit/537.36 (KHTML, like Gecko; compatible; ClaudeBot/1.0; +claudebot@anthropic.com)" 243 **0/243117**
57.141.6.46 - - [16/Mar/2026:06:49:49 -0700] "GET /products/100-in-upland-2026-02-dodge-chrysler-jeep-key-copy-avenger-l/38970013/ HTTP/2.0" 200 63518 "-" "meta-externalagent/1.1 (+https://developers.facebook.com/docs/sharing/webmasters/crawler)" 254 **0/254174**
74.7.241.2 - - [16/Mar/2026:06:49:49 -0700] "GET /sitemap.xml?path=//proc/4105076/root/lib/.build-id/f5 HTTP/2.0" 200 3136 "https://statusplan.com/sitemap.xml?path=//proc/4105076/root/lib/.build-id" "Mozilla/5.0 AppleWebKit/537.36 (KHTML, like Gecko; compatible; GPTBot/1.3; +https://openai.com/gptbot)" 272 **0/272597**
73.137.39.128 - - [16/Mar/2026:06:49:50 -0700] "GET /?fileloc=%2Fhome%2Fworkshopbrain%2Fpublic_html%2Fstatusplan.com%2Fwp-admin%2Fimages%2Fyes.png&path=%2Fhome%2Fworkshopbrain%2Fpublic_html%2Fstatusplan.com%2Fwp-admin%2Fimages HTTP/2.0" 200 2300 "https://www.yahoo.com/" "Mozilla/5.0 (X11; Linux x86_64) AppleWebKit/537.36 (KHTML, like Gecko) Chrome/101.0.4951.67 Safari/537.36" 398 **0/398284**
57.141.6.8 - - [16/Mar/2026:06:49:51 -0700] "GET /products/sofa-grey/23326084/ HTTP/2.0" 200 63518 "-" "meta-externalagent/1.1 (+https://developers.facebook.com/docs/sharing/webmasters/crawler)" 243 **0/243877**
216.73.216.178 - - [16/Mar/2026:06:49:51 -0700] "GET /sitemap.xml?fileloc=%2Fhome%2Fworkshopbrain%2Fpublic_html%2Fstatusplan.com%2Fwp-includes%2Fwidgets%2Fclass-wp-widget-calendar.php&path=%2Fhome%2Fworkshopbrain%2Fpublic_html%2Fstatusplan.com%2Fwp-includes%2Fwidgets HTTP/2.0" 200 3351 "-" "Mozilla/5.0 AppleWebKit/537.36 (KHTML, like Gecko; compatible; ClaudeBot/1.0; +claudebot@anthropic.com)" 278 **0/278184**
190.185.69.29 - - [16/Mar/2026:06:49:52 -0700] "GET /?fileloc=%2Fhome%2Fworkshopbrain%2Fpublic_html%2Fcolumbia%2Flicense.txt&path=%2Fhome%2Fworkshopbrain%2Fpublic_html%2Fcolumbia HTTP/2.0" 200 9322 "https://www.yandex.com/" "Mozilla/5.0 (Windows NT 10.0; Win64; x64) AppleWebKit/537.36 (KHTML, like Gecko) Chrome/132.0.0.0 Safari/537.36 Edg/132.0.0.0" 301 **0/301175**
74.7.241.2 - - [16/Mar/2026:06:49:52 -0700] "GET /sitemap.xml?path=//proc/4105076/root/lib/.build-id/f1 HTTP/2.0" 200 3344 "https://statusplan.com/sitemap.xml?path=//proc/4105076/root/lib/.build-id" "Mozilla/5.0 AppleWebKit/537.36 (KHTML, like Gecko; compatible; GPTBot/1.3; +https://openai.com/gptbot)" 259 **0/259953**
57.141.6.38 - - [16/Mar/2026:06:49:53 -0700] "GET /products/size-xl-raiders-jacket/38545582/ HTTP/2.0" 200 63518 "-" "meta-externalagent/1.1 (+https://developers.facebook.com/docs/sharing/webmasters/crawler)" 455 **0/455399**
57.141.6.32 - - [16/Mar/2026:06:49:54 -0700] "GET /products/concrete-demo-grading-block-walls/40634830/ HTTP/2.0" 200 63518 "-" "meta-externalagent/1.1 (+https://developers.facebook.com/docs/sharing/webmasters/crawler)" 265 **0/265291**
74.7.241.2 - - [16/Mar/2026:06:49:56 -0700] "GET /sitemap.xml?path=//proc/4105076/root/lib/.build-id/f2 HTTP/2.0" 200 2979 "https://statusplan.com/sitemap.xml?path=//proc/4105076/root/lib/.build-id" "Mozilla/5.0 AppleWebKit/537.36 (KHTML, like Gecko; compatible; GPTBot/1.3; +https://openai.com/gptbot)" 245 **0/245457**
190.185.69.29 - - [16/Mar/2026:06:49:56 -0700] "GET /?fileloc=%2Fhome%2Fworkshopbrain%2Fpublic_html%2Flocalleasing%2Fwp-admin%2Fcss%2Fabout-rtl.css&path=%2Fhome%2Fworkshopbrain%2Fpublic_html%2Flocalleasing%2Fwp-admin%2Fcss HTTP/2.0" 200 4216 "https://www.yandex.com/" "Mozilla/5.0 (Windows NT 10.0; Win64; x64) AppleWebKit/537.36 (KHTML, like Gecko) Chrome/132.0.0.0 Safari/537.36 Edg/132.0.0.0" 306 **0/306115**
74.7.241.2 - - [16/Mar/2026:06:49:59 -0700] "GET /sitemap.xml?path=//proc/4105076/root/lib/.build-id/8f HTTP/2.0" 200 3195 "https://statusplan.com/sitemap.xml?path=//proc/4105076/root/lib/.build-id" "Mozilla/5.0 AppleWebKit/537.36 (KHTML, like Gecko; compatible; GPTBot/1.3; +https://openai.com/gptbot)" 489 **0/489576**
57.141.6.47 - - [16/Mar/2026:06:49:59 -0700] "GET /products/haga-su-orden/41972908/ HTTP/2.0" 200 63518 "-" "meta-externalagent/1.1 (+https://developers.facebook.com/docs/sharing/webmasters/crawler)" 247 **0/247504**
57.141.6.72 - - [16/Mar/2026:06:50:01 -0700] "GET /products/vintage-concert-t-shirt-tom-waits/38711146/ HTTP/2.0" 200 63518 "-" "meta-externalagent/1.1 (+https://developers.facebook.com/docs/sharing/webmasters/crawler)" 291 **0/291187**
47.128.120.192 - - [16/Mar/2026:06:50:01 -0700] "GET /?fileloc=%2F%2Flib%2Flocale%2Fde_LU%40euro%2FLC_PAPER&path=%2F%2Flib%2Flocale%2Fde_LU%40euro HTTP/2.0" 200 2282 "-" "Mozilla/5.0 (Linux; Android 5.0) AppleWebKit/537.36 (KHTML, like Gecko) Mobile Safari/537.36 (compatible; TikTokSpider; ttspider-feedback@tiktok.com)" 335 **0/335776**
74.7.241.2 - - [16/Mar/2026:06:50:02 -0700] "GET /sitemap.xml?path=//proc/4105076/root/lib/.build-id/f4 HTTP/2.0" 200 3249 "https://statusplan.com/sitemap.xml?path=//proc/4105076/root/lib/.build-id" "Mozilla/5.0 AppleWebKit/537.36 (KHTML, like Gecko; compatible; GPTBot/1.3; +https://openai.com/gptbot)" 456 **0/456560**
216.73.216.178 - - [16/Mar/2026:06:50:02 -0700] "GET /sitemap.xml?fileloc=%2Fhome%2Fworkshopbrain%2Fpublic_html%2Fstatusplan.com%2Fcgi-bin%2Frtgjkbwz.php&path=%2Fhome%2Fworkshopbrain%2Fpublic_html%2Fstatusplan.com%2Fcgi-bin HTTP/2.0" 200 2293 "-" "Mozilla/5.0 AppleWebKit/537.36 (KHTML, like Gecko; compatible; ClaudeBot/1.0; +claudebot@anthropic.com)" 581 **0/581805**
57.141.6.45 - - [16/Mar/2026:06:50:03 -0700] "GET /products/king-grey-aticus-with-ortho-matres/44503576/ HTTP/2.0" 200 63518 "-" "meta-externalagent/1.1 (+https://developers.facebook.com/docs/sharing/webmasters/crawler)" 327 **0/327126**
73.137.39.128 - - [16/Mar/2026:06:50:03 -0700] "GET /?fileloc=%2Fhome%2Fworkshopbrain%2Fpublic_html%2Flocalleasing%2Fwp-admin%2Fimages%2Falign-center-2x.png&path=%2Fhome%2Fworkshopbrain%2Fpublic_html%2Flocalleasing%2Fwp-admin%2Fimages HTTP/2.0" 200 2305 "https://www.google.com/" "Mozilla/5.0 (X11; Linux x86_64) AppleWebKit/537.36 (KHTML, like Gecko) Chrome/101.0.4951.67 Safari/537.36" 501 **0/501791**
57.141.6.11 - - [16/Mar/2026:06:50:04 -0700] "GET /products/3-rv-and-other-applications-toyo-tires/29543029/ HTTP/2.0" 200 63518 "-" "meta-externalagent/1.1 (+https://developers.facebook.com/docs/sharing/webmasters/crawler)" 282 **0/282914**
74.7.241.2 - - [16/Mar/2026:06:50:05 -0700] "GET /sitemap.xml?path=//proc/4105076/root/lib/.build-id/4f HTTP/2.0" 200 3122 "https://statusplan.com/sitemap.xml?path=//proc/4105076/root/lib/.build-id" "Mozilla/5.0 AppleWebKit/537.36 (KHTML, like Gecko; compatible; GPTBot/1.3; +https://openai.com/gptbot)" 272 **0/272573**
216.73.216.178 - - [16/Mar/2026:06:50:05 -0700] "GET /sitemap.xml?path=%2Fhome%2Fworkshopbrain%2Fpublic_html%2Fstatusplan.com%2Fwp-content%2Fplugins%2Fresponsive-youtube-vimeo-popup HTTP/2.0" 200 2882 "-" "Mozilla/5.0 AppleWebKit/537.36 (KHTML, like Gecko; compatible; ClaudeBot/1.0; +claudebot@anthropic.com)" 277 **0/277271**
96.33.36.28 - - [16/Mar/2026:06:50:05 -0700] "GET /?fileloc=%2F%2Fproc%2F1028325%2Froot%2Fusr%2Fbin%2Fgcc-ar&path=%2F%2Fproc%2F1028325%2Froot%2Fusr%2Fbin HTTP/2.0" 200 2293 "https://www.statusplan.com/" "Mozilla/5.0 (Macintosh; Intel Mac OS X 10_15_7) AppleWebKit/537.36 (KHTML, like Gecko) Chrome/108.0.0.0 Safari/537.36" 333 **0/333605**
57.141.6.17 - - [16/Mar/2026:06:50:05 -0700] "GET /products/2018-2021-honda-accord-stage-1-intake/28807147/ HTTP/2.0" 200 63518 "-" "meta-externalagent/1.1 (+https://developers.facebook.com/docs/sharing/webmasters/crawler)" 391 **0/391178**
216.73.216.178 - - [16/Mar/2026:06:50:08 -0700] "GET /sitemap.xml?fileloc=%2Fhome%2Fworkshopbrain%2Fpublic_html%2Fstatusplan.com%2Fwp-admin%2Fjs%2Fcustomize-controls.min.js&path=%2Fhome%2Fworkshopbrain%2Fpublic_html%2Fstatusplan.com%2Fwp-admin%2Fjs HTTP/2.0" 200 30617 "-" "Mozilla/5.0 AppleWebKit/537.36 (KHTML, like Gecko; compatible; ClaudeBot/1.0; +claudebot@anthropic.com)" 265 **0/265996**
74.7.241.2 - - [16/Mar/2026:06:50:08 -0700] "GET /sitemap.xml?path=//proc/4105076/root/lib/.build-id/e9 HTTP/2.0" 200 3248 "https://statusplan.com/sitemap.xml?path=//proc/4105076/root/lib/.build-id" "Mozilla/5.0 AppleWebKit/537.36 (KHTML, like Gecko; compatible; GPTBot/1.3; +https://openai.com/gptbot)" 297 **0/297896**
66.249.68.137 - - [16/Mar/2026:06:50:10 -0700] "GET /?products/true-religion-grey-and-black-ricky-straight-pants/13406503/ HTTP/1.1" 200 21243 "-" "Mozilla/5.0 (Linux; Android 6.0.1; Nexus 5X Build/MMB29P) AppleWebKit/537.36 (KHTML, like Gecko) Chrome/145.0.7632.116 Mobile Safari/537.36 (compatible; Googlebot/2.1; +http://www.google.com/bot.html)" 285 **0/285229**
57.141.6.63 - - [16/Mar/2026:06:50:11 -0700] "GET /products/27555r20-atlander-at-a-set-of-four-new-tires-ask-me-any-size/9454072/ HTTP/2.0" 200 63518 "-" "meta-externalagent/1.1 (+https://developers.facebook.com/docs/sharing/webmasters/crawler)" 286 **0/286044**
216.73.216.178 - - [16/Mar/2026:06:50:11 -0700] "GET /sitemap.xml?fileloc=%2Fhome%2Fworkshopbrain%2Fpublic_html%2Fmis%2Fsign-up.php&path=%2Fhome%2Fworkshopbrain%2Fpublic_html%2Fmis HTTP/2.0" 200 2436 "-" "Mozilla/5.0 AppleWebKit/537.36 (KHTML, like Gecko; compatible; ClaudeBot/1.0; +claudebot@anthropic.com)" 254 **0/254307**
74.7.241.2 - - [16/Mar/2026:06:50:11 -0700] "GET /sitemap.xml?path=//proc/4105076/root/lib/.build-id/f9 HTTP/2.0" 200 3137 "https://statusplan.com/sitemap.xml?path=//proc/4105076/root/lib/.build-id" "Mozilla/5.0 AppleWebKit/537.36 (KHTML, like Gecko; compatible; GPTBot/1.3; +https://openai.com/gptbot)" 337 **0/337519**
57.141.6.26 - - [16/Mar/2026:06:50:12 -0700] "GET /products/120-in-uplandontario-2026-02-bmw-cas4-smart-proximity-key-co/38991853/ HTTP/2.0" 200 63518 "-" "meta-externalagent/1.1 (+https://developers.facebook.com/docs/sharing/webmasters/crawler)" 260 **0/260169**
216.73.216.178 - - [16/Mar/2026:06:50:14 -0700] "GET /sitemap.xml?fileloc=%2Fhome%2Fworkshopbrain%2Fpublic_html%2Fstatusplan.com%2Fwp-content%2Fplugins%2Fstarter-1771847594.php&path=%2Fhome%2Fworkshopbrain%2Fpublic_html%2Fstatusplan.com%2Fwp-content%2Fplugins HTTP/2.0" 200 2313 "-" "Mozilla/5.0 AppleWebKit/537.36 (KHTML, like Gecko; compatible; ClaudeBot/1.0; +claudebot@anthropic.com)" 300 **0/300106**
74.7.241.2 - - [16/Mar/2026:06:50:15 -0700] "GET /sitemap.xml?path=//proc/4105076/root/lib/.build-id/3c HTTP/2.0" 200 3286 "https://statusplan.com/sitemap.xml?path=//proc/4105076/root/lib/.build-id" "Mozilla/5.0 AppleWebKit/537.36 (KHTML, like Gecko; compatible; GPTBot/1.3; +https://openai.com/gptbot)" 282 **0/282429**
57.141.6.66 - - [16/Mar/2026:06:50:15 -0700] "GET /products/fendi-weekender/49586857/ HTTP/2.0" 200 63518 "-" "meta-externalagent/1.1 (+https://developers.facebook.com/docs/sharing/webmasters/crawler)" 275 **0/275975**
57.141.6.12 - - [16/Mar/2026:06:50:16 -0700] "GET /products/vendo-mi-rines-con-todo-y-yantas-20-yo-los-traa-en-un-honda/25148359/ HTTP/2.0" 200 63518 "-" "meta-externalagent/1.1 (+https://developers.facebook.com/docs/sharing/webmasters/crawler)" 265 **0/265246**
57.141.6.12 - - [16/Mar/2026:06:50:17 -0700] "GET /products/bicycle-for-sale/39390055/ HTTP/2.0" 200 63518 "-" "meta-externalagent/1.1 (+https://developers.facebook.com/docs/sharing/webmasters/crawler)" 245 **0/245855**
216.73.216.178 - - [16/Mar/2026:06:50:17 -0700] "GET /sitemap.xml?fileloc=%2Fhome%2Fworkshopbrain%2Fpublic_html%2Fstatusplan.com%2Fwp-admin%2Fmedia-new-condition.php&path=%2Fhome%2Fworkshopbrain%2Fpublic_html%2Fstatusplan.com%2Fwp-admin HTTP/2.0" 200 2298 "-" "Mozilla/5.0 AppleWebKit/537.36 (KHTML, like Gecko; compatible; ClaudeBot/1.0; +claudebot@anthropic.com)" 238 **0/238991**
74.7.241.2 - - [16/Mar/2026:06:50:18 -0700] "GET /sitemap.xml?path=//proc/4105076/root/lib/.build-id/7f HTTP/2.0" 200 3200 "https://statusplan.com/sitemap.xml?path=//proc/4105076/root/lib/.build-id" "Mozilla/5.0 AppleWebKit/537.36 (KHTML, like Gecko; compatible; GPTBot/1.3; +https://openai.com/gptbot)" 277 **0/277618**
57.141.6.47 - - [16/Mar/2026:06:50:19 -0700] "GET /products/tony-kart-cadet-rookie-kart-shifter-kart/36875095/ HTTP/2.0" 200 63518 "-" "meta-externalagent/1.1 (+https://developers.facebook.com/docs/sharing/webmasters/crawler)" 244 **0/244409**
57.141.6.15 - - [16/Mar/2026:06:50:20 -0700] "GET /products/computer-ipad-bag16-l13-width/30608317/ HTTP/2.0" 200 63518 "-" "meta-externalagent/1.1 (+https://developers.facebook.com/docs/sharing/webmasters/crawler)" 406 **0/406747**
216.73.216.178 - - [16/Mar/2026:06:50:20 -0700] "GET /sitemap.xml?fileloc=%2Fhome%2Fworkshopbrain%2Fpublic_html%2Fstatusplan.com%2Fwp-admin%2Fjs%2F.htaccess&path=%2Fhome%2Fworkshopbrain%2Fpublic_html%2Fstatusplan.com%2Fwp-admin%2Fjs HTTP/2.0" 200 2515 "-" "Mozilla/5.0 AppleWebKit/537.36 (KHTML, like Gecko; compatible; ClaudeBot/1.0; +claudebot@anthropic.com)" 266 **0/266702**
74.7.241.2 - - [16/Mar/2026:06:50:21 -0700] "GET /sitemap.xml?path=//proc/4105076/root/lib/.build-id/f3 HTTP/2.0" 200 2999 "https://statusplan.com/sitemap.xml?path=//proc/4105076/root/lib/.build-id" "Mozilla/5.0 AppleWebKit/537.36 (KHTML, like Gecko; compatible; GPTBot/1.3; +https://openai.com/gptbot)" 283 **0/283327**
190.185.69.29 - - [16/Mar/2026:06:50:22 -0700] "GET /1win-colombia-340/?path=%2F%2Flib%2Flocale%2Fde_LI.utf8 HTTP/2.0" 200 2992 "https://www.yandex.com/" "Mozilla/5.0 (Windows NT 10.0; Win64; x64) AppleWebKit/537.36 (KHTML, like Gecko) Chrome/132.0.0.0 Safari/537.36 Edg/132.0.0.0" 313 **0/313721**
216.73.216.178 - - [16/Mar/2026:06:50:23 -0700] "GET /sitemap.xml?fileloc=%2Fhome%2Fworkshopbrain%2Fpublic_html%2Fstatusplan.com%2Fcgi-bin%2Fxbjomkjk.php&path=%2Fhome%2Fworkshopbrain%2Fpublic_html%2Fstatusplan.com%2Fcgi-bin HTTP/2.0" 200 2294 "-" "Mozilla/5.0 AppleWebKit/537.36 (KHTML, like Gecko; compatible; ClaudeBot/1.0; +claudebot@anthropic.com)" 253 **0/253713**
57.141.6.17 - - [16/Mar/2026:06:50:23 -0700] "GET /products/pradas-glasses/26851354/ HTTP/2.0" 200 63518 "-" "meta-externalagent/1.1 (+https://developers.facebook.com/docs/sharing/webmasters/crawler)" 265 **0/265260**
74.7.241.2 - - [16/Mar/2026:06:50:24 -0700] "GET /sitemap.xml?fileloc=//proc/4105076/root/lib/.build-id/f5/09129b3905b47b7f6753c6844d74cb0b3e35bc&path=//proc/4105076/root/lib/.build-id/f5 HTTP/2.0" 200 2327 "https://statusplan.com/sitemap.xml?path=//proc/4105076/root/lib/.build-id/f5" "Mozilla/5.0 AppleWebKit/537.36 (KHTML, like Gecko; compatible; GPTBot/1.3; +https://openai.com/gptbot)" 247 **0/247593**
47.128.120.233 - - [16/Mar/2026:06:50:25 -0700] "GET /?path=%2F%2Fusr%2Fshare%2Flocale%2Fsa HTTP/2.0" 200 2578 "-" "Mozilla/5.0 (Linux; Android 5.0) AppleWebKit/537.36 (KHTML, like Gecko) Mobile Safari/537.36 (compatible; TikTokSpider; ttspider-feedback@tiktok.com)" 512 **0/512214**
96.33.36.28 - - [16/Mar/2026:06:50:26 -0700] "GET /?fileloc=%2Fhome%2Fworkshopbrain%2Fpublic_html%2Flocalleasing%2Fwp-admin%2Fmenu-header.php&path=%2Fhome%2Fworkshopbrain%2Fpublic_html%2Flocalleasing%2Fwp-admin HTTP/2.0" 200 4908 "https://www.statusplan.com/" "Mozilla/5.0 (Macintosh; Intel Mac OS X 10_15_7) AppleWebKit/537.36 (KHTML, like Gecko) Chrome/108.0.0.0 Safari/537.36" 322 **0/322304**
216.73.216.178 - - [16/Mar/2026:06:50:26 -0700] "GET /sitemap.xml?fileloc=%2Fhome%2Fworkshopbrain%2F.cpanel%2Fnvdata.cache&path=%2Fhome%2Fworkshopbrain%2F.cpanel HTTP/2.0" 200 2765 "-" "Mozilla/5.0 AppleWebKit/537.36 (KHTML, like Gecko; compatible; ClaudeBot/1.0; +claudebot@anthropic.com)" 270 **0/270511**
74.7.241.2 - - [16/Mar/2026:06:50:27 -0700] "GET /sitemap.xml?path=//proc/4105076/root/lib/.build-id/9c HTTP/2.0" 200 3212 "https://statusplan.com/sitemap.xml?path=//proc/4105076/root/lib/.build-id" "Mozilla/5.0 AppleWebKit/537.36 (KHTML, like Gecko; compatible; GPTBot/1.3; +https://openai.com/gptbot)" 241 **0/241648**
216.73.216.178 - - [16/Mar/2026:06:50:29 -0700] "GET /sitemap.xml?fileloc=%2Fhome%2Fworkshopbrain%2Fpublic_html%2Frcc%2Ferror_log&path=%2Fhome%2Fworkshopbrain%2Fpublic_html%2Frcc HTTP/2.0" 200 86142 "-" "Mozilla/5.0 AppleWebKit/537.36 (KHTML, like Gecko; compatible; ClaudeBot/1.0; +claudebot@anthropic.com)" 480 **0/480397**
96.33.36.28 - - [16/Mar/2026:06:50:29 -0700] "GET /?fileloc=%2Fhome%2Fworkshopbrain%2Fpublic_html%2Fbatteryatl%2Fwp-includes%2Fwp-diff.php&path=%2Fhome%2Fworkshopbrain%2Fpublic_html%2Fbatteryatl%2Fwp-includes HTTP/2.0" 200 2530 "https://www.statusplan.com/" "Mozilla/5.0 (Macintosh; Intel Mac OS X 10_15_7) AppleWebKit/537.36 (KHTML, like Gecko) Chrome/108.0.0.0 Safari/537.36" 341 **0/341436**
74.7.241.2 - - [16/Mar/2026:06:50:30 -0700] "GET /sitemap.xml?path=//proc/4105076/root/lib/.build-id/e8 HTTP/2.0" 200 3263 "https://statusplan.com/sitemap.xml?path=//proc/4105076/root/lib/.build-id" "Mozilla/5.0 AppleWebKit/537.36 (KHTML, like Gecko; compatible; GPTBot/1.3; +https://openai.com/gptbot)" 499 **0/499012**
57.141.6.68 - - [16/Mar/2026:06:50:31 -0700] "GET /products/essentials-hoodies/13631287/ HTTP/2.0" 200 63518 "-" "meta-externalagent/1.1 (+https://developers.facebook.com/docs/sharing/webmasters/crawler)" 270 **0/270182**
216.73.216.178 - - [16/Mar/2026:06:50:32 -0700] "GET /sitemap.xml?fileloc=%2F%2Fsbin%2Fdnssec-verify&path=%2F%2Fsbin HTTP/2.0" 200 2256 "-" "Mozilla/5.0 AppleWebKit/537.36 (KHTML, like Gecko; compatible; ClaudeBot/1.0; +claudebot@anthropic.com)" 433 **0/433335**
57.141.6.8 - - [16/Mar/2026:06:50:34 -0700] "GET /products/jordan-6/17910856/ HTTP/2.0" 200 63518 "-" "meta-externalagent/1.1 (+https://developers.facebook.com/docs/sharing/webmasters/crawler)" 251 **0/251124**
74.7.241.2 - - [16/Mar/2026:06:50:34 -0700] "GET /sitemap.xml?path=//proc/4105076/root/lib/.build-id/e3 HTTP/2.0" 200 3063 "https://statusplan.com/sitemap.xml?path=//proc/4105076/root/lib/.build-id" "Mozilla/5.0 AppleWebKit/537.36 (KHTML, like Gecko; compatible; GPTBot/1.3; +https://openai.com/gptbot)" 273 **0/273049**
57.141.6.24 - - [16/Mar/2026:06:50:34 -0700] "GET /products/pool-pump-installation/23194309/ HTTP/2.0" 200 63518 "-" "meta-externalagent/1.1 (+https://developers.facebook.com/docs/sharing/webmasters/crawler)" 463 **0/463778**
96.33.36.28 - - [16/Mar/2026:06:50:34 -0700] "GET /?fileloc=%2Fhome%2Fworkshopbrain%2Fpublic_html%2Flocalleasing%2Fwp-admin%2Fcss%2Fsite-icon-rtl.css&path=%2Fhome%2Fworkshopbrain%2Fpublic_html%2Flocalleasing%2Fwp-admin%2Fcss HTTP/2.0" 200 2552 "https://www.statusplan.com/" "Mozilla/5.0 (Macintosh; Intel Mac OS X 10_15_7) AppleWebKit/537.36 (KHTML, like Gecko) Chrome/108.0.0.0 Safari/537.36" 850 **0/850217**
216.73.216.178 - - [16/Mar/2026:06:50:35 -0700] "GET /sitemap.xml?path=%2Fhome%2Fworkshopbrain%2Fpublic_html%2Fstatusplan.com%2Fwp-content%2Fplugins%2Faccelerated-registration-rebuild HTTP/2.0" 200 2746 "-" "Mozilla/5.0 AppleWebKit/537.36 (KHTML, like Gecko; compatible; ClaudeBot/1.0; +claudebot@anthropic.com)" 260 **0/260679**
74.7.241.2 - - [16/Mar/2026:06:50:37 -0700] "GET /sitemap.xml?path=//proc/4105076/root/lib/.build-id/2e HTTP/2.0" 200 3098 "https://statusplan.com/sitemap.xml?path=//proc/4105076/root/lib/.build-id" "Mozilla/5.0 AppleWebKit/537.36 (KHTML, like Gecko; compatible; GPTBot/1.3; +https://openai.com/gptbot)" 288 **0/288741**
190.185.69.29 - - [16/Mar/2026:06:50:37 -0700] "GET /?fileloc=%2F%2Fusr%2Fbin%2Fhunspell&path=%2F%2Fusr%2Fbin HTTP/2.0" 200 2264 "https://www.statusplan.com/" "Mozilla/5.0 (Windows NT 10.0; Win64; x64) AppleWebKit/537.36 (KHTML, like Gecko) Chrome/132.0.0.0 Safari/537.36 Edg/132.0.0.0" 331 **0/331377**
57.141.6.10 - - [16/Mar/2026:06:50:39 -0700] "GET /products/queen-bed/9004798/ HTTP/2.0" 200 63518 "-" "meta-externalagent/1.1 (+https://developers.facebook.com/docs/sharing/webmasters/crawler)" 504 **0/504464**
74.7.241.2 - - [16/Mar/2026:06:50:40 -0700] "GET /sitemap.xml?path=//proc/4105076/root/lib/.build-id/3e HTTP/2.0" 200 2902 "https://statusplan.com/sitemap.xml?path=//proc/4105076/root/lib/.build-id" "Mozilla/5.0 AppleWebKit/537.36 (KHTML, like Gecko; compatible; GPTBot/1.3; +https://openai.com/gptbot)" 261 **0/261575**
216.73.216.178 - - [16/Mar/2026:06:50:40 -0700] "GET /sitemap.xml?fileloc=%2Fhome%2Fworkshopbrain%2Faccess-logs%2Fddcm.workshop-mg.com-ssl_log&path=%2Fhome%2Fworkshopbrain%2Faccess-logs HTTP/2.0" 200 2282 "-" "Mozilla/5.0 AppleWebKit/537.36 (KHTML, like Gecko; compatible; ClaudeBot/1.0; +claudebot@anthropic.com)" 275 **0/275471**
74.7.241.2 - - [16/Mar/2026:06:50:43 -0700] "GET /sitemap.xml?path=//proc/4105076/root/lib/.build-id/6f HTTP/2.0" 200 3420 "https://statusplan.com/sitemap.xml?path=//proc/4105076/root/lib/.build-id" "Mozilla/5.0 AppleWebKit/537.36 (KHTML, like Gecko; compatible; GPTBot/1.3; +https://openai.com/gptbot)" 264 **0/264941**
216.73.216.178 - - [16/Mar/2026:06:50:43 -0700] "GET /sitemap.xml?fileloc=%2Fhome%2Fworkshopbrain%2Fpublic_html%2Fpdc%2Fwp-links-opml.php&path=%2Fhome%2Fworkshopbrain%2Fpublic_html%2Fpdc HTTP/2.0" 200 3307 "-" "Mozilla/5.0 AppleWebKit/537.36 (KHTML, like Gecko; compatible; ClaudeBot/1.0; +claudebot@anthropic.com)" 458 **0/458614**
57.141.6.26 - - [16/Mar/2026:06:50:43 -0700] "GET /products/xmax-roller-with-extra-parts/28264717/ HTTP/2.0" 200 63518 "-" "meta-externalagent/1.1 (+https://developers.facebook.com/docs/sharing/webmasters/crawler)" 272 **0/272740**
57.141.6.23 - - [16/Mar/2026:06:50:45 -0700] "GET /products/makita-4ah-18v-battery-price-is-for-each/45737410/ HTTP/2.0" 200 63518 "-" "meta-externalagent/1.1 (+https://developers.facebook.com/docs/sharing/webmasters/crawler)" 299 **0/299304**
57.141.6.39 - - [16/Mar/2026:06:50:45 -0700] "GET /products/iphones/17013946/ HTTP/2.0" 200 63518 "-" "meta-externalagent/1.1 (+https://developers.facebook.com/docs/sharing/webmasters/crawler)" 272 **0/272700**
216.73.216.178 - - [16/Mar/2026:06:50:46 -0700] "GET /sitemap.xml?fileloc=%2Fhome%2Fworkshopbrain%2F.mysql_backup%2Fworkshp3_wor1.sql.gz&path=%2Fhome%2Fworkshopbrain%2F.mysql_backup HTTP/2.0" 200 2283 "-" "Mozilla/5.0 AppleWebKit/537.36 (KHTML, like Gecko; compatible; ClaudeBot/1.0; +claudebot@anthropic.com)" 298 **0/298024**
74.7.241.2 - - [16/Mar/2026:06:50:46 -0700] "GET /sitemap.xml?path=//proc/4105076/root/lib/.build-id/1f HTTP/2.0" 200 3103 "https://statusplan.com/sitemap.xml?path=//proc/4105076/root/lib/.build-id" "Mozilla/5.0 AppleWebKit/537.36 (KHTML, like Gecko; compatible; GPTBot/1.3; +https://openai.com/gptbot)" 259 **0/259042**
57.141.6.54 - - [16/Mar/2026:06:50:48 -0700] "GET /products/koi-scrub-set-medium/48812209/ HTTP/2.0" 200 63518 "-" "meta-externalagent/1.1 (+https://developers.facebook.com/docs/sharing/webmasters/crawler)" 277 **0/277196**
216.73.216.178 - - [16/Mar/2026:06:50:49 -0700] "GET /sitemap.xml?fileloc=%2Fhome%2Fworkshopbrain%2Fpublic_html%2Fstatusplan.com%2Fwp-admin%2Fjs%2Fsvg-painter.min.js&path=%2Fhome%2Fworkshopbrain%2Fpublic_html%2Fstatusplan.com%2Fwp-admin%2Fjs HTTP/2.0" 200 3573 "-" "Mozilla/5.0 AppleWebKit/537.36 (KHTML, like Gecko; compatible; ClaudeBot/1.0; +claudebot@anthropic.com)" 282 **0/282543**
74.7.241.2 - - [16/Mar/2026:06:50:49 -0700] "GET /sitemap.xml?path=//proc/4105076/root/lib/.build-id/f7 HTTP/2.0" 200 3004 "https://statusplan.com/sitemap.xml?path=//proc/4105076/root/lib/.build-id" "Mozilla/5.0 AppleWebKit/537.36 (KHTML, like Gecko; compatible; GPTBot/1.3; +https://openai.com/gptbot)" 739 **0/739085**
47.128.120.167 - - [16/Mar/2026:06:50:50 -0700] "GET /?fileloc=%2F%2Flib%2F.build-id%2Ff6%2Fd43e4c05b2c3de308ed52778dcdf58d9dd4c01&path=%2F%2Flib%2F.build-id%2Ff6 HTTP/2.0" 200 2296 "-" "Mozilla/5.0 (Linux; Android 5.0) AppleWebKit/537.36 (KHTML, like Gecko) Mobile Safari/537.36 (compatible; TikTokSpider; ttspider-feedback@tiktok.com)" 260 **0/260181**
57.141.6.39 - - [16/Mar/2026:06:50:51 -0700] "GET /products/dining-table-set-with-bench/36268048/ HTTP/2.0" 200 63518 "-" "meta-externalagent/1.1 (+https://developers.facebook.com/docs/sharing/webmasters/crawler)" 247 **0/247946**
216.73.216.178 - - [16/Mar/2026:06:50:52 -0700] "GET /sitemap.xml?fileloc=%2Fhome%2Fworkshopbrain%2Fpublic_html%2Fstatusplan.com%2Fwp-content%2F.htaccess&path=%2Fhome%2Fworkshopbrain%2Fpublic_html%2Fstatusplan.com%2Fwp-content HTTP/2.0" 200 2509 "-" "Mozilla/5.0 AppleWebKit/537.36 (KHTML, like Gecko; compatible; ClaudeBot/1.0; +claudebot@anthropic.com)" 262 **0/262025**
74.7.241.2 - - [16/Mar/2026:06:50:52 -0700] "GET /sitemap.xml?path=//proc/4105076/root/lib/.build-id/f6 HTTP/2.0" 200 3455 "https://statusplan.com/sitemap.xml?path=//proc/4105076/root/lib/.build-id" "Mozilla/5.0 AppleWebKit/537.36 (KHTML, like Gecko; compatible; GPTBot/1.3; +https://openai.com/gptbot)" 291 **0/291263**
57.141.6.68 - - [16/Mar/2026:06:50:53 -0700] "GET /products/twin-size-bed-frame-only/27272740/ HTTP/2.0" 200 63518 "-" "meta-externalagent/1.1 (+https://developers.facebook.com/docs/sharing/webmasters/crawler)" 255 **0/255128**
216.73.216.178 - - [16/Mar/2026:06:50:55 -0700] "GET /sitemap.xml?fileloc=%2Fhome%2Fworkshopbrain%2Fpublic_html%2F.htaccess.disabled&path=%2Fhome%2Fworkshopbrain%2Fpublic_html HTTP/2.0" 200 2551 "-" "Mozilla/5.0 AppleWebKit/537.36 (KHTML, like Gecko; compatible; ClaudeBot/1.0; +claudebot@anthropic.com)" 234 **0/234443**
57.141.6.44 - - [16/Mar/2026:06:50:55 -0700] "GET /products/new-5-ton-ac-evaporator-coil-for-carrier-goodman-air-conditi/19896742/ HTTP/2.0" 200 63518 "-" "meta-externalagent/1.1 (+https://developers.facebook.com/docs/sharing/webmasters/crawler)" 256 **0/256722**
74.7.241.2 - - [16/Mar/2026:06:50:55 -0700] "GET /sitemap.xml?path=//proc/4105076/root/lib/.build-id/9f HTTP/2.0" 200 3254 "https://statusplan.com/sitemap.xml?path=//proc/4105076/root/lib/.build-id" "Mozilla/5.0 AppleWebKit/537.36 (KHTML, like Gecko; compatible; GPTBot/1.3; +https://openai.com/gptbot)" 245 **0/245958**
66.249.68.137 - - [16/Mar/2026:06:50:57 -0700] "GET /?products/handbag/17372542/ HTTP/1.1" 200 21747 "-" "Mozilla/5.0 (Linux; Android 6.0.1; Nexus 5X Build/MMB29P) AppleWebKit/537.36 (KHTML, like Gecko) Chrome/145.0.7632.116 Mobile Safari/537.36 (compatible; Googlebot/2.1; +http://www.google.com/bot.html)" 227 **0/227647**
216.73.216.178 - - [16/Mar/2026:06:50:58 -0700] "GET /sitemap.xml?fileloc=%2F%2Fsbin%2Fdnssec-revoke&path=%2F%2Fsbin HTTP/2.0" 200 2256 "-" "Mozilla/5.0 AppleWebKit/537.36 (KHTML, like Gecko; compatible; ClaudeBot/1.0; +claudebot@anthropic.com)" 259 **0/259869**
74.7.241.2 - - [16/Mar/2026:06:50:59 -0700] "GET /sitemap.xml?path=//proc/4105076/root/lib/.build-id/5f HTTP/2.0" 200 3047 "https://statusplan.com/sitemap.xml?path=//proc/4105076/root/lib/.build-id" "Mozilla/5.0 AppleWebKit/537.36 (KHTML, like Gecko; compatible; GPTBot/1.3; +https://openai.com/gptbot)" 262 **0/262021**
57.141.6.42 - - [16/Mar/2026:06:50:59 -0700] "GET /products/este-mes-de-diciembre-en-especial-nuevo-de-alta-presion/34886647/ HTTP/2.0" 200 63518 "-" "meta-externalagent/1.1 (+https://developers.facebook.com/docs/sharing/webmasters/crawler)" 290 **0/290566**
57.141.6.53 - - [16/Mar/2026:06:51:01 -0700] "GET /products/fiat-allis-645b-wheel-loader/17510386/ HTTP/2.0" 200 63518 "-" "meta-externalagent/1.1 (+https://developers.facebook.com/docs/sharing/webmasters/crawler)" 379 **0/379454**
216.73.216.178 - - [16/Mar/2026:06:51:01 -0700] "GET /sitemap.xml?fileloc=%2Fhome%2Fworkshopbrain%2Faccess-logs%2Fddcm.workshop-mg.com&path=%2Fhome%2Fworkshopbrain%2Faccess-logs HTTP/2.0" 200 2280 "-" "Mozilla/5.0 AppleWebKit/537.36 (KHTML, like Gecko; compatible; ClaudeBot/1.0; +claudebot@anthropic.com)" 351 **0/351618**
74.7.241.2 - - [16/Mar/2026:06:51:02 -0700] "GET /sitemap.xml?path=//proc/4105076/root/lib/.build-id/8e HTTP/2.0" 200 3047 "https://statusplan.com/sitemap.xml?path=//proc/4105076/root/lib/.build-id" "Mozilla/5.0 AppleWebKit/537.36 (KHTML, like Gecko; compatible; GPTBot/1.3; +https://openai.com/gptbot)" 289 **0/289746**
216.73.216.178 - - [16/Mar/2026:06:51:04 -0700] "GET /sitemap.xml?fileloc=%2Fhome%2Fworkshopbrain%2Fpublic_html%2Fmis%2Ffavicon.ico&path=%2Fhome%2Fworkshopbrain%2Fpublic_html%2Fmis HTTP/2.0" 200 2268 "-" "Mozilla/5.0 AppleWebKit/537.36 (KHTML, like Gecko; compatible; ClaudeBot/1.0; +claudebot@anthropic.com)" 281 **0/281828**
74.7.241.2 - - [16/Mar/2026:06:51:05 -0700] "GET /sitemap.xml?path=//proc/4105076/root/var/www/cgi-bin HTTP/2.0" 200 2608 "https://statusplan.com/sitemap.xml?path=//proc/4105076/root/var/www" "Mozilla/5.0 AppleWebKit/537.36 (KHTML, like Gecko; compatible; GPTBot/1.3; +https://openai.com/gptbot)" 251 **0/251201**
57.141.6.8 - - [16/Mar/2026:06:51:05 -0700] "GET /products/mini-split-air-conditioning/40720804/ HTTP/2.0" 200 63518 "-" "meta-externalagent/1.1 (+https://developers.facebook.com/docs/sharing/webmasters/crawler)" 248 **0/248818**
216.73.216.178 - - [16/Mar/2026:06:51:07 -0700] "GET /sitemap.xml?fileloc=%2Fhome%2Fworkshopbrain%2Fpublic_html%2Fstatusplan.com%2F.tmb%2Fmlnbeppn.php&path=%2Fhome%2Fworkshopbrain%2Fpublic_html%2Fstatusplan.com%2F.tmb HTTP/2.0" 200 2291 "-" "Mozilla/5.0 AppleWebKit/537.36 (KHTML, like Gecko; compatible; ClaudeBot/1.0; +claudebot@anthropic.com)" 266 **0/266703**
74.7.241.2 - - [16/Mar/2026:06:51:08 -0700] "GET /sitemap.xml?path=//proc/4105076/root/lib/.build-id/db HTTP/2.0" 200 3499 "https://statusplan.com/sitemap.xml?path=//proc/4105076/root/lib/.build-id" "Mozilla/5.0 AppleWebKit/537.36 (KHTML, like Gecko; compatible; GPTBot/1.3; +https://openai.com/gptbot)" 286 **0/286435**
57.141.6.52 - - [16/Mar/2026:06:51:09 -0700] "GET /products/chub-to-h-plus-son/48440929/ HTTP/2.0" 200 63518 "-" "meta-externalagent/1.1 (+https://developers.facebook.com/docs/sharing/webmasters/crawler)" 283 **0/283113**
54.39.210.59 - - [16/Mar/2026:06:51:10 -0700] "GET /category/1win-online-916/ HTTP/2.0" 200 3566 "-" "Mozilla/5.0 (compatible; AhrefsBot/7.0; +http://ahrefs.com/robot/)" 249 **0/249758**
216.73.216.178 - - [16/Mar/2026:06:51:10 -0700] "GET /sitemap.xml?fileloc=%2Fhome%2Fworkshopbrain%2Fpublic_html%2Frcc%2F.htaccess&path=%2Fhome%2Fworkshopbrain%2Fpublic_html%2Frcc HTTP/2.0" 200 2272 "-" "Mozilla/5.0 AppleWebKit/537.36 (KHTML, like Gecko; compatible; ClaudeBot/1.0; +claudebot@anthropic.com)" 286 **0/286533**
57.141.6.8 - - [16/Mar/2026:06:51:11 -0700] "GET /products/chamarra-raiders-xl/34163764/ HTTP/2.0" 200 63518 "-" "meta-externalagent/1.1 (+https://developers.facebook.com/docs/sharing/webmasters/crawler)" 268 **0/268735**
74.7.241.2 - - [16/Mar/2026:06:51:11 -0700] "GET /sitemap.xml?path=//proc/4105076/root/lib/.build-id/ea HTTP/2.0" 200 3296 "https://statusplan.com/sitemap.xml?path=//proc/4105076/root/lib/.build-id" "Mozilla/5.0 AppleWebKit/537.36 (KHTML, like Gecko; compatible; GPTBot/1.3; +https://openai.com/gptbot)" 265 **0/265610**
185.28.254.188 - - [16/Mar/2026:06:51:12 -0700] "POST /xmlrpc.php HTTP/1.1" 403 63518 "-" "Mozilla/5.0 (Windows NT 10.0; WOW64) AppleWebKit/537.36 (KHTML, like Gecko) Chrome/114.0.0.0 Safari/537.36 Vivaldi/5.3.2679.68" 317 **0/317405**
57.141.6.17 - - [16/Mar/2026:06:51:13 -0700] "GET /products/fusion-124-10-4-kayak/23252563/ HTTP/2.0" 200 63518 "-" "meta-externalagent/1.1 (+https://developers.facebook.com/docs/sharing/webmasters/crawler)" 287 **0/287302**
216.73.216.178 - - [16/Mar/2026:06:51:13 -0700] "GET /sitemap.xml?fileloc=%2Fhome%2Fworkshopbrain%2Fpublic_html%2Flocalleasing%2Fwp-load.php&path=%2Fhome%2Fworkshopbrain%2Fpublic_html%2Flocalleasing HTTP/2.0" 200 3660 "-" "Mozilla/5.0 AppleWebKit/537.36 (KHTML, like Gecko; compatible; ClaudeBot/1.0; +claudebot@anthropic.com)" 489 **0/489731**
57.141.6.20 - - [16/Mar/2026:06:51:14 -0700] "GET /products/levi-vest-jacket/28685977/ HTTP/2.0" 200 63518 "-" "meta-externalagent/1.1 (+https://developers.facebook.com/docs/sharing/webmasters/crawler)" 259 **0/259756**
47.128.120.240 - - [16/Mar/2026:06:51:14 -0700] "GET /?fileloc=%2F%2Flib%2Fsystemd%2Fsystem%2Funbound-anchor.timer&path=%2F%2Flib%2Fsystemd%2Fsystem HTTP/2.0" 200 2481 "-" "Mozilla/5.0 (Linux; Android 5.0) AppleWebKit/537.36 (KHTML, like Gecko) Mobile Safari/537.36 (compatible; TikTokSpider; ttspider-feedback@tiktok.com)" 244 **0/244851**
74.7.241.2 - - [16/Mar/2026:06:51:14 -0700] "GET /sitemap.xml?path=//proc/4105076/root/lib/.build-id/ac HTTP/2.0" 200 3280 "https://statusplan.com/sitemap.xml?path=//proc/4105076/root/lib/.build-id" "Mozilla/5.0 AppleWebKit/537.36 (KHTML, like Gecko; compatible; GPTBot/1.3; +https://openai.com/gptbot)" 381 **0/381149**
114.119.137.180 - - [16/Mar/2026:06:51:16 -0700] "GET /?p=8957 HTTP/1.1" 200 4180 "-" "Mozilla/5.0 (Linux; Android 7.0;) AppleWebKit/537.36 (KHTML, like Gecko) Mobile Safari/537.36 (compatible; PetalBot;+https://webmaster.petalsearch.com/site/petalbot)" 278 **0/278935**
57.141.6.71 - - [16/Mar/2026:06:51:16 -0700] "GET /products/charmeleon-169165-scarlet-violet-151-japanese-illustration-r/29680033/ HTTP/2.0" 200 63518 "-" "meta-externalagent/1.1 (+https://developers.facebook.com/docs/sharing/webmasters/crawler)" 347 **0/347060**
216.73.216.178 - - [16/Mar/2026:06:51:16 -0700] "GET /sitemap.xml?fileloc=%2Fhome%2Fworkshopbrain%2F.mysql_backup%2Fworkshp3_taubman.sql.gz&path=%2Fhome%2Fworkshopbrain%2F.mysql_backup HTTP/2.0" 200 2285 "-" "Mozilla/5.0 AppleWebKit/537.36 (KHTML, like Gecko; compatible; ClaudeBot/1.0; +claudebot@anthropic.com)" 765 **0/765150**
57.141.6.61 - - [16/Mar/2026:06:51:17 -0700] "GET /products/bicycle/39475651/ HTTP/2.0" 200 63518 "-" "meta-externalagent/1.1 (+https://developers.facebook.com/docs/sharing/webmasters/crawler)" 283 **0/283878**
74.7.241.2 - - [16/Mar/2026:06:51:18 -0700] "GET /sitemap.xml?path=//proc/4105076/root/lib/.build-id/bb HTTP/2.0" 200 3209 "https://statusplan.com/sitemap.xml?path=//proc/4105076/root/lib/.build-id" "Mozilla/5.0 AppleWebKit/537.36 (KHTML, like Gecko; compatible; GPTBot/1.3; +https://openai.com/gptbot)" 302 **0/302466**
57.141.6.48 - - [16/Mar/2026:06:51:18 -0700] "GET /products/wedding-backdrop-swags-new-3-pc-whites/21849175/ HTTP/2.0" 200 63518 "-" "meta-externalagent/1.1 (+https://developers.facebook.com/docs/sharing/webmasters/crawler)" 509 **0/509465**
216.73.216.178 - - [16/Mar/2026:06:51:19 -0700] "GET /sitemap.xml?fileloc=%2Fhome%2Fworkshopbrain%2F.mysql_backup%2Fworkshp3_wor8200.sql.gz&path=%2Fhome%2Fworkshopbrain%2F.mysql_backup HTTP/2.0" 200 2284 "-" "Mozilla/5.0 AppleWebKit/537.36 (KHTML, like Gecko; compatible; ClaudeBot/1.0; +claudebot@anthropic.com)" 243 **0/243758**
57.141.6.31 - - [16/Mar/2026:06:51:20 -0700] "GET /products/two-bikes/39754825/ HTTP/2.0" 200 63518 "-" "meta-externalagent/1.1 (+https://developers.facebook.com/docs/sharing/webmasters/crawler)" 306 **0/306156**
74.7.241.2 - - [16/Mar/2026:06:51:21 -0700] "GET /sitemap.xml?path=//proc/4105076/root/lib/.build-id/ab HTTP/2.0" 200 3329 "https://statusplan.com/sitemap.xml?path=//proc/4105076/root/lib/.build-id" "Mozilla/5.0 AppleWebKit/537.36 (KHTML, like Gecko; compatible; GPTBot/1.3; +https://openai.com/gptbot)" 257 **0/257961**
57.141.6.27 - - [16/Mar/2026:06:51:22 -0700] "GET /products/pair-of-large-capodimonte-lamps/23915554/ HTTP/2.0" 200 63518 "-" "meta-externalagent/1.1 (+https://developers.facebook.com/docs/sharing/webmasters/crawler)" 260 **0/260618**
216.73.216.178 - - [16/Mar/2026:06:51:22 -0700] "GET /sitemap.xml?fileloc=%2Fhome%2Fworkshopbrain%2Fpublic_html%2Fstatusplan.com%2Fwp-admin%2Fjs%2Fmedia-gallery.js&path=%2Fhome%2Fworkshopbrain%2Fpublic_html%2Fstatusplan.com%2Fwp-admin%2Fjs HTTP/2.0" 200 2872 "-" "Mozilla/5.0 AppleWebKit/537.36 (KHTML, like Gecko; compatible; ClaudeBot/1.0; +claudebot@anthropic.com)" 256 **0/256498**
74.7.241.2 - - [16/Mar/2026:06:51:24 -0700] "GET /sitemap.xml?path=//proc/4105076/root/lib/.build-id/eb HTTP/2.0" 200 3148 "https://statusplan.com/sitemap.xml?path=//proc/4105076/root/lib/.build-id" "Mozilla/5.0 AppleWebKit/537.36 (KHTML, like Gecko; compatible; GPTBot/1.3; +https://openai.com/gptbot)" 254 **0/254065**
57.141.6.68 - - [16/Mar/2026:06:51:25 -0700] "GET /products/new-rayban-reverse-wayfarer-sunglasses/43452925/ HTTP/2.0" 200 63518 "-" "meta-externalagent/1.1 (+https://developers.facebook.com/docs/sharing/webmasters/crawler)" 307 **0/307729**
216.73.216.178 - - [16/Mar/2026:06:51:25 -0700] "GET /sitemap.xml?fileloc=%2Fhome%2Fworkshopbrain%2Fpublic_html%2Fstatusplan.com%2F.tmb%2Fprofile.php&path=%2Fhome%2Fworkshopbrain%2Fpublic_html%2Fstatusplan.com%2F.tmb HTTP/2.0" 200 2287 "-" "Mozilla/5.0 AppleWebKit/537.36 (KHTML, like Gecko; compatible; ClaudeBot/1.0; +claudebot@anthropic.com)" 247 **0/247640**
57.141.6.4 - - [16/Mar/2026:06:51:26 -0700] "GET /products/2016-2017-2018-2019-chevrolet-silverado-1500-high-country-gr/31492312/ HTTP/2.0" 200 63518 "-" "meta-externalagent/1.1 (+https://developers.facebook.com/docs/sharing/webmasters/crawler)" 262 **0/262638**
74.7.241.2 - - [16/Mar/2026:06:51:27 -0700] "GET /sitemap.xml?path=//proc/4105076/root/lib/.build-id/fd HTTP/2.0" 200 3093 "https://statusplan.com/sitemap.xml?path=//proc/4105076/root/lib/.build-id" "Mozilla/5.0 AppleWebKit/537.36 (KHTML, like Gecko; compatible; GPTBot/1.3; +https://openai.com/gptbot)" 251 **0/251365**
57.141.6.68 - - [16/Mar/2026:06:51:27 -0700] "GET /products/plus-womens-coat/48819517/ HTTP/2.0" 200 63518 "-" "meta-externalagent/1.1 (+https://developers.facebook.com/docs/sharing/webmasters/crawler)" 263 **0/263375**
185.28.254.188 - - [16/Mar/2026:06:51:28 -0700] "POST /xmlrpc.php HTTP/1.1" 403 63518 "-" "Mozilla/5.0 (Windows NT 10.0; WOW64) AppleWebKit/537.36 (KHTML, like Gecko) Chrome/114.0.0.0 Safari/537.36 Vivaldi/5.3.2679.68" 366 **0/366059**
216.73.216.178 - - [16/Mar/2026:06:51:28 -0700] "GET /sitemap.xml?fileloc=%2Fhome%2Fworkshopbrain%2Fpublic_html%2Fstatusplan.com%2Fwp-admin%2Fsite-health-info-database.php&path=%2Fhome%2Fworkshopbrain%2Fpublic_html%2Fstatusplan.com%2Fwp-admin HTTP/2.0" 200 2309 "-" "Mozilla/5.0 AppleWebKit/537.36 (KHTML, like Gecko; compatible; ClaudeBot/1.0; +claudebot@anthropic.com)" 729 **0/729479**
57.141.6.68 - - [16/Mar/2026:06:51:30 -0700] "GET /products/ace-club-hoodie-and-18-k-gold-plated-chain-79/28385656/ HTTP/2.0" 200 63518 "-" "meta-externalagent/1.1 (+https://developers.facebook.com/docs/sharing/webmasters/crawler)" 246 **0/246818**
74.7.241.2 - - [16/Mar/2026:06:51:30 -0700] "GET /sitemap.xml?path=//proc/4105076/root/lib/.build-id/cd HTTP/2.0" 200 3256 "https://statusplan.com/sitemap.xml?path=//proc/4105076/root/lib/.build-id" "Mozilla/5.0 AppleWebKit/537.36 (KHTML, like Gecko; compatible; GPTBot/1.3; +https://openai.com/gptbot)" 513 **0/513205**
216.73.216.178 - - [16/Mar/2026:06:51:31 -0700] "GET /sitemap.xml?fileloc=%2Fhome%2Fworkshopbrain%2Fpublic_html%2Fstatusplan.com%2F.tmb%2Funuwezng.php&path=%2Fhome%2Fworkshopbrain%2Fpublic_html%2Fstatusplan.com%2F.tmb HTTP/2.0" 200 2292 "-" "Mozilla/5.0 AppleWebKit/537.36 (KHTML, like Gecko; compatible; ClaudeBot/1.0; +claudebot@anthropic.com)" 285 **0/285424**
95.85.66.202 - - [16/Mar/2026:06:51:31 -0700] "POST /xmlrpc.php HTTP/1.1" 403 63518 "-" "Mozilla/5.0 (Windows NT 10.0; Win64; x64) AppleWebKit/537.36 (KHTML, like Gecko) Chrome/80.0.3987.132 Safari/537.36" 308 **0/308683**
57.141.6.54 - - [16/Mar/2026:06:51:32 -0700] "GET /products/gorgeous-glass-dinning-room-table/26235865/ HTTP/2.0" 200 63518 "-" "meta-externalagent/1.1 (+https://developers.facebook.com/docs/sharing/webmasters/crawler)" 250 **0/250503**
